63.250.38.117 - - [17/Jul/2025:13:27:02 -0400] "POST /wp-cron.php?doing_wp_cron=1752773221.8930919170379638671875 HTTP/1.1" 200 0 "-" "WordPress/6.8.2; https://hypekndy.com"
43.128.88.125 - - [17/Jul/2025:13:26:40 -0400] "GET /memberfuns.php HTTP/1.1" 404 14082 "-" "Mozlila/5.0 (Linux; Android 7.0; SM-G892A Bulid/NRD90M; wv) AppleWebKit/537.36 (KHTML, like Gecko) Version/4.0 Chrome/60.0.3112.107 Moblie Safari/537.36"
43.128.88.125 - - [17/Jul/2025:13:27:06 -0400] "GET /wp-content/memberfuns.php HTTP/1.1" 404 14117 "-" "Mozlila/5.0 (Linux; Android 7.0; SM-G892A Bulid/NRD90M; wv) AppleWebKit/537.36 (KHTML, like Gecko) Version/4.0 Chrome/60.0.3112.107 Moblie Safari/537.36"
63.250.38.117 - - [17/Jul/2025:13:27:14 -0400] "POST /wp-cron.php?doing_wp_cron=1752773234.7332119941711425781250 HTTP/1.1" 200 0 "-" "WordPress/6.8.2; https://hypekndy.com"
43.128.88.125 - - [17/Jul/2025:13:27:13 -0400] "GET /wp-admin/memberfuns.php HTTP/1.1" 404 14089 "-" "Mozlila/5.0 (Linux; Android 7.0; SM-G892A Bulid/NRD90M; wv) AppleWebKit/537.36 (KHTML, like Gecko) Version/4.0 Chrome/60.0.3112.107 Moblie Safari/537.36"
43.128.88.125 - - [17/Jul/2025:13:27:19 -0400] "GET /delpaths.php HTTP/1.1" 404 14085 "-" "Mozlila/5.0 (Linux; Android 7.0; SM-G892A Bulid/NRD90M; wv) AppleWebKit/537.36 (KHTML, like Gecko) Version/4.0 Chrome/60.0.3112.107 Moblie Safari/537.36"
63.250.38.117 - - [17/Jul/2025:13:27:28 -0400] "POST /wp-cron.php?doing_wp_cron=1752773248.2960999011993408203125 HTTP/1.1" 200 0 "-" "WordPress/6.8.2; https://hypekndy.com"
43.128.88.125 - - [17/Jul/2025:13:27:25 -0400] "GET /gdftps.php HTTP/1.1" 404 14106 "-" "Mozlila/5.0 (Linux; Android 7.0; SM-G892A Bulid/NRD90M; wv) AppleWebKit/537.36 (KHTML, like Gecko) Version/4.0 Chrome/60.0.3112.107 Moblie Safari/537.36"
63.250.38.117 - - [17/Jul/2025:13:27:36 -0400] "POST /wp-cron.php?doing_wp_cron=1752773256.1806540489196777343750 HTTP/1.1" 200 0 "-" "WordPress/6.8.2; https://hypekndy.com"
43.128.88.125 - - [17/Jul/2025:13:27:34 -0400] "GET /inputs.php HTTP/1.1" 404 14105 "-" "Mozlila/5.0 (Linux; Android 7.0; SM-G892A Bulid/NRD90M; wv) AppleWebKit/537.36 (KHTML, like Gecko) Version/4.0 Chrome/60.0.3112.107 Moblie Safari/537.36"
43.128.88.125 - - [17/Jul/2025:13:27:39 -0400] "GET /adminfuns.php HTTP/1.1" 404 14104 "-" "Mozlila/5.0 (Linux; Android 7.0; SM-G892A Bulid/NRD90M; wv) AppleWebKit/537.36 (KHTML, like Gecko) Version/4.0 Chrome/60.0.3112.107 Moblie Safari/537.36"
63.250.38.117 - - [17/Jul/2025:13:27:52 -0400] "POST /wp-cron.php?doing_wp_cron=1752773271.8894579410552978515625 HTTP/1.1" 200 0 "-" "WordPress/6.8.2; https://hypekndy.com"
43.128.88.125 - - [17/Jul/2025:13:27:47 -0400] "GET /classfuns.php HTTP/1.1" 404 14099 "-" "Mozlila/5.0 (Linux; Android 7.0; SM-G892A Bulid/NRD90M; wv) AppleWebKit/537.36 (KHTML, like Gecko) Version/4.0 Chrome/60.0.3112.107 Moblie Safari/537.36"
43.128.88.125 - - [17/Jul/2025:13:27:59 -0400] "GET /thoms.php HTTP/1.1" 404 14096 "-" "Mozlila/5.0 (Linux; Android 7.0; SM-G892A Bulid/NRD90M; wv) AppleWebKit/537.36 (KHTML, like Gecko) Version/4.0 Chrome/60.0.3112.107 Moblie Safari/537.36"
63.250.38.117 - - [17/Jul/2025:13:28:11 -0400] "POST /wp-cron.php?doing_wp_cron=1752773290.8716189861297607421875 HTTP/1.1" 200 0 "-" "WordPress/6.8.2; https://hypekndy.com"
43.128.88.125 - - [17/Jul/2025:13:28:08 -0400] "GET /filefuns.php HTTP/1.1" 404 14086 "-" "Mozlila/5.0 (Linux; Android 7.0; SM-G892A Bulid/NRD90M; wv) AppleWebKit/537.36 (KHTML, like Gecko) Version/4.0 Chrome/60.0.3112.107 Moblie Safari/537.36"
43.128.88.125 - - [17/Jul/2025:13:28:18 -0400] "GET /tempfuns.php HTTP/1.1" 404 14087 "-" "Mozlila/5.0 (Linux; Android 7.0; SM-G892A Bulid/NRD90M; wv) AppleWebKit/537.36 (KHTML, like Gecko) Version/4.0 Chrome/60.0.3112.107 Moblie Safari/537.36"
63.250.38.117 - - [17/Jul/2025:13:28:28 -0400] "POST /wp-cron.php?doing_wp_cron=1752773307.8952810764312744140625 HTTP/1.1" 200 0 "-" "WordPress/6.8.2; https://hypekndy.com"
103.97.126.116 - - [17/Jul/2025:13:28:22 -0400] "GET /xmlrpc.php HTTP/1.1" 405 46 "http://hypekndy.com/xmlrpc.php" "Mozilla/5.0 (X11; Ubuntu; Linux x86_64; rv:85.0) Gecko/20100101 Firefox/91.0"
43.128.88.125 - - [17/Jul/2025:13:28:23 -0400] "GET /termps.php HTTP/1.1" 404 14105 "-" "Mozlila/5.0 (Linux; Android 7.0; SM-G892A Bulid/NRD90M; wv) AppleWebKit/537.36 (KHTML, like Gecko) Version/4.0 Chrome/60.0.3112.107 Moblie Safari/537.36"
63.250.38.117 - - [17/Jul/2025:13:28:36 -0400] "POST /wp-cron.php?doing_wp_cron=1752773316.6192789077758789062500 HTTP/1.1" 200 0 "-" "WordPress/6.8.2; https://hypekndy.com"
43.128.88.125 - - [17/Jul/2025:13:28:35 -0400] "GET /hplfuns.php HTTP/1.1" 404 14089 "-" "Mozlila/5.0 (Linux; Android 7.0; SM-G892A Bulid/NRD90M; wv) AppleWebKit/537.36 (KHTML, like Gecko) Version/4.0 Chrome/60.0.3112.107 Moblie Safari/537.36"
43.128.88.125 - - [17/Jul/2025:13:28:41 -0400] "GET /wp-content/hplfuns.php HTTP/1.1" 404 14132 "-" "Mozlila/5.0 (Linux; Android 7.0; SM-G892A Bulid/NRD90M; wv) AppleWebKit/537.36 (KHTML, like Gecko) Version/4.0 Chrome/60.0.3112.107 Moblie Safari/537.36"
63.250.38.117 - - [17/Jul/2025:13:28:51 -0400] "POST /wp-cron.php?doing_wp_cron=1752773331.0136389732360839843750 HTTP/1.1" 200 0 "-" "WordPress/6.8.2; https://hypekndy.com"
43.128.88.125 - - [17/Jul/2025:13:28:48 -0400] "GET /wp-admin/userfuns.php HTTP/1.1" 404 14086 "-" "Mozlila/5.0 (Linux; Android 7.0; SM-G892A Bulid/NRD90M; wv) AppleWebKit/537.36 (KHTML, like Gecko) Version/4.0 Chrome/60.0.3112.107 Moblie Safari/537.36"
63.250.38.117 - - [17/Jul/2025:13:29:18 -0400] "GET / HTTP/1.1" 200 35115 "-" "Mozilla/5.0 (Windows NT 10.0; Win64; x64; rv:122.0) Gecko/20100101 Firefox/122.0"
63.250.38.117 - - [17/Jul/2025:13:29:38 -0400] "GET / HTTP/1.1" 200 35115 "-" "Softaculous"
63.250.38.117 - - [17/Jul/2025:13:29:38 -0400] "GET / HTTP/1.1" 200 35115 "-" "Mozilla/5.0 (Windows NT 10.0; Win64; x64; rv:122.0) Gecko/20100101 Firefox/122.0"
77.238.230.6 - - [17/Jul/2025:13:30:06 -0400] "GET / HTTP/1.1" 200 35115 "-" "Mozilla/5.0 (Macintosh; Intel Mac OS X 10_15_7) AppleWebKit/537.36 (KHTML, like Gecko) Chrome/133.0.0.0 Safari/537.36"
63.250.38.117 - - [17/Jul/2025:13:30:10 -0400] "POST /wp-cron.php?doing_wp_cron=1752773410.1095180511474609375000 HTTP/1.1" 200 0 "-" "WordPress/6.8.2; https://hypekndy.com"
77.238.230.6 - - [17/Jul/2025:13:30:08 -0400] "GET /comments/feed/ HTTP/1.1" 200 526 "-" "Mozilla/5.0 (Macintosh; Intel Mac OS X 10_15_7) AppleWebKit/537.36 (KHTML, like Gecko) Chrome/133.0.0.0 Safari/537.36"
77.238.230.6 - - [17/Jul/2025:13:30:11 -0400] "GET /website-design-and-management/ HTTP/1.1" 200 28272 "-" "Mozilla/5.0 (Macintosh; Intel Mac OS X 10_15_7) AppleWebKit/537.36 (KHTML, like Gecko) Chrome/133.0.0.0 Safari/537.36"
63.250.38.117 - - [17/Jul/2025:13:31:04 -0400] "POST /wp-cron.php?doing_wp_cron=1752773464.1002190113067626953125 HTTP/1.1" 200 0 "-" "WordPress/6.8.2; https://hypekndy.com"
162.19.67.137 - - [17/Jul/2025:13:31:01 -0400] "GET /xmlrpc.php HTTP/1.1" 405 46 "http://hypekndy.com" "Mozilla/5.0 (Windows NT 10.0; Win64; x64; rv:128.0) Gecko/20100101 Firefox/128.0"
202.4.60.52 - - [17/Jul/2025:13:31:08 -0400] "GET /wp-login.php HTTP/1.1" 200 2158 "http://hypekndy.com/wp-login.php" "Mozilla/5.0 (Windows NT 10.0; Win64; x64; rv:137.0) Gecko/20100101 Firefox/137.0"
63.250.38.117 - - [17/Jul/2025:13:31:15 -0400] "POST /wp-cron.php?doing_wp_cron=1752773474.8881289958953857421875 HTTP/1.1" 200 0 "-" "WordPress/6.8.2; https://hypekndy.com"
202.4.60.52 - - [17/Jul/2025:13:31:12 -0400] "GET /wp-json/wp/v2/users HTTP/1.1" 200 726 "http://hypekndy.com/wp-login.php" "Mozilla/5.0 (Windows NT 10.0; Win64; x64; rv:137.0) Gecko/20100101 Firefox/137.0"
202.4.60.52 - - [17/Jul/2025:13:31:16 -0400] "POST /wp-login.php HTTP/1.1" 200 2276 "https://hypekndy.com/wp-login.php?redirect_to=https%3A%2F%2Fhypekndy.com%2Fwp-admin%2F" "Mozilla/5.0 (Windows NT 10.0; Win64; x64; rv:137.0) Gecko/20100101 Firefox/137.0"
63.250.38.117 - - [17/Jul/2025:13:31:26 -0400] "POST /wp-cron.php?doing_wp_cron=1752773485.7177839279174804687500 HTTP/1.1" 200 0 "-" "WordPress/6.8.2; https://hypekndy.com"
202.4.60.52 - - [17/Jul/2025:13:31:22 -0400] "POST /wp-login.php HTTP/1.1" 200 2304 "https://hypekndy.com/wp-login.php?redirect_to=https%3A%2F%2Fhypekndy.com%2Fwp-admin%2F" "Mozilla/5.0 (Windows NT 10.0; Win64; x64; rv:137.0) Gecko/20100101 Firefox/137.0"
52.7.81.233 - - [17/Jul/2025:13:33:28 -0400] "GET / HTTP/1.1" 200 35115 "-" "Mozilla/5.0 (Macintosh; Intel Mac OS X 10_15_7) AppleWebKit/537.36 (KHTML, like Gecko) Chrome/126.0.0.0 Safari/537.36"
52.7.81.233 - - [17/Jul/2025:13:33:28 -0400] "GET / HTTP/1.1" 200 35115 "-" "Mozilla/5.0 (iPhone; CPU iPhone OS 17_1.1 like Mac OS X) AppleWebKit/605.1.15 (KHTML, like Gecko) Mobile/15E148 Safari/602.1"
222.255.214.45 - - [17/Jul/2025:13:37:45 -0400] "GET /xmlrpc.php HTTP/1.1" 200 0 "http://hypekndy.com" "Mozilla/5.0 (Macintosh; Intel Mac OS X 10_15_7) AppleWebKit/537.36 (KHTML, like Gecko) Chrome/113.0.5672.93 Safari/537.36"
63.250.38.117 - - [17/Jul/2025:13:38:21 -0400] "POST /wp-cron.php?doing_wp_cron=1752773901.6102919578552246093750 HTTP/1.1" 200 0 "-" "WordPress/6.8.2; https://hypekndy.com"
178.33.137.255 - - [17/Jul/2025:13:43:50 -0400] "GET /xmlrpc.php HTTP/1.1" 200 0 "http://hypekndy.com/xmlrpc.php" "Mozilla/5.0 (X11; Ubuntu; Linux x86_64; rv:85.0) Gecko/20100101 Firefox/91.0"
63.250.38.117 - - [17/Jul/2025:13:44:30 -0400] "POST /wp-cron.php?doing_wp_cron=1752774270.0963959693908691406250 HTTP/1.1" 200 0 "-" "WordPress/6.8.2; https://hypekndy.com"
124.223.197.100 - - [17/Jul/2025:13:49:09 -0400] "GET / HTTP/1.1" 200 35115 "http://hypekndy.com" "Mozilla/5.0 (Linux; Android 10; LIO-AN00 Build/HUAWEILIO-AN00; wv) MicroMessenger Weixin QQ AppleWebKit/537.36 (KHTML, like Gecko) Version/4.0 Chrome/78.0.3904.62 XWEB/2692 MMWEBSDK/200901 Mobile Safari/537.36"
180.102.134.69 - - [17/Jul/2025:13:50:01 -0400] "GET / HTTP/1.1" 200 35115 "http://hypekndy.com" "Mozilla/5.0 (iPhone; CPU iPhone OS 13_2_3 like Mac OS X) AppleWebKit/605.1.15 (KHTML, like Gecko) Version/13.0.3 Mobile/15E148 Safari/604.1"
185.197.195.89 - - [17/Jul/2025:13:51:18 -0400] "GET /xmlrpc.php HTTP/1.1" 200 0 "http://hypekndy.com" "Mozilla/5.0 (Windows NT 10.0; Win64; x64; rv:129.0) Gecko/20100101 Firefox/129.0"
63.250.38.117 - - [17/Jul/2025:13:51:54 -0400] "POST /wp-cron.php?doing_wp_cron=1752774713.8953619003295898437500 HTTP/1.1" 200 0 "-" "WordPress/6.8.2; https://hypekndy.com"
103.253.20.138 - - [17/Jul/2025:13:57:44 -0400] "GET /xmlrpc.php HTTP/1.1" 200 0 "http://hypekndy.com" "Mozilla/5.0 (Macintosh; Intel Mac OS X 10_15_7) AppleWebKit/537.36 (KHTML, like Gecko) Chrome/115.0.5790.102 Safari/537.36"
63.250.38.117 - - [17/Jul/2025:13:58:07 -0400] "POST /wp-cron.php?doing_wp_cron=1752775086.8804600238800048828125 HTTP/1.1" 200 0 "-" "WordPress/6.8.2; https://hypekndy.com"
63.250.38.117 - - [17/Jul/2025:13:58:34 -0400] "POST /wp-cron.php?doing_wp_cron=1752775113.9923260211944580078125 HTTP/1.1" 200 0 "-" "WordPress/6.8.2; https://hypekndy.com"
135.125.183.119 - - [17/Jul/2025:13:58:29 -0400] "GET /xmlrpc.php HTTP/1.1" 405 46 "http://hypekndy.com/xmlrpc.php" "Mozilla/5.0 (X11; Ubuntu; Linux x86_64; rv:85.0) Gecko/20100101 Firefox/91.0"
124.223.197.100 - - [17/Jul/2025:14:02:47 -0400] "GET / HTTP/1.1" 200 35115 "http://hypekndy.com" "Mozilla/5.0 (Linux; Android 10; LIO-AN00 Build/HUAWEILIO-AN00; wv) MicroMessenger Weixin QQ AppleWebKit/537.36 (KHTML, like Gecko) Version/4.0 Chrome/78.0.3904.62 XWEB/2692 MMWEBSDK/200901 Mobile Safari/537.36"
45.8.132.132 - - [17/Jul/2025:14:04:05 -0400] "GET /xmlrpc.php HTTP/1.1" 200 0 "http://hypekndy.com" "Mozilla/5.0 (Macintosh; Intel Mac OS X 14.3) AppleWebKit/614.31.14 (KHTML, like Gecko) Version/17.0.96 Safari/614.31.14"
63.250.38.117 - - [17/Jul/2025:14:04:37 -0400] "POST /wp-cron.php?doing_wp_cron=1752775476.7760889530181884765625 HTTP/1.1" 200 0 "-" "WordPress/6.8.2; https://hypekndy.com"
34.10.154.244 - - [17/Jul/2025:14:07:38 -0400] "GET / HTTP/1.1" 200 35115 "-" "Mozilla/5.0 (Windows NT 6.1; WOW64) AppleWebKit/537.36 (KHTML, like Gecko) Chrome/36.0.1985.67 Safari/537.36"
68.183.179.140 - - [17/Jul/2025:14:10:28 -0400] "GET /xmlrpc.php HTTP/1.1" 200 0 "http://hypekndy.com" "Mozilla/5.0 (Macintosh; Intel Mac OS X 14_6) AppleWebKit/605.1.15 (KHTML, like Gecko) Version/17.5 Safari/605.1.15"
63.250.38.117 - - [17/Jul/2025:14:11:12 -0400] "POST /wp-cron.php?doing_wp_cron=1752775872.6154329776763916015625 HTTP/1.1" 200 0 "-" "WordPress/6.8.2; https://hypekndy.com"
63.250.38.117 - - [17/Jul/2025:14:13:25 -0400] "POST /wp-cron.php?doing_wp_cron=1752776004.9951341152191162109375 HTTP/1.1" 200 0 "-" "WordPress/6.8.2; https://hypekndy.com"
80.77.123.93 - - [17/Jul/2025:14:13:10 -0400] "GET /xmlrpc.php HTTP/1.1" 405 46 "http://hypekndy.com/xmlrpc.php" "Mozilla/5.0 (X11; Ubuntu; Linux x86_64; rv:85.0) Gecko/20100101 Firefox/91.0"
160.30.113.129 - - [17/Jul/2025:14:16:52 -0400] "GET /xmlrpc.php HTTP/1.1" 200 0 "http://hypekndy.com" "Mozilla/5.0 (Macintosh; Intel Mac OS X 13_3) AppleWebKit/537.36 (KHTML, like Gecko) Chrome/126.0.0.0 Safari/537.36"
63.250.38.117 - - [17/Jul/2025:14:17:07 -0400] "POST /wp-cron.php?doing_wp_cron=1752776227.2723560333251953125000 HTTP/1.1" 200 0 "-" "WordPress/6.8.2; https://hypekndy.com"
82.218.176.68 - - [17/Jul/2025:14:19:56 -0400] "GET /wp-login.php HTTP/1.1" 200 0 "http://hypekndy.com/wp-login.php" "Mozilla/5.0 (Windows NT 10.0; Win64; x64; rv:137.0) Gecko/20100101 Firefox/137.0"
82.218.176.68 - - [17/Jul/2025:14:20:03 -0400] "GET /wp-login.php HTTP/1.1" 200 0 "http://www.hypekndy.com/wp-login.php" "Mozilla/5.0 (Windows NT 10.0; Win64; x64; rv:137.0) Gecko/20100101 Firefox/137.0"
63.250.38.117 - - [17/Jul/2025:14:20:15 -0400] "POST /wp-cron.php?doing_wp_cron=1752776414.6735100746154785156250 HTTP/1.1" 200 0 "-" "WordPress/6.8.2; https://hypekndy.com"
82.218.176.68 - - [17/Jul/2025:14:20:11 -0400] "GET /wp-login.php HTTP/1.1" 301 0 "http://www.hypekndy.com/wp-login.php" "Mozilla/5.0 (Windows NT 10.0; Win64; x64; rv:137.0) Gecko/20100101 Firefox/137.0"
82.218.176.68 - - [17/Jul/2025:14:20:18 -0400] "GET /wp-login.php HTTP/1.1" 301 0 "http://www.hypekndy.com/wp-login.php" "Mozilla/5.0 (Windows NT 10.0; Win64; x64; rv:137.0) Gecko/20100101 Firefox/137.0"
82.218.176.68 - - [17/Jul/2025:14:20:21 -0400] "GET /wp-login.php HTTP/1.1" 200 2157 "https://www.hypekndy.com/wp-login.php" "Mozilla/5.0 (Windows NT 10.0; Win64; x64; rv:137.0) Gecko/20100101 Firefox/137.0"
63.250.38.117 - - [17/Jul/2025:14:20:25 -0400] "POST /wp-cron.php?doing_wp_cron=1752776425.8335199356079101562500 HTTP/1.1" 200 0 "-" "WordPress/6.8.2; https://hypekndy.com"
82.218.176.68 - - [17/Jul/2025:14:20:23 -0400] "GET /wp-json/wp/v2/users HTTP/1.1" 200 726 "https://www.hypekndy.com/wp-login.php" "Mozilla/5.0 (Windows NT 10.0; Win64; x64; rv:137.0) Gecko/20100101 Firefox/137.0"
82.218.176.68 - - [17/Jul/2025:14:20:27 -0400] "POST /wp-login.php HTTP/1.1" 200 2276 "https://hypekndy.com/wp-login.php?redirect_to=https%3A%2F%2Fhypekndy.com%2Fwp-admin%2F" "Mozilla/5.0 (Windows NT 10.0; Win64; x64; rv:137.0) Gecko/20100101 Firefox/137.0"
82.218.176.68 - - [17/Jul/2025:14:20:31 -0400] "POST /wp-login.php HTTP/1.1" 200 0 "https://hypekndy.com/wp-login.php?redirect_to=https%3A%2F%2Fhypekndy.com%2Fwp-admin%2F" "Mozilla/5.0 (Windows NT 10.0; Win64; x64; rv:137.0) Gecko/20100101 Firefox/137.0"
63.250.38.117 - - [17/Jul/2025:14:20:39 -0400] "POST /wp-cron.php?doing_wp_cron=1752776439.0711829662322998046875 HTTP/1.1" 200 0 "-" "WordPress/6.8.2; https://hypekndy.com"
162.0.209.140 - - [17/Jul/2025:14:23:11 -0400] "GET /xmlrpc.php HTTP/1.1" 200 0 "http://hypekndy.com" "Mozilla/5.0 (Macintosh; Intel Mac OS X 10_15_7) AppleWebKit/537.36 (KHTML, like Gecko) Chrome/116.0.5845.96 Safari/537.36"
63.250.38.117 - - [17/Jul/2025:14:23:26 -0400] "POST /wp-cron.php?doing_wp_cron=1752776606.3956019878387451171875 HTTP/1.1" 200 0 "-" "WordPress/6.8.2; https://hypekndy.com"
66.249.79.137 - - [17/Jul/2025:14:23:46 -0400] "GET /wp-content/uploads/2023/01/hype-kndy-logo.png HTTP/1.1" 200 6235 "-" "Googlebot-Image/1.0"
185.197.195.89 - - [17/Jul/2025:14:29:26 -0400] "GET /xmlrpc.php HTTP/1.1" 200 0 "http://hypekndy.com" "Mozilla/5.0 (Windows NT 10.0; Win64; x64) AppleWebKit/537.36 (KHTML, like Gecko) Chrome/114.0.5735.199 Safari/537.36 Edg/114.0.1823.67"
14.128.14.5 - - [17/Jul/2025:14:29:16 -0400] "GET /xmlrpc.php HTTP/1.1" 200 0 "http://hypekndy.com/xmlrpc.php" "Mozilla/5.0 (X11; Ubuntu; Linux x86_64; rv:85.0) Gecko/20100101 Firefox/91.0"
63.250.38.117 - - [17/Jul/2025:14:29:54 -0400] "POST /wp-cron.php?doing_wp_cron=1752776994.6110429763793945312500 HTTP/1.1" 200 0 "-" "WordPress/6.8.2; https://hypekndy.com"
63.250.38.117 - - [17/Jul/2025:14:29:54 -0400] "POST /wp-cron.php?doing_wp_cron=1752776994.6234169006347656250000 HTTP/1.1" 200 0 "-" "WordPress/6.8.2; https://hypekndy.com"
150.109.230.210 - - [17/Jul/2025:14:30:54 -0400] "GET / HTTP/1.1" 301 0 "http://www.hypekndy.com" "Mozilla/5.0 (iPhone; CPU iPhone OS 13_2_3 like Mac OS X) AppleWebKit/605.1.15 (KHTML, like Gecko) Version/13.0.3 Mobile/15E148 Safari/604.1"
150.109.230.210 - - [17/Jul/2025:14:31:01 -0400] "GET / HTTP/1.1" 200 35115 "https://www.hypekndy.com/" "Mozilla/5.0 (iPhone; CPU iPhone OS 13_2_3 like Mac OS X) AppleWebKit/605.1.15 (KHTML, like Gecko) Version/13.0.3 Mobile/15E148 Safari/604.1"
38.91.101.159 - - [17/Jul/2025:14:35:43 -0400] "GET /xmlrpc.php HTTP/1.1" 200 0 "http://hypekndy.com" "Mozilla/5.0 (Windows NT 10.0; Win64; x64) AppleWebKit/537.36 (KHTML, like Gecko) Chrome/113.0.5672.93 Safari/537.36"
63.250.38.117 - - [17/Jul/2025:14:35:57 -0400] "POST /wp-cron.php?doing_wp_cron=1752777357.3806660175323486328125 HTTP/1.1" 200 0 "-" "WordPress/6.8.2; https://hypekndy.com"
62.72.47.233 - - [17/Jul/2025:14:42:01 -0400] "GET /xmlrpc.php HTTP/1.1" 200 0 "http://hypekndy.com" "Mozilla/5.0 (Windows NT 10.0; Win64; x64) AppleWebKit/537.36 (KHTML, like Gecko) Chrome/115.0.5790.102 Safari/537.36"
63.250.38.117 - - [17/Jul/2025:14:42:25 -0400] "POST /wp-cron.php?doing_wp_cron=1752777744.7729799747467041015625 HTTP/1.1" 200 0 "-" "WordPress/6.8.2; https://hypekndy.com"
63.250.38.117 - - [17/Jul/2025:14:46:33 -0400] "POST /wp-cron.php?doing_wp_cron=1752777993.5877819061279296875000 HTTP/1.1" 200 0 "-" "WordPress/6.8.2; https://hypekndy.com"
148.72.214.194 - - [17/Jul/2025:14:46:18 -0400] "GET /xmlrpc.php HTTP/1.1" 405 46 "http://hypekndy.com/xmlrpc.php" "Mozilla/5.0 (X11; Ubuntu; Linux x86_64; rv:85.0) Gecko/20100101 Firefox/91.0"
119.29.209.240 - - [17/Jul/2025:14:48:12 -0400] "GET /xmlrpc.php HTTP/1.1" 200 0 "http://hypekndy.com" "Mozilla/5.0 (Windows NT 11.0; Win64; x64; rv:126.0) Gecko/20100101 Firefox/126.0"
63.250.38.117 - - [17/Jul/2025:14:48:37 -0400] "POST /wp-cron.php?doing_wp_cron=1752778116.6826069355010986328125 HTTP/1.1" 200 0 "-" "WordPress/6.8.2; https://hypekndy.com"
35.237.13.124 - - [17/Jul/2025:14:51:37 -0400] "GET / HTTP/1.1" 200 35115 "http://hypekndy.com" "Mozilla/5.0 (compatible; CMS-Checker/1.0; +https://example.com)"
2a01:7a7:2:3eb6:225:90ff:fefb:553c - - [17/Jul/2025:14:54:22 -0400] "GET /xmlrpc.php HTTP/1.1" 200 0 "http://hypekndy.com" "Mozilla/5.0 (Macintosh; Intel Mac OS X 10_15_7) AppleWebKit/537.36 (KHTML, like Gecko) Chrome/113.0.5672.93 Safari/537.36"
63.250.38.117 - - [17/Jul/2025:14:54:43 -0400] "POST /wp-cron.php?doing_wp_cron=1752778483.0830678939819335937500 HTTP/1.1" 200 0 "-" "WordPress/6.8.2; https://hypekndy.com"
64.90.38.74 - - [17/Jul/2025:15:00:34 -0400] "GET /xmlrpc.php HTTP/1.1" 200 0 "http://hypekndy.com" "Mozilla/5.0 (Windows NT 10.0; Win64; x64; rv:129.0) Gecko/20100101 Firefox/129.0"
63.250.38.117 - - [17/Jul/2025:15:00:56 -0400] "POST /wp-cron.php?doing_wp_cron=1752778855.6833419799804687500000 HTTP/1.1" 200 0 "-" "WordPress/6.8.2; https://hypekndy.com"
138.246.253.24 - - [17/Jul/2025:15:02:58 -0400] "GET /robots.txt HTTP/1.1" 200 91 "-" "Mozilla/5.0 (Windows NT 10.0; Win64; x64) AppleWebKit/537.36 (KHTML, like Gecko) Chrome/103.0.5060.134 Safari/537.36"
63.250.38.117 - - [17/Jul/2025:15:04:07 -0400] "POST /wp-cron.php?doing_wp_cron=1752779046.6743049621582031250000 HTTP/1.1" 200 0 "-" "WordPress/6.8.2; https://hypekndy.com"
62.169.20.37 - - [17/Jul/2025:15:03:45 -0400] "GET /xmlrpc.php HTTP/1.1" 405 46 "http://hypekndy.com/xmlrpc.php" "Mozilla/5.0 (X11; Ubuntu; Linux x86_64; rv:85.0) Gecko/20100101 Firefox/91.0"
103.191.76.181 - - [17/Jul/2025:15:06:53 -0400] "GET /xmlrpc.php HTTP/1.1" 200 0 "http://hypekndy.com" "Mozilla/5.0 (Windows NT 10.0; Win64; x64) AppleWebKit/537.36 (KHTML, like Gecko) Chrome/126.0.0.0 Safari/537.36 Edg/126.0.0.0"
63.250.38.117 - - [17/Jul/2025:15:07:15 -0400] "POST /wp-cron.php?doing_wp_cron=1752779235.3806800842285156250000 HTTP/1.1" 200 0 "-" "WordPress/6.8.2; https://hypekndy.com"
63.250.38.117 - - [17/Jul/2025:15:10:56 -0400] "POST /wp-cron.php?doing_wp_cron=1752779455.8844330310821533203125 HTTP/1.1" 200 0 "-" "WordPress/6.8.2; https://hypekndy.com"
13.69.190.242 - - [17/Jul/2025:15:10:38 -0400] "GET /admin/function.php HTTP/1.1" 404 14105 "-" "-"
13.69.190.242 - - [17/Jul/2025:15:10:59 -0400] "GET /doc/function.php HTTP/1.1" 404 14075 "-" "-"
63.250.38.117 - - [17/Jul/2025:15:11:07 -0400] "POST /wp-cron.php?doing_wp_cron=1752779467.5822570323944091796875 HTTP/1.1" 200 0 "-" "WordPress/6.8.2; https://hypekndy.com"
13.69.190.242 - - [17/Jul/2025:15:11:03 -0400] "GET /file/function.php HTTP/1.1" 404 14118 "-" "-"
13.69.190.242 - - [17/Jul/2025:15:11:09 -0400] "GET /alfanew.php7 HTTP/1.1" 404 14086 "-" "-"
13.69.190.242 - - [17/Jul/2025:15:11:13 -0400] "GET /wp-includes/images/crystal/ HTTP/1.1" 403 1242 "-" "-"
63.250.38.117 - - [17/Jul/2025:15:11:16 -0400] "POST /wp-cron.php?doing_wp_cron=1752779476.5125749111175537109375 HTTP/1.1" 200 0 "-" "WordPress/6.8.2; https://hypekndy.com"
13.69.190.242 - - [17/Jul/2025:15:11:13 -0400] "GET /wp-mail.php HTTP/1.1" 403 979 "-" "-"
13.69.190.242 - - [17/Jul/2025:15:11:17 -0400] "GET /wp-admin/css/colors/coffee/cloud.php HTTP/1.1" 404 14120 "-" "-"
63.250.38.117 - - [17/Jul/2025:15:11:27 -0400] "POST /wp-cron.php?doing_wp_cron=1752779487.5980260372161865234375 HTTP/1.1" 200 0 "-" "WordPress/6.8.2; https://hypekndy.com"
13.69.190.242 - - [17/Jul/2025:15:11:24 -0400] "GET /WSOEnigma.php HTTP/1.1" 404 14104 "-" "-"
13.69.190.242 - - [17/Jul/2025:15:11:29 -0400] "GET /adminfuns.php7 HTTP/1.1" 404 14081 "-" "-"
13.69.190.242 - - [17/Jul/2025:15:11:35 -0400] "GET /wp-includes/sitemaps/providers/ HTTP/1.1" 403 1242 "-" "-"
63.250.38.117 - - [17/Jul/2025:15:11:39 -0400] "POST /wp-cron.php?doing_wp_cron=1752779498.9914259910583496093750 HTTP/1.1" 200 0 "-" "WordPress/6.8.2; https://hypekndy.com"
13.69.190.242 - - [17/Jul/2025:15:11:35 -0400] "GET /ini.php HTTP/1.1" 404 14078 "-" "-"
13.69.190.242 - - [17/Jul/2025:15:11:40 -0400] "GET /wp-includes/js/tinymce/ HTTP/1.1" 403 1242 "-" "-"
13.69.190.242 - - [17/Jul/2025:15:11:40 -0400] "GET /wp-content/blogs.dir/about.php HTTP/1.1" 404 14124 "-" "-"
13.69.190.242 - - [17/Jul/2025:15:11:47 -0400] "GET /wp-includes/customize/about.php HTTP/1.1" 404 14129 "-" "-"
13.69.190.242 - - [17/Jul/2025:15:11:49 -0400] "GET /upfile.php HTTP/1.1" 404 14105 "-" "-"
63.250.38.117 - - [17/Jul/2025:15:11:56 -0400] "POST /wp-cron.php?doing_wp_cron=1752779516.2586541175842285156250 HTTP/1.1" 200 0 "-" "WordPress/6.8.2; https://hypekndy.com"
13.69.190.242 - - [17/Jul/2025:15:11:53 -0400] "GET /wp-admin/images/about.php HTTP/1.1" 404 14122 "-" "-"
13.69.190.242 - - [17/Jul/2025:15:11:57 -0400] "GET /wp-includes/ HTTP/1.1" 403 1242 "-" "-"
13.69.190.242 - - [17/Jul/2025:15:11:57 -0400] "GET /zwso.php HTTP/1.1" 404 14078 "-" "-"
63.250.38.117 - - [17/Jul/2025:15:12:08 -0400] "POST /wp-cron.php?doing_wp_cron=1752779528.5910630226135253906250 HTTP/1.1" 200 0 "-" "WordPress/6.8.2; https://hypekndy.com"
13.69.190.242 - - [17/Jul/2025:15:12:04 -0400] "GET /bypass.php HTTP/1.1" 404 14107 "-" "-"
13.69.190.242 - - [17/Jul/2025:15:12:09 -0400] "GET /wp-includes/style-engine/wp-conflg.php HTTP/1.1" 404 14113 "-" "-"
13.69.190.242 - - [17/Jul/2025:15:12:15 -0400] "GET /wp-admin/css/ HTTP/1.1" 403 1242 "-" "-"
63.250.38.117 - - [17/Jul/2025:15:12:19 -0400] "POST /wp-cron.php?doing_wp_cron=1752779539.0151019096374511718750 HTTP/1.1" 200 0 "-" "WordPress/6.8.2; https://hypekndy.com"
13.69.190.242 - - [17/Jul/2025:15:12:15 -0400] "GET /moon.php HTTP/1.1" 404 14077 "-" "-"
13.69.190.242 - - [17/Jul/2025:15:12:20 -0400] "GET /wp-admin/images/cloud.php HTTP/1.1" 404 14129 "-" "-"
63.250.38.117 - - [17/Jul/2025:15:12:27 -0400] "POST /wp-cron.php?doing_wp_cron=1752779547.5045809745788574218750 HTTP/1.1" 200 0 "-" "WordPress/6.8.2; https://hypekndy.com"
13.69.190.242 - - [17/Jul/2025:15:12:25 -0400] "GET /wp-admin/includes/xmrlpc.php?p= HTTP/1.1" 301 0 "-" "-"
13.69.190.242 - - [17/Jul/2025:15:12:27 -0400] "GET /wp-admin/includes/xmrlpc.php HTTP/1.1" 404 14098 "-" "-"
13.69.190.242 - - [17/Jul/2025:15:12:31 -0400] "GET /wp-includes/js/dist/development/ HTTP/1.1" 403 1242 "-" "-"
63.250.38.117 - - [17/Jul/2025:15:12:34 -0400] "POST /wp-cron.php?doing_wp_cron=1752779554.7241439819335937500000 HTTP/1.1" 200 0 "-" "WordPress/6.8.2; https://hypekndy.com"
13.69.190.242 - - [17/Jul/2025:15:12:31 -0400] "GET /wp-trackback.php HTTP/1.1" 404 261 "-" "-"
13.69.190.242 - - [17/Jul/2025:15:12:35 -0400] "GET /wp-includes/ID3/about.php HTTP/1.1" 404 14131 "-" "-"
13.69.190.242 - - [17/Jul/2025:15:12:38 -0400] "GET /wp-admin.php HTTP/1.1" 404 14099 "-" "-"
13.69.190.242 - - [17/Jul/2025:15:12:41 -0400] "GET /404.php HTTP/1.1" 404 14080 "-" "-"
13.69.190.242 - - [17/Jul/2025:15:12:43 -0400] "GET /wp-includes/css/ HTTP/1.1" 403 1242 "-" "-"
13.69.190.242 - - [17/Jul/2025:15:12:43 -0400] "GET /wp-includes/SimplePie/ HTTP/1.1" 403 1242 "-" "-"
13.69.190.242 - - [17/Jul/2025:15:12:44 -0400] "GET /wp-includes/js/crop/ HTTP/1.1" 403 1242 "-" "-"
13.69.190.242 - - [17/Jul/2025:15:12:44 -0400] "GET /wp-content/uploads/ HTTP/1.1" 403 1242 "-" "-"
63.250.38.117 - - [17/Jul/2025:15:12:47 -0400] "POST /wp-cron.php?doing_wp_cron=1752779566.7025840282440185546875 HTTP/1.1" 200 0 "-" "WordPress/6.8.2; https://hypekndy.com"
13.69.190.242 - - [17/Jul/2025:15:12:44 -0400] "GET /css/xmrlpc.php?p= HTTP/1.1" 301 0 "-" "-"
13.69.190.242 - - [17/Jul/2025:15:12:47 -0400] "GET /css/xmrlpc.php HTTP/1.1" 404 14079 "-" "-"
63.250.38.117 - - [17/Jul/2025:15:12:55 -0400] "POST /wp-cron.php?doing_wp_cron=1752779574.9709930419921875000000 HTTP/1.1" 200 0 "-" "WordPress/6.8.2; https://hypekndy.com"
13.69.190.242 - - [17/Jul/2025:15:12:52 -0400] "GET /wp-includes/repeater.php HTTP/1.1" 404 14099 "-" "-"
13.69.190.242 - - [17/Jul/2025:15:12:55 -0400] "GET /wp-admin/network/xmrlpc.php?p= HTTP/1.1" 301 0 "-" "-"
13.69.190.242 - - [17/Jul/2025:15:13:00 -0400] "GET /wp-admin/network/xmrlpc.php HTTP/1.1" 404 14146 "-" "-"
13.69.190.242 - - [17/Jul/2025:15:13:03 -0400] "GET /wp-includes/sodium_compat/namespaced/Core/ HTTP/1.1" 403 1242 "-" "-"
13.69.190.242 - - [17/Jul/2025:15:13:03 -0400] "GET /wp-includes/Text/Diff/Renderer/ HTTP/1.1" 403 1242 "-" "-"
13.69.190.242 - - [17/Jul/2025:15:13:03 -0400] "GET /wp-admin/includes/ HTTP/1.1" 403 1242 "-" "-"
63.250.38.117 - - [17/Jul/2025:15:13:07 -0400] "POST /wp-cron.php?doing_wp_cron=1752779587.1010820865631103515625 HTTP/1.1" 200 0 "-" "WordPress/6.8.2; https://hypekndy.com"
13.69.190.242 - - [17/Jul/2025:15:13:03 -0400] "GET /sites/default/files/ HTTP/1.1" 404 14081 "-" "-"
103.140.90.98 - - [17/Jul/2025:15:13:08 -0400] "GET /xmlrpc.php HTTP/1.1" 405 46 "http://hypekndy.com" "Mozilla/5.0 (Windows NT 10.0; Win64; x64) AppleWebKit/537.36 (KHTML, like Gecko) Chrome/126.0.0.0 Safari/537.36"
13.69.190.242 - - [17/Jul/2025:15:13:09 -0400] "GET /wp-admin/xmrlpc.php?p= HTTP/1.1" 301 0 "-" "-"
63.250.38.117 - - [17/Jul/2025:15:13:21 -0400] "POST /wp-cron.php?doing_wp_cron=1752779601.0902240276336669921875 HTTP/1.1" 200 0 "-" "WordPress/6.8.2; https://hypekndy.com"
13.69.190.242 - - [17/Jul/2025:15:13:15 -0400] "GET /wp-admin/xmrlpc.php HTTP/1.1" 404 14119 "-" "-"
13.69.190.242 - - [17/Jul/2025:15:13:22 -0400] "GET /assets/images/ HTTP/1.1" 404 14077 "-" "-"
13.69.190.242 - - [17/Jul/2025:15:13:31 -0400] "GET /wp-content/ HTTP/1.1" 200 0 "-" "-"
13.69.190.242 - - [17/Jul/2025:15:13:32 -0400] "GET /wp-includes/rest-api/endpoints/ HTTP/1.1" 403 1242 "-" "-"
63.250.38.117 - - [17/Jul/2025:15:13:41 -0400] "POST /wp-cron.php?doing_wp_cron=1752779621.8132491111755371093750 HTTP/1.1" 200 0 "-" "WordPress/6.8.2; https://hypekndy.com"
13.69.190.242 - - [17/Jul/2025:15:13:32 -0400] "GET /wp-activate.php HTTP/1.1" 302 0 "-" "-"
63.250.38.117 - - [17/Jul/2025:15:13:46 -0400] "POST /wp-cron.php?doing_wp_cron=1752779626.5017380714416503906250 HTTP/1.1" 200 0 "-" "WordPress/6.8.2; https://hypekndy.com"
13.69.190.242 - - [17/Jul/2025:15:13:42 -0400] "GET /wp-login.php?action=register HTTP/1.1" 302 0 "-" "-"
13.69.190.242 - - [17/Jul/2025:15:13:47 -0400] "GET /wp-login.php?registration=disabled HTTP/1.1" 200 2227 "-" "-"
63.250.38.117 - - [17/Jul/2025:15:13:59 -0400] "POST /wp-cron.php?doing_wp_cron=1752779639.1925630569458007812500 HTTP/1.1" 200 0 "-" "WordPress/6.8.2; https://hypekndy.com"
13.69.190.242 - - [17/Jul/2025:15:13:53 -0400] "GET /cache-compat.php HTTP/1.1" 404 14070 "-" "-"
13.69.190.242 - - [17/Jul/2025:15:14:00 -0400] "GET /admin-post.php HTTP/1.1" 404 14079 "-" "-"
13.69.190.242 - - [17/Jul/2025:15:14:07 -0400] "GET /wp-sigunq.php HTTP/1.1" 404 14117 "-" "-"
63.250.38.117 - - [17/Jul/2025:15:14:16 -0400] "POST /wp-cron.php?doing_wp_cron=1752779655.9123289585113525390625 HTTP/1.1" 200 0 "-" "WordPress/6.8.2; https://hypekndy.com"
13.69.190.242 - - [17/Jul/2025:15:14:13 -0400] "GET /index/function.php/img/ HTTP/1.1" 404 14074 "-" "-"
13.69.190.242 - - [17/Jul/2025:15:14:17 -0400] "GET /wp-content/plugins/about.php HTTP/1.1" 404 14091 "-" "-"
63.250.38.117 - - [17/Jul/2025:15:14:24 -0400] "POST /wp-cron.php?doing_wp_cron=1752779664.1257770061492919921875 HTTP/1.1" 200 0 "-" "WordPress/6.8.2; https://hypekndy.com"
13.69.190.242 - - [17/Jul/2025:15:14:21 -0400] "GET /upload/ HTTP/1.1" 404 14062 "-" "-"
13.69.190.242 - - [17/Jul/2025:15:14:25 -0400] "GET /wp-content/updraft/about.php HTTP/1.1" 404 14097 "-" "-"
13.69.190.242 - - [17/Jul/2025:15:14:29 -0400] "GET /wp-content/plugins/index.php HTTP/1.1" 200 0 "-" "-"
63.250.38.117 - - [17/Jul/2025:15:14:33 -0400] "POST /wp-cron.php?doing_wp_cron=1752779673.2006490230560302734375 HTTP/1.1" 200 0 "-" "WordPress/6.8.2; https://hypekndy.com"
13.69.190.242 - - [17/Jul/2025:15:14:30 -0400] "GET /ALFA_DATA/ HTTP/1.1" 404 14102 "-" "-"
13.69.190.242 - - [17/Jul/2025:15:14:34 -0400] "GET /wp-includes/sodium_compat/src/ HTTP/1.1" 403 1242 "-" "-"
13.69.190.242 - - [17/Jul/2025:15:14:34 -0400] "GET /wp-includes/js/imgareaselect/ HTTP/1.1" 403 1242 "-" "-"
13.69.190.242 - - [17/Jul/2025:15:14:34 -0400] "GET /wp-signup.php HTTP/1.1" 302 0 "-" "-"
13.69.190.242 - - [17/Jul/2025:15:14:38 -0400] "GET /wp-login.php?action=register HTTP/1.1" 302 0 "-" "-"
63.250.38.117 - - [17/Jul/2025:15:14:45 -0400] "POST /wp-cron.php?doing_wp_cron=1752779685.0075330734252929687500 HTTP/1.1" 200 0 "-" "WordPress/6.8.2; https://hypekndy.com"
13.69.190.242 - - [17/Jul/2025:15:14:41 -0400] "GET /wp-login.php?registration=disabled HTTP/1.1" 200 2227 "-" "-"
13.69.190.242 - - [17/Jul/2025:15:14:45 -0400] "GET /wp-admin/network/cloud.php HTTP/1.1" 404 14139 "-" "-"
63.250.38.117 - - [17/Jul/2025:15:14:56 -0400] "POST /wp-cron.php?doing_wp_cron=1752779696.0830810070037841796875 HTTP/1.1" 200 0 "-" "WordPress/6.8.2; https://hypekndy.com"
13.69.190.242 - - [17/Jul/2025:15:14:51 -0400] "GET /wp-login.php HTTP/1.1" 200 2159 "-" "-"
13.69.190.242 - - [17/Jul/2025:15:14:56 -0400] "GET /vendor/phpunit/phpunit/src/Util/PHP/ HTTP/1.1" 404 14101 "-" "-"
13.69.190.242 - - [17/Jul/2025:15:15:01 -0400] "GET /post.php HTTP/1.1" 404 14078 "-" "-"
63.250.38.117 - - [17/Jul/2025:15:15:07 -0400] "POST /wp-cron.php?doing_wp_cron=1752779706.6179881095886230468750 HTTP/1.1" 200 0 "-" "WordPress/6.8.2; https://hypekndy.com"
13.69.190.242 - - [17/Jul/2025:15:15:04 -0400] "GET /images/xmrlpc.php?p= HTTP/1.1" 301 0 "-" "-"
13.69.190.242 - - [17/Jul/2025:15:15:07 -0400] "GET /images/xmrlpc.php HTTP/1.1" 404 14116 "-" "-"
63.250.38.117 - - [17/Jul/2025:15:15:19 -0400] "POST /wp-cron.php?doing_wp_cron=1752779719.6038949489593505859375 HTTP/1.1" 200 0 "-" "WordPress/6.8.2; https://hypekndy.com"
13.69.190.242 - - [17/Jul/2025:15:15:15 -0400] "GET /wp-admin/js/widgets/cloud.php HTTP/1.1" 404 14130 "-" "-"
13.69.190.242 - - [17/Jul/2025:15:15:22 -0400] "GET /wp-admin/network/index.php HTTP/1.1" 302 0 "-" "-"
63.250.38.117 - - [17/Jul/2025:15:15:36 -0400] "POST /wp-cron.php?doing_wp_cron=1752779736.5016479492187500000000 HTTP/1.1" 200 0 "-" "WordPress/6.8.2; https://hypekndy.com"
13.69.190.242 - - [17/Jul/2025:15:15:32 -0400] "GET /wp-login.php?redirect_to=https%3A%2F%2Fhypekndy.com%2Fwp-admin%2Fnetwork%2Findex.php&reauth=1 HTTP/1.1" 200 2170 "-" "-"
13.69.190.242 - - [17/Jul/2025:15:15:37 -0400] "GET /wsoyanz.php HTTP/1.1" 404 14092 "-" "-"
63.250.38.117 - - [17/Jul/2025:15:15:45 -0400] "POST /wp-cron.php?doing_wp_cron=1752779745.6942439079284667968750 HTTP/1.1" 200 0 "-" "WordPress/6.8.2; https://hypekndy.com"
13.69.190.242 - - [17/Jul/2025:15:15:42 -0400] "GET /wp-content/gallery/about.php HTTP/1.1" 404 14091 "-" "-"
13.69.190.242 - - [17/Jul/2025:15:15:47 -0400] "GET /wp-admin/user/ HTTP/1.1" 302 0 "-" "-"
63.250.38.117 - - [17/Jul/2025:15:16:03 -0400] "POST /wp-cron.php?doing_wp_cron=1752779762.9900219440460205078125 HTTP/1.1" 200 0 "-" "WordPress/6.8.2; https://hypekndy.com"
13.69.190.242 - - [17/Jul/2025:15:15:55 -0400] "GET /wp-login.php?redirect_to=https%3A%2F%2Fhypekndy.com%2Fwp-admin%2Fuser%2F&reauth=1 HTTP/1.1" 200 2167 "-" "-"
13.69.190.242 - - [17/Jul/2025:15:16:03 -0400] "GET /as/function HTTP/1.1" 404 14084 "-" "-"
63.250.38.117 - - [17/Jul/2025:15:16:15 -0400] "POST /wp-cron.php?doing_wp_cron=1752779775.5904450416564941406250 HTTP/1.1" 200 0 "-" "WordPress/6.8.2; https://hypekndy.com"
13.69.190.242 - - [17/Jul/2025:15:16:11 -0400] "GET /images/cloud.php HTTP/1.1" 404 14085 "-" "-"
13.69.190.242 - - [17/Jul/2025:15:16:17 -0400] "GET /wp-content/plugins/Cache/Cache.php HTTP/1.1" 404 14127 "-" "-"
63.250.38.117 - - [17/Jul/2025:15:16:29 -0400] "POST /wp-cron.php?doing_wp_cron=1752779789.6849770545959472656250 HTTP/1.1" 200 0 "-" "WordPress/6.8.2; https://hypekndy.com"
13.69.190.242 - - [17/Jul/2025:15:16:24 -0400] "GET /alfa-rex.php7 HTTP/1.1" 404 14104 "-" "-"
13.69.190.242 - - [17/Jul/2025:15:16:33 -0400] "GET /wp-includes/IXR/ HTTP/1.1" 403 1242 "-" "-"
13.69.190.242 - - [17/Jul/2025:15:16:33 -0400] "GET /wp-admin/includes/cloud.php HTTP/1.1" 404 14148 "-" "-"
63.250.38.117 - - [17/Jul/2025:15:16:46 -0400] "POST /wp-cron.php?doing_wp_cron=1752779806.0908710956573486328125 HTTP/1.1" 200 0 "-" "WordPress/6.8.2; https://hypekndy.com"
13.69.190.242 - - [17/Jul/2025:15:16:39 -0400] "GET /cgi-bin/xmrlpc.php?p= HTTP/1.1" 301 0 "-" "-"
13.69.190.242 - - [17/Jul/2025:15:16:46 -0400] "GET /cgi-bin/xmrlpc.php HTTP/1.1" 404 14107 "-" "-"
13.69.190.242 - - [17/Jul/2025:15:17:00 -0400] "GET /wp-comments-post.php HTTP/1.1" 405 0 "-" "-"
13.69.190.242 - - [17/Jul/2025:15:17:01 -0400] "GET /wp-cron.php HTTP/1.1" 200 0 "-" "-"
63.250.38.117 - - [17/Jul/2025:15:17:11 -0400] "POST /wp-cron.php?doing_wp_cron=1752779830.9042639732360839843750 HTTP/1.1" 200 0 "-" "WordPress/6.8.2; https://hypekndy.com"
13.69.190.242 - - [17/Jul/2025:15:17:01 -0400] "GET /alfa-rex2.php7 HTTP/1.1" 404 14082 "-" "-"
13.69.190.242 - - [17/Jul/2025:15:17:13 -0400] "GET /ws.php7 HTTP/1.1" 404 14085 "-" "-"
63.250.38.117 - - [17/Jul/2025:15:17:24 -0400] "POST /wp-cron.php?doing_wp_cron=1752779844.5906429290771484375000 HTTP/1.1" 200 0 "-" "WordPress/6.8.2; https://hypekndy.com"
13.69.190.242 - - [17/Jul/2025:15:17:20 -0400] "GET /wp-admin/css/colors/cloud.php HTTP/1.1" 404 14132 "-" "-"
13.69.190.242 - - [17/Jul/2025:15:17:26 -0400] "GET /wp-includes/block-patterns/about.php HTTP/1.1" 404 14099 "-" "-"
63.250.38.117 - - [17/Jul/2025:15:17:44 -0400] "POST /wp-cron.php?doing_wp_cron=1752779864.5915899276733398437500 HTTP/1.1" 200 0 "-" "WordPress/6.8.2; https://hypekndy.com"
13.69.190.242 - - [17/Jul/2025:15:17:36 -0400] "GET /wp-admin/cloud.php HTTP/1.1" 404 14122 "-" "-"
13.69.190.242 - - [17/Jul/2025:15:17:47 -0400] "GET /mah/function.php HTTP/1.1" 404 14076 "-" "-"
63.250.38.117 - - [17/Jul/2025:15:18:04 -0400] "POST /wp-cron.php?doing_wp_cron=1752779884.1871130466461181640625 HTTP/1.1" 200 0 "-" "WordPress/6.8.2; https://hypekndy.com"
13.69.190.242 - - [17/Jul/2025:15:17:56 -0400] "GET /wp-content/plugins/pwnd-1/pwnd.php HTTP/1.1" 404 14134 "-" "-"
13.69.190.242 - - [17/Jul/2025:15:18:06 -0400] "GET /bak.php HTTP/1.1" 404 14082 "-" "-"
13.69.190.242 - - [17/Jul/2025:15:18:17 -0400] "GET /wp-includes/fonts/ HTTP/1.1" 403 1242 "-" "-"
63.250.38.117 - - [17/Jul/2025:15:18:26 -0400] "POST /wp-cron.php?doing_wp_cron=1752779905.7862849235534667968750 HTTP/1.1" 200 0 "-" "WordPress/6.8.2; https://hypekndy.com"
13.69.190.242 - - [17/Jul/2025:15:18:18 -0400] "GET /wp-content/plugins/admin.php HTTP/1.1" 404 14090 "-" "-"
13.69.190.242 - - [17/Jul/2025:15:18:27 -0400] "GET /ws.php HTTP/1.1" 404 14064 "-" "-"
63.250.38.117 - - [17/Jul/2025:15:18:40 -0400] "POST /wp-cron.php?doing_wp_cron=1752779920.1816110610961914062500 HTTP/1.1" 200 0 "-" "WordPress/6.8.2; https://hypekndy.com"
13.69.190.242 - - [17/Jul/2025:15:18:33 -0400] "GET /wp-admin/js/about.php HTTP/1.1" 404 14135 "-" "-"
13.69.190.242 - - [17/Jul/2025:15:18:42 -0400] "GET /yanz.php HTTP/1.1" 404 14078 "-" "-"
13.69.190.242 - - [17/Jul/2025:15:18:49 -0400] "GET /makeasmtp.php HTTP/1.1" 404 14109 "-" "-"
63.250.38.117 - - [17/Jul/2025:15:18:55 -0400] "POST /wp-cron.php?doing_wp_cron=1752779935.2832291126251220703125 HTTP/1.1" 200 0 "-" "WordPress/6.8.2; https://hypekndy.com"
13.69.190.242 - - [17/Jul/2025:15:18:51 -0400] "GET /shell.php HTTP/1.1" 404 14095 "-" "-"
13.69.190.242 - - [17/Jul/2025:15:18:57 -0400] "GET /wp-admin/images/ HTTP/1.1" 403 1242 "-" "-"
13.69.190.242 - - [17/Jul/2025:15:18:57 -0400] "GET /wp-includes/widgets/ HTTP/1.1" 403 1242 "-" "-"
13.69.190.242 - - [17/Jul/2025:15:18:57 -0400] "GET /libraries/vendor/updates.php HTTP/1.1" 404 14088 "-" "-"
63.250.38.117 - - [17/Jul/2025:15:19:08 -0400] "POST /wp-cron.php?doing_wp_cron=1752779947.7879109382629394531250 HTTP/1.1" 200 0 "-" "WordPress/6.8.2; https://hypekndy.com"
13.69.190.242 - - [17/Jul/2025:15:19:03 -0400] "GET /wp-content/plugins/clara/clara.php HTTP/1.1" 404 14130 "-" "-"
13.69.190.242 - - [17/Jul/2025:15:19:11 -0400] "GET /log.php HTTP/1.1" 404 14078 "-" "-"
13.69.190.242 - - [17/Jul/2025:15:19:20 -0400] "GET /wp-includes/Text/Diff/ HTTP/1.1" 403 1242 "-" "-"
63.250.38.117 - - [17/Jul/2025:15:19:26 -0400] "POST /wp-cron.php?doing_wp_cron=1752779965.6831479072570800781250 HTTP/1.1" 200 0 "-" "WordPress/6.8.2; https://hypekndy.com"
13.69.190.242 - - [17/Jul/2025:15:19:20 -0400] "GET /wp-includes/IXR/index.php HTTP/1.1" 301 0 "-" "-"
13.69.190.242 - - [17/Jul/2025:15:19:26 -0400] "GET /wp-includes/IXR/ HTTP/1.1" 403 1242 "-" "-"
5.135.124.144 - - [17/Jul/2025:15:19:25 -0400] "GET /xmlrpc.php HTTP/1.1" 405 46 "http://hypekndy.com" "Mozilla/5.0 (Windows NT 10.0; Win64; x64) AppleWebKit/537.36 (KHTML, like Gecko) Chrome/116.0.5845.96 Safari/537.36"
13.69.190.242 - - [17/Jul/2025:15:19:26 -0400] "GET /wp-includes/IXR/about.php HTTP/1.1" 404 14129 "-" "-"
63.250.38.117 - - [17/Jul/2025:15:19:39 -0400] "POST /wp-cron.php?doing_wp_cron=1752779978.8736119270324707031250 HTTP/1.1" 200 0 "-" "WordPress/6.8.2; https://hypekndy.com"
13.69.190.242 - - [17/Jul/2025:15:19:34 -0400] "GET /wp-admin/network/ HTTP/1.1" 302 0 "-" "-"
13.69.190.242 - - [17/Jul/2025:15:19:39 -0400] "GET /wp-login.php?redirect_to=https%3A%2F%2Fhypekndy.com%2Fwp-admin%2Fnetwork%2F&reauth=1 HTTP/1.1" 200 2162 "-" "-"
13.69.190.242 - - [17/Jul/2025:15:19:43 -0400] "GET /wp-content/themes/ HTTP/1.1" 200 0 "-" "-"
63.250.38.117 - - [17/Jul/2025:15:19:47 -0400] "POST /wp-cron.php?doing_wp_cron=1752779986.8919889926910400390625 HTTP/1.1" 200 0 "-" "WordPress/6.8.2; https://hypekndy.com"
13.69.190.242 - - [17/Jul/2025:15:19:43 -0400] "GET /wp-admin/js/widgets/about.php7 HTTP/1.1" 404 14130 "-" "-"
13.69.190.242 - - [17/Jul/2025:15:19:48 -0400] "GET /wp-load.php HTTP/1.1" 200 0 "-" "-"
63.250.38.117 - - [17/Jul/2025:15:19:55 -0400] "POST /wp-cron.php?doing_wp_cron=1752779995.1765890121459960937500 HTTP/1.1" 200 0 "-" "WordPress/6.8.2; https://hypekndy.com"
13.69.190.242 - - [17/Jul/2025:15:19:51 -0400] "GET /wp-content/themes/pridmag/db.php?u HTTP/1.1" 404 14109 "-" "-"
13.69.190.242 - - [17/Jul/2025:15:19:56 -0400] "GET /wp-includes/sodium_compat/namespaced HTTP/1.1" 301 795 "-" "-"
13.69.190.242 - - [17/Jul/2025:15:19:56 -0400] "GET /wp-includes/sodium_compat/namespaced/ HTTP/1.1" 403 1242 "-" "-"
13.69.190.242 - - [17/Jul/2025:15:19:56 -0400] "GET /css.php HTTP/1.1" 404 14086 "-" "-"
63.250.38.117 - - [17/Jul/2025:15:20:06 -0400] "POST /wp-cron.php?doing_wp_cron=1752780005.7722051143646240234375 HTTP/1.1" 200 0 "-" "WordPress/6.8.2; https://hypekndy.com"
13.69.190.242 - - [17/Jul/2025:15:20:02 -0400] "GET /libraries/phpmailer/updates.php HTTP/1.1" 404 14130 "-" "-"
13.69.190.242 - - [17/Jul/2025:15:20:07 -0400] "GET /blog.php HTTP/1.1" 404 14079 "-" "-"
63.250.38.117 - - [17/Jul/2025:15:20:17 -0400] "POST /wp-cron.php?doing_wp_cron=1752780017.3785960674285888671875 HTTP/1.1" 200 0 "-" "WordPress/6.8.2; https://hypekndy.com"
13.69.190.242 - - [17/Jul/2025:15:20:14 -0400] "GET /wp-admin/maint/maint/ajax-actions.php HTTP/1.1" 404 14113 "-" "-"
13.69.190.242 - - [17/Jul/2025:15:20:18 -0400] "GET /wp-admin/css/index.php HTTP/1.1" 301 0 "-" "-"
13.69.190.242 - - [17/Jul/2025:15:20:23 -0400] "GET /wp-admin/css/ HTTP/1.1" 403 1242 "-" "-"
13.69.190.242 - - [17/Jul/2025:15:20:23 -0400] "GET /wp-includes/customize/ HTTP/1.1" 403 1242 "-" "-"
13.69.190.242 - - [17/Jul/2025:15:20:23 -0400] "GET /wp-content/plugins/ HTTP/1.1" 200 0 "-" "-"
63.250.38.117 - - [17/Jul/2025:15:20:26 -0400] "POST /wp-cron.php?doing_wp_cron=1752780026.6090810298919677734375 HTTP/1.1" 200 0 "-" "WordPress/6.8.2; https://hypekndy.com"
13.69.190.242 - - [17/Jul/2025:15:20:24 -0400] "GET /wp-includes/blocks/about.php HTTP/1.1" 404 14092 "-" "-"
13.69.190.242 - - [17/Jul/2025:15:20:27 -0400] "GET /wp-content/languages/about.php HTTP/1.1" 404 14120 "-" "-"
63.250.38.117 - - [17/Jul/2025:15:20:32 -0400] "POST /wp-cron.php?doing_wp_cron=1752780032.5013759136199951171875 HTTP/1.1" 200 0 "-" "WordPress/6.8.2; https://hypekndy.com"
13.69.190.242 - - [17/Jul/2025:15:20:30 -0400] "GET /wp-content/plugins/seoo/wsoyanz.php HTTP/1.1" 404 14104 "-" "-"
13.69.190.242 - - [17/Jul/2025:15:20:33 -0400] "GET /cgi-bin/about.php HTTP/1.1" 404 14112 "-" "-"
13.69.190.242 - - [17/Jul/2025:15:20:41 -0400] "GET /wp-includes/js/tinymce/skins/lightgray/ HTTP/1.1" 403 1242 "-" "-"
13.69.190.242 - - [17/Jul/2025:15:20:42 -0400] "GET /wp-includes/rest-api/search/ HTTP/1.1" 403 1242 "-" "-"
63.250.38.117 - - [17/Jul/2025:15:20:48 -0400] "POST /wp-cron.php?doing_wp_cron=1752780048.2881889343261718750000 HTTP/1.1" 200 0 "-" "WordPress/6.8.2; https://hypekndy.com"
13.69.190.242 - - [17/Jul/2025:15:20:42 -0400] "GET /wp-content/plugins/fix/up.php HTTP/1.1" 404 14126 "-" "-"
13.69.190.242 - - [17/Jul/2025:15:20:49 -0400] "GET /wp-admin/css/colors/blue/cloud.php HTTP/1.1" 404 14105 "-" "-"
63.250.38.117 - - [17/Jul/2025:15:20:56 -0400] "POST /wp-cron.php?doing_wp_cron=1752780056.0787019729614257812500 HTTP/1.1" 200 0 "-" "WordPress/6.8.2; https://hypekndy.com"
13.69.190.242 - - [17/Jul/2025:15:20:53 -0400] "GET /img/about.php HTTP/1.1" 404 14080 "-" "-"
13.69.190.242 - - [17/Jul/2025:15:20:57 -0400] "GET /alfanew2.php7 HTTP/1.1" 404 14104 "-" "-"
63.250.38.117 - - [17/Jul/2025:15:21:04 -0400] "POST /wp-cron.php?doing_wp_cron=1752780064.6714849472045898437500 HTTP/1.1" 200 0 "-" "WordPress/6.8.2; https://hypekndy.com"
13.69.190.242 - - [17/Jul/2025:15:21:02 -0400] "GET /admin/controller/extension/extension/ HTTP/1.1" 404 14102 "-" "-"
13.69.190.242 - - [17/Jul/2025:15:21:05 -0400] "GET /inputs.php HTTP/1.1" 404 14104 "-" "-"
13.69.190.242 - - [17/Jul/2025:15:21:09 -0400] "GET /wp-content/plugins/shell/noimg.php HTTP/1.1" 404 14131 "-" "-"
63.250.38.117 - - [17/Jul/2025:15:21:15 -0400] "POST /wp-cron.php?doing_wp_cron=1752780075.6885991096496582031250 HTTP/1.1" 200 0 "-" "WordPress/6.8.2; https://hypekndy.com"
13.69.190.242 - - [17/Jul/2025:15:21:12 -0400] "GET /wp-content/updates.php HTTP/1.1" 404 14131 "-" "-"
13.69.190.242 - - [17/Jul/2025:15:21:18 -0400] "GET /wp-admin/css/about.php HTTP/1.1" 404 14088 "-" "-"
13.69.190.242 - - [17/Jul/2025:15:21:22 -0400] "GET /wp-includes/js/ HTTP/1.1" 403 1242 "-" "-"
63.250.38.117 - - [17/Jul/2025:15:21:26 -0400] "POST /wp-cron.php?doing_wp_cron=1752780086.4791989326477050781250 HTTP/1.1" 200 0 "-" "WordPress/6.8.2; https://hypekndy.com"
13.69.190.242 - - [17/Jul/2025:15:21:22 -0400] "GET /wp-includes/ID3/index.php HTTP/1.1" 301 0 "-" "-"
13.69.190.242 - - [17/Jul/2025:15:21:27 -0400] "GET /wp-includes/ID3/ HTTP/1.1" 403 1242 "-" "-"
13.69.190.242 - - [17/Jul/2025:15:21:27 -0400] "GET /wp-includes/js/tinymce/plugins/compat3x/ HTTP/1.1" 403 1242 "-" "-"
13.69.190.242 - - [17/Jul/2025:15:21:27 -0400] "GET /img/xmrlpc.php?p= HTTP/1.1" 301 0 "-" "-"
63.250.38.117 - - [17/Jul/2025:15:21:36 -0400] "POST /wp-cron.php?doing_wp_cron=1752780095.9873061180114746093750 HTTP/1.1" 200 0 "-" "WordPress/6.8.2; https://hypekndy.com"
13.69.190.242 - - [17/Jul/2025:15:21:32 -0400] "GET /img/xmrlpc.php HTTP/1.1" 404 14080 "-" "-"
13.69.190.242 - - [17/Jul/2025:15:21:37 -0400] "GET /.well-known/pki-validation/cloud.php HTTP/1.1" 404 1251 "-" "-"
13.69.190.242 - - [17/Jul/2025:15:21:37 -0400] "GET /wp-includes/widgets/about.php HTTP/1.1" 404 14108 "-" "-"
63.250.38.117 - - [17/Jul/2025:15:21:49 -0400] "POST /wp-cron.php?doing_wp_cron=1752780109.0865480899810791015625 HTTP/1.1" 200 0 "-" "WordPress/6.8.2; https://hypekndy.com"
13.69.190.242 - - [17/Jul/2025:15:21:43 -0400] "GET /plugins/function.php HTTP/1.1" 404 14078 "-" "-"
13.69.190.242 - - [17/Jul/2025:15:21:51 -0400] "GET /wp-includes/ID3/ HTTP/1.1" 403 1242 "-" "-"
13.69.190.242 - - [17/Jul/2025:15:21:52 -0400] "GET /plugins.php HTTP/1.1" 404 14089 "-" "-"
2604:a880:400:d0::2424:7001 - - [17/Jul/2025:15:21:57 -0400] "GET /xmlrpc.php HTTP/1.1" 405 46 "http://hypekndy.com/xmlrpc.php" "Mozilla/5.0 (X11; Ubuntu; Linux x86_64; rv:85.0) Gecko/20100101 Firefox/91.0"
13.69.190.242 - - [17/Jul/2025:15:21:59 -0400] "GET /wp-includes/style-engine/about.php HTTP/1.1" 404 14140 "-" "-"
63.250.38.117 - - [17/Jul/2025:15:22:09 -0400] "POST /wp-cron.php?doing_wp_cron=1752780128.9710800647735595703125 HTTP/1.1" 200 0 "-" "WordPress/6.8.2; https://hypekndy.com"
13.69.190.242 - - [17/Jul/2025:15:22:03 -0400] "GET /wp-consar.php HTTP/1.1" 404 14120 "-" "-"
13.69.190.242 - - [17/Jul/2025:15:22:11 -0400] "GET /wp-content/plugins/dummyyummy/wp-signup.php HTTP/1.1" 404 14114 "-" "-"
13.69.190.242 - - [17/Jul/2025:15:22:17 -0400] "GET /wp-admin/repeater.php HTTP/1.1" 404 14087 "-" "-"
63.250.38.117 - - [17/Jul/2025:15:22:24 -0400] "POST /wp-cron.php?doing_wp_cron=1752780144.2805418968200683593750 HTTP/1.1" 200 0 "-" "WordPress/6.8.2; https://hypekndy.com"
13.69.190.242 - - [17/Jul/2025:15:22:22 -0400] "GET /wp-content/themes/seotheme/db.php?u HTTP/1.1" 404 14129 "-" "-"
13.69.190.242 - - [17/Jul/2025:15:22:25 -0400] "GET /wp-includes/rest-api/about.php HTTP/1.1" 404 14125 "-" "-"
13.69.190.242 - - [17/Jul/2025:15:22:30 -0400] "GET /wp-content/banners/about.php HTTP/1.1" 404 14093 "-" "-"
63.250.38.117 - - [17/Jul/2025:15:22:34 -0400] "POST /wp-cron.php?doing_wp_cron=1752780154.1813459396362304687500 HTTP/1.1" 200 0 "-" "WordPress/6.8.2; https://hypekndy.com"
13.69.190.242 - - [17/Jul/2025:15:22:32 -0400] "GET /wp-includes/Requests/about.php HTTP/1.1" 404 14124 "-" "-"
13.69.190.242 - - [17/Jul/2025:15:22:35 -0400] "GET /wp-includes/js/swfupload/ HTTP/1.1" 403 1242 "-" "-"
13.69.190.242 - - [17/Jul/2025:15:22:35 -0400] "GET /uploads/ HTTP/1.1" 404 14071 "-" "-"
13.69.190.242 - - [17/Jul/2025:15:22:41 -0400] "GET /wp-includes/blocks/ HTTP/1.1" 200 6 "-" "-"
13.69.190.242 - - [17/Jul/2025:15:22:41 -0400] "GET /wp-includes/js/jquery/ HTTP/1.1" 403 1242 "-" "-"
63.250.38.117 - - [17/Jul/2025:15:22:44 -0400] "POST /wp-cron.php?doing_wp_cron=1752780164.0770759582519531250000 HTTP/1.1" 200 0 "-" "WordPress/6.8.2; https://hypekndy.com"
13.69.190.242 - - [17/Jul/2025:15:22:42 -0400] "GET /content.php HTTP/1.1" 404 14084 "-" "-"
13.69.190.242 - - [17/Jul/2025:15:22:44 -0400] "GET /wp-content/about.php HTTP/1.1" 404 14096 "-" "-"
13.69.190.242 - - [17/Jul/2025:15:22:50 -0400] "GET /wp-admin/maint/ HTTP/1.1" 403 1242 "-" "-"
13.69.190.242 - - [17/Jul/2025:15:22:50 -0400] "GET /repeater.php HTTP/1.1" 404 14088 "-" "-"
63.250.38.117 - - [17/Jul/2025:15:22:55 -0400] "POST /wp-cron.php?doing_wp_cron=1752780175.3712480068206787109375 HTTP/1.1" 200 0 "-" "WordPress/6.8.2; https://hypekndy.com"
13.69.190.242 - - [17/Jul/2025:15:22:53 -0400] "GET /wp-includes/Requests/Text/admin.php HTTP/1.1" 404 14105 "-" "-"
13.69.190.242 - - [17/Jul/2025:15:22:57 -0400] "GET /wp-includes/Text/Diff/Engine/ HTTP/1.1" 403 1242 "-" "-"
13.69.190.242 - - [17/Jul/2025:15:22:57 -0400] "GET /install.php HTTP/1.1" 404 14088 "-" "-"
13.69.190.242 - - [17/Jul/2025:15:23:00 -0400] "GET /wp-admin/images/index.php HTTP/1.1" 301 0 "-" "-"
13.69.190.242 - - [17/Jul/2025:15:23:02 -0400] "GET /wp-admin/images/ HTTP/1.1" 403 1242 "-" "-"
13.69.190.242 - - [17/Jul/2025:15:23:02 -0400] "GET /wp-includes/Requests/library/ HTTP/1.1" 403 1242 "-" "-"
13.69.190.242 - - [17/Jul/2025:15:23:07 -0400] "GET /wp-includes/js/plupload/ HTTP/1.1" 403 1242 "-" "-"
13.69.190.242 - - [17/Jul/2025:15:23:07 -0400] "GET /wp-includes/rest-api/ HTTP/1.1" 403 1242 "-" "-"
