Your IP : 216.73.216.44


Current Path : /proc/self/root/proc/self/root/home/theafprt/access-logs/
Upload File :
Current File : //proc/self/root/proc/self/root/home/theafprt/access-logs/hypekndy.com.thealtruisthuman.com-ssl_log

188.165.54.175 - - [17/Jul/2025:08:11:33 -0400] "GET /xmlrpc.php HTTP/1.1" 200 0 "http://hypekndy.com" "Mozilla/5.0 (Windows NT 10.0; Win64; x64; rv:126.0) Gecko/20100101 Firefox/126.0"
63.250.38.117 - - [17/Jul/2025:08:11:47 -0400] "POST /wp-cron.php?doing_wp_cron=1752754307.6801779270172119140625 HTTP/1.1" 200 0 "-" "WordPress/6.8.2; https://hypekndy.com"
49.51.72.76 - - [17/Jul/2025:08:11:48 -0400] "GET / HTTP/1.1" 301 0 "http://www.hypekndy.com" "Mozilla/5.0 (iPhone; CPU iPhone OS 13_2_3 like Mac OS X) AppleWebKit/605.1.15 (KHTML, like Gecko) Version/13.0.3 Mobile/15E148 Safari/604.1"
49.51.72.76 - - [17/Jul/2025:08:11:54 -0400] "GET / HTTP/1.1" 200 35115 "https://www.hypekndy.com/" "Mozilla/5.0 (iPhone; CPU iPhone OS 13_2_3 like Mac OS X) AppleWebKit/605.1.15 (KHTML, like Gecko) Version/13.0.3 Mobile/15E148 Safari/604.1"
2a06:98c0:3600::103 - - [17/Jul/2025:08:15:27 -0400] "GET /18371101.phtml HTTP/1.1" 301 0 "-" "Mozilla/5.0 (Linux; Android 6.0.1; Nexus 5X Build/MMB29P) AppleWebKit/537.36 (KHTML, like Gecko) Chrome/137.0.7151.103 Mobile Safari/537.36 (compatible; Googlebot/2.1; +http://www.google.com/bot.html)"
66.249.65.39 - - [17/Jul/2025:08:15:47 -0400] "GET /18371101.phtml HTTP/1.1" 301 0 "-" "Mozilla/5.0 (Linux; Android 6.0.1; Nexus 5X Build/MMB29P) AppleWebKit/537.36 (KHTML, like Gecko) Chrome/137.0.7151.103 Mobile Safari/537.36 (compatible; Googlebot/2.1; +http://www.google.com/bot.html)"
63.250.38.117 - - [17/Jul/2025:08:16:01 -0400] "POST /wp-cron.php?doing_wp_cron=1752754561.3711190223693847656250 HTTP/1.1" 200 0 "-" "WordPress/6.8.2; https://hypekndy.com"
2a06:98c0:3600::103 - - [17/Jul/2025:08:15:54 -0400] "GET /18371101.phtml HTTP/1.1" 404 14082 "-" "Mozilla/5.0 (Linux; Android 6.0.1; Nexus 5X Build/MMB29P) AppleWebKit/537.36 (KHTML, like Gecko) Chrome/137.0.7151.103 Mobile Safari/537.36 (compatible; Googlebot/2.1; +http://www.google.com/bot.html)"
66.249.65.37 - - [17/Jul/2025:08:16:06 -0400] "GET /18371101.phtml HTTP/1.1" 404 14080 "-" "Mozilla/5.0 (Linux; Android 6.0.1; Nexus 5X Build/MMB29P) AppleWebKit/537.36 (KHTML, like Gecko) Chrome/137.0.7151.103 Mobile Safari/537.36 (compatible; Googlebot/2.1; +http://www.google.com/bot.html)"
63.250.38.117 - - [17/Jul/2025:08:16:47 -0400] "POST /wp-cron.php?doing_wp_cron=1752754606.7965030670166015625000 HTTP/1.1" 200 0 "-" "WordPress/6.8.2; https://hypekndy.com"
103.205.211.78 - - [17/Jul/2025:08:16:41 -0400] "GET /xmlrpc.php HTTP/1.1" 405 46 "http://hypekndy.com/xmlrpc.php" "Mozilla/5.0 (X11; Ubuntu; Linux x86_64; rv:85.0) Gecko/20100101 Firefox/91.0"
63.250.38.117 - - [17/Jul/2025:08:17:01 -0400] "POST /wp-cron.php?doing_wp_cron=1752754620.9016060829162597656250 HTTP/1.1" 200 0 "-" "WordPress/6.8.2; https://hypekndy.com"
119.28.105.52 - - [17/Jul/2025:08:16:59 -0400] "GET /media/system/js/core.js HTTP/1.1" 404 14096 "http://hypekndy.com/media/system/js/core.js" "Mozilla/5.0 (Macintosh; Intel Mac OS X 10_10_1) AppleWebKit/537.36 (KHTML, like Gecko) Chrome/39.0.2171.95 Safari/537.36"
68.218.118.71 - - [17/Jul/2025:08:27:49 -0400] "GET /wp-content/plugins/hellopress/wp_filemanager.php HTTP/1.1" 200 0 "-" "-"
63.250.38.117 - - [17/Jul/2025:08:28:09 -0400] "POST /wp-cron.php?doing_wp_cron=1752755288.8892509937286376953125 HTTP/1.1" 200 0 "-" "WordPress/6.8.2; https://hypekndy.com"
2a06:98c0:3600::103 - - [17/Jul/2025:08:46:12 -0400] "GET /toreka/goods_menu.html HTTP/1.1" 301 0 "-" "Mozilla/5.0 (Linux; Android 6.0.1; Nexus 5X Build/MMB29P) AppleWebKit/537.36 (KHTML, like Gecko) Chrome/137.0.7151.103 Mobile Safari/537.36 (compatible; Googlebot/2.1; +http://www.google.com/bot.html)"
66.249.65.38 - - [17/Jul/2025:08:46:47 -0400] "GET /toreka/goods_menu.html HTTP/1.1" 301 0 "-" "Mozilla/5.0 (Linux; Android 6.0.1; Nexus 5X Build/MMB29P) AppleWebKit/537.36 (KHTML, like Gecko) Chrome/137.0.7151.103 Mobile Safari/537.36 (compatible; Googlebot/2.1; +http://www.google.com/bot.html)"
63.250.38.117 - - [17/Jul/2025:08:47:01 -0400] "POST /wp-cron.php?doing_wp_cron=1752756421.2872500419616699218750 HTTP/1.1" 200 0 "-" "WordPress/6.8.2; https://hypekndy.com"
2a06:98c0:3600::103 - - [17/Jul/2025:08:46:53 -0400] "GET /toreka/goods_menu.html HTTP/1.1" 404 14126 "-" "Mozilla/5.0 (Linux; Android 6.0.1; Nexus 5X Build/MMB29P) AppleWebKit/537.36 (KHTML, like Gecko) Chrome/137.0.7151.103 Mobile Safari/537.36 (compatible; Googlebot/2.1; +http://www.google.com/bot.html)"
66.249.65.32 - - [17/Jul/2025:08:47:05 -0400] "GET /toreka/goods_menu.html HTTP/1.1" 404 14125 "-" "Mozilla/5.0 (Linux; Android 6.0.1; Nexus 5X Build/MMB29P) AppleWebKit/537.36 (KHTML, like Gecko) Chrome/137.0.7151.103 Mobile Safari/537.36 (compatible; Googlebot/2.1; +http://www.google.com/bot.html)"
63.250.38.117 - - [17/Jul/2025:08:53:34 -0400] "POST /wp-cron.php?doing_wp_cron=1752756814.1733839511871337890625 HTTP/1.1" 200 0 "-" "WordPress/6.8.2; https://hypekndy.com"
128.199.72.140 - - [17/Jul/2025:08:53:18 -0400] "GET /xmlrpc.php HTTP/1.1" 405 46 "http://hypekndy.com/xmlrpc.php" "Mozilla/5.0 (X11; Ubuntu; Linux x86_64; rv:85.0) Gecko/20100101 Firefox/91.0"
2a06:98c0:3600::103 - - [17/Jul/2025:09:03:33 -0400] "GET /zhHant/product/surugaya/THJ25595828?campaign_uid=f64d716db5e979ed2f947dbaf4296895b951ae7f HTTP/1.1" 301 0 "-" "Mozilla/5.0 (Linux; Android 6.0.1; Nexus 5X Build/MMB29P) AppleWebKit/537.36 (KHTML, like Gecko) Chrome/137.0.7151.103 Mobile Safari/537.36 (compatible; Googlebot/2.1; +http://www.google.com/bot.html)"
66.249.65.40 - - [17/Jul/2025:09:03:43 -0400] "GET /zhHant/product/surugaya/THJ25595828?campaign_uid=f64d716db5e979ed2f947dbaf4296895b951ae7f HTTP/1.1" 301 0 "-" "Mozilla/5.0 (Linux; Android 6.0.1; Nexus 5X Build/MMB29P) AppleWebKit/537.36 (KHTML, like Gecko) Chrome/137.0.7151.103 Mobile Safari/537.36 (compatible; Googlebot/2.1; +http://www.google.com/bot.html)"
63.250.38.117 - - [17/Jul/2025:09:03:47 -0400] "POST /wp-cron.php?doing_wp_cron=1752757426.7904100418090820312500 HTTP/1.1" 200 0 "-" "WordPress/6.8.2; https://hypekndy.com"
2a06:98c0:3600::103 - - [17/Jul/2025:09:03:44 -0400] "GET /zhHant/product/surugaya/THJ25595828?campaign_uid=f64d716db5e979ed2f947dbaf4296895b951ae7f HTTP/1.1" 404 14189 "-" "Mozilla/5.0 (Linux; Android 6.0.1; Nexus 5X Build/MMB29P) AppleWebKit/537.36 (KHTML, like Gecko) Chrome/137.0.7151.103 Mobile Safari/537.36 (compatible; Googlebot/2.1; +http://www.google.com/bot.html)"
66.249.65.37 - - [17/Jul/2025:09:03:48 -0400] "GET /zhHant/product/surugaya/THJ25595828?campaign_uid=f64d716db5e979ed2f947dbaf4296895b951ae7f HTTP/1.1" 404 14187 "-" "Mozilla/5.0 (Linux; Android 6.0.1; Nexus 5X Build/MMB29P) AppleWebKit/537.36 (KHTML, like Gecko) Chrome/137.0.7151.103 Mobile Safari/537.36 (compatible; Googlebot/2.1; +http://www.google.com/bot.html)"
195.88.252.196 - - [17/Jul/2025:09:11:39 -0400] "GET / HTTP/1.1" 200 35115 "-" "Mozilla/5.0 (Windows NT 10.0; Win64; x64) AppleWebKit/537.36 (KHTML, like Gecko) Chrome/110.0.0.0 Safari/537.36"
185.36.81.36 - - [17/Jul/2025:09:11:48 -0400] "GET /admin/ckeditor/plugins/fileman/php/upload.php HTTP/1.1" 200 0 "-" "Mozilla/5.0 (Windows NT 10.0; Win64; x64) AppleWebKit/537.36 (KHTML, like Gecko) Chrome/138.0.7204.50 Safari/537.36"
185.36.81.36 - - [17/Jul/2025:09:11:48 -0400] "GET /admin/FCKeditor/editor/filemanager/upload/php/upload.php HTTP/1.1" 200 0 "-" "Mozilla/5.0 (Windows NT 10.0; Win64; x64) AppleWebKit/537.36 (KHTML, like Gecko) Chrome/138.0.7204.50 Safari/537.36"
185.36.81.36 - - [17/Jul/2025:09:11:48 -0400] "GET /js/ckeditor/fileman/php/upload.php HTTP/1.1" 200 0 "-" "Mozilla/5.0 (Windows NT 10.0; Win64; x64) AppleWebKit/537.36 (KHTML, like Gecko) Chrome/138.0.7204.50 Safari/537.36"
185.36.81.36 - - [17/Jul/2025:09:11:48 -0400] "GET /fileman/php/upload.php HTTP/1.1" 200 0 "-" "Mozilla/5.0 (Windows NT 10.0; Win64; x64) AppleWebKit/537.36 (KHTML, like Gecko) Chrome/138.0.7204.50 Safari/537.36"
185.36.81.36 - - [17/Jul/2025:09:11:48 -0400] "GET /js/fileman/php/upload.php HTTP/1.1" 200 0 "-" "Mozilla/5.0 (Windows NT 10.0; Win64; x64) AppleWebKit/537.36 (KHTML, like Gecko) Chrome/138.0.7204.50 Safari/537.36"
185.36.81.36 - - [17/Jul/2025:09:11:48 -0400] "GET /admin/ckeditor/fileman/php/upload.php HTTP/1.1" 200 0 "-" "Mozilla/5.0 (Windows NT 10.0; Win64; x64) AppleWebKit/537.36 (KHTML, like Gecko) Chrome/138.0.7204.50 Safari/537.36"
185.36.81.36 - - [17/Jul/2025:09:11:48 -0400] "GET /admin/fileman/php/upload.php HTTP/1.1" 200 0 "-" "Mozilla/5.0 (Windows NT 10.0; Win64; x64) AppleWebKit/537.36 (KHTML, like Gecko) Chrome/138.0.7204.50 Safari/537.36"
185.36.81.36 - - [17/Jul/2025:09:11:48 -0400] "GET /ckeditor/plugins/fileman/php/upload.php HTTP/1.1" 200 0 "-" "Mozilla/5.0 (Windows NT 10.0; Win64; x64) AppleWebKit/537.36 (KHTML, like Gecko) Chrome/138.0.7204.50 Safari/537.36"
185.36.81.36 - - [17/Jul/2025:09:11:48 -0400] "GET /fckeditor/editor/filemanager/upload/php/upload.php HTTP/1.1" 200 0 "-" "Mozilla/5.0 (Windows NT 10.0; Win64; x64) AppleWebKit/537.36 (KHTML, like Gecko) Chrome/138.0.7204.50 Safari/537.36"
185.36.81.36 - - [17/Jul/2025:09:11:48 -0400] "GET /ckeditor/fileman/php/upload.php HTTP/1.1" 200 0 "-" "Mozilla/5.0 (Windows NT 10.0; Win64; x64) AppleWebKit/537.36 (KHTML, like Gecko) Chrome/138.0.7204.50 Safari/537.36"
185.36.81.36 - - [17/Jul/2025:09:11:48 -0400] "GET /plugins/fileman/php/upload.php HTTP/1.1" 200 0 "-" "Mozilla/5.0 (Windows NT 10.0; Win64; x64) AppleWebKit/537.36 (KHTML, like Gecko) Chrome/138.0.7204.50 Safari/537.36"
185.36.81.36 - - [17/Jul/2025:09:11:48 -0400] "GET /editor/filemanager/upload/php/upload.php HTTP/1.1" 200 0 "-" "Mozilla/5.0 (Windows NT 10.0; Win64; x64) AppleWebKit/537.36 (KHTML, like Gecko) Chrome/138.0.7204.50 Safari/537.36"
185.36.81.36 - - [17/Jul/2025:09:11:48 -0400] "GET /admin/fckeditor/editor/filemanager/upload/php/upload.php HTTP/1.1" 200 0 "-" "Mozilla/5.0 (Windows NT 10.0; Win64; x64) AppleWebKit/537.36 (KHTML, like Gecko) Chrome/138.0.7204.50 Safari/537.36"
185.36.81.36 - - [17/Jul/2025:09:11:48 -0400] "GET /js/fckeditor/editor/filemanager/upload/php/upload.php HTTP/1.1" 200 0 "-" "Mozilla/5.0 (Windows NT 10.0; Win64; x64) AppleWebKit/537.36 (KHTML, like Gecko) Chrome/138.0.7204.50 Safari/537.36"
185.36.81.36 - - [17/Jul/2025:09:11:48 -0400] "GET /mambots/editors/fckeditor/editor/filemanager/upload/php/upload.php HTTP/1.1" 200 0 "-" "Mozilla/5.0 (Windows NT 10.0; Win64; x64) AppleWebKit/537.36 (KHTML, like Gecko) Chrome/138.0.7204.50 Safari/537.36"
185.36.81.36 - - [17/Jul/2025:09:11:48 -0400] "GET /FCKeditor/editor/filemanager/upload/php/upload.php HTTP/1.1" 200 0 "-" "Mozilla/5.0 (Windows NT 10.0; Win64; x64) AppleWebKit/537.36 (KHTML, like Gecko) Chrome/138.0.7204.50 Safari/537.36"
185.36.81.36 - - [17/Jul/2025:09:11:48 -0400] "GET /editor/editor/filemanager/upload/php/upload.php HTTP/1.1" 200 0 "-" "Mozilla/5.0 (Windows NT 10.0; Win64; x64) AppleWebKit/537.36 (KHTML, like Gecko) Chrome/138.0.7204.50 Safari/537.36"
185.36.81.36 - - [17/Jul/2025:09:11:48 -0400] "GET /includes/fckeditor/editor/filemanager/upload/php/upload.php HTTP/1.1" 200 0 "-" "Mozilla/5.0 (Windows NT 10.0; Win64; x64) AppleWebKit/537.36 (KHTML, like Gecko) Chrome/138.0.7204.50 Safari/537.36"
185.36.81.36 - - [17/Jul/2025:09:11:48 -0400] "GET /admin/includes/FCKeditor/editor/filemanager/upload/php/upload.php HTTP/1.1" 200 0 "-" "Mozilla/5.0 (Windows NT 10.0; Win64; x64) AppleWebKit/537.36 (KHTML, like Gecko) Chrome/138.0.7204.50 Safari/537.36"
63.250.38.117 - - [17/Jul/2025:09:13:54 -0400] "POST /wp-cron.php?doing_wp_cron=1752758033.5796730518341064453125 HTTP/1.1" 200 0 "-" "WordPress/6.8.2; https://hypekndy.com"
63.250.38.117 - - [17/Jul/2025:09:13:54 -0400] "POST /wp-cron.php?doing_wp_cron=1752758033.5073089599609375000000 HTTP/1.1" 200 0 "-" "WordPress/6.8.2; https://hypekndy.com"
63.250.38.117 - - [17/Jul/2025:09:13:54 -0400] "POST /wp-cron.php?doing_wp_cron=1752758033.5724639892578125000000 HTTP/1.1" 200 0 "-" "WordPress/6.8.2; https://hypekndy.com"
63.250.38.117 - - [17/Jul/2025:09:13:54 -0400] "POST /wp-cron.php?doing_wp_cron=1752758033.4828629493713378906250 HTTP/1.1" 200 0 "-" "WordPress/6.8.2; https://hypekndy.com"
63.250.38.117 - - [17/Jul/2025:09:13:54 -0400] "POST /wp-cron.php?doing_wp_cron=1752758033.5960140228271484375000 HTTP/1.1" 200 0 "-" "WordPress/6.8.2; https://hypekndy.com"
63.250.38.117 - - [17/Jul/2025:09:13:55 -0400] "POST /wp-cron.php?doing_wp_cron=1752758033.4954841136932373046875 HTTP/1.1" 200 0 "-" "WordPress/6.8.2; https://hypekndy.com"
63.250.38.117 - - [17/Jul/2025:09:13:54 -0400] "POST /wp-cron.php?doing_wp_cron=1752758033.5718851089477539062500 HTTP/1.1" 200 0 "-" "WordPress/6.8.2; https://hypekndy.com"
63.250.38.117 - - [17/Jul/2025:09:13:54 -0400] "POST /wp-cron.php?doing_wp_cron=1752758033.4810140132904052734375 HTTP/1.1" 200 0 "-" "WordPress/6.8.2; https://hypekndy.com"
63.250.38.117 - - [17/Jul/2025:09:13:54 -0400] "POST /wp-cron.php?doing_wp_cron=1752758033.4914379119873046875000 HTTP/1.1" 200 0 "-" "WordPress/6.8.2; https://hypekndy.com"
2a06:98c0:3600::103 - - [17/Jul/2025:09:18:55 -0400] "GET /zhHant/product/surugaya/HKF163182212?campaign_uid=f64d716db5e979ed2f947dbaf4296895b951ae7f HTTP/1.1" 301 0 "-" "Mozilla/5.0 (Linux; Android 6.0.1; Nexus 5X Build/MMB29P) AppleWebKit/537.36 (KHTML, like Gecko) Chrome/137.0.7151.103 Mobile Safari/537.36 (compatible; Googlebot/2.1; +http://www.google.com/bot.html)"
66.249.65.38 - - [17/Jul/2025:09:19:01 -0400] "GET /zhHant/product/surugaya/HKF163182212?campaign_uid=f64d716db5e979ed2f947dbaf4296895b951ae7f HTTP/1.1" 301 0 "-" "Mozilla/5.0 (Linux; Android 6.0.1; Nexus 5X Build/MMB29P) AppleWebKit/537.36 (KHTML, like Gecko) Chrome/137.0.7151.103 Mobile Safari/537.36 (compatible; Googlebot/2.1; +http://www.google.com/bot.html)"
63.250.38.117 - - [17/Jul/2025:09:19:04 -0400] "POST /wp-cron.php?doing_wp_cron=1752758344.2926599979400634765625 HTTP/1.1" 200 0 "-" "WordPress/6.8.2; https://hypekndy.com"
2a06:98c0:3600::103 - - [17/Jul/2025:09:19:02 -0400] "GET /zhHant/product/surugaya/HKF163182212?campaign_uid=f64d716db5e979ed2f947dbaf4296895b951ae7f HTTP/1.1" 404 14193 "-" "Mozilla/5.0 (Linux; Android 6.0.1; Nexus 5X Build/MMB29P) AppleWebKit/537.36 (KHTML, like Gecko) Chrome/137.0.7151.103 Mobile Safari/537.36 (compatible; Googlebot/2.1; +http://www.google.com/bot.html)"
66.249.65.34 - - [17/Jul/2025:09:19:06 -0400] "GET /zhHant/product/surugaya/HKF163182212?campaign_uid=f64d716db5e979ed2f947dbaf4296895b951ae7f HTTP/1.1" 404 14191 "-" "Mozilla/5.0 (Linux; Android 6.0.1; Nexus 5X Build/MMB29P) AppleWebKit/537.36 (KHTML, like Gecko) Chrome/137.0.7151.103 Mobile Safari/537.36 (compatible; Googlebot/2.1; +http://www.google.com/bot.html)"
103.185.185.188 - - [17/Jul/2025:09:29:11 -0400] "GET /xmlrpc.php HTTP/1.1" 200 0 "http://hypekndy.com" "Mozilla/5.0 (Macintosh; Intel Mac OS X 14.3) AppleWebKit/614.31.14 (KHTML, like Gecko) Version/17.0.96 Safari/614.31.14"
63.250.38.117 - - [17/Jul/2025:09:29:24 -0400] "POST /wp-cron.php?doing_wp_cron=1752758964.3734979629516601562500 HTTP/1.1" 200 0 "-" "WordPress/6.8.2; https://hypekndy.com"
118.17.43.4 - - [17/Jul/2025:09:31:13 -0400] "GET /xmlrpc.php HTTP/1.1" 200 0 "http://hypekndy.com/xmlrpc.php" "Mozilla/5.0 (X11; Ubuntu; Linux x86_64; rv:85.0) Gecko/20100101 Firefox/91.0"
63.250.38.117 - - [17/Jul/2025:09:31:35 -0400] "POST /wp-cron.php?doing_wp_cron=1752759095.5956211090087890625000 HTTP/1.1" 200 0 "-" "WordPress/6.8.2; https://hypekndy.com"
2a06:98c0:3600::103 - - [17/Jul/2025:09:35:20 -0400] "GET /product/edit/HKF163182212 HTTP/1.1" 301 0 "-" "Mozilla/5.0 (Linux; Android 6.0.1; Nexus 5X Build/MMB29P) AppleWebKit/537.36 (KHTML, like Gecko) Chrome/137.0.7151.103 Mobile Safari/537.36 (compatible; Googlebot/2.1; +http://www.google.com/bot.html)"
66.249.65.37 - - [17/Jul/2025:09:35:58 -0400] "GET /product/edit/HKF163182212 HTTP/1.1" 301 0 "-" "Mozilla/5.0 (Linux; Android 6.0.1; Nexus 5X Build/MMB29P) AppleWebKit/537.36 (KHTML, like Gecko) Chrome/137.0.7151.103 Mobile Safari/537.36 (compatible; Googlebot/2.1; +http://www.google.com/bot.html)"
63.250.38.117 - - [17/Jul/2025:09:36:06 -0400] "POST /wp-cron.php?doing_wp_cron=1752759366.1913559436798095703125 HTTP/1.1" 200 0 "-" "WordPress/6.8.2; https://hypekndy.com"
2a06:98c0:3600::103 - - [17/Jul/2025:09:36:01 -0400] "GET /product/edit/HKF163182212 HTTP/1.1" 404 14112 "-" "Mozilla/5.0 (Linux; Android 6.0.1; Nexus 5X Build/MMB29P) AppleWebKit/537.36 (KHTML, like Gecko) Chrome/137.0.7151.103 Mobile Safari/537.36 (compatible; Googlebot/2.1; +http://www.google.com/bot.html)"
66.249.79.128 - - [17/Jul/2025:09:36:10 -0400] "GET /product/edit/HKF163182212 HTTP/1.1" 404 14111 "-" "Mozilla/5.0 (Linux; Android 6.0.1; Nexus 5X Build/MMB29P) AppleWebKit/537.36 (KHTML, like Gecko) Chrome/137.0.7151.103 Mobile Safari/537.36 (compatible; Googlebot/2.1; +http://www.google.com/bot.html)"
63.250.38.117 - - [17/Jul/2025:09:36:31 -0400] "POST /wp-cron.php?doing_wp_cron=1752759390.8946290016174316406250 HTTP/1.1" 200 0 "-" "WordPress/6.8.2; https://hypekndy.com"
111.229.111.163 - - [17/Jul/2025:09:36:27 -0400] "GET /xmlrpc.php HTTP/1.1" 405 46 "http://hypekndy.com" "Mozilla/5.0 (Macintosh; Intel Mac OS X 10_15_7) AppleWebKit/537.36 (KHTML, like Gecko) Chrome/126.0.0.0 Safari/537.36"
15.204.43.173 - - [17/Jul/2025:09:43:40 -0400] "GET /xmlrpc.php HTTP/1.1" 200 0 "http://hypekndy.com" "Mozilla/5.0 (Macintosh; Intel Mac OS X 10_15_7) AppleWebKit/537.36 (KHTML, like Gecko) Chrome/114.0.5735.134 Safari/537.36"
63.250.38.117 - - [17/Jul/2025:09:43:57 -0400] "POST /wp-cron.php?doing_wp_cron=1752759837.1889040470123291015625 HTTP/1.1" 200 0 "-" "WordPress/6.8.2; https://hypekndy.com"
13.69.199.141 - - [17/Jul/2025:09:48:04 -0400] "GET /wp-content/plugins/hellopress/wp_filemanager.php HTTP/1.1" 200 0 "-" "-"
63.250.38.117 - - [17/Jul/2025:09:48:23 -0400] "POST /wp-cron.php?doing_wp_cron=1752760102.7930281162261962890625 HTTP/1.1" 200 0 "-" "WordPress/6.8.2; https://hypekndy.com"
77.104.73.130 - - [17/Jul/2025:09:50:55 -0400] "GET /xmlrpc.php HTTP/1.1" 200 0 "http://hypekndy.com" "Mozilla/5.0 (Windows NT 10.0; Win64; x64) AppleWebKit/537.36 (KHTML, like Gecko) Chrome/112.0.5615.138 Safari/537.36"
63.250.38.117 - - [17/Jul/2025:09:51:11 -0400] "POST /wp-cron.php?doing_wp_cron=1752760271.5031039714813232421875 HTTP/1.1" 200 0 "-" "WordPress/6.8.2; https://hypekndy.com"
2a06:98c0:3600::103 - - [17/Jul/2025:09:52:39 -0400] "GET /feature/campaign/index.html HTTP/1.1" 301 0 "-" "Mozilla/5.0 (Linux; Android 6.0.1; Nexus 5X Build/MMB29P) AppleWebKit/537.36 (KHTML, like Gecko) Chrome/137.0.7151.103 Mobile Safari/537.36 (compatible; Googlebot/2.1; +http://www.google.com/bot.html)"
66.249.79.161 - - [17/Jul/2025:09:52:52 -0400] "GET /feature/campaign/index.html HTTP/1.1" 301 0 "-" "Mozilla/5.0 (Linux; Android 6.0.1; Nexus 5X Build/MMB29P) AppleWebKit/537.36 (KHTML, like Gecko) Chrome/137.0.7151.103 Mobile Safari/537.36 (compatible; Googlebot/2.1; +http://www.google.com/bot.html)"
63.250.38.117 - - [17/Jul/2025:09:52:58 -0400] "POST /wp-cron.php?doing_wp_cron=1752760377.9126839637756347656250 HTTP/1.1" 200 0 "-" "WordPress/6.8.2; https://hypekndy.com"
2a06:98c0:3600::103 - - [17/Jul/2025:09:52:55 -0400] "GET /feature/campaign/index.html HTTP/1.1" 404 14128 "-" "Mozilla/5.0 (Linux; Android 6.0.1; Nexus 5X Build/MMB29P) AppleWebKit/537.36 (KHTML, like Gecko) Chrome/137.0.7151.103 Mobile Safari/537.36 (compatible; Googlebot/2.1; +http://www.google.com/bot.html)"
66.249.79.138 - - [17/Jul/2025:09:52:59 -0400] "GET /feature/campaign/index.html HTTP/1.1" 404 14123 "-" "Mozilla/5.0 (Linux; Android 6.0.1; Nexus 5X Build/MMB29P) AppleWebKit/537.36 (KHTML, like Gecko) Chrome/137.0.7151.103 Mobile Safari/537.36 (compatible; Googlebot/2.1; +http://www.google.com/bot.html)"
51.161.172.247 - - [17/Jul/2025:09:57:59 -0400] "GET /xmlrpc.php HTTP/1.1" 200 0 "http://hypekndy.com" "Mozilla/5.0 (Windows NT 10.0; Win64; x64; rv:125.0.1) Gecko/20100101 Firefox/125.0.1"
63.250.38.117 - - [17/Jul/2025:09:58:15 -0400] "POST /wp-cron.php?doing_wp_cron=1752760694.9933168888092041015625 HTTP/1.1" 200 0 "-" "WordPress/6.8.2; https://hypekndy.com"
51.81.240.50 - - [17/Jul/2025:10:05:15 -0400] "GET /xmlrpc.php HTTP/1.1" 200 0 "http://hypekndy.com" "Mozilla/5.0 (Windows NT 10.0; Win64; x64) AppleWebKit/537.36 (KHTML, like Gecko) Chrome/115.0.5790.171 Safari/537.36 Edg/115.0.1901.203"
63.250.38.117 - - [17/Jul/2025:10:05:37 -0400] "POST /wp-cron.php?doing_wp_cron=1752761137.4751620292663574218750 HTTP/1.1" 200 0 "-" "WordPress/6.8.2; https://hypekndy.com"
2a06:98c0:3600::103 - - [17/Jul/2025:10:09:00 -0400] "GET /sample-page/ HTTP/1.1" 200 14962 "-" "Mozilla/5.0 (Linux; Android 6.0.1; Nexus 5X Build/MMB29P) AppleWebKit/537.36 (KHTML, like Gecko) Chrome/137.0.7151.103 Mobile Safari/537.36 (compatible; Googlebot/2.1; +http://www.google.com/bot.html)"
66.249.79.139 - - [17/Jul/2025:10:09:01 -0400] "GET /sample-page/ HTTP/1.1" 200 14962 "-" "Mozilla/5.0 (Linux; Android 6.0.1; Nexus 5X Build/MMB29P) AppleWebKit/537.36 (KHTML, like Gecko) Chrome/137.0.7151.103 Mobile Safari/537.36 (compatible; Googlebot/2.1; +http://www.google.com/bot.html)"
66.249.79.139 - - [17/Jul/2025:10:09:03 -0400] "GET /wp-content/themes/salient/js/build/third-party/waypoints.js?ver=4.0.2 HTTP/1.1" 200 2520 "https://hypekndy.com/sample-page/" "Mozilla/5.0 (Linux; Android 6.0.1; Nexus 5X Build/MMB29P) AppleWebKit/537.36 (KHTML, like Gecko) Chrome/137.0.7151.119 Mobile Safari/537.36 (compatible; Googlebot/2.1; +http://www.google.com/bot.html)"
63.250.38.117 - - [17/Jul/2025:10:10:56 -0400] "POST /wp-cron.php?doing_wp_cron=1752761456.8283970355987548828125 HTTP/1.1" 200 0 "-" "WordPress/6.8.2; https://hypekndy.com"
2a01:4f8:c17:6380::2 - - [17/Jul/2025:10:10:29 -0400] "GET /xmlrpc.php HTTP/1.1" 405 46 "http://hypekndy.com/xmlrpc.php" "Mozilla/5.0 (X11; Ubuntu; Linux x86_64; rv:85.0) Gecko/20100101 Firefox/91.0"
54.36.148.19 - - [17/Jul/2025:10:11:08 -0400] "GET /robots.txt HTTP/1.1" 304 0 "-" "Mozilla/5.0 (compatible; AhrefsBot/7.0; +http://ahrefs.com/robot/)"
74.208.35.34 - - [17/Jul/2025:10:19:54 -0400] "GET /xmlrpc.php HTTP/1.1" 200 0 "http://hypekndy.com" "Mozilla/5.0 (Macintosh; Intel Mac OS X 14.5) AppleWebKit/618.3.5 (KHTML, like Gecko) Version/17.4 Safari/618.3.5"
63.250.38.117 - - [17/Jul/2025:10:20:13 -0400] "POST /wp-cron.php?doing_wp_cron=1752762012.6926879882812500000000 HTTP/1.1" 200 0 "-" "WordPress/6.8.2; https://hypekndy.com"
2a06:98c0:3600::103 - - [17/Jul/2025:10:24:44 -0400] "GET /google-my-business/ HTTP/1.1" 200 27867 "-" "Mozilla/5.0 (Linux; Android 6.0.1; Nexus 5X Build/MMB29P) AppleWebKit/537.36 (KHTML, like Gecko) Chrome/137.0.7151.103 Mobile Safari/537.36 (compatible; Googlebot/2.1; +http://www.google.com/bot.html)"
66.249.79.137 - - [17/Jul/2025:10:24:44 -0400] "GET /google-my-business/ HTTP/1.1" 304 0 "-" "Mozilla/5.0 (Linux; Android 6.0.1; Nexus 5X Build/MMB29P) AppleWebKit/537.36 (KHTML, like Gecko) Chrome/137.0.7151.103 Mobile Safari/537.36 (compatible; Googlebot/2.1; +http://www.google.com/bot.html)"
135.125.181.14 - - [17/Jul/2025:10:34:39 -0400] "GET /xmlrpc.php HTTP/1.1" 200 0 "http://hypekndy.com" "Mozilla/5.0 (Macintosh; Intel Mac OS X 10_15_7) AppleWebKit/537.36 (KHTML, like Gecko) Chrome/116.0.5845.96 Safari/537.36"
63.250.38.117 - - [17/Jul/2025:10:35:21 -0400] "POST /wp-cron.php?doing_wp_cron=1752762921.0953199863433837890625 HTTP/1.1" 200 0 "-" "WordPress/6.8.2; https://hypekndy.com"
129.28.14.231 - - [17/Jul/2025:10:37:06 -0400] "GET / HTTP/1.1" 301 0 "http://www.hypekndy.com" "Mozilla/5.0 (iPhone; CPU iPhone OS 13_2_3 like Mac OS X) AppleWebKit/605.1.15 (KHTML, like Gecko) Version/13.0.3 Mobile/15E148 Safari/604.1"
129.28.14.231 - - [17/Jul/2025:10:37:23 -0400] "GET / HTTP/1.1" 200 35115 "https://www.hypekndy.com/" "Mozilla/5.0 (iPhone; CPU iPhone OS 13_2_3 like Mac OS X) AppleWebKit/605.1.15 (KHTML, like Gecko) Version/13.0.3 Mobile/15E148 Safari/604.1"
78.153.140.218 - - [17/Jul/2025:10:38:58 -0400] "GET /.env HTTP/1.1" 403 1242 "-" "Mozilla/5.0 (Macintosh; Intel Mac OS X 10_12_4) AppleWebKit/603.1.30 (KHTML, like Gecko) Version/10.1 Safari/603.1.30"
78.153.140.218 - - [17/Jul/2025:10:38:58 -0400] "GET /.env HTTP/1.1" 403 1242 "-" "Mozilla/5.0 (Windows NT 6.1) AppleWebKit/537.36 (KHTML, like Gecko) Chrome/45.0.2454.99 Safari/537.36"
78.153.140.218 - - [17/Jul/2025:10:38:58 -0400] "GET /.env HTTP/1.1" 403 1242 "-" "Mozilla/5.0 (Linux; Android 5.0; Lenovo A1000 Build/S100) AppleWebKit/537.36 (KHTML, like Gecko) Chrome/43.0.2357.93 Mobile Safari/537.36"
78.153.140.218 - - [17/Jul/2025:10:38:59 -0400] "GET / HTTP/1.1" 301 0 "-" "Mozilla/4.0 (compatible; MSIE 6.0; X11; Linux x86_64; en) Opera 9.50"
78.153.140.218 - - [17/Jul/2025:10:39:26 -0400] "GET / HTTP/1.1" 200 35115 "-" "Mozilla/4.0 (compatible; MSIE 6.0; X11; Linux x86_64; en) Opera 9.50"
78.153.140.218 - - [17/Jul/2025:10:39:32 -0400] "GET /sendgrid.env HTTP/1.1" 301 0 "-" "Mozilla/5.0 (Windows NT 6.1) AppleWebKit/537.36 (KHTML, like Gecko) Chrome/36.0.1985.125 Safari/537.36"
63.250.38.117 - - [17/Jul/2025:10:39:42 -0400] "POST /wp-cron.php?doing_wp_cron=1752763182.0752580165863037109375 HTTP/1.1" 200 0 "-" "WordPress/6.8.2; https://hypekndy.com"
78.153.140.218 - - [17/Jul/2025:10:39:36 -0400] "GET /sendgrid.env HTTP/1.1" 404 14087 "-" "Mozilla/5.0 (Windows NT 6.1) AppleWebKit/537.36 (KHTML, like Gecko) Chrome/36.0.1985.125 Safari/537.36"
37.156.147.242 - - [17/Jul/2025:10:41:57 -0400] "GET /xmlrpc.php HTTP/1.1" 200 0 "http://hypekndy.com" "Mozilla/5.0 (Macintosh; Intel Mac OS X 13.3; rv:126.0) Gecko/20100101 Firefox/126.0"
63.250.38.117 - - [17/Jul/2025:10:42:22 -0400] "POST /wp-cron.php?doing_wp_cron=1752763342.0957078933715820312500 HTTP/1.1" 200 0 "-" "WordPress/6.8.2; https://hypekndy.com"
185.82.72.143 - - [17/Jul/2025:10:45:27 -0400] "GET /wp-admin HTTP/1.1" 301 795 "-" "Mozilla/5.0 (Windows NT 10.0; Win64; x64) AppleWebKit/537.36 (KHTML, like Gecko) Chrome/115.0.0.0 Safari/537.36 Edg/115.0.1901.203"
185.82.72.174 - - [17/Jul/2025:10:45:28 -0400] "GET /wp-admin/ HTTP/1.1" 200 0 "-" "Mozilla/5.0 (Windows NT 10.0; Win64; x64) AppleWebKit/537.36 (KHTML, like Gecko) Chrome/115.0.0.0 Safari/537.36 Edg/115.0.1901.203"
63.250.38.117 - - [17/Jul/2025:10:45:53 -0400] "POST /wp-cron.php?doing_wp_cron=1752763553.5820930004119873046875 HTTP/1.1" 200 0 "-" "WordPress/6.8.2; https://hypekndy.com"
92.205.215.142 - - [17/Jul/2025:10:47:34 -0400] "GET /wp-login.php HTTP/1.1" 200 0 "http://hypekndy.com/wp-login.php" "Mozilla/5.0 (Windows NT 10.0; Win64; x64; rv:137.0) Gecko/20100101 Firefox/137.0"
92.205.215.142 - - [17/Jul/2025:10:47:42 -0400] "GET /wp-login.php HTTP/1.1" 200 0 "http://www.hypekndy.com/wp-login.php" "Mozilla/5.0 (Windows NT 10.0; Win64; x64; rv:137.0) Gecko/20100101 Firefox/137.0"
92.205.215.142 - - [17/Jul/2025:10:47:49 -0400] "GET /wp-login.php HTTP/1.1" 200 0 "http://www.hypekndy.com/wp-login.php" "Mozilla/5.0 (Windows NT 10.0; Win64; x64; rv:137.0) Gecko/20100101 Firefox/137.0"
63.250.38.117 - - [17/Jul/2025:10:47:55 -0400] "POST /wp-cron.php?doing_wp_cron=1752763675.3819139003753662109375 HTTP/1.1" 200 0 "-" "WordPress/6.8.2; https://hypekndy.com"
92.205.215.142 - - [17/Jul/2025:10:47:56 -0400] "GET /wp-login.php HTTP/1.1" 301 0 "http://www.hypekndy.com/wp-login.php" "Mozilla/5.0 (Windows NT 10.0; Win64; x64; rv:137.0) Gecko/20100101 Firefox/137.0"
92.205.215.142 - - [17/Jul/2025:10:48:03 -0400] "GET /wp-login.php HTTP/1.1" 200 2159 "https://www.hypekndy.com/wp-login.php" "Mozilla/5.0 (Windows NT 10.0; Win64; x64; rv:137.0) Gecko/20100101 Firefox/137.0"
63.250.38.117 - - [17/Jul/2025:10:48:11 -0400] "POST /wp-cron.php?doing_wp_cron=1752763691.1849548816680908203125 HTTP/1.1" 200 0 "-" "WordPress/6.8.2; https://hypekndy.com"
92.205.215.142 - - [17/Jul/2025:10:48:08 -0400] "GET /wp-json/wp/v2/users HTTP/1.1" 200 726 "https://www.hypekndy.com/wp-login.php" "Mozilla/5.0 (Windows NT 10.0; Win64; x64; rv:137.0) Gecko/20100101 Firefox/137.0"
92.205.215.142 - - [17/Jul/2025:10:48:13 -0400] "POST /wp-login.php HTTP/1.1" 200 2276 "https://hypekndy.com/wp-login.php?redirect_to=https%3A%2F%2Fhypekndy.com%2Fwp-admin%2F" "Mozilla/5.0 (Windows NT 10.0; Win64; x64; rv:137.0) Gecko/20100101 Firefox/137.0"
92.205.215.142 - - [17/Jul/2025:10:48:18 -0400] "POST /wp-login.php HTTP/1.1" 200 2300 "https://hypekndy.com/wp-login.php?redirect_to=https%3A%2F%2Fhypekndy.com%2Fwp-admin%2F" "Mozilla/5.0 (Windows NT 10.0; Win64; x64; rv:137.0) Gecko/20100101 Firefox/137.0"
2a06:98c0:3600::103 - - [17/Jul/2025:10:50:07 -0400] "GET / HTTP/1.1" 200 35115 "-" "Mozilla/5.0 (Linux; Android 6.0.1; Nexus 5X Build/MMB29P) AppleWebKit/537.36 (KHTML, like Gecko) Chrome/137.0.7151.103 Mobile Safari/537.36 (compatible; Googlebot/2.1; +http://www.google.com/bot.html)"
66.249.79.138 - - [17/Jul/2025:10:50:07 -0400] "GET / HTTP/1.1" 200 35115 "-" "Mozilla/5.0 (Linux; Android 6.0.1; Nexus 5X Build/MMB29P) AppleWebKit/537.36 (KHTML, like Gecko) Chrome/137.0.7151.103 Mobile Safari/537.36 (compatible; Googlebot/2.1; +http://www.google.com/bot.html)"
63.250.38.117 - - [17/Jul/2025:10:51:40 -0400] "POST /wp-cron.php?doing_wp_cron=1752763899.6712601184844970703125 HTTP/1.1" 200 0 "-" "WordPress/6.8.2; https://hypekndy.com"
216.37.42.34 - - [17/Jul/2025:10:51:17 -0400] "GET /xmlrpc.php HTTP/1.1" 405 46 "http://hypekndy.com/xmlrpc.php" "Mozilla/5.0 (X11; Ubuntu; Linux x86_64; rv:85.0) Gecko/20100101 Firefox/91.0"
108.179.211.98 - - [17/Jul/2025:10:55:35 -0400] "GET /wp-login.php HTTP/1.1" 200 0 "http://hypekndy.com/wp-login.php" "Mozilla/5.0 (Windows NT 10.0; Win64; x64; rv:137.0) Gecko/20100101 Firefox/137.0"
108.179.211.98 - - [17/Jul/2025:10:55:43 -0400] "GET /wp-login.php HTTP/1.1" 200 0 "http://www.hypekndy.com/wp-login.php" "Mozilla/5.0 (Windows NT 10.0; Win64; x64; rv:137.0) Gecko/20100101 Firefox/137.0"
63.250.38.117 - - [17/Jul/2025:10:55:54 -0400] "POST /wp-cron.php?doing_wp_cron=1752764154.5752410888671875000000 HTTP/1.1" 200 0 "-" "WordPress/6.8.2; https://hypekndy.com"
108.179.211.98 - - [17/Jul/2025:10:55:50 -0400] "GET /wp-login.php HTTP/1.1" 301 0 "http://www.hypekndy.com/wp-login.php" "Mozilla/5.0 (Windows NT 10.0; Win64; x64; rv:137.0) Gecko/20100101 Firefox/137.0"
108.179.211.98 - - [17/Jul/2025:10:55:57 -0400] "GET /wp-login.php HTTP/1.1" 200 2157 "https://www.hypekndy.com/wp-login.php" "Mozilla/5.0 (Windows NT 10.0; Win64; x64; rv:137.0) Gecko/20100101 Firefox/137.0"
63.250.38.117 - - [17/Jul/2025:10:56:06 -0400] "POST /wp-cron.php?doing_wp_cron=1752764166.4009609222412109375000 HTTP/1.1" 200 0 "-" "WordPress/6.8.2; https://hypekndy.com"
108.179.211.98 - - [17/Jul/2025:10:56:02 -0400] "GET /wp-json/wp/v2/users HTTP/1.1" 200 726 "https://www.hypekndy.com/wp-login.php" "Mozilla/5.0 (Windows NT 10.0; Win64; x64; rv:137.0) Gecko/20100101 Firefox/137.0"
108.179.211.98 - - [17/Jul/2025:10:56:07 -0400] "POST /wp-login.php HTTP/1.1" 200 2276 "https://hypekndy.com/wp-login.php?redirect_to=https%3A%2F%2Fhypekndy.com%2Fwp-admin%2F" "Mozilla/5.0 (Windows NT 10.0; Win64; x64; rv:137.0) Gecko/20100101 Firefox/137.0"
108.179.211.98 - - [17/Jul/2025:10:56:10 -0400] "POST /wp-login.php HTTP/1.1" 200 2302 "https://hypekndy.com/wp-login.php?redirect_to=https%3A%2F%2Fhypekndy.com%2Fwp-admin%2F" "Mozilla/5.0 (Windows NT 10.0; Win64; x64; rv:137.0) Gecko/20100101 Firefox/137.0"
63.250.38.117 - - [17/Jul/2025:10:56:31 -0400] "POST /wp-cron.php?doing_wp_cron=1752764191.1373989582061767578125 HTTP/1.1" 200 0 "-" "WordPress/6.8.2; https://hypekndy.com"
103.191.76.181 - - [17/Jul/2025:10:56:29 -0400] "GET /xmlrpc.php HTTP/1.1" 405 46 "http://hypekndy.com" "Mozilla/5.0 (Macintosh; Intel Mac OS X 10_15_7) AppleWebKit/537.36 (KHTML, like Gecko) Chrome/115.0.5790.102 Safari/537.36"
185.199.236.107 - - [17/Jul/2025:11:03:47 -0400] "GET /xmlrpc.php HTTP/1.1" 200 0 "http://hypekndy.com" "Mozilla/5.0 (Windows NT 10.0; Win64; x64) AppleWebKit/537.36 (KHTML, like Gecko) Chrome/116.0.5845.96 Safari/537.36 Edg/116.0.1938.62"
63.250.38.117 - - [17/Jul/2025:11:04:15 -0400] "POST /wp-cron.php?doing_wp_cron=1752764655.4885699748992919921875 HTTP/1.1" 200 0 "-" "WordPress/6.8.2; https://hypekndy.com"
77.247.74.210 - - [17/Jul/2025:11:11:17 -0400] "GET /xmlrpc.php HTTP/1.1" 200 0 "http://hypekndy.com" "Mozilla/5.0 (Macintosh; Intel Mac OS X 14_4_1) AppleWebKit/605.1.15 (KHTML, like Gecko) Version/17.3.1 Safari/605.1.15"
63.250.38.117 - - [17/Jul/2025:11:12:12 -0400] "POST /wp-cron.php?doing_wp_cron=1752765131.7955379486083984375000 HTTP/1.1" 200 0 "-" "WordPress/6.8.2; https://hypekndy.com"
2a06:98c0:3600::103 - - [17/Jul/2025:11:15:48 -0400] "GET /108454016.phtml HTTP/1.1" 301 0 "-" "Mozilla/5.0 (Linux; Android 6.0.1; Nexus 5X Build/MMB29P) AppleWebKit/537.36 (KHTML, like Gecko) Chrome/137.0.7151.103 Mobile Safari/537.36 (compatible; Googlebot/2.1; +http://www.google.com/bot.html)"
66.249.79.173 - - [17/Jul/2025:11:16:11 -0400] "GET /108454016.phtml HTTP/1.1" 301 0 "-" "Mozilla/5.0 (Linux; Android 6.0.1; Nexus 5X Build/MMB29P) AppleWebKit/537.36 (KHTML, like Gecko) Chrome/137.0.7151.103 Mobile Safari/537.36 (compatible; Googlebot/2.1; +http://www.google.com/bot.html)"
63.250.38.117 - - [17/Jul/2025:11:16:21 -0400] "POST /wp-cron.php?doing_wp_cron=1752765381.4717020988464355468750 HTTP/1.1" 200 0 "-" "WordPress/6.8.2; https://hypekndy.com"
2a06:98c0:3600::103 - - [17/Jul/2025:11:16:16 -0400] "GET /108454016.phtml HTTP/1.1" 404 14082 "-" "Mozilla/5.0 (Linux; Android 6.0.1; Nexus 5X Build/MMB29P) AppleWebKit/537.36 (KHTML, like Gecko) Chrome/137.0.7151.103 Mobile Safari/537.36 (compatible; Googlebot/2.1; +http://www.google.com/bot.html)"
66.249.79.138 - - [17/Jul/2025:11:16:26 -0400] "GET /108454016.phtml HTTP/1.1" 404 14079 "-" "Mozilla/5.0 (Linux; Android 6.0.1; Nexus 5X Build/MMB29P) AppleWebKit/537.36 (KHTML, like Gecko) Chrome/137.0.7151.103 Mobile Safari/537.36 (compatible; Googlebot/2.1; +http://www.google.com/bot.html)"
80.65.208.215 - - [17/Jul/2025:11:18:39 -0400] "GET /xmlrpc.php HTTP/1.1" 200 0 "http://hypekndy.com" "Mozilla/5.0 (Windows NT 10.0; Win64; x64; rv:129.0) Gecko/20100101 Firefox/129.0"
63.250.38.117 - - [17/Jul/2025:11:19:04 -0400] "POST /wp-cron.php?doing_wp_cron=1752765544.0921459197998046875000 HTTP/1.1" 200 0 "-" "WordPress/6.8.2; https://hypekndy.com"
20.52.16.104 - - [17/Jul/2025:11:25:49 -0400] "GET /xmlrpc.php HTTP/1.1" 200 0 "http://hypekndy.com" "Mozilla/5.0 (Windows NT 10.0; Win64; x64) AppleWebKit/537.36 (KHTML, like Gecko) Chrome/116.0.5845.96 Safari/537.36"
63.250.38.117 - - [17/Jul/2025:11:26:21 -0400] "POST /wp-cron.php?doing_wp_cron=1752765981.3228030204772949218750 HTTP/1.1" 200 0 "-" "WordPress/6.8.2; https://hypekndy.com"
63.250.38.117 - - [17/Jul/2025:11:30:14 -0400] "POST /wp-cron.php?doing_wp_cron=1752766213.7949709892272949218750 HTTP/1.1" 200 0 "-" "WordPress/6.8.2; https://hypekndy.com"
103.72.96.232 - - [17/Jul/2025:11:29:53 -0400] "GET /xmlrpc.php HTTP/1.1" 405 46 "http://hypekndy.com/xmlrpc.php" "Mozilla/5.0 (X11; Ubuntu; Linux x86_64; rv:85.0) Gecko/20100101 Firefox/91.0"
147.45.136.104 - - [17/Jul/2025:11:32:57 -0400] "GET /xmlrpc.php HTTP/1.1" 200 0 "http://hypekndy.com" "Mozilla/5.0 (Macintosh; Intel Mac OS X 14_6) AppleWebKit/605.1.15 (KHTML, like Gecko) Version/17.5 Safari/605.1.15"
63.250.38.117 - - [17/Jul/2025:11:33:20 -0400] "POST /wp-cron.php?doing_wp_cron=1752766400.5733070373535156250000 HTTP/1.1" 200 0 "-" "WordPress/6.8.2; https://hypekndy.com"
157.245.6.207 - - [17/Jul/2025:11:47:04 -0400] "GET /xmlrpc.php HTTP/1.1" 200 0 "http://hypekndy.com" "Mozilla/5.0 (Windows NT 10.0; Win64; x64) AppleWebKit/537.36 (KHTML, like Gecko) Chrome/114.0.5735.199 Safari/537.36 Edg/114.0.1823.67"
63.250.38.117 - - [17/Jul/2025:11:48:22 -0400] "POST /wp-cron.php?doing_wp_cron=1752767301.7850170135498046875000 HTTP/1.1" 200 0 "-" "WordPress/6.8.2; https://hypekndy.com"
63.250.38.117 - - [17/Jul/2025:11:48:56 -0400] "POST /wp-cron.php?doing_wp_cron=1752767336.1804080009460449218750 HTTP/1.1" 200 0 "-" "WordPress/6.8.2; https://hypekndy.com"
52.167.144.235 - - [17/Jul/2025:11:48:52 -0400] "GET /sitemaps.xml HTTP/1.1" 302 0 "-" "Mozilla/5.0 AppleWebKit/537.36 (KHTML, like Gecko; compatible; bingbot/2.0; +http://www.bing.com/bingbot.htm) Chrome/116.0.1938.76 Safari/537.36"
52.167.144.235 - - [17/Jul/2025:11:49:01 -0400] "GET /sitemap.xml HTTP/1.1" 200 477 "-" "Mozilla/5.0 AppleWebKit/537.36 (KHTML, like Gecko; compatible; bingbot/2.0; +http://www.bing.com/bingbot.htm) Chrome/116.0.1938.76 Safari/537.36"
77.104.73.130 - - [17/Jul/2025:11:54:07 -0400] "GET /xmlrpc.php HTTP/1.1" 200 0 "http://hypekndy.com" "Mozilla/5.0 (Windows NT 11.0; Win64; x64) AppleWebKit/537.36 (KHTML, like Gecko) Chrome/126.0.0.0 Safari/537.36 Edg/126.0.0.0"
63.250.38.117 - - [17/Jul/2025:11:54:31 -0400] "POST /wp-cron.php?doing_wp_cron=1752767671.4938309192657470703125 HTTP/1.1" 200 0 "-" "WordPress/6.8.2; https://hypekndy.com"
63.250.38.117 - - [17/Jul/2025:11:54:48 -0400] "POST /wp-cron.php?doing_wp_cron=1752767688.1816859245300292968750 HTTP/1.1" 200 0 "-" "WordPress/6.8.2; https://hypekndy.com"
2a01:4f8:2190:2bce::2 - - [17/Jul/2025:11:54:45 -0400] "GET /xmlrpc.php HTTP/1.1" 405 46 "http://hypekndy.com/xmlrpc.php" "Mozilla/5.0 (X11; Ubuntu; Linux x86_64; rv:85.0) Gecko/20100101 Firefox/91.0"
44.209.113.59 - - [17/Jul/2025:11:55:56 -0400] "GET / HTTP/1.1" 200 35115 "-" "Mozilla/5.0 (Macintosh; Intel Mac OS X 10_15_7) AppleWebKit/537.36 (KHTML, like Gecko) Chrome/124.0.0.0 Safari/537.36"
43.130.111.40 - - [17/Jul/2025:12:00:22 -0400] "GET / HTTP/1.1" 200 35115 "http://hypekndy.com" "Mozilla/5.0 (iPhone; CPU iPhone OS 13_2_3 like Mac OS X) AppleWebKit/605.1.15 (KHTML, like Gecko) Version/13.0.3 Mobile/15E148 Safari/604.1"
2a03:9383::250:56ff:fe8a:5e55 - - [17/Jul/2025:12:01:19 -0400] "GET /xmlrpc.php HTTP/1.1" 200 0 "http://hypekndy.com" "Mozilla/5.0 (Macintosh; Intel Mac OS X 13_3) AppleWebKit/537.36 (KHTML, like Gecko) Chrome/126.0.0.0 Safari/537.36 Edg/126.0.0.0"
63.250.38.117 - - [17/Jul/2025:12:01:54 -0400] "POST /wp-cron.php?doing_wp_cron=1752768113.7878170013427734375000 HTTP/1.1" 200 0 "-" "WordPress/6.8.2; https://hypekndy.com"
2a06:98c0:3600::103 - - [17/Jul/2025:12:07:13 -0400] "GET /social-media-managment/ HTTP/1.1" 200 33073 "-" "Mozilla/5.0 (Linux; Android 6.0.1; Nexus 5X Build/MMB29P) AppleWebKit/537.36 (KHTML, like Gecko) Chrome/137.0.7151.103 Mobile Safari/537.36 (compatible; Googlebot/2.1; +http://www.google.com/bot.html)"
66.249.79.139 - - [17/Jul/2025:12:07:13 -0400] "GET /social-media-managment/ HTTP/1.1" 304 0 "-" "Mozilla/5.0 (Linux; Android 6.0.1; Nexus 5X Build/MMB29P) AppleWebKit/537.36 (KHTML, like Gecko) Chrome/137.0.7151.103 Mobile Safari/537.36 (compatible; Googlebot/2.1; +http://www.google.com/bot.html)"
92.222.107.113 - - [17/Jul/2025:12:08:30 -0400] "GET /xmlrpc.php HTTP/1.1" 200 0 "http://hypekndy.com" "Mozilla/5.0 (Macintosh; Intel Mac OS X 14_4_1) AppleWebKit/605.1.15 (KHTML, like Gecko) Version/17.3.1 Safari/605.1.15"
63.250.38.117 - - [17/Jul/2025:12:08:57 -0400] "POST /wp-cron.php?doing_wp_cron=1752768537.1921579837799072265625 HTTP/1.1" 200 0 "-" "WordPress/6.8.2; https://hypekndy.com"
192.36.27.137 - - [17/Jul/2025:12:13:48 -0400] "GET /wp-login.php HTTP/1.1" 200 0 "https://hypekndy.com" "Mozilla/5.0 (Windows NT 6.1; Win64; x64) AppleWebKit/537.36 (KHTML, like Gecko) Chrome/95.0.4638.69 Safari/537.36"
192.36.27.137 - - [17/Jul/2025:12:14:08 -0400] "GET /wp-login.php HTTP/1.1" 200 2159 "https://hypekndy.com" "Mozilla/5.0 (Windows NT 6.1; Win64; x64; rv:94.0) Gecko/20100101 Firefox/94.0"
192.36.27.137 - - [17/Jul/2025:12:14:19 -0400] "POST /wp-login.php HTTP/1.1" 200 2276 "https://hypekndy.com/wp-login.php" "Mozilla/5.0 (Windows NT 6.1; Win64; x64; rv:94.0) Gecko/20100101 Firefox/94.0"
192.36.27.137 - - [17/Jul/2025:12:14:27 -0400] "GET /wp-admin/profile.php HTTP/1.1" 302 0 "https://hypekndy.com/wp-login.php" "Mozilla/5.0 (Windows NT 6.1; Win64; x64; rv:94.0) Gecko/20100101 Firefox/94.0"
192.36.27.137 - - [17/Jul/2025:12:14:34 -0400] "GET /wp-login.php?redirect_to=https%3A%2F%2Fhypekndy.com%2Fwp-admin%2Fprofile.php&reauth=1 HTTP/1.1" 200 2166 "https://hypekndy.com/wp-login.php" "Mozilla/5.0 (Windows NT 6.1; Win64; x64; rv:94.0) Gecko/20100101 Firefox/94.0"
63.250.38.117 - - [17/Jul/2025:12:15:45 -0400] "POST /wp-cron.php?doing_wp_cron=1752768945.0828869342803955078125 HTTP/1.1" 200 0 "-" "WordPress/6.8.2; https://hypekndy.com"
147.45.136.104 - - [17/Jul/2025:12:15:36 -0400] "GET /xmlrpc.php HTTP/1.1" 200 0 "http://hypekndy.com" "Mozilla/5.0 (Macintosh; Intel Mac OS X 10_15_7; rv:127.0) Gecko/20100101 Firefox/127.0"
63.250.38.117 - - [17/Jul/2025:12:16:35 -0400] "POST /wp-cron.php?doing_wp_cron=1752768995.4051840305328369140625 HTTP/1.1" 200 0 "-" "WordPress/6.8.2; https://hypekndy.com"
65.21.46.48 - - [17/Jul/2025:12:16:33 -0400] "GET /xmlrpc.php HTTP/1.1" 405 46 "http://hypekndy.com/xmlrpc.php" "Mozilla/5.0 (X11; Ubuntu; Linux x86_64; rv:85.0) Gecko/20100101 Firefox/91.0"
2a02:c207:2270:5321::1 - - [17/Jul/2025:12:17:13 -0400] "GET / HTTP/1.1" 200 35115 "-" "Mozilla/5.0 (Windows NT 10.0; Win64; x64) AppleWebKit/537.36 (KHTML, like Gecko) Chrome/138.0.0.0 Safari/537.36"
192.250.227.100 - - [17/Jul/2025:12:22:41 -0400] "GET /xmlrpc.php HTTP/1.1" 200 0 "http://hypekndy.com" "Mozilla/5.0 (Macintosh; Intel Mac OS X 14_6) AppleWebKit/605.1.15 (KHTML, like Gecko) Version/17.5 Safari/605.1.15"
63.250.38.117 - - [17/Jul/2025:12:23:01 -0400] "POST /wp-cron.php?doing_wp_cron=1752769380.9812960624694824218750 HTTP/1.1" 200 0 "-" "WordPress/6.8.2; https://hypekndy.com"
103.90.232.143 - - [17/Jul/2025:12:29:35 -0400] "GET /xmlrpc.php HTTP/1.1" 200 0 "http://hypekndy.com" "Mozilla/5.0 (Macintosh; Intel Mac OS X 10_15_7) AppleWebKit/537.36 (KHTML, like Gecko) Chrome/115.0.5790.102 Safari/537.36"
20.58.144.189 - - [17/Jul/2025:12:29:54 -0400] "GET //wp-content/plugins/fix/up.php HTTP/1.1" 200 0 "-" "Mozilla/5.0 (Windows NT 10.0; Win64; x64) AppleWebKit/537.36 (KHTML, like Gecko) Chrome/85.0.4183.102 Safari/537.36"
63.250.38.117 - - [17/Jul/2025:12:30:25 -0400] "POST /wp-cron.php?doing_wp_cron=1752769824.8065690994262695312500 HTTP/1.1" 200 0 "-" "WordPress/6.8.2; https://hypekndy.com"
2a06:98c0:3600::103 - - [17/Jul/2025:12:32:56 -0400] "GET / HTTP/1.1" 301 0 "-" "Mozilla/5.0 (Linux; Android 6.0.1; Nexus 5X Build/MMB29P) AppleWebKit/537.36 (KHTML, like Gecko) Chrome/137.0.7151.103 Mobile Safari/537.36 (compatible; Googlebot/2.1; +http://www.google.com/bot.html)"
66.249.79.161 - - [17/Jul/2025:12:33:20 -0400] "GET / HTTP/1.1" 301 0 "-" "Mozilla/5.0 (Linux; Android 6.0.1; Nexus 5X Build/MMB29P) AppleWebKit/537.36 (KHTML, like Gecko) Chrome/137.0.7151.103 Mobile Safari/537.36 (compatible; Googlebot/2.1; +http://www.google.com/bot.html)"
188.165.54.175 - - [17/Jul/2025:12:36:36 -0400] "GET /xmlrpc.php HTTP/1.1" 200 0 "http://hypekndy.com" "Mozilla/5.0 (Macintosh; Intel Mac OS X 10_15_7; rv:128.0) Gecko/20100101 Firefox/128.0"
63.250.38.117 - - [17/Jul/2025:12:36:58 -0400] "POST /wp-cron.php?doing_wp_cron=1752770218.4990360736846923828125 HTTP/1.1" 200 0 "-" "WordPress/6.8.2; https://hypekndy.com"
35.225.238.220 - - [17/Jul/2025:12:36:56 -0400] "GET /xmlrpc.php HTTP/1.1" 405 46 "http://hypekndy.com/xmlrpc.php" "Mozilla/5.0 (X11; Ubuntu; Linux x86_64; rv:85.0) Gecko/20100101 Firefox/91.0"
222.255.214.45 - - [17/Jul/2025:12:43:23 -0400] "GET /xmlrpc.php HTTP/1.1" 200 0 "http://hypekndy.com" "Mozilla/5.0 (Windows NT 10.0; Win64; x64) AppleWebKit/537.36 (KHTML, like Gecko) Chrome/116.0.5845.96 Safari/537.36 Edg/116.0.1938.62"
63.250.38.117 - - [17/Jul/2025:12:44:06 -0400] "POST /wp-cron.php?doing_wp_cron=1752770646.0186920166015625000000 HTTP/1.1" 200 0 "-" "WordPress/6.8.2; https://hypekndy.com"
63.250.38.117 - - [17/Jul/2025:12:48:42 -0400] "POST /wp-cron.php?doing_wp_cron=1752770922.2779219150543212890625 HTTP/1.1" 200 0 "-" "WordPress/6.8.2; https://hypekndy.com"
52.167.144.161 - - [17/Jul/2025:12:48:23 -0400] "GET /sitemaps.xml HTTP/1.1" 302 0 "-" "Mozilla/5.0 AppleWebKit/537.36 (KHTML, like Gecko; compatible; bingbot/2.0; +http://www.bing.com/bingbot.htm) Chrome/116.0.1938.76 Safari/537.36"
52.167.144.161 - - [17/Jul/2025:12:48:50 -0400] "GET /sitemap.xml HTTP/1.1" 200 477 "-" "Mozilla/5.0 AppleWebKit/537.36 (KHTML, like Gecko; compatible; bingbot/2.0; +http://www.bing.com/bingbot.htm) Chrome/116.0.1938.76 Safari/537.36"
2001:1bb0:e000:1e::387 - - [17/Jul/2025:12:50:17 -0400] "GET /xmlrpc.php HTTP/1.1" 200 0 "http://hypekndy.com" "Mozilla/5.0 (Macintosh; Intel Mac OS X 10_15_7) AppleWebKit/537.36 (KHTML, like Gecko) Chrome/113.0.5672.93 Safari/537.36"
63.250.38.117 - - [17/Jul/2025:12:51:06 -0400] "POST /wp-cron.php?doing_wp_cron=1752771066.2049679756164550781250 HTTP/1.1" 200 0 "-" "WordPress/6.8.2; https://hypekndy.com"
66.249.79.138 - - [17/Jul/2025:12:53:47 -0400] "GET /wp-content/uploads/2023/01/Card.png HTTP/1.1" 200 109699 "-" "Googlebot-Image/1.0"
63.250.38.117 - - [17/Jul/2025:12:54:50 -0400] "POST /wp-cron.php?doing_wp_cron=1752771289.8856151103973388671875 HTTP/1.1" 200 0 "-" "WordPress/6.8.2; https://hypekndy.com"
92.204.89.200 - - [17/Jul/2025:12:54:41 -0400] "GET /xmlrpc.php HTTP/1.1" 405 46 "http://hypekndy.com/xmlrpc.php" "Mozilla/5.0 (X11; Ubuntu; Linux x86_64; rv:85.0) Gecko/20100101 Firefox/91.0"
116.204.78.140 - - [17/Jul/2025:12:57:05 -0400] "GET /xmlrpc.php HTTP/1.1" 200 0 "http://hypekndy.com" "Mozilla/5.0 (Windows NT 10.0; Win64; x64) AppleWebKit/537.36 (KHTML, like Gecko) Chrome/114.0.5735.199 Safari/537.36 Edg/114.0.1823.67"
63.250.38.117 - - [17/Jul/2025:12:57:19 -0400] "POST /wp-cron.php?doing_wp_cron=1752771439.6166219711303710937500 HTTP/1.1" 200 0 "-" "WordPress/6.8.2; https://hypekndy.com"
2a06:98c0:3600::103 - - [17/Jul/2025:13:00:28 -0400] "GET /search?category=&search_word=&restrict[]=person_id(int)=JGOL HTTP/1.1" 301 0 "-" "Mozilla/5.0 (Linux; Android 6.0.1; Nexus 5X Build/MMB29P) AppleWebKit/537.36 (KHTML, like Gecko) Chrome/137.0.7151.103 Mobile Safari/537.36 (compatible; Googlebot/2.1; +http://www.google.com/bot.html)"
66.249.79.167 - - [17/Jul/2025:13:00:35 -0400] "GET /search?category=&search_word=&restrict[]=person_id(int)=JGOL HTTP/1.1" 301 0 "-" "Mozilla/5.0 (Linux; Android 6.0.1; Nexus 5X Build/MMB29P) AppleWebKit/537.36 (KHTML, like Gecko) Chrome/137.0.7151.103 Mobile Safari/537.36 (compatible; Googlebot/2.1; +http://www.google.com/bot.html)"
63.250.38.117 - - [17/Jul/2025:13:00:39 -0400] "POST /wp-cron.php?doing_wp_cron=1752771639.5846149921417236328125 HTTP/1.1" 200 0 "-" "WordPress/6.8.2; https://hypekndy.com"
2a06:98c0:3600::103 - - [17/Jul/2025:13:00:37 -0400] "GET /search?category=&search_word=&restrict%5B%5D=person_id(int)=JGOL HTTP/1.1" 404 14147 "-" "Mozilla/5.0 (Linux; Android 6.0.1; Nexus 5X Build/MMB29P) AppleWebKit/537.36 (KHTML, like Gecko) Chrome/137.0.7151.103 Mobile Safari/537.36 (compatible; Googlebot/2.1; +http://www.google.com/bot.html)"
66.249.79.138 - - [17/Jul/2025:13:00:41 -0400] "GET /search?category=&search_word=&restrict%5B%5D=person_id(int)=JGOL HTTP/1.1" 404 14146 "-" "Mozilla/5.0 (Linux; Android 6.0.1; Nexus 5X Build/MMB29P) AppleWebKit/537.36 (KHTML, like Gecko) Chrome/137.0.7151.103 Mobile Safari/537.36 (compatible; Googlebot/2.1; +http://www.google.com/bot.html)"
47.236.12.137 - - [17/Jul/2025:13:03:56 -0400] "GET /xmlrpc.php HTTP/1.1" 200 0 "http://hypekndy.com" "Mozilla/5.0 (Macintosh; Intel Mac OS X 10.15; rv:126.0) Gecko/20100101 Firefox/126.0"
63.250.38.117 - - [17/Jul/2025:13:04:17 -0400] "POST /wp-cron.php?doing_wp_cron=1752771857.5901141166687011718750 HTTP/1.1" 200 0 "-" "WordPress/6.8.2; https://hypekndy.com"
75.119.221.53 - - [17/Jul/2025:13:11:27 -0400] "GET /xmlrpc.php HTTP/1.1" 200 0 "http://hypekndy.com/xmlrpc.php" "Mozilla/5.0 (X11; Ubuntu; Linux x86_64; rv:85.0) Gecko/20100101 Firefox/91.0"
63.250.38.117 - - [17/Jul/2025:13:12:08 -0400] "POST /wp-cron.php?doing_wp_cron=1752772328.2056560516357421875000 HTTP/1.1" 200 0 "-" "WordPress/6.8.2; https://hypekndy.com"
63.250.38.117 - - [17/Jul/2025:13:14:22 -0400] "POST /wp-cron.php?doing_wp_cron=1752772461.9786660671234130859375 HTTP/1.1" 200 0 "-" "WordPress/6.8.2; https://hypekndy.com"
43.163.99.91 - - [17/Jul/2025:13:14:06 -0400] "GET /wp-aa.php HTTP/1.1" 404 14108 "-" "Mozilla/5.0 (Windows NT 10.0; Win64; x64; rv:77.0) Gecko/20100101 Firefox/77.0"
43.163.99.91 - - [17/Jul/2025:13:14:26 -0400] "GET /wp-content/plugins/wp-automatic/inc/csv.php HTTP/1.1" 404 14114 "-" "Mozilla/5.0 (Windows NT 10.0; Win64; x64; rv:77.0) Gecko/20100101 Firefox/77.0"
68.183.157.208 - - [17/Jul/2025:13:17:28 -0400] "GET /xmlrpc.php HTTP/1.1" 200 0 "http://hypekndy.com" "Mozilla/5.0 (Macintosh; Intel Mac OS X 13_3) AppleWebKit/537.36 (KHTML, like Gecko) Chrome/126.0.0.0 Safari/537.36 Edg/126.0.0.0"
63.250.38.117 - - [17/Jul/2025:13:18:19 -0400] "POST /wp-cron.php?doing_wp_cron=1752772699.2948029041290283203125 HTTP/1.1" 200 0 "-" "WordPress/6.8.2; https://hypekndy.com"
192.36.27.137 - - [17/Jul/2025:13:23:34 -0400] "GET /wp-login.php HTTP/1.1" 200 0 "https://hypekndy.com" "Mozilla/5.0 (Macintosh; Intel Mac OS X 10_10_1) AppleWebKit/537.36 (KHTML, like Gecko) Chrome/39.0.2171.95 Safari/537.36"
192.36.27.137 - - [17/Jul/2025:13:23:54 -0400] "GET /wp-login.php HTTP/1.1" 200 0 "https://hypekndy.com" "Mozilla/5.0 (Windows NT 10.0; rv:91.0) Gecko/20100101 Firefox/91.0"
68.183.157.208 - - [17/Jul/2025:13:24:18 -0400] "GET /xmlrpc.php HTTP/1.1" 200 0 "http://hypekndy.com" "Mozilla/5.0 (Macintosh; Intel Mac OS X 13_3) AppleWebKit/537.36 (KHTML, like Gecko) Chrome/126.0.0.0 Safari/537.36 Edg/126.0.0.0"
63.250.38.117 - - [17/Jul/2025:13:24:44 -0400] "POST /wp-cron.php?doing_wp_cron=1752773083.1876029968261718750000 HTTP/1.1" 200 0 "-" "WordPress/6.8.2; https://hypekndy.com"
63.250.38.117 - - [17/Jul/2025:13:24:44 -0400] "POST /wp-cron.php?doing_wp_cron=1752773083.1882081031799316406250 HTTP/1.1" 200 0 "-" "WordPress/6.8.2; https://hypekndy.com"
