91.151.95.70 - - [18/Jul/2025:01:06:27 -0400] "GET /xmlrpc.php HTTP/1.1" 200 0 "http://hypekndy.com" "Mozilla/5.0 (Windows NT 10.0; Win64; x64; rv:127.0) Gecko/20100101 Firefox/127.0"
63.250.38.117 - - [18/Jul/2025:01:07:00 -0400] "POST /wp-cron.php?doing_wp_cron=1752815220.1914710998535156250000 HTTP/1.1" 200 0 "-" "WordPress/6.8.2; https://hypekndy.com"
173.231.254.204 - - [18/Jul/2025:01:09:48 -0400] "GET / HTTP/1.1" 200 35115 "-" "Mozilla/5.0 (Windows NT 10.0; Win64; x64) AppleWebKit/537.36 (KHTML, like Gecko) Chrome/133.0.0.0 Safari/537.36"
130.193.77.35 - - [18/Jul/2025:01:13:08 -0400] "GET /xmlrpc.php HTTP/1.1" 200 0 "http://hypekndy.com" "Mozilla/5.0 (Macintosh; Intel Mac OS X 10.15; rv:126.0) Gecko/20100101 Firefox/126.0"
63.250.38.117 - - [18/Jul/2025:01:13:33 -0400] "POST /wp-cron.php?doing_wp_cron=1752815612.9877860546112060546875 HTTP/1.1" 200 0 "-" "WordPress/6.8.2; https://hypekndy.com"
2a06:98c0:3600::103 - - [18/Jul/2025:01:13:53 -0400] "GET /145189676.phtml HTTP/1.1" 301 0 "-" "Mozilla/5.0 (Linux; Android 6.0.1; Nexus 5X Build/MMB29P) AppleWebKit/537.36 (KHTML, like Gecko) Chrome/137.0.7151.103 Mobile Safari/537.36 (compatible; Googlebot/2.1; +http://www.google.com/bot.html)"
66.249.79.161 - - [18/Jul/2025:01:14:09 -0400] "GET /145189676.phtml HTTP/1.1" 301 0 "-" "Mozilla/5.0 (Linux; Android 6.0.1; Nexus 5X Build/MMB29P) AppleWebKit/537.36 (KHTML, like Gecko) Chrome/137.0.7151.103 Mobile Safari/537.36 (compatible; Googlebot/2.1; +http://www.google.com/bot.html)"
63.250.38.117 - - [18/Jul/2025:01:14:19 -0400] "POST /wp-cron.php?doing_wp_cron=1752815659.3878018856048583984375 HTTP/1.1" 200 0 "-" "WordPress/6.8.2; https://hypekndy.com"
2a06:98c0:3600::103 - - [18/Jul/2025:01:14:14 -0400] "GET /145189676.phtml HTTP/1.1" 404 14081 "-" "Mozilla/5.0 (Linux; Android 6.0.1; Nexus 5X Build/MMB29P) AppleWebKit/537.36 (KHTML, like Gecko) Chrome/137.0.7151.103 Mobile Safari/537.36 (compatible; Googlebot/2.1; +http://www.google.com/bot.html)"
66.249.79.128 - - [18/Jul/2025:01:14:22 -0400] "GET /145189676.phtml HTTP/1.1" 404 14079 "-" "Mozilla/5.0 (Linux; Android 6.0.1; Nexus 5X Build/MMB29P) AppleWebKit/537.36 (KHTML, like Gecko) Chrome/137.0.7151.103 Mobile Safari/537.36 (compatible; Googlebot/2.1; +http://www.google.com/bot.html)"
51.222.253.10 - - [18/Jul/2025:01:15:39 -0400] "GET /sitemap.xml HTTP/1.1" 200 477 "-" "Mozilla/5.0 (compatible; AhrefsBot/7.0; +http://ahrefs.com/robot/)"
51.222.253.5 - - [18/Jul/2025:01:15:44 -0400] "GET /robots.txt HTTP/1.1" 304 0 "-" "Mozilla/5.0 (compatible; AhrefsBot/7.0; +http://ahrefs.com/robot/)"
51.222.253.5 - - [18/Jul/2025:01:15:45 -0400] "GET /page-sitemap.xml HTTP/1.1" 200 706 "-" "Mozilla/5.0 (compatible; AhrefsBot/7.0; +http://ahrefs.com/robot/)"
63.250.38.117 - - [18/Jul/2025:01:16:54 -0400] "POST /wp-cron.php?doing_wp_cron=1752815814.0744979381561279296875 HTTP/1.1" 200 0 "-" "WordPress/6.8.2; https://hypekndy.com"
45.183.196.214 - - [18/Jul/2025:01:16:34 -0400] "GET /xmlrpc.php HTTP/1.1" 405 46 "http://hypekndy.com/xmlrpc.php" "Mozilla/5.0 (X11; Ubuntu; Linux x86_64; rv:85.0) Gecko/20100101 Firefox/91.0"
15.204.43.173 - - [18/Jul/2025:01:19:53 -0400] "GET /xmlrpc.php HTTP/1.1" 200 0 "http://hypekndy.com" "Mozilla/5.0 (Macintosh; Intel Mac OS X 10_15_7; rv:125.0.1) Gecko/20100101 Firefox/125.0.1"
63.250.38.117 - - [18/Jul/2025:01:20:35 -0400] "POST /wp-cron.php?doing_wp_cron=1752816035.6725399494171142578125 HTTP/1.1" 200 0 "-" "WordPress/6.8.2; https://hypekndy.com"
173.231.254.204 - - [18/Jul/2025:01:21:03 -0400] "GET / HTTP/1.1" 200 35115 "-" "Mozilla/5.0 (Windows NT 10.0; Win64; x64) AppleWebKit/537.36 (KHTML, like Gecko) Chrome/133.0.0.0 Safari/537.36"
89.233.107.32 - - [18/Jul/2025:01:26:28 -0400] "GET /xmlrpc.php HTTP/1.1" 200 0 "http://hypekndy.com" "Mozilla/5.0 (Windows NT 10.0; Win64; x64) AppleWebKit/537.36 (KHTML, like Gecko) Chrome/114.0.5735.134 Safari/537.36"
63.250.38.117 - - [18/Jul/2025:01:26:49 -0400] "POST /wp-cron.php?doing_wp_cron=1752816409.0194299221038818359375 HTTP/1.1" 200 0 "-" "WordPress/6.8.2; https://hypekndy.com"
142.44.138.99 - - [18/Jul/2025:01:32:56 -0400] "GET /xmlrpc.php HTTP/1.1" 200 0 "http://hypekndy.com" "Mozilla/5.0 (Windows NT 10.0; Win64; x64; rv:126.0) Gecko/20100101 Firefox/126.0"
63.250.38.117 - - [18/Jul/2025:01:33:32 -0400] "POST /wp-cron.php?doing_wp_cron=1752816811.5751819610595703125000 HTTP/1.1" 200 0 "-" "WordPress/6.8.2; https://hypekndy.com"
2a06:98c0:3600::103 - - [18/Jul/2025:01:33:56 -0400] "GET /51170296.phtml HTTP/1.1" 301 0 "-" "Mozilla/5.0 (Linux; Android 6.0.1; Nexus 5X Build/MMB29P) AppleWebKit/537.36 (KHTML, like Gecko) Chrome/137.0.7151.103 Mobile Safari/537.36 (compatible; Googlebot/2.1; +http://www.google.com/bot.html)"
63.250.38.117 - - [18/Jul/2025:01:34:07 -0400] "POST /wp-cron.php?doing_wp_cron=1752816846.9750800132751464843750 HTTP/1.1" 200 0 "-" "WordPress/6.8.2; https://hypekndy.com"
198.177.125.177 - - [18/Jul/2025:01:33:52 -0400] "GET /xmlrpc.php HTTP/1.1" 405 46 "http://hypekndy.com/xmlrpc.php" "Mozilla/5.0 (X11; Ubuntu; Linux x86_64; rv:85.0) Gecko/20100101 Firefox/91.0"
66.249.79.173 - - [18/Jul/2025:01:34:06 -0400] "GET /51170296.phtml HTTP/1.1" 301 0 "-" "Mozilla/5.0 (Linux; Android 6.0.1; Nexus 5X Build/MMB29P) AppleWebKit/537.36 (KHTML, like Gecko) Chrome/137.0.7151.103 Mobile Safari/537.36 (compatible; Googlebot/2.1; +http://www.google.com/bot.html)"
2a06:98c0:3600::103 - - [18/Jul/2025:01:34:11 -0400] "GET /51170296.phtml HTTP/1.1" 404 14084 "-" "Mozilla/5.0 (Linux; Android 6.0.1; Nexus 5X Build/MMB29P) AppleWebKit/537.36 (KHTML, like Gecko) Chrome/137.0.7151.103 Mobile Safari/537.36 (compatible; Googlebot/2.1; +http://www.google.com/bot.html)"
63.250.38.117 - - [18/Jul/2025:01:34:23 -0400] "POST /wp-cron.php?doing_wp_cron=1752816862.6892170906066894531250 HTTP/1.1" 200 0 "-" "WordPress/6.8.2; https://hypekndy.com"
66.249.79.139 - - [18/Jul/2025:01:34:19 -0400] "GET /51170296.phtml HTTP/1.1" 404 14083 "-" "Mozilla/5.0 (Linux; Android 6.0.1; Nexus 5X Build/MMB29P) AppleWebKit/537.36 (KHTML, like Gecko) Chrome/137.0.7151.103 Mobile Safari/537.36 (compatible; Googlebot/2.1; +http://www.google.com/bot.html)"
185.197.195.89 - - [18/Jul/2025:01:39:42 -0400] "GET /xmlrpc.php HTTP/1.1" 200 0 "http://hypekndy.com" "Mozilla/5.0 (Windows NT 10.0; Win64; x64) AppleWebKit/537.36 (KHTML, like Gecko) Chrome/113.0.5672.93 Safari/537.36"
63.250.38.117 - - [18/Jul/2025:01:40:23 -0400] "POST /wp-cron.php?doing_wp_cron=1752817223.2990949153900146484375 HTTP/1.1" 200 0 "-" "WordPress/6.8.2; https://hypekndy.com"
63.250.38.117 - - [18/Jul/2025:01:50:36 -0400] "POST /wp-cron.php?doing_wp_cron=1752817836.6926159858703613281250 HTTP/1.1" 200 0 "-" "WordPress/6.8.2; https://hypekndy.com"
161.97.82.217 - - [18/Jul/2025:01:50:17 -0400] "GET /xmlrpc.php HTTP/1.1" 405 46 "http://hypekndy.com/xmlrpc.php" "Mozilla/5.0 (X11; Ubuntu; Linux x86_64; rv:85.0) Gecko/20100101 Firefox/91.0"
185.197.195.89 - - [18/Jul/2025:01:53:01 -0400] "GET /xmlrpc.php HTTP/1.1" 200 0 "http://hypekndy.com" "Mozilla/5.0 (Macintosh; Intel Mac OS X 14_6) AppleWebKit/605.1.15 (KHTML, like Gecko) Version/17.5 Safari/605.1.15"
63.250.38.117 - - [18/Jul/2025:01:53:51 -0400] "POST /wp-cron.php?doing_wp_cron=1752818031.0832650661468505859375 HTTP/1.1" 200 0 "-" "WordPress/6.8.2; https://hypekndy.com"
2a06:98c0:3600::103 - - [18/Jul/2025:01:54:52 -0400] "GET /69635431.phtml HTTP/1.1" 301 0 "-" "Mozilla/5.0 (Linux; Android 6.0.1; Nexus 5X Build/MMB29P) AppleWebKit/537.36 (KHTML, like Gecko) Chrome/137.0.7151.103 Mobile Safari/537.36 (compatible; Googlebot/2.1; +http://www.google.com/bot.html)"
66.249.79.169 - - [18/Jul/2025:01:55:04 -0400] "GET /69635431.phtml HTTP/1.1" 301 0 "-" "Mozilla/5.0 (Linux; Android 6.0.1; Nexus 5X Build/MMB29P) AppleWebKit/537.36 (KHTML, like Gecko) Chrome/137.0.7151.103 Mobile Safari/537.36 (compatible; Googlebot/2.1; +http://www.google.com/bot.html)"
63.250.38.117 - - [18/Jul/2025:01:55:14 -0400] "POST /wp-cron.php?doing_wp_cron=1752818113.7122519016265869140625 HTTP/1.1" 200 0 "-" "WordPress/6.8.2; https://hypekndy.com"
2a06:98c0:3600::103 - - [18/Jul/2025:01:55:09 -0400] "GET /69635431.phtml HTTP/1.1" 404 14081 "-" "Mozilla/5.0 (Linux; Android 6.0.1; Nexus 5X Build/MMB29P) AppleWebKit/537.36 (KHTML, like Gecko) Chrome/137.0.7151.103 Mobile Safari/537.36 (compatible; Googlebot/2.1; +http://www.google.com/bot.html)"
66.249.79.128 - - [18/Jul/2025:01:55:17 -0400] "GET /69635431.phtml HTTP/1.1" 404 14081 "-" "Mozilla/5.0 (Linux; Android 6.0.1; Nexus 5X Build/MMB29P) AppleWebKit/537.36 (KHTML, like Gecko) Chrome/137.0.7151.103 Mobile Safari/537.36 (compatible; Googlebot/2.1; +http://www.google.com/bot.html)"
2001:41d0:403:20c2::1 - - [18/Jul/2025:01:59:39 -0400] "GET /xmlrpc.php HTTP/1.1" 200 0 "http://hypekndy.com" "Mozilla/5.0 (Windows NT 10.0; Win64; x64; rv:129.0) Gecko/20100101 Firefox/129.0"
63.250.38.117 - - [18/Jul/2025:02:00:24 -0400] "POST /wp-cron.php?doing_wp_cron=1752818424.5846240520477294921875 HTTP/1.1" 200 0 "-" "WordPress/6.8.2; https://hypekndy.com"
91.205.161.101 - - [18/Jul/2025:02:04:03 -0400] "GET /wp-login.php HTTP/1.1" 200 0 "https://hypekndy.com" "Mozilla/5.0 (Windows NT 10.0; WOW64; rv:77.0) Gecko/20100101 Firefox/77.0"
63.250.38.117 - - [18/Jul/2025:02:04:41 -0400] "POST /wp-cron.php?doing_wp_cron=1752818680.9933240413665771484375 HTTP/1.1" 200 0 "-" "WordPress/6.8.2; https://hypekndy.com"
63.250.38.117 - - [18/Jul/2025:02:04:41 -0400] "POST /wp-cron.php?doing_wp_cron=1752818680.9931290149688720703125 HTTP/1.1" 200 0 "-" "WordPress/6.8.2; https://hypekndy.com"
91.205.161.101 - - [18/Jul/2025:02:04:23 -0400] "GET /wp-login.php HTTP/1.1" 200 2158 "https://hypekndy.com" "Mozilla/5.0 (Windows NT 10.0; WOW64; rv:77.0) Gecko/20100101 Firefox/77.0"
91.205.161.101 - - [18/Jul/2025:02:04:42 -0400] "POST /wp-login.php HTTP/1.1" 200 2275 "https://hypekndy.com/wp-login.php" "Mozilla/5.0 (Windows NT 10.0; WOW64; rv:77.0) Gecko/20100101 Firefox/77.0"
91.205.161.101 - - [18/Jul/2025:02:04:48 -0400] "GET /wp-admin/profile.php HTTP/1.1" 302 0 "https://hypekndy.com/wp-login.php" "Mozilla/5.0 (Windows NT 10.0; WOW64; rv:77.0) Gecko/20100101 Firefox/77.0"
63.250.38.117 - - [18/Jul/2025:02:04:57 -0400] "POST /wp-cron.php?doing_wp_cron=1752818697.3900558948516845703125 HTTP/1.1" 200 0 "-" "WordPress/6.8.2; https://hypekndy.com"
91.205.161.101 - - [18/Jul/2025:02:04:54 -0400] "GET /wp-login.php?redirect_to=https%3A%2F%2Fhypekndy.com%2Fwp-admin%2Fprofile.php&reauth=1 HTTP/1.1" 200 2165 "https://hypekndy.com/wp-login.php" "Mozilla/5.0 (Windows NT 10.0; WOW64; rv:77.0) Gecko/20100101 Firefox/77.0"
63.250.38.117 - - [18/Jul/2025:02:05:44 -0400] "POST /wp-cron.php?doing_wp_cron=1752818744.3852169513702392578125 HTTP/1.1" 200 0 "-" "WordPress/6.8.2; https://hypekndy.com"
95.154.198.138 - - [18/Jul/2025:02:05:28 -0400] "GET /xmlrpc.php HTTP/1.1" 405 46 "http://hypekndy.com/xmlrpc.php" "Mozilla/5.0 (X11; Ubuntu; Linux x86_64; rv:85.0) Gecko/20100101 Firefox/91.0"
89.45.83.89 - - [18/Jul/2025:02:06:15 -0400] "GET /xmlrpc.php HTTP/1.1" 200 0 "http://hypekndy.com" "Mozilla/5.0 (Windows NT 10.0; Win64; x64) AppleWebKit/537.36 (KHTML, like Gecko) Chrome/116.0.5845.96 Safari/537.36 Edg/116.0.1938.62"
63.250.38.117 - - [18/Jul/2025:02:06:29 -0400] "POST /wp-cron.php?doing_wp_cron=1752818788.9829730987548828125000 HTTP/1.1" 200 0 "-" "WordPress/6.8.2; https://hypekndy.com"
2a06:98c0:3600::103 - - [18/Jul/2025:02:15:53 -0400] "GET /97643736.phtml HTTP/1.1" 301 0 "-" "Mozilla/5.0 (Linux; Android 6.0.1; Nexus 5X Build/MMB29P) AppleWebKit/537.36 (KHTML, like Gecko) Chrome/137.0.7151.103 Mobile Safari/537.36 (compatible; Googlebot/2.1; +http://www.google.com/bot.html)"
66.249.79.168 - - [18/Jul/2025:02:16:13 -0400] "GET /97643736.phtml HTTP/1.1" 301 0 "-" "Mozilla/5.0 (Linux; Android 6.0.1; Nexus 5X Build/MMB29P) AppleWebKit/537.36 (KHTML, like Gecko) Chrome/137.0.7151.103 Mobile Safari/537.36 (compatible; Googlebot/2.1; +http://www.google.com/bot.html)"
63.250.38.117 - - [18/Jul/2025:02:16:19 -0400] "POST /wp-cron.php?doing_wp_cron=1752819378.8195779323577880859375 HTTP/1.1" 200 0 "-" "WordPress/6.8.2; https://hypekndy.com"
2a06:98c0:3600::103 - - [18/Jul/2025:02:16:16 -0400] "GET /97643736.phtml HTTP/1.1" 404 14082 "-" "Mozilla/5.0 (Linux; Android 6.0.1; Nexus 5X Build/MMB29P) AppleWebKit/537.36 (KHTML, like Gecko) Chrome/137.0.7151.103 Mobile Safari/537.36 (compatible; Googlebot/2.1; +http://www.google.com/bot.html)"
66.249.79.138 - - [18/Jul/2025:02:16:21 -0400] "GET /97643736.phtml HTTP/1.1" 404 14081 "-" "Mozilla/5.0 (Linux; Android 6.0.1; Nexus 5X Build/MMB29P) AppleWebKit/537.36 (KHTML, like Gecko) Chrome/137.0.7151.103 Mobile Safari/537.36 (compatible; Googlebot/2.1; +http://www.google.com/bot.html)"
2a01:8740:ffff:fffb:0:4fff:fe7c:4c6c - - [18/Jul/2025:02:22:07 -0400] "GET /xmlrpc.php HTTP/1.1" 200 0 "http://hypekndy.com/xmlrpc.php" "Mozilla/5.0 (X11; Ubuntu; Linux x86_64; rv:85.0) Gecko/20100101 Firefox/91.0"
63.250.38.117 - - [18/Jul/2025:02:22:45 -0400] "POST /wp-cron.php?doing_wp_cron=1752819765.1088609695434570312500 HTTP/1.1" 200 0 "-" "WordPress/6.8.2; https://hypekndy.com"
46.250.229.37 - - [18/Jul/2025:02:27:06 -0400] "GET //wp-includes/ID3/license.txt HTTP/1.1" 200 414 "-" "Mozilla/5.0 (Windows NT 10.0; Win64; x64) AppleWebKit/537.36 (KHTML, like Gecko) Chrome/95.0.4638.69 Safari/537.36"
63.250.38.117 - - [18/Jul/2025:02:27:41 -0400] "POST /wp-cron.php?doing_wp_cron=1752820061.1819899082183837890625 HTTP/1.1" 200 0 "-" "WordPress/6.8.2; https://hypekndy.com"
46.250.229.37 - - [18/Jul/2025:02:27:07 -0400] "GET //feed/ HTTP/1.1" 301 0 "-" "Mozilla/5.0 (Windows NT 10.0; Win64; x64) AppleWebKit/537.36 (KHTML, like Gecko) Chrome/95.0.4638.69 Safari/537.36"
46.250.229.37 - - [18/Jul/2025:02:27:43 -0400] "GET //blog/wp-includes/wlwmanifest.xml HTTP/1.1" 301 0 "-" "Mozilla/5.0 (Windows NT 10.0; Win64; x64) AppleWebKit/537.36 (KHTML, like Gecko) Chrome/95.0.4638.69 Safari/537.36"
46.250.229.37 - - [18/Jul/2025:02:27:49 -0400] "GET //web/wp-includes/wlwmanifest.xml HTTP/1.1" 301 0 "-" "Mozilla/5.0 (Windows NT 10.0; Win64; x64) AppleWebKit/537.36 (KHTML, like Gecko) Chrome/95.0.4638.69 Safari/537.36"
63.250.38.117 - - [18/Jul/2025:02:27:56 -0400] "POST /wp-cron.php?doing_wp_cron=1752820075.9032139778137207031250 HTTP/1.1" 200 0 "-" "WordPress/6.8.2; https://hypekndy.com"
46.250.229.37 - - [18/Jul/2025:02:27:53 -0400] "GET //wordpress/wp-includes/wlwmanifest.xml HTTP/1.1" 301 0 "-" "Mozilla/5.0 (Windows NT 10.0; Win64; x64) AppleWebKit/537.36 (KHTML, like Gecko) Chrome/95.0.4638.69 Safari/537.36"
46.250.229.37 - - [18/Jul/2025:02:27:56 -0400] "GET //wp/wp-includes/wlwmanifest.xml HTTP/1.1" 301 0 "-" "Mozilla/5.0 (Windows NT 10.0; Win64; x64) AppleWebKit/537.36 (KHTML, like Gecko) Chrome/95.0.4638.69 Safari/537.36"
46.250.229.37 - - [18/Jul/2025:02:28:00 -0400] "GET //2020/wp-includes/wlwmanifest.xml HTTP/1.1" 301 0 "-" "Mozilla/5.0 (Windows NT 10.0; Win64; x64) AppleWebKit/537.36 (KHTML, like Gecko) Chrome/95.0.4638.69 Safari/537.36"
63.250.38.117 - - [18/Jul/2025:02:28:04 -0400] "POST /wp-cron.php?doing_wp_cron=1752820084.4085381031036376953125 HTTP/1.1" 200 0 "-" "WordPress/6.8.2; https://hypekndy.com"
46.250.229.37 - - [18/Jul/2025:02:28:02 -0400] "GET //2019/wp-includes/wlwmanifest.xml HTTP/1.1" 301 0 "-" "Mozilla/5.0 (Windows NT 10.0; Win64; x64) AppleWebKit/537.36 (KHTML, like Gecko) Chrome/95.0.4638.69 Safari/537.36"
46.250.229.37 - - [18/Jul/2025:02:28:04 -0400] "GET //2021/wp-includes/wlwmanifest.xml HTTP/1.1" 301 0 "-" "Mozilla/5.0 (Windows NT 10.0; Win64; x64) AppleWebKit/537.36 (KHTML, like Gecko) Chrome/95.0.4638.69 Safari/537.36"
46.250.229.37 - - [18/Jul/2025:02:28:08 -0400] "GET //shop/wp-includes/wlwmanifest.xml HTTP/1.1" 301 0 "-" "Mozilla/5.0 (Windows NT 10.0; Win64; x64) AppleWebKit/537.36 (KHTML, like Gecko) Chrome/95.0.4638.69 Safari/537.36"
63.250.38.117 - - [18/Jul/2025:02:28:15 -0400] "POST /wp-cron.php?doing_wp_cron=1752820095.7021870613098144531250 HTTP/1.1" 200 0 "-" "WordPress/6.8.2; https://hypekndy.com"
46.250.229.37 - - [18/Jul/2025:02:28:12 -0400] "GET //wp1/wp-includes/wlwmanifest.xml HTTP/1.1" 301 0 "-" "Mozilla/5.0 (Windows NT 10.0; Win64; x64) AppleWebKit/537.36 (KHTML, like Gecko) Chrome/95.0.4638.69 Safari/537.36"
46.250.229.37 - - [18/Jul/2025:02:28:16 -0400] "GET //test/wp-includes/wlwmanifest.xml HTTP/1.1" 301 0 "-" "Mozilla/5.0 (Windows NT 10.0; Win64; x64) AppleWebKit/537.36 (KHTML, like Gecko) Chrome/95.0.4638.69 Safari/537.36"
46.250.229.37 - - [18/Jul/2025:02:28:18 -0400] "GET //site/wp-includes/wlwmanifest.xml HTTP/1.1" 301 0 "-" "Mozilla/5.0 (Windows NT 10.0; Win64; x64) AppleWebKit/537.36 (KHTML, like Gecko) Chrome/95.0.4638.69 Safari/537.36"
46.250.229.37 - - [18/Jul/2025:02:28:19 -0400] "GET //cms/wp-includes/wlwmanifest.xml HTTP/1.1" 301 0 "-" "Mozilla/5.0 (Windows NT 10.0; Win64; x64) AppleWebKit/537.36 (KHTML, like Gecko) Chrome/95.0.4638.69 Safari/537.36"
207.46.13.102 - - [18/Jul/2025:02:32:43 -0400] "GET /wp-content/uploads/2023/01/Card.png HTTP/1.1" 200 109699 "-" "Mozilla/5.0 AppleWebKit/537.36 (KHTML, like Gecko; compatible; bingbot/2.0; +http://www.bing.com/bingbot.htm) Chrome/116.0.1938.76 Safari/537.36"
2a06:98c0:3600::103 - - [18/Jul/2025:02:36:52 -0400] "GET /40089226.phtml HTTP/1.1" 301 0 "-" "Mozilla/5.0 (Linux; Android 6.0.1; Nexus 5X Build/MMB29P) AppleWebKit/537.36 (KHTML, like Gecko) Chrome/137.0.7151.103 Mobile Safari/537.36 (compatible; Googlebot/2.1; +http://www.google.com/bot.html)"
66.249.79.161 - - [18/Jul/2025:02:37:31 -0400] "GET /40089226.phtml HTTP/1.1" 301 0 "-" "Mozilla/5.0 (Linux; Android 6.0.1; Nexus 5X Build/MMB29P) AppleWebKit/537.36 (KHTML, like Gecko) Chrome/137.0.7151.103 Mobile Safari/537.36 (compatible; Googlebot/2.1; +http://www.google.com/bot.html)"
63.250.38.117 - - [18/Jul/2025:02:37:39 -0400] "POST /wp-cron.php?doing_wp_cron=1752820659.0102059841156005859375 HTTP/1.1" 200 0 "-" "WordPress/6.8.2; https://hypekndy.com"
2a06:98c0:3600::103 - - [18/Jul/2025:02:37:34 -0400] "GET /40089226.phtml HTTP/1.1" 404 14083 "-" "Mozilla/5.0 (Linux; Android 6.0.1; Nexus 5X Build/MMB29P) AppleWebKit/537.36 (KHTML, like Gecko) Chrome/137.0.7151.103 Mobile Safari/537.36 (compatible; Googlebot/2.1; +http://www.google.com/bot.html)"
66.249.79.138 - - [18/Jul/2025:02:37:42 -0400] "GET /40089226.phtml HTTP/1.1" 404 14083 "-" "Mozilla/5.0 (Linux; Android 6.0.1; Nexus 5X Build/MMB29P) AppleWebKit/537.36 (KHTML, like Gecko) Chrome/137.0.7151.103 Mobile Safari/537.36 (compatible; Googlebot/2.1; +http://www.google.com/bot.html)"
65.21.233.97 - - [18/Jul/2025:02:39:54 -0400] "GET /xmlrpc.php HTTP/1.1" 200 0 "http://hypekndy.com/xmlrpc.php" "Mozilla/5.0 (X11; Ubuntu; Linux x86_64; rv:85.0) Gecko/20100101 Firefox/91.0"
63.250.38.117 - - [18/Jul/2025:02:40:44 -0400] "POST /wp-cron.php?doing_wp_cron=1752820844.1107509136199951171875 HTTP/1.1" 200 0 "-" "WordPress/6.8.2; https://hypekndy.com"
2a06:98c0:3600::103 - - [18/Jul/2025:02:53:53 -0400] "GET /man/customer_guide HTTP/1.1" 301 0 "-" "Mozilla/5.0 (Linux; Android 6.0.1; Nexus 5X Build/MMB29P) AppleWebKit/537.36 (KHTML, like Gecko) Chrome/137.0.7151.103 Mobile Safari/537.36 (compatible; Googlebot/2.1; +http://www.google.com/bot.html)"
66.249.79.173 - - [18/Jul/2025:02:54:33 -0400] "GET /man/customer_guide HTTP/1.1" 301 0 "-" "Mozilla/5.0 (Linux; Android 6.0.1; Nexus 5X Build/MMB29P) AppleWebKit/537.36 (KHTML, like Gecko) Chrome/137.0.7151.103 Mobile Safari/537.36 (compatible; Googlebot/2.1; +http://www.google.com/bot.html)"
63.250.38.117 - - [18/Jul/2025:02:54:41 -0400] "POST /wp-cron.php?doing_wp_cron=1752821681.4715020656585693359375 HTTP/1.1" 200 0 "-" "WordPress/6.8.2; https://hypekndy.com"
2a06:98c0:3600::103 - - [18/Jul/2025:02:54:35 -0400] "GET /man/customer_guide HTTP/1.1" 404 14111 "-" "Mozilla/5.0 (Linux; Android 6.0.1; Nexus 5X Build/MMB29P) AppleWebKit/537.36 (KHTML, like Gecko) Chrome/137.0.7151.103 Mobile Safari/537.36 (compatible; Googlebot/2.1; +http://www.google.com/bot.html)"
66.249.79.137 - - [18/Jul/2025:02:54:44 -0400] "GET /man/customer_guide HTTP/1.1" 404 14109 "-" "Mozilla/5.0 (Linux; Android 6.0.1; Nexus 5X Build/MMB29P) AppleWebKit/537.36 (KHTML, like Gecko) Chrome/137.0.7151.103 Mobile Safari/537.36 (compatible; Googlebot/2.1; +http://www.google.com/bot.html)"
2a06:98c0:3600::103 - - [18/Jul/2025:02:54:54 -0400] "GET /feature/osu_main/index.html HTTP/1.1" 301 0 "-" "Mozilla/5.0 (Linux; Android 6.0.1; Nexus 5X Build/MMB29P) AppleWebKit/537.36 (KHTML, like Gecko) Chrome/137.0.7151.103 Mobile Safari/537.36 (compatible; Googlebot/2.1; +http://www.google.com/bot.html)"
66.249.79.173 - - [18/Jul/2025:02:54:57 -0400] "GET /feature/osu_main/index.html HTTP/1.1" 301 0 "-" "Mozilla/5.0 (Linux; Android 6.0.1; Nexus 5X Build/MMB29P) AppleWebKit/537.36 (KHTML, like Gecko) Chrome/137.0.7151.103 Mobile Safari/537.36 (compatible; Googlebot/2.1; +http://www.google.com/bot.html)"
63.250.38.117 - - [18/Jul/2025:02:55:07 -0400] "POST /wp-cron.php?doing_wp_cron=1752821707.0876810550689697265625 HTTP/1.1" 200 0 "-" "WordPress/6.8.2; https://hypekndy.com"
2a06:98c0:3600::103 - - [18/Jul/2025:02:55:02 -0400] "GET /feature/osu_main/index.html HTTP/1.1" 404 14128 "-" "Mozilla/5.0 (Linux; Android 6.0.1; Nexus 5X Build/MMB29P) AppleWebKit/537.36 (KHTML, like Gecko) Chrome/137.0.7151.103 Mobile Safari/537.36 (compatible; Googlebot/2.1; +http://www.google.com/bot.html)"
66.249.79.137 - - [18/Jul/2025:02:55:09 -0400] "GET /feature/osu_main/index.html HTTP/1.1" 404 14128 "-" "Mozilla/5.0 (Linux; Android 6.0.1; Nexus 5X Build/MMB29P) AppleWebKit/537.36 (KHTML, like Gecko) Chrome/137.0.7151.103 Mobile Safari/537.36 (compatible; Googlebot/2.1; +http://www.google.com/bot.html)"
65.181.112.107 - - [18/Jul/2025:02:57:55 -0400] "GET /xmlrpc.php HTTP/1.1" 200 0 "http://hypekndy.com/xmlrpc.php" "Mozilla/5.0 (X11; Ubuntu; Linux x86_64; rv:85.0) Gecko/20100101 Firefox/91.0"
63.250.38.117 - - [18/Jul/2025:02:58:35 -0400] "POST /wp-cron.php?doing_wp_cron=1752821915.4883880615234375000000 HTTP/1.1" 200 0 "-" "WordPress/6.8.2; https://hypekndy.com"
13.229.33.21 - - [18/Jul/2025:02:59:44 -0400] "GET /wp-content/uploads/2023/01/hype-kndy-logo.png HTTP/1.1" 200 6235 "-" "Mozilla/5.0 (compatible; crawler)"
43.153.12.58 - - [18/Jul/2025:03:03:56 -0400] "GET / HTTP/1.1" 200 35115 "http://hypekndy.com" "Mozilla/5.0 (iPhone; CPU iPhone OS 13_2_3 like Mac OS X) AppleWebKit/605.1.15 (KHTML, like Gecko) Version/13.0.3 Mobile/15E148 Safari/604.1"
2a06:98c0:3600::103 - - [18/Jul/2025:03:11:32 -0400] "GET /109424466.phtml HTTP/1.1" 301 0 "-" "Mozilla/5.0 (Linux; Android 6.0.1; Nexus 5X Build/MMB29P) AppleWebKit/537.36 (KHTML, like Gecko) Chrome/137.0.7151.103 Mobile Safari/537.36 (compatible; Googlebot/2.1; +http://www.google.com/bot.html)"
66.249.79.168 - - [18/Jul/2025:03:12:22 -0400] "GET /109424466.phtml HTTP/1.1" 301 0 "-" "Mozilla/5.0 (Linux; Android 6.0.1; Nexus 5X Build/MMB29P) AppleWebKit/537.36 (KHTML, like Gecko) Chrome/137.0.7151.103 Mobile Safari/537.36 (compatible; Googlebot/2.1; +http://www.google.com/bot.html)"
63.250.38.117 - - [18/Jul/2025:03:12:33 -0400] "POST /wp-cron.php?doing_wp_cron=1752822753.5956649780273437500000 HTTP/1.1" 200 0 "-" "WordPress/6.8.2; https://hypekndy.com"
2a06:98c0:3600::103 - - [18/Jul/2025:03:12:28 -0400] "GET /109424466.phtml HTTP/1.1" 404 14081 "-" "Mozilla/5.0 (Linux; Android 6.0.1; Nexus 5X Build/MMB29P) AppleWebKit/537.36 (KHTML, like Gecko) Chrome/137.0.7151.103 Mobile Safari/537.36 (compatible; Googlebot/2.1; +http://www.google.com/bot.html)"
66.249.79.139 - - [18/Jul/2025:03:12:37 -0400] "GET /109424466.phtml HTTP/1.1" 404 14082 "-" "Mozilla/5.0 (Linux; Android 6.0.1; Nexus 5X Build/MMB29P) AppleWebKit/537.36 (KHTML, like Gecko) Chrome/137.0.7151.103 Mobile Safari/537.36 (compatible; Googlebot/2.1; +http://www.google.com/bot.html)"
2a06:98c0:3600::103 - - [18/Jul/2025:03:19:35 -0400] "GET /156394896.phtml HTTP/1.1" 301 0 "-" "Mozilla/5.0 (Linux; Android 6.0.1; Nexus 5X Build/MMB29P) AppleWebKit/537.36 (KHTML, like Gecko) Chrome/137.0.7151.103 Mobile Safari/537.36 (compatible; Googlebot/2.1; +http://www.google.com/bot.html)"
66.249.79.169 - - [18/Jul/2025:03:20:20 -0400] "GET /156394896.phtml HTTP/1.1" 301 0 "-" "Mozilla/5.0 (Linux; Android 6.0.1; Nexus 5X Build/MMB29P) AppleWebKit/537.36 (KHTML, like Gecko) Chrome/137.0.7151.103 Mobile Safari/537.36 (compatible; Googlebot/2.1; +http://www.google.com/bot.html)"
63.250.38.117 - - [18/Jul/2025:03:20:32 -0400] "POST /wp-cron.php?doing_wp_cron=1752823231.9736020565032958984375 HTTP/1.1" 200 0 "-" "WordPress/6.8.2; https://hypekndy.com"
2a06:98c0:3600::103 - - [18/Jul/2025:03:20:26 -0400] "GET /156394896.phtml HTTP/1.1" 404 14082 "-" "Mozilla/5.0 (Linux; Android 6.0.1; Nexus 5X Build/MMB29P) AppleWebKit/537.36 (KHTML, like Gecko) Chrome/137.0.7151.103 Mobile Safari/537.36 (compatible; Googlebot/2.1; +http://www.google.com/bot.html)"
66.249.79.137 - - [18/Jul/2025:03:20:36 -0400] "GET /156394896.phtml HTTP/1.1" 404 14081 "-" "Mozilla/5.0 (Linux; Android 6.0.1; Nexus 5X Build/MMB29P) AppleWebKit/537.36 (KHTML, like Gecko) Chrome/137.0.7151.103 Mobile Safari/537.36 (compatible; Googlebot/2.1; +http://www.google.com/bot.html)"
40.87.151.186 - - [18/Jul/2025:03:43:21 -0400] "GET /admin/uploads/ HTTP/1.1" 200 0 "-" "-"
63.250.38.117 - - [18/Jul/2025:03:44:08 -0400] "POST /wp-cron.php?doing_wp_cron=1752824648.2849109172821044921875 HTTP/1.1" 200 0 "-" "WordPress/6.8.2; https://hypekndy.com"
66.249.79.160 - - [18/Jul/2025:03:45:18 -0400] "GET /robots.txt HTTP/1.1" 200 91 "-" "Mozilla/5.0 (compatible; Googlebot/2.1; +http://www.google.com/bot.html)"
2a06:98c0:3600::103 - - [18/Jul/2025:03:45:18 -0400] "GET /zhHant/product/surugaya/HQBXO156620524?campaign_uid=f64d716db5e979ed2f947dbaf4296895b951ae7f HTTP/1.1" 301 0 "-" "Mozilla/5.0 (Linux; Android 6.0.1; Nexus 5X Build/MMB29P) AppleWebKit/537.36 (KHTML, like Gecko) Chrome/137.0.7151.103 Mobile Safari/537.36 (compatible; Googlebot/2.1; +http://www.google.com/bot.html)"
66.249.79.173 - - [18/Jul/2025:03:45:28 -0400] "GET /zhHant/product/surugaya/HQBXO156620524?campaign_uid=f64d716db5e979ed2f947dbaf4296895b951ae7f HTTP/1.1" 301 0 "-" "Mozilla/5.0 (Linux; Android 6.0.1; Nexus 5X Build/MMB29P) AppleWebKit/537.36 (KHTML, like Gecko) Chrome/137.0.7151.103 Mobile Safari/537.36 (compatible; Googlebot/2.1; +http://www.google.com/bot.html)"
63.250.38.117 - - [18/Jul/2025:03:45:37 -0400] "POST /wp-cron.php?doing_wp_cron=1752824737.3862080574035644531250 HTTP/1.1" 200 0 "-" "WordPress/6.8.2; https://hypekndy.com"
2a06:98c0:3600::103 - - [18/Jul/2025:03:45:32 -0400] "GET /zhHant/product/surugaya/HQBXO156620524?campaign_uid=f64d716db5e979ed2f947dbaf4296895b951ae7f HTTP/1.1" 404 14171 "-" "Mozilla/5.0 (Linux; Android 6.0.1; Nexus 5X Build/MMB29P) AppleWebKit/537.36 (KHTML, like Gecko) Chrome/137.0.7151.103 Mobile Safari/537.36 (compatible; Googlebot/2.1; +http://www.google.com/bot.html)"
66.249.79.128 - - [18/Jul/2025:03:45:40 -0400] "GET /zhHant/product/surugaya/HQBXO156620524?campaign_uid=f64d716db5e979ed2f947dbaf4296895b951ae7f HTTP/1.1" 404 14174 "-" "Mozilla/5.0 (Linux; Android 6.0.1; Nexus 5X Build/MMB29P) AppleWebKit/537.36 (KHTML, like Gecko) Chrome/137.0.7151.103 Mobile Safari/537.36 (compatible; Googlebot/2.1; +http://www.google.com/bot.html)"
34.147.91.147 - - [18/Jul/2025:03:58:38 -0400] "GET / HTTP/1.1" 200 35115 "-" "Mozilla/5.0 (Windows NT 10.0; Win64; x64) AppleWebKit/537.36 (KHTML, like Gecko) Chrome/78.0.3904.108 Safari/537.36"
34.147.91.147 - - [18/Jul/2025:03:58:38 -0400] "GET //wp-includes/wlwmanifest.xml HTTP/1.1" 200 0 "-" "Mozilla/5.0 (Windows NT 10.0; Win64; x64) AppleWebKit/537.36 (KHTML, like Gecko) Chrome/78.0.3904.108 Safari/537.36"
146.70.137.106 - - [18/Jul/2025:03:58:46 -0400] "GET /wp-login.php HTTP/1.1" 200 0 "https://hypekndy.com/" "Mozilla/5.0 (Windows NT 10.0; Win64; x64) AppleWebKit/537.36 (KHTML, like Gecko) Chrome/135.0.0.0 Safari/537.36"
146.70.137.106 - - [18/Jul/2025:04:00:26 -0400] "GET /favicon.ico HTTP/1.1" 404 1251 "https://hypekndy.com/wp-login.php" "Mozilla/5.0 (Windows NT 10.0; Win64; x64) AppleWebKit/537.36 (KHTML, like Gecko) Chrome/135.0.0.0 Safari/537.36"
146.70.137.106 - - [18/Jul/2025:03:58:54 -0400] "GET /wp-login.php HTTP/1.1" 200 0 "https://hypekndy.com/" "Mozilla/5.0 (Windows NT 10.0; Win64; x64) AppleWebKit/537.36 (KHTML, like Gecko) Chrome/135.0.0.0 Safari/537.36"
146.70.137.106 - - [18/Jul/2025:04:00:35 -0400] "GET /favicon.ico HTTP/1.1" 404 1251 "https://hypekndy.com/wp-login.php" "Mozilla/5.0 (Windows NT 10.0; Win64; x64) AppleWebKit/537.36 (KHTML, like Gecko) Chrome/135.0.0.0 Safari/537.36"
146.70.137.106 - - [18/Jul/2025:04:00:34 -0400] "POST /xmlrpc.php HTTP/1.1" 200 0 "-" "Mozilla/5.0 (Windows NT 10.0; Win64; x64) AppleWebKit/537.36 (KHTML, like Gecko) Chrome/135.0.0.0 Safari/537.36"
146.70.137.106 - - [18/Jul/2025:04:00:42 -0400] "POST /xmlrpc.php HTTP/1.1" 200 0 "-" "Mozilla/5.0 (Windows NT 10.0; Win64; x64) AppleWebKit/537.36 (KHTML, like Gecko) Chrome/135.0.0.0 Safari/537.36"
63.250.38.117 - - [18/Jul/2025:04:02:14 -0400] "POST /wp-cron.php?doing_wp_cron=1752825732.3844399452209472656250 HTTP/1.1" 200 0 "-" "WordPress/6.8.2; https://hypekndy.com"
2a06:98c0:3600::103 - - [18/Jul/2025:04:11:02 -0400] "GET /59518571.phtml HTTP/1.1" 301 0 "-" "Mozilla/5.0 (Linux; Android 6.0.1; Nexus 5X Build/MMB29P) AppleWebKit/537.36 (KHTML, like Gecko) Chrome/137.0.7151.103 Mobile Safari/537.36 (compatible; Googlebot/2.1; +http://www.google.com/bot.html)"
66.249.79.169 - - [18/Jul/2025:04:11:53 -0400] "GET /59518571.phtml HTTP/1.1" 301 0 "-" "Mozilla/5.0 (Linux; Android 6.0.1; Nexus 5X Build/MMB29P) AppleWebKit/537.36 (KHTML, like Gecko) Chrome/137.0.7151.103 Mobile Safari/537.36 (compatible; Googlebot/2.1; +http://www.google.com/bot.html)"
63.250.38.117 - - [18/Jul/2025:04:12:07 -0400] "POST /wp-cron.php?doing_wp_cron=1752826326.5855119228363037109375 HTTP/1.1" 200 0 "-" "WordPress/6.8.2; https://hypekndy.com"
2a06:98c0:3600::103 - - [18/Jul/2025:04:11:56 -0400] "GET /59518571.phtml HTTP/1.1" 404 14084 "-" "Mozilla/5.0 (Linux; Android 6.0.1; Nexus 5X Build/MMB29P) AppleWebKit/537.36 (KHTML, like Gecko) Chrome/137.0.7151.103 Mobile Safari/537.36 (compatible; Googlebot/2.1; +http://www.google.com/bot.html)"
66.249.79.138 - - [18/Jul/2025:04:12:14 -0400] "GET /59518571.phtml HTTP/1.1" 404 14081 "-" "Mozilla/5.0 (Linux; Android 6.0.1; Nexus 5X Build/MMB29P) AppleWebKit/537.36 (KHTML, like Gecko) Chrome/137.0.7151.103 Mobile Safari/537.36 (compatible; Googlebot/2.1; +http://www.google.com/bot.html)"
2a03:2880:13ff:: - - [18/Jul/2025:04:21:15 -0400] "GET /robots.txt HTTP/1.1" 304 0 "-" "facebookexternalhit/1.1 (+http://www.facebook.com/externalhit_uatext.php)"
103.1.185.26 - - [18/Jul/2025:04:34:03 -0400] "GET /wp-login.php HTTP/1.1" 200 0 "http://hypekndy.com/wp-login.php" "Mozilla/5.0 (Windows NT 10.0; Win64; x64; rv:137.0) Gecko/20100101 Firefox/137.0"
103.1.185.26 - - [18/Jul/2025:04:34:10 -0400] "GET /wp-login.php HTTP/1.1" 200 0 "http://www.hypekndy.com/wp-login.php" "Mozilla/5.0 (Windows NT 10.0; Win64; x64; rv:137.0) Gecko/20100101 Firefox/137.0"
103.1.185.26 - - [18/Jul/2025:04:34:17 -0400] "GET /wp-login.php HTTP/1.1" 200 0 "http://www.hypekndy.com/wp-login.php" "Mozilla/5.0 (Windows NT 10.0; Win64; x64; rv:137.0) Gecko/20100101 Firefox/137.0"
103.1.185.26 - - [18/Jul/2025:04:34:24 -0400] "GET /wp-login.php HTTP/1.1" 301 0 "http://www.hypekndy.com/wp-login.php" "Mozilla/5.0 (Windows NT 10.0; Win64; x64; rv:137.0) Gecko/20100101 Firefox/137.0"
63.250.38.117 - - [18/Jul/2025:04:34:30 -0400] "POST /wp-cron.php?doing_wp_cron=1752827670.3982589244842529296875 HTTP/1.1" 200 0 "-" "WordPress/6.8.2; https://hypekndy.com"
103.1.185.26 - - [18/Jul/2025:04:34:29 -0400] "GET /wp-login.php HTTP/1.1" 200 2156 "https://www.hypekndy.com/wp-login.php" "Mozilla/5.0 (Windows NT 10.0; Win64; x64; rv:137.0) Gecko/20100101 Firefox/137.0"
103.1.185.26 - - [18/Jul/2025:04:34:33 -0400] "GET /wp-json/wp/v2/users HTTP/1.1" 200 726 "https://www.hypekndy.com/wp-login.php" "Mozilla/5.0 (Windows NT 10.0; Win64; x64; rv:137.0) Gecko/20100101 Firefox/137.0"
103.1.185.26 - - [18/Jul/2025:04:34:35 -0400] "POST /wp-login.php HTTP/1.1" 200 2275 "https://hypekndy.com/wp-login.php?redirect_to=https%3A%2F%2Fhypekndy.com%2Fwp-admin%2F" "Mozilla/5.0 (Windows NT 10.0; Win64; x64; rv:137.0) Gecko/20100101 Firefox/137.0"
103.1.185.26 - - [18/Jul/2025:04:34:38 -0400] "POST /wp-login.php HTTP/1.1" 200 2302 "https://hypekndy.com/wp-login.php?redirect_to=https%3A%2F%2Fhypekndy.com%2Fwp-admin%2F" "Mozilla/5.0 (Windows NT 10.0; Win64; x64; rv:137.0) Gecko/20100101 Firefox/137.0"
63.250.38.117 - - [18/Jul/2025:04:35:30 -0400] "POST /wp-cron.php?doing_wp_cron=1752827730.2980310916900634765625 HTTP/1.1" 200 0 "-" "WordPress/6.8.2; https://hypekndy.com"
43.133.63.34 - - [18/Jul/2025:04:35:22 -0400] "GET /media/system/js/core.js HTTP/1.1" 200 0 "http://hypekndy.com/media/system/js/core.js" "Mozilla/5.0 (Macintosh; Intel Mac OS X 10_10_1) AppleWebKit/537.36 (KHTML, like Gecko) Chrome/39.0.2171.95 Safari/537.36"
2a06:98c0:3600::103 - - [18/Jul/2025:04:36:44 -0400] "GET /product/edit/HQBXO156620524 HTTP/1.1" 301 0 "-" "Mozilla/5.0 (Linux; Android 6.0.1; Nexus 5X Build/MMB29P) AppleWebKit/537.36 (KHTML, like Gecko) Chrome/137.0.7151.103 Mobile Safari/537.36 (compatible; Googlebot/2.1; +http://www.google.com/bot.html)"
66.249.79.161 - - [18/Jul/2025:04:37:04 -0400] "GET /product/edit/HQBXO156620524 HTTP/1.1" 301 0 "-" "Mozilla/5.0 (Linux; Android 6.0.1; Nexus 5X Build/MMB29P) AppleWebKit/537.36 (KHTML, like Gecko) Chrome/137.0.7151.103 Mobile Safari/537.36 (compatible; Googlebot/2.1; +http://www.google.com/bot.html)"
63.250.38.117 - - [18/Jul/2025:04:37:12 -0400] "POST /wp-cron.php?doing_wp_cron=1752827832.2891759872436523437500 HTTP/1.1" 200 0 "-" "WordPress/6.8.2; https://hypekndy.com"
2a06:98c0:3600::103 - - [18/Jul/2025:04:37:08 -0400] "GET /product/edit/HQBXO156620524 HTTP/1.1" 404 14141 "-" "Mozilla/5.0 (Linux; Android 6.0.1; Nexus 5X Build/MMB29P) AppleWebKit/537.36 (KHTML, like Gecko) Chrome/137.0.7151.103 Mobile Safari/537.36 (compatible; Googlebot/2.1; +http://www.google.com/bot.html)"
66.249.79.139 - - [18/Jul/2025:04:37:15 -0400] "GET /product/edit/HQBXO156620524 HTTP/1.1" 404 14141 "-" "Mozilla/5.0 (Linux; Android 6.0.1; Nexus 5X Build/MMB29P) AppleWebKit/537.36 (KHTML, like Gecko) Chrome/137.0.7151.103 Mobile Safari/537.36 (compatible; Googlebot/2.1; +http://www.google.com/bot.html)"