13.69.190.242 - - [17/Jul/2025:15:23:07 -0400] "GET /libraries/legacy/updates.php HTTP/1.1" 404 14092 "-" "-"
13.69.190.242 - - [17/Jul/2025:15:23:11 -0400] "GET /wp-content/plugins/seoo/wsoyanz1.php HTTP/1.1" 404 14121 "-" "-"
13.69.190.242 - - [17/Jul/2025:15:23:18 -0400] "GET /wp-conflg.php HTTP/1.1" 404 14123 "-" "-"
13.69.190.242 - - [17/Jul/2025:15:23:21 -0400] "GET /wp-admin/user/xmrlpc.php?p= HTTP/1.1" 301 0 "-" "-"
13.69.190.242 - - [17/Jul/2025:15:23:26 -0400] "GET /wp-admin/user/xmrlpc.php HTTP/1.1" 404 14113 "-" "-"
13.69.190.242 - - [17/Jul/2025:15:23:29 -0400] "GET /cgi-bin/cloud.php HTTP/1.1" 404 14118 "-" "-"
13.69.190.242 - - [17/Jul/2025:15:23:32 -0400] "GET /.well-known/pki-validation/about.php HTTP/1.1" 404 1251 "-" "-"
13.69.190.242 - - [17/Jul/2025:15:23:32 -0400] "GET /wp-includes/images/ HTTP/1.1" 403 1242 "-" "-"
13.69.190.242 - - [17/Jul/2025:15:23:32 -0400] "GET /.well-known/about.php HTTP/1.1" 404 14075 "-" "-"
13.69.190.242 - - [17/Jul/2025:15:23:35 -0400] "GET /radio.php HTTP/1.1" 404 14098 "-" "-"
13.69.190.242 - - [17/Jul/2025:15:23:37 -0400] "GET /wp-content/plugins/seoplugins/mar.php HTTP/1.1" 404 14096 "-" "-"
13.69.190.242 - - [17/Jul/2025:15:23:40 -0400] "GET /ae.php HTTP/1.1" 404 14066 "-" "-"
13.69.190.242 - - [17/Jul/2025:15:23:46 -0400] "GET /usersfiles/ HTTP/1.1" 404 14104 "-" "-"
13.69.190.242 - - [17/Jul/2025:15:23:51 -0400] "GET /avaa.php HTTP/1.1" 404 14076 "-" "-"
13.69.190.242 - - [17/Jul/2025:15:23:54 -0400] "GET /edit.php HTTP/1.1" 404 14077 "-" "-"
13.69.190.242 - - [17/Jul/2025:15:23:58 -0400] "GET /simple.php HTTP/1.1" 404 14104 "-" "-"
13.69.190.242 - - [17/Jul/2025:15:24:00 -0400] "GET /wp-includes/about.php HTTP/1.1" 404 14089 "-" "-"
63.250.38.117 - - [17/Jul/2025:15:24:07 -0400] "POST /wp-cron.php?doing_wp_cron=1752780247.6015679836273193359375 HTTP/1.1" 200 0 "-" "WordPress/6.8.2; https://hypekndy.com"
13.69.190.242 - - [17/Jul/2025:15:24:03 -0400] "GET /wp-includes/SimplePie/about.php HTTP/1.1" 404 14127 "-" "-"
13.69.190.242 - - [17/Jul/2025:15:24:08 -0400] "GET /ajax-actions.php HTTP/1.1" 404 14071 "-" "-"
63.250.38.117 - - [17/Jul/2025:15:24:15 -0400] "POST /wp-cron.php?doing_wp_cron=1752780255.3946869373321533203125 HTTP/1.1" 200 0 "-" "WordPress/6.8.2; https://hypekndy.com"
13.69.190.242 - - [17/Jul/2025:15:24:13 -0400] "GET /wp-2019.php HTTP/1.1" 404 14100 "-" "-"
13.69.190.242 - - [17/Jul/2025:15:24:17 -0400] "GET /wp-content/plugins/pwnd/pwnd.php HTTP/1.1" 404 14112 "-" "-"
13.69.190.242 - - [17/Jul/2025:15:24:21 -0400] "GET /wp-includes/pomo/ HTTP/1.1" 403 1242 "-" "-"
63.250.38.117 - - [17/Jul/2025:15:24:25 -0400] "POST /wp-cron.php?doing_wp_cron=1752780265.2100260257720947265625 HTTP/1.1" 200 0 "-" "WordPress/6.8.2; https://hypekndy.com"
13.69.190.242 - - [17/Jul/2025:15:24:22 -0400] "GET /wp-p.php7 HTTP/1.1" 404 14105 "-" "-"
13.69.190.242 - - [17/Jul/2025:15:24:26 -0400] "GET /wp-includes/Requests/ HTTP/1.1" 403 1242 "-" "-"
13.69.190.242 - - [17/Jul/2025:15:24:26 -0400] "GET /chosen.php HTTP/1.1" 404 14106 "-" "-"
13.69.190.242 - - [17/Jul/2025:15:24:30 -0400] "GET /fw.php HTTP/1.1" 404 14066 "-" "-"
63.250.38.117 - - [17/Jul/2025:15:24:35 -0400] "POST /wp-cron.php?doing_wp_cron=1752780275.1721720695495605468750 HTTP/1.1" 200 0 "-" "WordPress/6.8.2; https://hypekndy.com"
13.69.190.242 - - [17/Jul/2025:15:24:32 -0400] "GET /wp-admin/user/cloud.php HTTP/1.1" 404 14111 "-" "-"
13.69.190.242 - - [17/Jul/2025:15:24:36 -0400] "GET /ebs.php7 HTTP/1.1" 404 14080 "-" "-"
13.69.190.242 - - [17/Jul/2025:15:24:39 -0400] "GET /wp-admin/css/colors/coffee/xmrlpc.php?p= HTTP/1.1" 301 0 "-" "-"
63.250.38.117 - - [17/Jul/2025:15:24:47 -0400] "POST /wp-cron.php?doing_wp_cron=1752780287.0098249912261962890625 HTTP/1.1" 200 0 "-" "WordPress/6.8.2; https://hypekndy.com"
13.69.190.242 - - [17/Jul/2025:15:24:42 -0400] "GET /wp-admin/css/colors/coffee/xmrlpc.php HTTP/1.1" 404 14134 "-" "-"
13.69.190.242 - - [17/Jul/2025:15:24:47 -0400] "GET /wp-includes/theme-compat/theme-compat/ HTTP/1.1" 404 14092 "-" "-"
63.250.38.117 - - [17/Jul/2025:15:24:58 -0400] "POST /wp-cron.php?doing_wp_cron=1752780298.0788619518280029296875 HTTP/1.1" 200 0 "-" "WordPress/6.8.2; https://hypekndy.com"
13.69.190.242 - - [17/Jul/2025:15:24:53 -0400] "GET /wp-content/themes/seotheme/mar.php HTTP/1.1" 404 14136 "-" "-"
13.69.190.242 - - [17/Jul/2025:15:24:59 -0400] "GET /wp-includes/js/jcrop/ HTTP/1.1" 403 1242 "-" "-"
13.69.190.242 - - [17/Jul/2025:15:24:59 -0400] "GET /wp-includes/js/tinymce/langs/ HTTP/1.1" 403 1242 "-" "-"
13.69.190.242 - - [17/Jul/2025:15:24:59 -0400] "GET /wp-includes/certificates/ HTTP/1.1" 403 1242 "-" "-"
13.69.190.242 - - [17/Jul/2025:15:25:00 -0400] "GET /xmrlpc.php HTTP/1.1" 404 14102 "-" "-"
63.250.38.117 - - [17/Jul/2025:15:25:08 -0400] "POST /wp-cron.php?doing_wp_cron=1752780308.4994969367980957031250 HTTP/1.1" 200 0 "-" "WordPress/6.8.2; https://hypekndy.com"
13.69.190.242 - - [17/Jul/2025:15:25:05 -0400] "GET /wp-content/plugins/Core-Econ/upH.php HTTP/1.1" 404 14120 "-" "-"
13.69.190.242 - - [17/Jul/2025:15:25:09 -0400] "GET /classsmtps.php HTTP/1.1" 404 14078 "-" "-"
63.250.38.117 - - [17/Jul/2025:15:25:18 -0400] "POST /wp-cron.php?doing_wp_cron=1752780318.4801568984985351562500 HTTP/1.1" 200 0 "-" "WordPress/6.8.2; https://hypekndy.com"
13.69.190.242 - - [17/Jul/2025:15:25:13 -0400] "GET /wp-content/plugins/init-help/init.php HTTP/1.1" 404 14111 "-" "-"
13.69.190.242 - - [17/Jul/2025:15:25:20 -0400] "GET /wp-admin/css/colors/blue/xmrlpc.php?p= HTTP/1.1" 301 0 "-" "-"
63.250.38.117 - - [17/Jul/2025:15:25:27 -0400] "POST /wp-cron.php?doing_wp_cron=1752780327.0008649826049804687500 HTTP/1.1" 200 0 "-" "WordPress/6.8.2; https://hypekndy.com"
13.69.190.242 - - [17/Jul/2025:15:25:24 -0400] "GET /wp-admin/css/colors/blue/xmrlpc.php HTTP/1.1" 404 14122 "-" "-"
13.69.190.242 - - [17/Jul/2025:15:25:27 -0400] "GET /wp-includes/js/thickbox/ HTTP/1.1" 403 1242 "-" "-"
13.69.190.242 - - [17/Jul/2025:15:25:28 -0400] "GET /xmrlpc.php?p= HTTP/1.1" 301 0 "-" "-"
63.250.38.117 - - [17/Jul/2025:15:25:34 -0400] "POST /wp-cron.php?doing_wp_cron=1752780334.3979558944702148437500 HTTP/1.1" 200 0 "-" "WordPress/6.8.2; https://hypekndy.com"
13.69.190.242 - - [17/Jul/2025:15:25:32 -0400] "GET /xmrlpc.php HTTP/1.1" 404 14104 "-" "-"
13.69.190.242 - - [17/Jul/2025:15:25:35 -0400] "GET /wp-admin/css/colors/index.php HTTP/1.1" 301 0 "-" "-"
13.69.190.242 - - [17/Jul/2025:15:25:39 -0400] "GET /wp-admin/css/colors/ HTTP/1.1" 403 1242 "-" "-"
13.69.190.242 - - [17/Jul/2025:15:25:39 -0400] "GET /wp-includes/js/mediaelement/renderers/ HTTP/1.1" 403 1242 "-" "-"
13.69.190.242 - - [17/Jul/2025:15:25:39 -0400] "GET /wp-includes/images/media/ HTTP/1.1" 403 1242 "-" "-"
13.69.190.242 - - [17/Jul/2025:15:25:39 -0400] "GET /wp-admin/css/colors/xmrlpc.php?p= HTTP/1.1" 301 0 "-" "-"
63.250.38.117 - - [17/Jul/2025:15:25:47 -0400] "POST /wp-cron.php?doing_wp_cron=1752780347.3854920864105224609375 HTTP/1.1" 200 0 "-" "WordPress/6.8.2; https://hypekndy.com"
64.140.170.196 - - [17/Jul/2025:15:25:44 -0400] "GET /xmlrpc.php HTTP/1.1" 405 46 "http://hypekndy.com" "Mozilla/5.0 (Macintosh; Intel Mac OS X 14_6) AppleWebKit/605.1.15 (KHTML, like Gecko) Version/17.5 Safari/605.1.15"
13.69.190.242 - - [17/Jul/2025:15:25:43 -0400] "GET /wp-admin/css/colors/xmrlpc.php HTTP/1.1" 404 14141 "-" "-"
13.69.190.242 - - [17/Jul/2025:15:25:48 -0400] "GET /wp-content/plugins/linkpreview/db.php?u HTTP/1.1" 404 14099 "-" "-"
63.250.38.117 - - [17/Jul/2025:15:25:55 -0400] "POST /wp-cron.php?doing_wp_cron=1752780354.9075160026550292968750 HTTP/1.1" 200 0 "-" "WordPress/6.8.2; https://hypekndy.com"
13.69.190.242 - - [17/Jul/2025:15:25:51 -0400] "GET /alfanew.php HTTP/1.1" 404 14092 "-" "-"
13.69.190.242 - - [17/Jul/2025:15:25:55 -0400] "GET /wp-includes/Requests/src/ HTTP/1.1" 403 1242 "-" "-"
13.69.190.242 - - [17/Jul/2025:15:25:56 -0400] "GET /.well-known/pki-validation/ HTTP/1.1" 404 1251 "-" "-"
13.69.190.242 - - [17/Jul/2025:15:25:56 -0400] "GET /updates.php HTTP/1.1" 404 14087 "-" "-"
13.69.190.242 - - [17/Jul/2025:15:26:00 -0400] "GET /modules/mod_simplefileuploadv1.3/elements/ HTTP/1.1" 404 14113 "-" "-"
63.250.38.117 - - [17/Jul/2025:15:26:08 -0400] "POST /wp-cron.php?doing_wp_cron=1752780367.6124050617218017578125 HTTP/1.1" 200 0 "-" "WordPress/6.8.2; https://hypekndy.com"
13.69.190.242 - - [17/Jul/2025:15:26:02 -0400] "GET /hoot.php HTTP/1.1" 404 14080 "-" "-"
13.69.190.242 - - [17/Jul/2025:15:26:10 -0400] "GET /wp-includes/pomo/about.php HTTP/1.1" 404 14139 "-" "-"
63.250.38.117 - - [17/Jul/2025:15:26:16 -0400] "POST /wp-cron.php?doing_wp_cron=1752780376.2869699001312255859375 HTTP/1.1" 200 0 "-" "WordPress/6.8.2; https://hypekndy.com"
13.69.190.242 - - [17/Jul/2025:15:26:13 -0400] "GET /mail.php HTTP/1.1" 404 14077 "-" "-"
13.69.190.242 - - [17/Jul/2025:15:26:17 -0400] "GET /about.php HTTP/1.1" 404 14093 "-" "-"
63.250.38.117 - - [17/Jul/2025:15:26:29 -0400] "POST /wp-cron.php?doing_wp_cron=1752780388.6899180412292480468750 HTTP/1.1" 200 0 "-" "WordPress/6.8.2; https://hypekndy.com"
13.69.190.242 - - [17/Jul/2025:15:26:22 -0400] "GET /xmlrpc.php HTTP/1.1" 405 46 "-" "-"
13.69.190.242 - - [17/Jul/2025:15:26:29 -0400] "GET /geju.php/wp-includes/images/about.php HTTP/1.1" 404 14111 "-" "-"
13.69.190.242 - - [17/Jul/2025:15:26:39 -0400] "GET /wp-admin/ajax-actions.php HTTP/1.1" 404 14112 "-" "-"
63.250.38.117 - - [17/Jul/2025:15:26:47 -0400] "POST /wp-cron.php?doing_wp_cron=1752780407.2816090583801269531250 HTTP/1.1" 200 0 "-" "WordPress/6.8.2; https://hypekndy.com"
13.69.190.242 - - [17/Jul/2025:15:26:44 -0400] "GET /img/cloud.php HTTP/1.1" 404 14082 "-" "-"
13.69.190.242 - - [17/Jul/2025:15:26:48 -0400] "GET /.well-known/acme-challenge/ HTTP/1.1" 404 14116 "-" "-"
63.250.38.117 - - [17/Jul/2025:15:27:00 -0400] "POST /wp-cron.php?doing_wp_cron=1752780420.2826058864593505859375 HTTP/1.1" 200 0 "-" "WordPress/6.8.2; https://hypekndy.com"
13.69.190.242 - - [17/Jul/2025:15:26:54 -0400] "GET /images/about.php HTTP/1.1" 404 14073 "-" "-"
13.69.190.242 - - [17/Jul/2025:15:27:02 -0400] "GET /wp-admin/ HTTP/1.1" 302 0 "-" "-"
13.69.190.242 - - [17/Jul/2025:15:27:07 -0400] "GET /wp-login.php?redirect_to=https%3A%2F%2Fhypekndy.com%2Fwp-admin%2F&reauth=1 HTTP/1.1" 200 2159 "-" "-"
63.250.38.117 - - [17/Jul/2025:15:27:19 -0400] "POST /wp-cron.php?doing_wp_cron=1752780438.6732039451599121093750 HTTP/1.1" 200 0 "-" "WordPress/6.8.2; https://hypekndy.com"
13.69.190.242 - - [17/Jul/2025:15:27:13 -0400] "GET /cloud.php HTTP/1.1" 404 14096 "-" "-"
13.69.190.242 - - [17/Jul/2025:15:27:21 -0400] "GET /wp-admin/includes/about.php HTTP/1.1" 404 14144 "-" "-"
13.69.190.242 - - [17/Jul/2025:15:27:28 -0400] "GET /wp-includes/Text/about.php HTTP/1.1" 404 14138 "-" "-"
13.69.190.242 - - [17/Jul/2025:15:27:33 -0400] "GET /wp-includes/js/mediaelement/ HTTP/1.1" 403 1242 "-" "-"
63.250.38.117 - - [17/Jul/2025:15:27:36 -0400] "POST /wp-cron.php?doing_wp_cron=1752780455.8899979591369628906250 HTTP/1.1" 200 0 "-" "WordPress/6.8.2; https://hypekndy.com"
13.69.190.242 - - [17/Jul/2025:15:27:33 -0400] "GET /plugins/ HTTP/1.1" 404 14083 "-" "-"
13.69.190.242 - - [17/Jul/2025:15:27:37 -0400] "GET /wp-includes/js/dist/ HTTP/1.1" 403 1242 "-" "-"
13.69.190.242 - - [17/Jul/2025:15:27:37 -0400] "GET /dropdown.php HTTP/1.1" 404 14085 "-" "-"
13.69.190.242 - - [17/Jul/2025:15:27:40 -0400] "GET /wp-includes/js/dist/vendor/ HTTP/1.1" 403 1242 "-" "-"
63.250.38.117 - - [17/Jul/2025:15:27:45 -0400] "POST /wp-cron.php?doing_wp_cron=1752780465.2788019180297851562500 HTTP/1.1" 200 0 "-" "WordPress/6.8.2; https://hypekndy.com"
13.69.190.242 - - [17/Jul/2025:15:27:40 -0400] "GET /wp-blog-header.php HTTP/1.1" 404 0 "-" "-"
13.69.190.242 - - [17/Jul/2025:15:27:45 -0400] "GET /admin.php HTTP/1.1" 404 14094 "-" "-"
13.69.190.242 - - [17/Jul/2025:15:27:51 -0400] "GET /wp-content/repeater.php HTTP/1.1" 404 14085 "-" "-"
63.250.38.117 - - [17/Jul/2025:15:27:56 -0400] "POST /wp-cron.php?doing_wp_cron=1752780476.2801690101623535156250 HTTP/1.1" 200 0 "-" "WordPress/6.8.2; https://hypekndy.com"
13.69.190.242 - - [17/Jul/2025:15:27:54 -0400] "GET /wp-includes.bak/html-api/about.php HTTP/1.1" 404 14142 "-" "-"
13.69.190.242 - - [17/Jul/2025:15:27:57 -0400] "GET /wp-includes/Text/ HTTP/1.1" 403 1242 "-" "-"
13.69.190.242 - - [17/Jul/2025:15:27:57 -0400] "GET /wp.php HTTP/1.1" 404 14065 "-" "-"
13.69.190.242 - - [17/Jul/2025:15:28:02 -0400] "GET /.well-known/pki-validation/xmrlpc.php?p= HTTP/1.1" 404 1251 "-" "-"
63.250.38.117 - - [17/Jul/2025:15:28:06 -0400] "POST /wp-cron.php?doing_wp_cron=1752780486.1079819202423095703125 HTTP/1.1" 200 0 "-" "WordPress/6.8.2; https://hypekndy.com"
13.69.190.242 - - [17/Jul/2025:15:28:02 -0400] "GET /as.php HTTP/1.1" 404 14062 "-" "-"
13.69.190.242 - - [17/Jul/2025:15:28:07 -0400] "GET /themes.php HTTP/1.1" 404 14105 "-" "-"
63.250.38.117 - - [17/Jul/2025:15:28:16 -0400] "POST /wp-cron.php?doing_wp_cron=1752780496.6804020404815673828125 HTTP/1.1" 200 0 "-" "WordPress/6.8.2; https://hypekndy.com"
13.69.190.242 - - [17/Jul/2025:15:28:12 -0400] "GET /wp-content/themes/about.php HTTP/1.1" 404 14154 "-" "-"
13.69.190.242 - - [17/Jul/2025:15:28:17 -0400] "GET /wp-includes/rest-api/fields/ HTTP/1.1" 403 1242 "-" "-"
13.69.190.242 - - [17/Jul/2025:15:28:18 -0400] "GET /wp-includes/js/codemirror/ HTTP/1.1" 403 1242 "-" "-"
13.69.190.242 - - [17/Jul/2025:15:28:18 -0400] "GET /wp-admin/meta/ HTTP/1.1" 404 14080 "-" "-"
13.69.190.242 - - [17/Jul/2025:15:28:21 -0400] "GET /.well-knownold/ HTTP/1.1" 404 14081 "-" "-"
63.250.38.117 - - [17/Jul/2025:15:28:26 -0400] "POST /wp-cron.php?doing_wp_cron=1752780506.6867508888244628906250 HTTP/1.1" 200 0 "-" "WordPress/6.8.2; https://hypekndy.com"
13.69.190.242 - - [17/Jul/2025:15:28:24 -0400] "GET /about.php7 HTTP/1.1" 404 14104 "-" "-"
13.69.190.242 - - [17/Jul/2025:15:28:28 -0400] "GET /wp-admin/dropdown.php HTTP/1.1" 404 14088 "-" "-"
63.250.38.117 - - [17/Jul/2025:15:28:38 -0400] "POST /wp-cron.php?doing_wp_cron=1752780517.7962560653686523437500 HTTP/1.1" 200 0 "-" "WordPress/6.8.2; https://hypekndy.com"
13.69.190.242 - - [17/Jul/2025:15:28:34 -0400] "GET /css/cloud.php HTTP/1.1" 404 14082 "-" "-"
13.69.190.242 - - [17/Jul/2025:15:28:39 -0400] "GET /wp-admin/js/widgets/xmrlpc.php?p= HTTP/1.1" 301 0 "-" "-"
63.250.38.117 - - [17/Jul/2025:15:28:49 -0400] "POST /wp-cron.php?doing_wp_cron=1752780529.5900890827178955078125 HTTP/1.1" 200 0 "-" "WordPress/6.8.2; https://hypekndy.com"
13.69.190.242 - - [17/Jul/2025:15:28:45 -0400] "GET /wp-admin/js/widgets/xmrlpc.php HTTP/1.1" 404 14139 "-" "-"
13.69.190.242 - - [17/Jul/2025:15:28:50 -0400] "GET /wp-content/upgrade-temp-backup/about.php HTTP/1.1" 404 14135 "-" "-"
63.250.38.117 - - [17/Jul/2025:15:29:05 -0400] "POST /wp-cron.php?doing_wp_cron=1752780544.7807340621948242187500 HTTP/1.1" 200 0 "-" "WordPress/6.8.2; https://hypekndy.com"
13.69.190.242 - - [17/Jul/2025:15:28:57 -0400] "GET /.well-known/ HTTP/1.1" 404 14089 "-" "-"
13.69.190.242 - - [17/Jul/2025:15:29:07 -0400] "GET /about/function.php HTTP/1.1" 404 14106 "-" "-"
63.250.38.117 - - [17/Jul/2025:15:29:19 -0400] "POST /wp-cron.php?doing_wp_cron=1752780558.9807629585266113281250 HTTP/1.1" 200 0 "-" "WordPress/6.8.2; https://hypekndy.com"
13.69.190.242 - - [17/Jul/2025:15:29:14 -0400] "GET /wp-admin/images/xmrlpc.php?p= HTTP/1.1" 301 0 "-" "-"
13.69.190.242 - - [17/Jul/2025:15:29:19 -0400] "GET /wp-admin/images/xmrlpc.php HTTP/1.1" 404 14140 "-" "-"
13.69.190.242 - - [17/Jul/2025:15:29:29 -0400] "GET /templates/beez3/ HTTP/1.1" 404 14067 "-" "-"
13.69.190.242 - - [17/Jul/2025:15:29:31 -0400] "GET /wp-content/plugins/seoplugins/db.php?u HTTP/1.1" 404 14109 "-" "-"
63.250.38.117 - - [17/Jul/2025:15:30:58 -0400] "POST /wp-cron.php?doing_wp_cron=1752780657.8881568908691406250000 HTTP/1.1" 200 0 "-" "WordPress/6.8.2; https://hypekndy.com"
110.238.119.101 - - [17/Jul/2025:15:30:52 -0400] "GET /wp-login.php HTTP/1.1" 200 2159 "http://hypekndy.com/wp-login.php" "Mozilla/5.0 (Windows NT 10.0; Win64; x64; rv:137.0) Gecko/20100101 Firefox/137.0"
110.238.119.101 - - [17/Jul/2025:15:30:59 -0400] "GET /wp-login.php HTTP/1.1" 200 0 "http://www.hypekndy.com/wp-login.php" "Mozilla/5.0 (Windows NT 10.0; Win64; x64; rv:137.0) Gecko/20100101 Firefox/137.0"
110.238.119.101 - - [17/Jul/2025:15:31:05 -0400] "GET /wp-login.php HTTP/1.1" 301 0 "http://www.hypekndy.com/wp-login.php" "Mozilla/5.0 (Windows NT 10.0; Win64; x64; rv:137.0) Gecko/20100101 Firefox/137.0"
63.250.38.117 - - [17/Jul/2025:15:31:15 -0400] "POST /wp-cron.php?doing_wp_cron=1752780674.9878990650177001953125 HTTP/1.1" 200 0 "-" "WordPress/6.8.2; https://hypekndy.com"
110.238.119.101 - - [17/Jul/2025:15:31:10 -0400] "GET /wp-login.php HTTP/1.1" 200 2159 "https://www.hypekndy.com/wp-login.php" "Mozilla/5.0 (Windows NT 10.0; Win64; x64; rv:137.0) Gecko/20100101 Firefox/137.0"
110.238.119.101 - - [17/Jul/2025:15:31:16 -0400] "GET /wp-json/wp/v2/users HTTP/1.1" 200 726 "https://www.hypekndy.com/wp-login.php" "Mozilla/5.0 (Windows NT 10.0; Win64; x64; rv:137.0) Gecko/20100101 Firefox/137.0"
63.250.38.117 - - [17/Jul/2025:15:31:28 -0400] "POST /wp-cron.php?doing_wp_cron=1752780687.7859210968017578125000 HTTP/1.1" 200 0 "-" "WordPress/6.8.2; https://hypekndy.com"
110.238.119.101 - - [17/Jul/2025:15:31:22 -0400] "POST /wp-login.php HTTP/1.1" 200 2276 "https://hypekndy.com/wp-login.php?redirect_to=https%3A%2F%2Fhypekndy.com%2Fwp-admin%2F" "Mozilla/5.0 (Windows NT 10.0; Win64; x64; rv:137.0) Gecko/20100101 Firefox/137.0"
110.238.119.101 - - [17/Jul/2025:15:31:30 -0400] "POST /wp-login.php HTTP/1.1" 200 2301 "https://hypekndy.com/wp-login.php?redirect_to=https%3A%2F%2Fhypekndy.com%2Fwp-admin%2F" "Mozilla/5.0 (Windows NT 10.0; Win64; x64; rv:137.0) Gecko/20100101 Firefox/137.0"
63.250.38.117 - - [17/Jul/2025:15:32:08 -0400] "POST /wp-cron.php?doing_wp_cron=1752780728.2826581001281738281250 HTTP/1.1" 200 0 "-" "WordPress/6.8.2; https://hypekndy.com"
2400:6ea0:0:1248::a4b5 - - [17/Jul/2025:15:32:01 -0400] "GET /xmlrpc.php HTTP/1.1" 405 46 "http://hypekndy.com" "Mozilla/5.0 (Macintosh; Intel Mac OS X 10_15_7; rv:129.0) Gecko/20100101 Firefox/129.0"
80.94.97.38 - - [17/Jul/2025:15:38:26 -0400] "GET /xmlrpc.php HTTP/1.1" 200 0 "http://hypekndy.com" "Mozilla/5.0 (Macintosh; Intel Mac OS X 13_3) AppleWebKit/537.36 (KHTML, like Gecko) Chrome/126.0.0.0 Safari/537.36 Edg/126.0.0.0"
63.250.38.117 - - [17/Jul/2025:15:38:45 -0400] "POST /wp-cron.php?doing_wp_cron=1752781125.0151319503784179687500 HTTP/1.1" 200 0 "-" "WordPress/6.8.2; https://hypekndy.com"
35.237.13.124 - - [17/Jul/2025:15:39:05 -0400] "GET / HTTP/1.1" 200 35115 "-" "Mozilla/5.0 (Windows NT 10.0; Win64; x64) AppleWebKit/537.36 (KHTML, like Gecko) Chrome/78.0.3904.108 Safari/537.36"
63.250.38.117 - - [17/Jul/2025:15:39:08 -0400] "POST /wp-cron.php?doing_wp_cron=1752781147.8528430461883544921875 HTTP/1.1" 200 0 "-" "WordPress/6.8.2; https://hypekndy.com"
35.237.13.124 - - [17/Jul/2025:15:39:06 -0400] "GET //wp-includes/wlwmanifest.xml HTTP/1.1" 301 0 "-" "Mozilla/5.0 (Windows NT 10.0; Win64; x64) AppleWebKit/537.36 (KHTML, like Gecko) Chrome/78.0.3904.108 Safari/537.36"
35.237.13.124 - - [17/Jul/2025:15:39:08 -0400] "GET / HTTP/1.1" 200 35115 "-" "Mozilla/5.0 (Windows NT 10.0; Win64; x64) AppleWebKit/537.36 (KHTML, like Gecko) Chrome/78.0.3904.108 Safari/537.36"
35.237.13.124 - - [17/Jul/2025:15:39:08 -0400] "GET //?author=1 HTTP/1.1" 301 0 "-" "Mozilla/5.0 (Windows NT 10.0; Win64; x64) AppleWebKit/537.36 (KHTML, like Gecko) Chrome/78.0.3904.108 Safari/537.36"
63.250.38.117 - - [17/Jul/2025:15:39:14 -0400] "POST /wp-cron.php?doing_wp_cron=1752781154.3050520420074462890625 HTTP/1.1" 200 0 "-" "WordPress/6.8.2; https://hypekndy.com"
35.237.13.124 - - [17/Jul/2025:15:39:11 -0400] "GET //?author=2 HTTP/1.1" 301 0 "-" "Mozilla/5.0 (Windows NT 10.0; Win64; x64) AppleWebKit/537.36 (KHTML, like Gecko) Chrome/78.0.3904.108 Safari/537.36"
35.237.13.124 - - [17/Jul/2025:15:39:14 -0400] "GET //wp-json/wp/v2/users/ HTTP/1.1" 200 726 "-" "Mozilla/5.0 (Windows NT 10.0; Win64; x64) AppleWebKit/537.36 (KHTML, like Gecko) Chrome/78.0.3904.108 Safari/537.36"
185.177.72.115 - - [17/Jul/2025:15:42:40 -0400] "GET /.env HTTP/1.1" 403 1242 "-" "Mozilla/5.0 (Windows NT 10.0; Win64; x64) AppleWebKit/537.36 (KHTML, like Gecko) Chrome/91.0.4472.124 Safari/537.36"
185.177.72.115 - - [17/Jul/2025:15:42:40 -0400] "GET /.env.save HTTP/1.1" 403 1242 "-" "Mozilla/5.0 (Windows NT 10.0; Win64; x64) AppleWebKit/537.36 (KHTML, like Gecko) Chrome/91.0.4472.124 Safari/537.36"
185.177.72.115 - - [17/Jul/2025:15:42:40 -0400] "GET /.env.old HTTP/1.1" 403 1242 "-" "Mozilla/5.0 (Windows NT 10.0; Win64; x64) AppleWebKit/537.36 (KHTML, like Gecko) Chrome/91.0.4472.124 Safari/537.36"
185.177.72.115 - - [17/Jul/2025:15:42:40 -0400] "GET /.env.prod HTTP/1.1" 403 1242 "-" "Mozilla/5.0 (Windows NT 10.0; Win64; x64) AppleWebKit/537.36 (KHTML, like Gecko) Chrome/91.0.4472.124 Safari/537.36"
185.177.72.115 - - [17/Jul/2025:15:42:41 -0400] "GET /.env.production HTTP/1.1" 403 1242 "-" "Mozilla/5.0 (Windows NT 10.0; Win64; x64) AppleWebKit/537.36 (KHTML, like Gecko) Chrome/91.0.4472.124 Safari/537.36"
185.177.72.115 - - [17/Jul/2025:15:42:41 -0400] "GET /.env.development HTTP/1.1" 403 1242 "-" "Mozilla/5.0 (Windows NT 10.0; Win64; x64) AppleWebKit/537.36 (KHTML, like Gecko) Chrome/91.0.4472.124 Safari/537.36"
185.177.72.115 - - [17/Jul/2025:15:42:43 -0400] "GET /laravel/.env HTTP/1.1" 403 1242 "-" "Mozilla/5.0 (Windows NT 10.0; Win64; x64) AppleWebKit/537.36 (KHTML, like Gecko) Chrome/91.0.4472.124 Safari/537.36"
185.177.72.115 - - [17/Jul/2025:15:42:46 -0400] "GET /admin-app/.env HTTP/1.1" 403 1242 "-" "Mozilla/5.0 (Windows NT 10.0; Win64; x64) AppleWebKit/537.36 (KHTML, like Gecko) Chrome/91.0.4472.124 Safari/537.36"
185.177.72.115 - - [17/Jul/2025:15:42:46 -0400] "GET /api/.env HTTP/1.1" 403 1242 "-" "Mozilla/5.0 (Windows NT 10.0; Win64; x64) AppleWebKit/537.36 (KHTML, like Gecko) Chrome/91.0.4472.124 Safari/537.36"
185.177.72.115 - - [17/Jul/2025:15:42:46 -0400] "GET /app/.env HTTP/1.1" 403 1242 "-" "Mozilla/5.0 (Windows NT 10.0; Win64; x64) AppleWebKit/537.36 (KHTML, like Gecko) Chrome/91.0.4472.124 Safari/537.36"
185.177.72.115 - - [17/Jul/2025:15:42:46 -0400] "GET /development/.env HTTP/1.1" 403 1242 "-" "Mozilla/5.0 (Windows NT 10.0; Win64; x64) AppleWebKit/537.36 (KHTML, like Gecko) Chrome/91.0.4472.124 Safari/537.36"
185.177.72.115 - - [17/Jul/2025:15:42:47 -0400] "GET /apps/.env HTTP/1.1" 403 1242 "-" "Mozilla/5.0 (Windows NT 10.0; Win64; x64) AppleWebKit/537.36 (KHTML, like Gecko) Chrome/91.0.4472.124 Safari/537.36"
185.177.72.115 - - [17/Jul/2025:15:42:47 -0400] "GET /.aws/credentials HTTP/1.1" 200 0 "-" "Mozilla/5.0 (Windows NT 10.0; Win64; x64) AppleWebKit/537.36 (KHTML, like Gecko) Chrome/91.0.4472.124 Safari/537.36"
185.177.72.115 - - [17/Jul/2025:15:42:53 -0400] "GET /private/.env HTTP/1.1" 403 1242 "-" "Mozilla/5.0 (Windows NT 10.0; Win64; x64) AppleWebKit/537.36 (KHTML, like Gecko) Chrome/91.0.4472.124 Safari/537.36"
185.177.72.115 - - [17/Jul/2025:15:42:53 -0400] "GET /system/.env HTTP/1.1" 403 1242 "-" "Mozilla/5.0 (Windows NT 10.0; Win64; x64) AppleWebKit/537.36 (KHTML, like Gecko) Chrome/91.0.4472.124 Safari/537.36"
185.177.72.115 - - [17/Jul/2025:15:42:54 -0400] "GET /docker/.env HTTP/1.1" 403 1242 "-" "Mozilla/5.0 (Windows NT 10.0; Win64; x64) AppleWebKit/537.36 (KHTML, like Gecko) Chrome/91.0.4472.124 Safari/537.36"
185.177.72.115 - - [17/Jul/2025:15:42:54 -0400] "GET /cms/.env HTTP/1.1" 403 1242 "-" "Mozilla/5.0 (Windows NT 10.0; Win64; x64) AppleWebKit/537.36 (KHTML, like Gecko) Chrome/91.0.4472.124 Safari/537.36"
185.177.72.115 - - [17/Jul/2025:15:42:54 -0400] "GET /script/.env HTTP/1.1" 403 1242 "-" "Mozilla/5.0 (Windows NT 10.0; Win64; x64) AppleWebKit/537.36 (KHTML, like Gecko) Chrome/91.0.4472.124 Safari/537.36"
185.177.72.115 - - [17/Jul/2025:15:42:54 -0400] "GET /live_env HTTP/1.1" 200 0 "-" "Mozilla/5.0 (Windows NT 10.0; Win64; x64) AppleWebKit/537.36 (KHTML, like Gecko) Chrome/91.0.4472.124 Safari/537.36"
185.177.72.115 - - [17/Jul/2025:15:43:04 -0400] "GET /application/.env HTTP/1.1" 403 1242 "-" "Mozilla/5.0 (Windows NT 10.0; Win64; x64) AppleWebKit/537.36 (KHTML, like Gecko) Chrome/91.0.4472.124 Safari/537.36"
185.177.72.115 - - [17/Jul/2025:15:43:04 -0400] "GET /.env.project HTTP/1.1" 403 1242 "-" "Mozilla/5.0 (Windows NT 10.0; Win64; x64) AppleWebKit/537.36 (KHTML, like Gecko) Chrome/91.0.4472.124 Safari/537.36"
185.177.72.115 - - [17/Jul/2025:15:43:05 -0400] "GET /.env.dist HTTP/1.1" 403 1242 "-" "Mozilla/5.0 (Windows NT 10.0; Win64; x64) AppleWebKit/537.36 (KHTML, like Gecko) Chrome/91.0.4472.124 Safari/537.36"
185.177.72.115 - - [17/Jul/2025:15:43:05 -0400] "GET /back/.env HTTP/1.1" 403 1242 "-" "Mozilla/5.0 (Windows NT 10.0; Win64; x64) AppleWebKit/537.36 (KHTML, like Gecko) Chrome/91.0.4472.124 Safari/537.36"
185.177.72.115 - - [17/Jul/2025:15:43:05 -0400] "GET /core/.env HTTP/1.1" 403 1242 "-" "Mozilla/5.0 (Windows NT 10.0; Win64; x64) AppleWebKit/537.36 (KHTML, like Gecko) Chrome/91.0.4472.124 Safari/537.36"
185.177.72.115 - - [17/Jul/2025:15:43:05 -0400] "GET /docker/.env HTTP/1.1" 403 1242 "-" "Mozilla/5.0 (Windows NT 10.0; Win64; x64) AppleWebKit/537.36 (KHTML, like Gecko) Chrome/91.0.4472.124 Safari/537.36"
185.177.72.115 - - [17/Jul/2025:15:43:05 -0400] "GET /fedex/.env HTTP/1.1" 403 1242 "-" "Mozilla/5.0 (Windows NT 10.0; Win64; x64) AppleWebKit/537.36 (KHTML, like Gecko) Chrome/91.0.4472.124 Safari/537.36"
185.177.72.115 - - [17/Jul/2025:15:43:05 -0400] "GET /local/.env HTTP/1.1" 403 1242 "-" "Mozilla/5.0 (Windows NT 10.0; Win64; x64) AppleWebKit/537.36 (KHTML, like Gecko) Chrome/91.0.4472.124 Safari/537.36"
185.177.72.115 - - [17/Jul/2025:15:43:06 -0400] "GET /rest/.env HTTP/1.1" 403 1242 "-" "Mozilla/5.0 (Windows NT 10.0; Win64; x64) AppleWebKit/537.36 (KHTML, like Gecko) Chrome/91.0.4472.124 Safari/537.36"
185.177.72.115 - - [17/Jul/2025:15:43:06 -0400] "GET /shared/.env HTTP/1.1" 403 1242 "-" "Mozilla/5.0 (Windows NT 10.0; Win64; x64) AppleWebKit/537.36 (KHTML, like Gecko) Chrome/91.0.4472.124 Safari/537.36"
185.177.72.115 - - [17/Jul/2025:15:43:06 -0400] "GET /sources/.env HTTP/1.1" 403 1242 "-" "Mozilla/5.0 (Windows NT 10.0; Win64; x64) AppleWebKit/537.36 (KHTML, like Gecko) Chrome/91.0.4472.124 Safari/537.36"
185.177.72.115 - - [17/Jul/2025:15:43:06 -0400] "GET /enviroments/.env.production HTTP/1.1" 403 1242 "-" "Mozilla/5.0 (Windows NT 10.0; Win64; x64) AppleWebKit/537.36 (KHTML, like Gecko) Chrome/91.0.4472.124 Safari/537.36"
185.177.72.115 - - [17/Jul/2025:15:43:06 -0400] "GET /enviroments/.env HTTP/1.1" 403 1242 "-" "Mozilla/5.0 (Windows NT 10.0; Win64; x64) AppleWebKit/537.36 (KHTML, like Gecko) Chrome/91.0.4472.124 Safari/537.36"
185.177.72.115 - - [17/Jul/2025:15:43:09 -0400] "GET /.git/logs/HEAD HTTP/1.1" 403 1242 "-" "Mozilla/5.0 (Windows NT 10.0; Win64; x64) AppleWebKit/537.36 (KHTML, like Gecko) Chrome/91.0.4472.124 Safari/537.36"
185.177.72.115 - - [17/Jul/2025:15:43:09 -0400] "GET /.git/info/exclude HTTP/1.1" 403 1242 "-" "Mozilla/5.0 (Windows NT 10.0; Win64; x64) AppleWebKit/537.36 (KHTML, like Gecko) Chrome/91.0.4472.124 Safari/537.36"
185.177.72.115 - - [17/Jul/2025:15:43:09 -0400] "GET /doc/.env HTTP/1.1" 403 1242 "-" "Mozilla/5.0 (Windows NT 10.0; Win64; x64) AppleWebKit/537.36 (KHTML, like Gecko) Chrome/91.0.4472.124 Safari/537.36"
185.177.72.115 - - [17/Jul/2025:15:43:09 -0400] "GET /.env.smtp_access HTTP/1.1" 403 1242 "-" "Mozilla/5.0 (Windows NT 10.0; Win64; x64) AppleWebKit/537.36 (KHTML, like Gecko) Chrome/91.0.4472.124 Safari/537.36"
185.177.72.115 - - [17/Jul/2025:15:43:10 -0400] "GET /.env.old HTTP/1.1" 403 1242 "-" "Mozilla/5.0 (Windows NT 10.0; Win64; x64) AppleWebKit/537.36 (KHTML, like Gecko) Chrome/91.0.4472.124 Safari/537.36"
185.177.72.115 - - [17/Jul/2025:15:43:10 -0400] "GET /phpinfo.php3 HTTP/1.1" 200 0 "-" "Mozilla/5.0 (Windows NT 10.0; Win64; x64) AppleWebKit/537.36 (KHTML, like Gecko) Chrome/91.0.4472.124 Safari/537.36"
63.250.38.117 - - [17/Jul/2025:15:43:21 -0400] "POST /wp-cron.php?doing_wp_cron=1752781400.9790110588073730468750 HTTP/1.1" 200 0 "-" "WordPress/6.8.2; https://hypekndy.com"
185.177.72.115 - - [17/Jul/2025:15:43:16 -0400] "GET /.gitattributes HTTP/1.1" 200 0 "-" "Mozilla/5.0 (Windows NT 10.0; Win64; x64) AppleWebKit/537.36 (KHTML, like Gecko) Chrome/91.0.4472.124 Safari/537.36"
185.177.72.115 - - [17/Jul/2025:15:43:25 -0400] "GET /wp-config.cache HTTP/1.1" 200 0 "-" "Mozilla/5.0 (Windows NT 10.0; Win64; x64) AppleWebKit/537.36 (KHTML, like Gecko) Chrome/91.0.4472.124 Safari/537.36"
63.250.38.117 - - [17/Jul/2025:15:43:37 -0400] "POST /wp-cron.php?doing_wp_cron=1752781416.8779799938201904296875 HTTP/1.1" 200 0 "-" "WordPress/6.8.2; https://hypekndy.com"
185.177.72.115 - - [17/Jul/2025:15:43:33 -0400] "GET /wp-config.dist HTTP/1.1" 404 14082 "-" "Mozilla/5.0 (Windows NT 10.0; Win64; x64) AppleWebKit/537.36 (KHTML, like Gecko) Chrome/91.0.4472.124 Safari/537.36"
185.177.72.115 - - [17/Jul/2025:15:43:42 -0400] "GET /env/.env HTTP/1.1" 403 1242 "-" "Mozilla/5.0 (Windows NT 10.0; Win64; x64) AppleWebKit/537.36 (KHTML, like Gecko) Chrome/91.0.4472.124 Safari/537.36"
63.250.38.117 - - [17/Jul/2025:15:43:46 -0400] "POST /wp-cron.php?doing_wp_cron=1752781426.7828280925750732421875 HTTP/1.1" 200 0 "-" "WordPress/6.8.2; https://hypekndy.com"
185.177.72.115 - - [17/Jul/2025:15:43:42 -0400] "GET /inf.php HTTP/1.1" 404 14078 "-" "Mozilla/5.0 (Windows NT 10.0; Win64; x64) AppleWebKit/537.36 (KHTML, like Gecko) Chrome/91.0.4472.124 Safari/537.36"
185.177.72.115 - - [17/Jul/2025:15:43:48 -0400] "GET /v2/.env HTTP/1.1" 403 1242 "-" "Mozilla/5.0 (Windows NT 10.0; Win64; x64) AppleWebKit/537.36 (KHTML, like Gecko) Chrome/91.0.4472.124 Safari/537.36"
185.177.72.115 - - [17/Jul/2025:15:43:48 -0400] "GET /services/traefik/.env HTTP/1.1" 403 1242 "-" "Mozilla/5.0 (Windows NT 10.0; Win64; x64) AppleWebKit/537.36 (KHTML, like Gecko) Chrome/91.0.4472.124 Safari/537.36"
185.177.72.115 - - [17/Jul/2025:15:43:48 -0400] "GET /portal/.env HTTP/1.1" 403 1242 "-" "Mozilla/5.0 (Windows NT 10.0; Win64; x64) AppleWebKit/537.36 (KHTML, like Gecko) Chrome/91.0.4472.124 Safari/537.36"
194.26.192.53 - - [17/Jul/2025:15:43:51 -0400] "GET /wp-admin/setup-config.php HTTP/1.1" 409 1041 "-" "Mozilla/5.0 (Windows NT 10.0; Win64; x64)"
185.177.72.115 - - [17/Jul/2025:15:43:48 -0400] "GET /test.php HTTP/1.1" 200 0 "-" "Mozilla/5.0 (Windows NT 10.0; Win64; x64) AppleWebKit/537.36 (KHTML, like Gecko) Chrome/91.0.4472.124 Safari/537.36"
63.250.38.117 - - [17/Jul/2025:15:44:02 -0400] "POST /wp-cron.php?doing_wp_cron=1752781442.5089869499206542968750 HTTP/1.1" 200 0 "-" "WordPress/6.8.2; https://hypekndy.com"
185.177.72.115 - - [17/Jul/2025:15:43:59 -0400] "GET /info1.php HTTP/1.1" 404 14097 "-" "Mozilla/5.0 (Windows NT 10.0; Win64; x64) AppleWebKit/537.36 (KHTML, like Gecko) Chrome/91.0.4472.124 Safari/537.36"
185.177.72.115 - - [17/Jul/2025:15:44:03 -0400] "GET /admin/.env HTTP/1.1" 403 1242 "-" "Mozilla/5.0 (Windows NT 10.0; Win64; x64) AppleWebKit/537.36 (KHTML, like Gecko) Chrome/91.0.4472.124 Safari/537.36"
185.177.72.115 - - [17/Jul/2025:15:44:03 -0400] "GET /crm/.env HTTP/1.1" 403 1242 "-" "Mozilla/5.0 (Windows NT 10.0; Win64; x64) AppleWebKit/537.36 (KHTML, like Gecko) Chrome/91.0.4472.124 Safari/537.36"
185.177.72.115 - - [17/Jul/2025:15:44:03 -0400] "GET /root/infophp HTTP/1.1" 404 14104 "-" "Mozilla/5.0 (Windows NT 10.0; Win64; x64) AppleWebKit/537.36 (KHTML, like Gecko) Chrome/91.0.4472.124 Safari/537.36"
185.177.72.115 - - [17/Jul/2025:15:44:07 -0400] "GET /old/.env HTTP/1.1" 403 1242 "-" "Mozilla/5.0 (Windows NT 10.0; Win64; x64) AppleWebKit/537.36 (KHTML, like Gecko) Chrome/91.0.4472.124 Safari/537.36"
185.177.72.115 - - [17/Jul/2025:15:44:08 -0400] "GET /.env.php HTTP/1.1" 403 1242 "-" "Mozilla/5.0 (Windows NT 10.0; Win64; x64) AppleWebKit/537.36 (KHTML, like Gecko) Chrome/91.0.4472.124 Safari/537.36"
185.177.72.115 - - [17/Jul/2025:15:44:08 -0400] "GET /apps/.env HTTP/1.1" 403 1242 "-" "Mozilla/5.0 (Windows NT 10.0; Win64; x64) AppleWebKit/537.36 (KHTML, like Gecko) Chrome/91.0.4472.124 Safari/537.36"
185.177.72.115 - - [17/Jul/2025:15:44:08 -0400] "GET /_profiler/phpinfo/phpinfo.php HTTP/1.1" 404 14098 "-" "Mozilla/5.0 (Windows NT 10.0; Win64; x64) AppleWebKit/537.36 (KHTML, like Gecko) Chrome/91.0.4472.124 Safari/537.36"
185.177.72.115 - - [17/Jul/2025:15:44:13 -0400] "GET /backend/.env HTTP/1.1" 403 1242 "-" "Mozilla/5.0 (Windows NT 10.0; Win64; x64) AppleWebKit/537.36 (KHTML, like Gecko) Chrome/91.0.4472.124 Safari/537.36"
185.177.72.115 - - [17/Jul/2025:15:44:13 -0400] "GET /hotpot-app-frontend/.env HTTP/1.1" 403 1242 "-" "Mozilla/5.0 (Windows NT 10.0; Win64; x64) AppleWebKit/537.36 (KHTML, like Gecko) Chrome/91.0.4472.124 Safari/537.36"
185.177.72.115 - - [17/Jul/2025:15:44:16 -0400] "GET /.env.smtp_host HTTP/1.1" 403 1242 "-" "Mozilla/5.0 (Windows NT 10.0; Win64; x64) AppleWebKit/537.36 (KHTML, like Gecko) Chrome/91.0.4472.124 Safari/537.36"
63.250.38.117 - - [17/Jul/2025:15:44:20 -0400] "POST /wp-cron.php?doing_wp_cron=1752781460.3897900581359863281250 HTTP/1.1" 200 0 "-" "WordPress/6.8.2; https://hypekndy.com"
185.177.72.115 - - [17/Jul/2025:15:44:16 -0400] "GET /i.php HTTP/1.1" 404 14096 "-" "Mozilla/5.0 (Windows NT 10.0; Win64; x64) AppleWebKit/537.36 (KHTML, like Gecko) Chrome/91.0.4472.124 Safari/537.36"
185.177.72.115 - - [17/Jul/2025:15:44:22 -0400] "GET /.git/refs/heads/ HTTP/1.1" 403 1242 "-" "Mozilla/5.0 (Windows NT 10.0; Win64; x64) AppleWebKit/537.36 (KHTML, like Gecko) Chrome/91.0.4472.124 Safari/537.36"
185.177.72.115 - - [17/Jul/2025:15:44:22 -0400] "GET /app/.env HTTP/1.1" 403 1242 "-" "Mozilla/5.0 (Windows NT 10.0; Win64; x64) AppleWebKit/537.36 (KHTML, like Gecko) Chrome/91.0.4472.124 Safari/537.36"
185.177.72.115 - - [17/Jul/2025:15:44:22 -0400] "GET /.git/hooks/pre-push HTTP/1.1" 403 1242 "-" "Mozilla/5.0 (Windows NT 10.0; Win64; x64) AppleWebKit/537.36 (KHTML, like Gecko) Chrome/91.0.4472.124 Safari/537.36"
185.177.72.115 - - [17/Jul/2025:15:44:22 -0400] "GET /node/.env_example HTTP/1.1" 403 1242 "-" "Mozilla/5.0 (Windows NT 10.0; Win64; x64) AppleWebKit/537.36 (KHTML, like Gecko) Chrome/91.0.4472.124 Safari/537.36"
185.177.72.115 - - [17/Jul/2025:15:44:22 -0400] "GET /backup/.env HTTP/1.1" 403 1242 "-" "Mozilla/5.0 (Windows NT 10.0; Win64; x64) AppleWebKit/537.36 (KHTML, like Gecko) Chrome/91.0.4472.124 Safari/537.36"
185.177.72.115 - - [17/Jul/2025:15:44:25 -0400] "GET /babel-plugin-dotenv/test/fixtures/default/.env HTTP/1.1" 403 1242 "-" "Mozilla/5.0 (Windows NT 10.0; Win64; x64) AppleWebKit/537.36 (KHTML, like Gecko) Chrome/91.0.4472.124 Safari/537.36"
185.177.72.115 - - [17/Jul/2025:15:44:25 -0400] "GET /kyc/.env HTTP/1.1" 403 1242 "-" "Mozilla/5.0 (Windows NT 10.0; Win64; x64) AppleWebKit/537.36 (KHTML, like Gecko) Chrome/91.0.4472.124 Safari/537.36"
185.177.72.115 - - [17/Jul/2025:15:44:28 -0400] "GET //help/info.php HTTP/1.1" 200 0 "-" "Mozilla/5.0 (Windows NT 10.0; Win64; x64) AppleWebKit/537.36 (KHTML, like Gecko) Chrome/91.0.4472.124 Safari/537.36"
63.250.38.117 - - [17/Jul/2025:15:44:35 -0400] "POST /wp-cron.php?doing_wp_cron=1752781474.7805860042572021484375 HTTP/1.1" 200 0 "-" "WordPress/6.8.2; https://hypekndy.com"
185.177.72.115 - - [17/Jul/2025:15:44:37 -0400] "GET /.env~ HTTP/1.1" 403 1242 "-" "Mozilla/5.0 (Windows NT 10.0; Win64; x64) AppleWebKit/537.36 (KHTML, like Gecko) Chrome/91.0.4472.124 Safari/537.36"
185.177.72.115 - - [17/Jul/2025:15:44:37 -0400] "GET /temanr9/.env HTTP/1.1" 403 1242 "-" "Mozilla/5.0 (Windows NT 10.0; Win64; x64) AppleWebKit/537.36 (KHTML, like Gecko) Chrome/91.0.4472.124 Safari/537.36"
185.177.72.115 - - [17/Jul/2025:15:44:37 -0400] "GET /p.php HTTP/1.1" 200 0 "-" "Mozilla/5.0 (Windows NT 10.0; Win64; x64) AppleWebKit/537.36 (KHTML, like Gecko) Chrome/91.0.4472.124 Safari/537.36"
185.177.72.115 - - [17/Jul/2025:15:44:45 -0400] "GET /.git/refs/remotes/ HTTP/1.1" 403 1242 "-" "Mozilla/5.0 (Windows NT 10.0; Win64; x64) AppleWebKit/537.36 (KHTML, like Gecko) Chrome/91.0.4472.124 Safari/537.36"
185.177.72.115 - - [17/Jul/2025:15:44:45 -0400] "GET /qa/.env HTTP/1.1" 403 1242 "-" "Mozilla/5.0 (Windows NT 10.0; Win64; x64) AppleWebKit/537.36 (KHTML, like Gecko) Chrome/91.0.4472.124 Safari/537.36"
185.177.72.115 - - [17/Jul/2025:15:44:45 -0400] "GET /product/.env HTTP/1.1" 403 1242 "-" "Mozilla/5.0 (Windows NT 10.0; Win64; x64) AppleWebKit/537.36 (KHTML, like Gecko) Chrome/91.0.4472.124 Safari/537.36"
185.177.72.115 - - [17/Jul/2025:15:44:47 -0400] "GET /examples/with-dotenv/.env HTTP/1.1" 403 1242 "-" "Mozilla/5.0 (Windows NT 10.0; Win64; x64) AppleWebKit/537.36 (KHTML, like Gecko) Chrome/91.0.4472.124 Safari/537.36"
63.250.38.117 - - [17/Jul/2025:15:44:50 -0400] "POST /wp-cron.php?doing_wp_cron=1752781490.6792089939117431640625 HTTP/1.1" 200 0 "-" "WordPress/6.8.2; https://hypekndy.com"
185.177.72.115 - - [17/Jul/2025:15:44:47 -0400] "GET /admin/config HTTP/1.1" 404 14103 "-" "Mozilla/5.0 (Windows NT 10.0; Win64; x64) AppleWebKit/537.36 (KHTML, like Gecko) Chrome/91.0.4472.124 Safari/537.36"
185.177.72.115 - - [17/Jul/2025:15:44:52 -0400] "GET /ftpmaster/.env HTTP/1.1" 403 1242 "-" "Mozilla/5.0 (Windows NT 10.0; Win64; x64) AppleWebKit/537.36 (KHTML, like Gecko) Chrome/91.0.4472.124 Safari/537.36"
185.177.72.115 - - [17/Jul/2025:15:44:53 -0400] "GET /project/.env HTTP/1.1" 403 1242 "-" "Mozilla/5.0 (Windows NT 10.0; Win64; x64) AppleWebKit/537.36 (KHTML, like Gecko) Chrome/91.0.4472.124 Safari/537.36"
185.177.72.115 - - [17/Jul/2025:15:44:53 -0400] "GET /auth/bigquery HTTP/1.1" 404 14084 "-" "Mozilla/5.0 (Windows NT 10.0; Win64; x64) AppleWebKit/537.36 (KHTML, like Gecko) Chrome/91.0.4472.124 Safari/537.36"
185.177.72.115 - - [17/Jul/2025:15:44:58 -0400] "GET /test4.php HTTP/1.1" 404 14095 "-" "Mozilla/5.0 (Windows NT 10.0; Win64; x64) AppleWebKit/537.36 (KHTML, like Gecko) Chrome/91.0.4472.124 Safari/537.36"
185.177.72.115 - - [17/Jul/2025:15:45:08 -0400] "GET /public_html/.env HTTP/1.1" 403 1242 "-" "Mozilla/5.0 (Windows NT 10.0; Win64; x64) AppleWebKit/537.36 (KHTML, like Gecko) Chrome/91.0.4472.124 Safari/537.36"
63.250.38.117 - - [17/Jul/2025:15:45:16 -0400] "POST /wp-cron.php?doing_wp_cron=1752781515.9719769954681396484375 HTTP/1.1" 200 0 "-" "WordPress/6.8.2; https://hypekndy.com"
185.177.72.115 - - [17/Jul/2025:15:45:11 -0400] "GET /phpinfo3.php HTTP/1.1" 200 0 "-" "Mozilla/5.0 (Windows NT 10.0; Win64; x64) AppleWebKit/537.36 (KHTML, like Gecko) Chrome/91.0.4472.124 Safari/537.36"
185.177.72.115 - - [17/Jul/2025:15:45:19 -0400] "GET /.git/hooks/pre-commit HTTP/1.1" 403 1242 "-" "Mozilla/5.0 (Windows NT 10.0; Win64; x64) AppleWebKit/537.36 (KHTML, like Gecko) Chrome/91.0.4472.124 Safari/537.36"
185.177.72.115 - - [17/Jul/2025:15:45:19 -0400] "GET /.git/HEAD HTTP/1.1" 403 1242 "-" "Mozilla/5.0 (Windows NT 10.0; Win64; x64) AppleWebKit/537.36 (KHTML, like Gecko) Chrome/91.0.4472.124 Safari/537.36"
185.177.72.115 - - [17/Jul/2025:15:45:19 -0400] "GET /films/.env HTTP/1.1" 403 1242 "-" "Mozilla/5.0 (Windows NT 10.0; Win64; x64) AppleWebKit/537.36 (KHTML, like Gecko) Chrome/91.0.4472.124 Safari/537.36"
185.177.72.115 - - [17/Jul/2025:15:45:19 -0400] "GET /api/shared/config/config.env HTTP/1.1" 404 14099 "-" "Mozilla/5.0 (Windows NT 10.0; Win64; x64) AppleWebKit/537.36 (KHTML, like Gecko) Chrome/91.0.4472.124 Safari/537.36"
185.177.72.115 - - [17/Jul/2025:15:45:25 -0400] "GET /.env.save HTTP/1.1" 403 1242 "-" "Mozilla/5.0 (Windows NT 10.0; Win64; x64) AppleWebKit/537.36 (KHTML, like Gecko) Chrome/91.0.4472.124 Safari/537.36"
63.250.38.117 - - [17/Jul/2025:15:45:28 -0400] "POST /wp-cron.php?doing_wp_cron=1752781528.6835620403289794921875 HTTP/1.1" 200 0 "-" "WordPress/6.8.2; https://hypekndy.com"
185.177.72.115 - - [17/Jul/2025:15:45:25 -0400] "GET /wp-config.sublime-project HTTP/1.1" 404 14103 "-" "Mozilla/5.0 (Windows NT 10.0; Win64; x64) AppleWebKit/537.36 (KHTML, like Gecko) Chrome/91.0.4472.124 Safari/537.36"
185.177.72.115 - - [17/Jul/2025:15:45:33 -0400] "GET /wp-config.backup HTTP/1.1" 200 0 "-" "Mozilla/5.0 (Windows NT 10.0; Win64; x64) AppleWebKit/537.36 (KHTML, like Gecko) Chrome/91.0.4472.124 Safari/537.36"
185.177.72.115 - - [17/Jul/2025:15:45:41 -0400] "GET /src/.env HTTP/1.1" 403 1242 "-" "Mozilla/5.0 (Windows NT 10.0; Win64; x64) AppleWebKit/537.36 (KHTML, like Gecko) Chrome/91.0.4472.124 Safari/537.36"
63.250.38.117 - - [17/Jul/2025:15:45:46 -0400] "POST /wp-cron.php?doing_wp_cron=1752781546.2800109386444091796875 HTTP/1.1" 200 0 "-" "WordPress/6.8.2; https://hypekndy.com"
185.177.72.115 - - [17/Jul/2025:15:45:41 -0400] "GET /linusadmin-phpinfo.php HTTP/1.1" 200 0 "-" "Mozilla/5.0 (Windows NT 10.0; Win64; x64) AppleWebKit/537.36 (KHTML, like Gecko) Chrome/91.0.4472.124 Safari/537.36"
104.250.128.234 - - [17/Jul/2025:15:45:39 -0400] "GET /xmlrpc.php HTTP/1.1" 405 46 "http://hypekndy.com" "Mozilla/5.0 (Macintosh; Intel Mac OS X 13_3) AppleWebKit/537.36 (KHTML, like Gecko) Chrome/126.0.0.0 Safari/537.36 Edg/126.0.0.0"
185.177.72.115 - - [17/Jul/2025:15:45:49 -0400] "GET /lara/info.php HTTP/1.1" 200 0 "-" "Mozilla/5.0 (Windows NT 10.0; Win64; x64) AppleWebKit/537.36 (KHTML, like Gecko) Chrome/91.0.4472.124 Safari/537.36"
185.177.72.115 - - [17/Jul/2025:15:45:58 -0400] "GET /.env.dev HTTP/1.1" 403 1242 "-" "Mozilla/5.0 (Windows NT 10.0; Win64; x64) AppleWebKit/537.36 (KHTML, like Gecko) Chrome/91.0.4472.124 Safari/537.36"
185.177.72.115 - - [17/Jul/2025:15:45:58 -0400] "GET /info HTTP/1.1" 404 14113 "-" "Mozilla/5.0 (Windows NT 10.0; Win64; x64) AppleWebKit/537.36 (KHTML, like Gecko) Chrome/91.0.4472.124 Safari/537.36"
185.177.72.115 - - [17/Jul/2025:15:46:03 -0400] "GET /lab/.env HTTP/1.1" 403 1242 "-" "Mozilla/5.0 (Windows NT 10.0; Win64; x64) AppleWebKit/537.36 (KHTML, like Gecko) Chrome/91.0.4472.124 Safari/537.36"
185.177.72.115 - - [17/Jul/2025:15:46:04 -0400] "GET /prod/.env HTTP/1.1" 403 1242 "-" "Mozilla/5.0 (Windows NT 10.0; Win64; x64) AppleWebKit/537.36 (KHTML, like Gecko) Chrome/91.0.4472.124 Safari/537.36"
185.177.72.115 - - [17/Jul/2025:15:46:04 -0400] "GET /django_project_path/.env HTTP/1.1" 403 1242 "-" "Mozilla/5.0 (Windows NT 10.0; Win64; x64) AppleWebKit/537.36 (KHTML, like Gecko) Chrome/91.0.4472.124 Safari/537.36"
63.250.38.117 - - [17/Jul/2025:15:46:06 -0400] "POST /wp-cron.php?doing_wp_cron=1752781566.6026380062103271484375 HTTP/1.1" 200 0 "-" "WordPress/6.8.2; https://hypekndy.com"
185.177.72.115 - - [17/Jul/2025:15:46:04 -0400] "GET /wp-config.cust HTTP/1.1" 404 14079 "-" "Mozilla/5.0 (Windows NT 10.0; Win64; x64) AppleWebKit/537.36 (KHTML, like Gecko) Chrome/91.0.4472.124 Safari/537.36"
185.177.72.115 - - [17/Jul/2025:15:46:08 -0400] "GET /mail/.env HTTP/1.1" 403 1242 "-" "Mozilla/5.0 (Windows NT 10.0; Win64; x64) AppleWebKit/537.36 (KHTML, like Gecko) Chrome/91.0.4472.124 Safari/537.36"
185.177.72.115 - - [17/Jul/2025:15:46:10 -0400] "GET /user/.env.staging HTTP/1.1" 403 1242 "-" "Mozilla/5.0 (Windows NT 10.0; Win64; x64) AppleWebKit/537.36 (KHTML, like Gecko) Chrome/91.0.4472.124 Safari/537.36"
185.177.72.115 - - [17/Jul/2025:15:46:11 -0400] "GET /lara/phpinfo.php HTTP/1.1" 404 14076 "-" "Mozilla/5.0 (Windows NT 10.0; Win64; x64) AppleWebKit/537.36 (KHTML, like Gecko) Chrome/91.0.4472.124 Safari/537.36"
63.250.38.117 - - [17/Jul/2025:15:46:16 -0400] "POST /wp-cron.php?doing_wp_cron=1752781575.9968171119689941406250 HTTP/1.1" 200 0 "-" "WordPress/6.8.2; https://hypekndy.com"
185.177.72.115 - - [17/Jul/2025:15:46:14 -0400] "GET /index.html HTTP/1.1" 404 14097 "-" "Mozilla/5.0 (Windows NT 10.0; Win64; x64) AppleWebKit/537.36 (KHTML, like Gecko) Chrome/91.0.4472.124 Safari/537.36"
185.177.72.115 - - [17/Jul/2025:15:46:16 -0400] "GET /docker-node-mongo-redis/.env HTTP/1.1" 403 1242 "-" "Mozilla/5.0 (Windows NT 10.0; Win64; x64) AppleWebKit/537.36 (KHTML, like Gecko) Chrome/91.0.4472.124 Safari/537.36"
185.177.72.115 - - [17/Jul/2025:15:46:20 -0400] "GET /frontend/.env HTTP/1.1" 403 1242 "-" "Mozilla/5.0 (Windows NT 10.0; Win64; x64) AppleWebKit/537.36 (KHTML, like Gecko) Chrome/91.0.4472.124 Safari/537.36"
185.177.72.115 - - [17/Jul/2025:15:46:20 -0400] "GET /production/.env HTTP/1.1" 403 1242 "-" "Mozilla/5.0 (Windows NT 10.0; Win64; x64) AppleWebKit/537.36 (KHTML, like Gecko) Chrome/91.0.4472.124 Safari/537.36"
185.177.72.115 - - [17/Jul/2025:15:46:23 -0400] "GET /blog/.env HTTP/1.1" 403 1242 "-" "Mozilla/5.0 (Windows NT 10.0; Win64; x64) AppleWebKit/537.36 (KHTML, like Gecko) Chrome/91.0.4472.124 Safari/537.36"
63.250.38.117 - - [17/Jul/2025:15:46:24 -0400] "POST /wp-cron.php?doing_wp_cron=1752781584.6802029609680175781250 HTTP/1.1" 200 0 "-" "WordPress/6.8.2; https://hypekndy.com"
185.177.72.115 - - [17/Jul/2025:15:46:23 -0400] "GET /info2.php HTTP/1.1" 404 14095 "-" "Mozilla/5.0 (Windows NT 10.0; Win64; x64) AppleWebKit/537.36 (KHTML, like Gecko) Chrome/91.0.4472.124 Safari/537.36"
185.177.72.115 - - [17/Jul/2025:15:46:26 -0400] "GET /en/.env HTTP/1.1" 403 1242 "-" "Mozilla/5.0 (Windows NT 10.0; Win64; x64) AppleWebKit/537.36 (KHTML, like Gecko) Chrome/91.0.4472.124 Safari/537.36"
185.177.72.115 - - [17/Jul/2025:15:46:26 -0400] "GET /system/.env HTTP/1.1" 403 1242 "-" "Mozilla/5.0 (Windows NT 10.0; Win64; x64) AppleWebKit/537.36 (KHTML, like Gecko) Chrome/91.0.4472.124 Safari/537.36"
185.177.72.115 - - [17/Jul/2025:15:46:26 -0400] "GET /.git/FETCH_HEAD HTTP/1.1" 403 1242 "-" "Mozilla/5.0 (Windows NT 10.0; Win64; x64) AppleWebKit/537.36 (KHTML, like Gecko) Chrome/91.0.4472.124 Safari/537.36"
185.177.72.115 - - [17/Jul/2025:15:46:27 -0400] "GET /dodoswap-client/.env HTTP/1.1" 403 1242 "-" "Mozilla/5.0 (Windows NT 10.0; Win64; x64) AppleWebKit/537.36 (KHTML, like Gecko) Chrome/91.0.4472.124 Safari/537.36"
185.177.72.115 - - [17/Jul/2025:15:46:27 -0400] "GET /icon/.env HTTP/1.1" 403 1242 "-" "Mozilla/5.0 (Windows NT 10.0; Win64; x64) AppleWebKit/537.36 (KHTML, like Gecko) Chrome/91.0.4472.124 Safari/537.36"
185.177.72.115 - - [17/Jul/2025:15:46:27 -0400] "GET /home/.env HTTP/1.1" 403 1242 "-" "Mozilla/5.0 (Windows NT 10.0; Win64; x64) AppleWebKit/537.36 (KHTML, like Gecko) Chrome/91.0.4472.124 Safari/537.36"
185.177.72.115 - - [17/Jul/2025:15:46:27 -0400] "GET /.circleci/configs/development.yml HTTP/1.1" 200 0 "-" "Mozilla/5.0 (Windows NT 10.0; Win64; x64) AppleWebKit/537.36 (KHTML, like Gecko) Chrome/91.0.4472.124 Safari/537.36"
63.250.38.117 - - [17/Jul/2025:15:46:40 -0400] "POST /wp-cron.php?doing_wp_cron=1752781600.7741100788116455078125 HTTP/1.1" 200 0 "-" "WordPress/6.8.2; https://hypekndy.com"
185.177.72.115 - - [17/Jul/2025:15:46:38 -0400] "GET //helper/phpinfo.php HTTP/1.1" 301 0 "-" "Mozilla/5.0 (Windows NT 10.0; Win64; x64) AppleWebKit/537.36 (KHTML, like Gecko) Chrome/91.0.4472.124 Safari/537.36"
185.177.72.115 - - [17/Jul/2025:15:46:41 -0400] "GET /helper/phpinfo.php HTTP/1.1" 404 14111 "-" "Mozilla/5.0 (Windows NT 10.0; Win64; x64) AppleWebKit/537.36 (KHTML, like Gecko) Chrome/91.0.4472.124 Safari/537.36"
185.177.72.115 - - [17/Jul/2025:15:46:46 -0400] "GET /beta/.env HTTP/1.1" 403 1242 "-" "Mozilla/5.0 (Windows NT 10.0; Win64; x64) AppleWebKit/537.36 (KHTML, like Gecko) Chrome/91.0.4472.124 Safari/537.36"
185.177.72.115 - - [17/Jul/2025:15:46:46 -0400] "GET /index.php HTTP/1.1" 301 0 "-" "Mozilla/5.0 (Windows NT 10.0; Win64; x64) AppleWebKit/537.36 (KHTML, like Gecko) Chrome/91.0.4472.124 Safari/537.36"
185.177.72.115 - - [17/Jul/2025:15:46:48 -0400] "GET / HTTP/1.1" 200 35115 "-" "Mozilla/5.0 (Windows NT 10.0; Win64; x64) AppleWebKit/537.36 (KHTML, like Gecko) Chrome/91.0.4472.124 Safari/537.36"
185.177.72.115 - - [17/Jul/2025:15:46:48 -0400] "GET /tests/default_settings/v11.0/.env HTTP/1.1" 403 1242 "-" "Mozilla/5.0 (Windows NT 10.0; Win64; x64) AppleWebKit/537.36 (KHTML, like Gecko) Chrome/91.0.4472.124 Safari/537.36"
185.177.72.115 - - [17/Jul/2025:15:46:48 -0400] "GET /test/bdd/fixtures/couchdb/.env HTTP/1.1" 403 1242 "-" "Mozilla/5.0 (Windows NT 10.0; Win64; x64) AppleWebKit/537.36 (KHTML, like Gecko) Chrome/91.0.4472.124 Safari/537.36"
185.177.72.115 - - [17/Jul/2025:15:46:48 -0400] "GET /content/.env HTTP/1.1" 403 1242 "-" "Mozilla/5.0 (Windows NT 10.0; Win64; x64) AppleWebKit/537.36 (KHTML, like Gecko) Chrome/91.0.4472.124 Safari/537.36"
185.177.72.115 - - [17/Jul/2025:15:46:49 -0400] "GET /main/.env HTTP/1.1" 403 1242 "-" "Mozilla/5.0 (Windows NT 10.0; Win64; x64) AppleWebKit/537.36 (KHTML, like Gecko) Chrome/91.0.4472.124 Safari/537.36"
185.177.72.115 - - [17/Jul/2025:15:46:49 -0400] "GET /libs/.env HTTP/1.1" 403 1242 "-" "Mozilla/5.0 (Windows NT 10.0; Win64; x64) AppleWebKit/537.36 (KHTML, like Gecko) Chrome/91.0.4472.124 Safari/537.36"
185.177.72.115 - - [17/Jul/2025:15:46:49 -0400] "GET /.git/refs/stash HTTP/1.1" 403 1242 "-" "Mozilla/5.0 (Windows NT 10.0; Win64; x64) AppleWebKit/537.36 (KHTML, like Gecko) Chrome/91.0.4472.124 Safari/537.36"
185.177.72.115 - - [17/Jul/2025:15:46:53 -0400] "GET /images/.env HTTP/1.1" 403 1242 "-" "Mozilla/5.0 (Windows NT 10.0; Win64; x64) AppleWebKit/537.36 (KHTML, like Gecko) Chrome/91.0.4472.124 Safari/537.36"
63.250.38.117 - - [17/Jul/2025:15:46:58 -0400] "POST /wp-cron.php?doing_wp_cron=1752781618.2857010364532470703125 HTTP/1.1" 200 0 "-" "WordPress/6.8.2; https://hypekndy.com"
185.177.72.115 - - [17/Jul/2025:15:46:53 -0400] "GET /bin HTTP/1.1" 200 0 "-" "Mozilla/5.0 (Windows NT 10.0; Win64; x64) AppleWebKit/537.36 (KHTML, like Gecko) Chrome/91.0.4472.124 Safari/537.36"
202.4.60.52 - - [17/Jul/2025:15:51:34 -0400] "GET /wp-login.php HTTP/1.1" 200 0 "http://hypekndy.com/wp-login.php" "Mozilla/5.0 (Windows NT 10.0; Win64; x64; rv:137.0) Gecko/20100101 Firefox/137.0"
202.4.60.52 - - [17/Jul/2025:15:51:45 -0400] "GET /wp-login.php HTTP/1.1" 200 0 "http://www.hypekndy.com/wp-login.php" "Mozilla/5.0 (Windows NT 10.0; Win64; x64; rv:137.0) Gecko/20100101 Firefox/137.0"
