202.4.60.52 - - [17/Jul/2025:15:51:52 -0400] "GET /wp-login.php HTTP/1.1" 301 0 "http://www.hypekndy.com/wp-login.php" "Mozilla/5.0 (Windows NT 10.0; Win64; x64; rv:137.0) Gecko/20100101 Firefox/137.0"
63.250.38.117 - - [17/Jul/2025:15:52:00 -0400] "POST /wp-cron.php?doing_wp_cron=1752781919.7984158992767333984375 HTTP/1.1" 200 0 "-" "WordPress/6.8.2; https://hypekndy.com"
202.4.60.52 - - [17/Jul/2025:15:52:00 -0400] "GET /wp-login.php HTTP/1.1" 301 0 "http://www.hypekndy.com/wp-login.php" "Mozilla/5.0 (Windows NT 10.0; Win64; x64; rv:137.0) Gecko/20100101 Firefox/137.0"
202.4.60.52 - - [17/Jul/2025:15:52:05 -0400] "GET /wp-login.php HTTP/1.1" 200 2157 "https://www.hypekndy.com/wp-login.php" "Mozilla/5.0 (Windows NT 10.0; Win64; x64; rv:137.0) Gecko/20100101 Firefox/137.0"
202.4.60.52 - - [17/Jul/2025:15:52:07 -0400] "GET /wp-json/wp/v2/users HTTP/1.1" 200 726 "https://www.hypekndy.com/wp-login.php" "Mozilla/5.0 (Windows NT 10.0; Win64; x64; rv:137.0) Gecko/20100101 Firefox/137.0"
202.4.60.52 - - [17/Jul/2025:15:52:09 -0400] "POST /wp-login.php HTTP/1.1" 200 2275 "https://hypekndy.com/wp-login.php?redirect_to=https%3A%2F%2Fhypekndy.com%2Fwp-admin%2F" "Mozilla/5.0 (Windows NT 10.0; Win64; x64; rv:137.0) Gecko/20100101 Firefox/137.0"
63.250.38.117 - - [17/Jul/2025:15:52:16 -0400] "POST /wp-cron.php?doing_wp_cron=1752781936.4712240695953369140625 HTTP/1.1" 200 0 "-" "WordPress/6.8.2; https://hypekndy.com"
202.4.60.52 - - [17/Jul/2025:15:52:13 -0400] "POST /wp-login.php HTTP/1.1" 200 2304 "https://hypekndy.com/wp-login.php?redirect_to=https%3A%2F%2Fhypekndy.com%2Fwp-admin%2F" "Mozilla/5.0 (Windows NT 10.0; Win64; x64; rv:137.0) Gecko/20100101 Firefox/137.0"
5.101.157.127 - - [17/Jul/2025:15:52:41 -0400] "GET /xmlrpc.php HTTP/1.1" 200 0 "http://hypekndy.com" "Mozilla/5.0 (Windows NT 10.0; Win64; x64; rv:125.0.1) Gecko/20100101 Firefox/125.0.1"
63.250.38.117 - - [17/Jul/2025:15:52:45 -0400] "POST /wp-cron.php?doing_wp_cron=1752781965.2915949821472167968750 HTTP/1.1" 200 0 "-" "WordPress/6.8.2; https://hypekndy.com"
107.150.40.170 - - [17/Jul/2025:15:52:56 -0400] "GET /wp-login.php HTTP/1.1" 200 2159 "-" "Mozilla/5.0 (compatible; MSIE 9.0; Windows NT 6.1; Trident/5.0)"
63.250.38.117 - - [17/Jul/2025:15:53:08 -0400] "POST /wp-cron.php?doing_wp_cron=1752781987.7911291122436523437500 HTTP/1.1" 200 0 "-" "WordPress/6.8.2; https://hypekndy.com"
107.150.40.170 - - [17/Jul/2025:15:53:01 -0400] "POST /xmlrpc.php HTTP/1.1" 200 186 "-" "XML-RPC.NET"
2a06:98c0:3600::103 - - [17/Jul/2025:15:54:50 -0400] "GET /83229271.phtml HTTP/1.1" 301 0 "-" "Mozilla/5.0 (Linux; Android 6.0.1; Nexus 5X Build/MMB29P) AppleWebKit/537.36 (KHTML, like Gecko) Chrome/137.0.7151.103 Mobile Safari/537.36 (compatible; Googlebot/2.1; +http://www.google.com/bot.html)"
66.249.79.173 - - [17/Jul/2025:15:55:02 -0400] "GET /83229271.phtml HTTP/1.1" 301 0 "-" "Mozilla/5.0 (Linux; Android 6.0.1; Nexus 5X Build/MMB29P) AppleWebKit/537.36 (KHTML, like Gecko) Chrome/137.0.7151.103 Mobile Safari/537.36 (compatible; Googlebot/2.1; +http://www.google.com/bot.html)"
63.250.38.117 - - [17/Jul/2025:15:55:08 -0400] "POST /wp-cron.php?doing_wp_cron=1752782108.2946290969848632812500 HTTP/1.1" 200 0 "-" "WordPress/6.8.2; https://hypekndy.com"
2a06:98c0:3600::103 - - [17/Jul/2025:15:55:05 -0400] "GET /83229271.phtml HTTP/1.1" 404 14084 "-" "Mozilla/5.0 (Linux; Android 6.0.1; Nexus 5X Build/MMB29P) AppleWebKit/537.36 (KHTML, like Gecko) Chrome/137.0.7151.103 Mobile Safari/537.36 (compatible; Googlebot/2.1; +http://www.google.com/bot.html)"
66.249.79.137 - - [17/Jul/2025:15:55:10 -0400] "GET /83229271.phtml HTTP/1.1" 404 14081 "-" "Mozilla/5.0 (Linux; Android 6.0.1; Nexus 5X Build/MMB29P) AppleWebKit/537.36 (KHTML, like Gecko) Chrome/137.0.7151.103 Mobile Safari/537.36 (compatible; Googlebot/2.1; +http://www.google.com/bot.html)"
2001:1bb0:e000:1e::387 - - [17/Jul/2025:16:00:10 -0400] "GET /xmlrpc.php HTTP/1.1" 200 0 "http://hypekndy.com" "Mozilla/5.0 (Macintosh; Intel Mac OS X 14_6) AppleWebKit/605.1.15 (KHTML, like Gecko) Version/17.5 Safari/605.1.15"
63.250.38.117 - - [17/Jul/2025:16:00:30 -0400] "POST /wp-cron.php?doing_wp_cron=1752782430.6790781021118164062500 HTTP/1.1" 200 0 "-" "WordPress/6.8.2; https://hypekndy.com"
63.250.38.117 - - [17/Jul/2025:16:01:07 -0400] "POST /wp-cron.php?doing_wp_cron=1752782466.6723830699920654296875 HTTP/1.1" 200 0 "-" "WordPress/6.8.2; https://hypekndy.com"
38.242.134.33 - - [17/Jul/2025:16:01:02 -0400] "GET /xmlrpc.php HTTP/1.1" 405 46 "http://hypekndy.com/xmlrpc.php" "Mozilla/5.0 (X11; Ubuntu; Linux x86_64; rv:85.0) Gecko/20100101 Firefox/91.0"
51.68.107.154 - - [17/Jul/2025:16:04:07 -0400] "GET /robots.txt HTTP/1.1" 304 0 "-" "Mozilla/5.0 (compatible; MJ12bot/v2.0.2; http://mj12bot.com/)"
75.119.144.123 - - [17/Jul/2025:16:07:25 -0400] "GET /xmlrpc.php HTTP/1.1" 200 0 "http://hypekndy.com" "Mozilla/5.0 (Windows NT 10.0; Win64; x64; rv:126.0) Gecko/20100101 Firefox/126.0"
63.250.38.117 - - [17/Jul/2025:16:07:59 -0400] "POST /wp-cron.php?doing_wp_cron=1752782879.1792500019073486328125 HTTP/1.1" 200 0 "-" "WordPress/6.8.2; https://hypekndy.com"
51.68.107.154 - - [17/Jul/2025:16:09:51 -0400] "GET / HTTP/1.1" 200 35115 "-" "Mozilla/5.0 (compatible; MJ12bot/v2.0.2; http://mj12bot.com/)"
89.235.79.29 - - [17/Jul/2025:16:14:39 -0400] "GET /xmlrpc.php HTTP/1.1" 200 0 "http://hypekndy.com" "Mozilla/5.0 (Windows NT 10.0; Win64; x64) AppleWebKit/537.36 (KHTML, like Gecko) Chrome/112.0.5615.138 Safari/537.36"
63.250.38.117 - - [17/Jul/2025:16:14:53 -0400] "POST /wp-cron.php?doing_wp_cron=1752783293.0781149864196777343750 HTTP/1.1" 200 0 "-" "WordPress/6.8.2; https://hypekndy.com"
51.68.111.238 - - [17/Jul/2025:16:18:43 -0400] "GET /robots.txt HTTP/1.1" 200 91 "-" "Mozilla/5.0 (compatible; MJ12bot/v2.0.2; http://mj12bot.com/)"
51.68.111.238 - - [17/Jul/2025:16:18:43 -0400] "GET / HTTP/1.1" 200 0 "-" "Mozilla/5.0 (compatible; MJ12bot/v2.0.2; http://mj12bot.com/)"
63.250.38.117 - - [17/Jul/2025:16:21:45 -0400] "POST /wp-cron.php?doing_wp_cron=1752783705.6798980236053466796875 HTTP/1.1" 200 0 "-" "WordPress/6.8.2; https://hypekndy.com"
2604:a880:400:d1:0:1:1e9a:d001 - - [17/Jul/2025:16:21:38 -0400] "GET /xmlrpc.php HTTP/1.1" 405 46 "http://hypekndy.com/xmlrpc.php" "Mozilla/5.0 (X11; Ubuntu; Linux x86_64; rv:85.0) Gecko/20100101 Firefox/91.0"
63.250.38.117 - - [17/Jul/2025:16:27:07 -0400] "POST /wp-cron.php?doing_wp_cron=1752784026.9207580089569091796875 HTTP/1.1" 200 0 "-" "WordPress/6.8.2; https://hypekndy.com"
66.249.79.128 - - [17/Jul/2025:16:26:56 -0400] "GET /sitemap-7.xml HTTP/1.1" 404 14109 "-" "Mozilla/5.0 (compatible; Googlebot/2.1; +http://www.google.com/bot.html)"
63.250.38.117 - - [17/Jul/2025:16:27:58 -0400] "POST /wp-cron.php?doing_wp_cron=1752784078.2503440380096435546875 HTTP/1.1" 200 0 "-" "WordPress/6.8.2; https://hypekndy.com"
185.238.75.243 - - [17/Jul/2025:16:27:57 -0400] "GET /xmlrpc.php HTTP/1.1" 405 46 "http://hypekndy.com" "Mozilla/5.0 (Macintosh; Intel Mac OS X 14.5) AppleWebKit/618.3.5 (KHTML, like Gecko) Version/17.4 Safari/618.3.5"
14.160.24.238 - - [17/Jul/2025:16:34:23 -0400] "GET /xmlrpc.php HTTP/1.1" 200 0 "http://hypekndy.com" "Mozilla/5.0 (Windows NT 10.0; Win64; x64) AppleWebKit/537.36 (KHTML, like Gecko) Chrome/116.0.5845.96 Safari/537.36"
63.250.38.117 - - [17/Jul/2025:16:34:35 -0400] "POST /wp-cron.php?doing_wp_cron=1752784475.5160880088806152343750 HTTP/1.1" 200 0 "-" "WordPress/6.8.2; https://hypekndy.com"
35.238.203.213 - - [17/Jul/2025:16:41:02 -0400] "GET /xmlrpc.php HTTP/1.1" 200 0 "http://hypekndy.com" "Mozilla/5.0 (Windows NT 11.0; Win64; x64) AppleWebKit/537.36 (KHTML, like Gecko) Chrome/126.0.0.0 Safari/537.36 Edg/126.0.0.0"
63.250.38.117 - - [17/Jul/2025:16:41:57 -0400] "POST /wp-cron.php?doing_wp_cron=1752784916.4942851066589355468750 HTTP/1.1" 200 0 "-" "WordPress/6.8.2; https://hypekndy.com"
63.250.38.117 - - [17/Jul/2025:16:44:26 -0400] "POST /wp-cron.php?doing_wp_cron=1752785066.7720088958740234375000 HTTP/1.1" 200 0 "-" "WordPress/6.8.2; https://hypekndy.com"
165.232.187.16 - - [17/Jul/2025:16:44:13 -0400] "GET /xmlrpc.php HTTP/1.1" 405 46 "http://hypekndy.com/xmlrpc.php" "Mozilla/5.0 (X11; Ubuntu; Linux x86_64; rv:85.0) Gecko/20100101 Firefox/91.0"
94.191.43.82 - - [17/Jul/2025:16:50:40 -0400] "GET / HTTP/1.1" 200 0 "http://www.hypekndy.com" "Mozilla/5.0 (iPhone; CPU iPhone OS 13_2_3 like Mac OS X) AppleWebKit/605.1.15 (KHTML, like Gecko) Version/13.0.3 Mobile/15E148 Safari/604.1"
202.4.60.52 - - [17/Jul/2025:16:51:22 -0400] "GET /wp-login.php HTTP/1.1" 200 0 "http://hypekndy.com/wp-login.php" "Mozilla/5.0 (Windows NT 10.0; Win64; x64; rv:137.0) Gecko/20100101 Firefox/137.0"
202.4.60.52 - - [17/Jul/2025:16:51:30 -0400] "GET /wp-login.php HTTP/1.1" 200 0 "http://www.hypekndy.com/wp-login.php" "Mozilla/5.0 (Windows NT 10.0; Win64; x64; rv:137.0) Gecko/20100101 Firefox/137.0"
202.4.60.52 - - [17/Jul/2025:16:51:37 -0400] "GET /wp-login.php HTTP/1.1" 200 0 "http://www.hypekndy.com/wp-login.php" "Mozilla/5.0 (Windows NT 10.0; Win64; x64; rv:137.0) Gecko/20100101 Firefox/137.0"
202.4.60.52 - - [17/Jul/2025:16:51:45 -0400] "GET /wp-login.php HTTP/1.1" 200 0 "http://www.hypekndy.com/wp-login.php" "Mozilla/5.0 (Windows NT 10.0; Win64; x64; rv:137.0) Gecko/20100101 Firefox/137.0"
2a03:2880:31ff:6:: - - [17/Jul/2025:17:02:50 -0400] "GET /?fbclid=IwZXh0bgNhZW0CMTEAAR4d6sBqznn3EQx3TNlslCFJ4y8LgeNm0DRz9gDVl9mavVq6DSr2f634J7wR3Q_aem_X3DJBN6wvs85HP6zkb3UUA HTTP/1.1" 200 35115 "-" "Mozilla/5.0 (Windows NT 10.0; Win64; x64) AppleWebKit/537.36 (KHTML, like Gecko) Chrome/138.0.0.0 Safari/537.36 Edg/138.0.0.0"
2a03:2880:31ff:6:: - - [17/Jul/2025:17:02:52 -0400] "GET /wp-content/themes/salient/css/fonts/icomoon.woff?v=1.4 HTTP/1.1" 200 21400 "https://hypekndy.com/?fbclid=IwZXh0bgNhZW0CMTEAAR4d6sBqznn3EQx3TNlslCFJ4y8LgeNm0DRz9gDVl9mavVq6DSr2f634J7wR3Q_aem_X3DJBN6wvs85HP6zkb3UUA" "Mozilla/5.0 (Windows NT 10.0; Win64; x64) AppleWebKit/537.36 (KHTML, like Gecko) Chrome/138.0.0.0 Safari/537.36 Edg/138.0.0.0"
2a03:2880:31ff:6:: - - [17/Jul/2025:17:02:52 -0400] "GET /wp-includes/css/dist/block-library/style.min.css?ver=6.2 HTTP/1.1" 200 14360 "https://hypekndy.com/?fbclid=IwZXh0bgNhZW0CMTEAAR4d6sBqznn3EQx3TNlslCFJ4y8LgeNm0DRz9gDVl9mavVq6DSr2f634J7wR3Q_aem_X3DJBN6wvs85HP6zkb3UUA" "Mozilla/5.0 (Windows NT 10.0; Win64; x64) AppleWebKit/537.36 (KHTML, like Gecko) Chrome/138.0.0.0 Safari/537.36 Edg/138.0.0.0"
2a03:2880:31ff:48:: - - [17/Jul/2025:17:02:54 -0400] "GET /wp-content/themes/salient/css/build/style.css?ver=15.0.8 HTTP/1.1" 200 28412 "https://hypekndy.com/?fbclid=IwZXh0bgNhZW0CMTEAAR4d6sBqznn3EQx3TNlslCFJ4y8LgeNm0DRz9gDVl9mavVq6DSr2f634J7wR3Q_aem_X3DJBN6wvs85HP6zkb3UUA" "Mozilla/5.0 (Windows NT 10.0; Win64; x64) AppleWebKit/537.36 (KHTML, like Gecko) Chrome/138.0.0.0 Safari/537.36 Edg/138.0.0.0"
2a03:2880:31ff:48:: - - [17/Jul/2025:17:02:54 -0400] "GET /wp-content/themes/salient/css/build/grid-system.css?ver=15.0.8 HTTP/1.1" 200 2515 "https://hypekndy.com/?fbclid=IwZXh0bgNhZW0CMTEAAR4d6sBqznn3EQx3TNlslCFJ4y8LgeNm0DRz9gDVl9mavVq6DSr2f634J7wR3Q_aem_X3DJBN6wvs85HP6zkb3UUA" "Mozilla/5.0 (Windows NT 10.0; Win64; x64) AppleWebKit/537.36 (KHTML, like Gecko) Chrome/138.0.0.0 Safari/537.36 Edg/138.0.0.0"
2a03:2880:31ff:48:: - - [17/Jul/2025:17:04:06 -0400] "GET /wp-content/themes/salient/css/build/header/header-layout-centered-menu.css?ver=15.0.8 HTTP/1.1" 200 343 "https://hypekndy.com/?fbclid=IwZXh0bgNhZW0CMTEAAR4d6sBqznn3EQx3TNlslCFJ4y8LgeNm0DRz9gDVl9mavVq6DSr2f634J7wR3Q_aem_X3DJBN6wvs85HP6zkb3UUA" "Mozilla/5.0 (Windows NT 10.0; Win64; x64) AppleWebKit/537.36 (KHTML, like Gecko) Chrome/138.0.0.0 Safari/537.36 Edg/138.0.0.0"
2a03:2880:31ff:48:: - - [17/Jul/2025:17:04:07 -0400] "GET /wp-content/themes/salient/css/build/elements/element-testimonial.css?ver=15.0.8 HTTP/1.1" 200 1311 "https://hypekndy.com/?fbclid=IwZXh0bgNhZW0CMTEAAR4d6sBqznn3EQx3TNlslCFJ4y8LgeNm0DRz9gDVl9mavVq6DSr2f634J7wR3Q_aem_X3DJBN6wvs85HP6zkb3UUA" "Mozilla/5.0 (Windows NT 10.0; Win64; x64) AppleWebKit/537.36 (KHTML, like Gecko) Chrome/138.0.0.0 Safari/537.36 Edg/138.0.0.0"
2a03:2880:31ff:48:: - - [17/Jul/2025:17:04:07 -0400] "GET /wp-content/themes/salient/css/build/elements/element-highlighted-text.css?ver=15.0.8 HTTP/1.1" 200 728 "https://hypekndy.com/?fbclid=IwZXh0bgNhZW0CMTEAAR4d6sBqznn3EQx3TNlslCFJ4y8LgeNm0DRz9gDVl9mavVq6DSr2f634J7wR3Q_aem_X3DJBN6wvs85HP6zkb3UUA" "Mozilla/5.0 (Windows NT 10.0; Win64; x64) AppleWebKit/537.36 (KHTML, like Gecko) Chrome/138.0.0.0 Safari/537.36 Edg/138.0.0.0"
2a03:2880:31ff:48:: - - [17/Jul/2025:17:04:07 -0400] "GET /wp-content/themes/salient/css/build/elements/element-tabbed-section.css?ver=15.0.8 HTTP/1.1" 200 1635 "https://hypekndy.com/?fbclid=IwZXh0bgNhZW0CMTEAAR4d6sBqznn3EQx3TNlslCFJ4y8LgeNm0DRz9gDVl9mavVq6DSr2f634J7wR3Q_aem_X3DJBN6wvs85HP6zkb3UUA" "Mozilla/5.0 (Windows NT 10.0; Win64; x64) AppleWebKit/537.36 (KHTML, like Gecko) Chrome/138.0.0.0 Safari/537.36 Edg/138.0.0.0"
2a03:2880:31ff:48:: - - [17/Jul/2025:17:04:08 -0400] "GET /wp-content/themes/salient/css/build/responsive.css?ver=15.0.8 HTTP/1.1" 200 6931 "https://hypekndy.com/?fbclid=IwZXh0bgNhZW0CMTEAAR4d6sBqznn3EQx3TNlslCFJ4y8LgeNm0DRz9gDVl9mavVq6DSr2f634J7wR3Q_aem_X3DJBN6wvs85HP6zkb3UUA" "Mozilla/5.0 (Windows NT 10.0; Win64; x64) AppleWebKit/537.36 (KHTML, like Gecko) Chrome/138.0.0.0 Safari/537.36 Edg/138.0.0.0"
2a03:2880:31ff:48:: - - [17/Jul/2025:17:04:08 -0400] "GET /wp-content/themes/salient/css/build/elements/element-toggles.css?ver=15.0.8 HTTP/1.1" 200 671 "https://hypekndy.com/?fbclid=IwZXh0bgNhZW0CMTEAAR4d6sBqznn3EQx3TNlslCFJ4y8LgeNm0DRz9gDVl9mavVq6DSr2f634J7wR3Q_aem_X3DJBN6wvs85HP6zkb3UUA" "Mozilla/5.0 (Windows NT 10.0; Win64; x64) AppleWebKit/537.36 (KHTML, like Gecko) Chrome/138.0.0.0 Safari/537.36 Edg/138.0.0.0"
2a03:2880:31ff:48:: - - [17/Jul/2025:17:04:08 -0400] "GET /wp-content/themes/salient/css/build/elements/element-fancy-unordered-list.css?ver=15.0.8 HTTP/1.1" 200 387 "https://hypekndy.com/?fbclid=IwZXh0bgNhZW0CMTEAAR4d6sBqznn3EQx3TNlslCFJ4y8LgeNm0DRz9gDVl9mavVq6DSr2f634J7wR3Q_aem_X3DJBN6wvs85HP6zkb3UUA" "Mozilla/5.0 (Windows NT 10.0; Win64; x64) AppleWebKit/537.36 (KHTML, like Gecko) Chrome/138.0.0.0 Safari/537.36 Edg/138.0.0.0"
2a03:2880:31ff:48:: - - [17/Jul/2025:17:04:09 -0400] "GET /wp-content/themes/salient/css/build/skin-material.css?ver=15.0.8 HTTP/1.1" 200 8514 "https://hypekndy.com/?fbclid=IwZXh0bgNhZW0CMTEAAR4d6sBqznn3EQx3TNlslCFJ4y8LgeNm0DRz9gDVl9mavVq6DSr2f634J7wR3Q_aem_X3DJBN6wvs85HP6zkb3UUA" "Mozilla/5.0 (Windows NT 10.0; Win64; x64) AppleWebKit/537.36 (KHTML, like Gecko) Chrome/138.0.0.0 Safari/537.36 Edg/138.0.0.0"
2a03:2880:31ff:48:: - - [17/Jul/2025:17:04:09 -0400] "GET /wp-content/themes/salient/css/build/plugins/flickity.css?ver=15.0.8 HTTP/1.1" 200 4725 "https://hypekndy.com/?fbclid=IwZXh0bgNhZW0CMTEAAR4d6sBqznn3EQx3TNlslCFJ4y8LgeNm0DRz9gDVl9mavVq6DSr2f634J7wR3Q_aem_X3DJBN6wvs85HP6zkb3UUA" "Mozilla/5.0 (Windows NT 10.0; Win64; x64) AppleWebKit/537.36 (KHTML, like Gecko) Chrome/138.0.0.0 Safari/537.36 Edg/138.0.0.0"
2a03:2880:31ff:48:: - - [17/Jul/2025:17:04:09 -0400] "GET /wp-content/plugins/js_composer_salient/assets/css/js_composer.min.css?ver=6.9.1 HTTP/1.1" 200 5864 "https://hypekndy.com/?fbclid=IwZXh0bgNhZW0CMTEAAR4d6sBqznn3EQx3TNlslCFJ4y8LgeNm0DRz9gDVl9mavVq6DSr2f634J7wR3Q_aem_X3DJBN6wvs85HP6zkb3UUA" "Mozilla/5.0 (Windows NT 10.0; Win64; x64) AppleWebKit/537.36 (KHTML, like Gecko) Chrome/138.0.0.0 Safari/537.36 Edg/138.0.0.0"
2a03:2880:31ff:48:: - - [17/Jul/2025:17:04:10 -0400] "GET /wp-content/uploads/2023/01/hype-kndy-logo.png HTTP/1.1" 200 2072 "https://hypekndy.com/?fbclid=IwZXh0bgNhZW0CMTEAAR4d6sBqznn3EQx3TNlslCFJ4y8LgeNm0DRz9gDVl9mavVq6DSr2f634J7wR3Q_aem_X3DJBN6wvs85HP6zkb3UUA" "Mozilla/5.0 (Windows NT 10.0; Win64; x64) AppleWebKit/537.36 (KHTML, like Gecko) Chrome/138.0.0.0 Safari/537.36 Edg/138.0.0.0"
2a03:2880:31ff:48:: - - [17/Jul/2025:17:04:10 -0400] "GET /wp-content/uploads/2023/01/Card-300x175.png HTTP/1.1" 200 11814 "https://hypekndy.com/?fbclid=IwZXh0bgNhZW0CMTEAAR4d6sBqznn3EQx3TNlslCFJ4y8LgeNm0DRz9gDVl9mavVq6DSr2f634J7wR3Q_aem_X3DJBN6wvs85HP6zkb3UUA" "Mozilla/5.0 (Windows NT 10.0; Win64; x64) AppleWebKit/537.36 (KHTML, like Gecko) Chrome/138.0.0.0 Safari/537.36 Edg/138.0.0.0"
2a03:2880:31ff:48:: - - [17/Jul/2025:17:04:10 -0400] "GET /wp-content/themes/salient/css/salient-dynamic-styles.css?ver=55867 HTTP/1.1" 200 21214 "https://hypekndy.com/?fbclid=IwZXh0bgNhZW0CMTEAAR4d6sBqznn3EQx3TNlslCFJ4y8LgeNm0DRz9gDVl9mavVq6DSr2f634J7wR3Q_aem_X3DJBN6wvs85HP6zkb3UUA" "Mozilla/5.0 (Windows NT 10.0; Win64; x64) AppleWebKit/537.36 (KHTML, like Gecko) Chrome/138.0.0.0 Safari/537.36 Edg/138.0.0.0"
2a03:2880:31ff:48:: - - [17/Jul/2025:17:04:11 -0400] "GET /wp-content/themes/salient/css/build/style-non-critical.css?ver=15.0.8 HTTP/1.1" 200 4588 "https://hypekndy.com/?fbclid=IwZXh0bgNhZW0CMTEAAR4d6sBqznn3EQx3TNlslCFJ4y8LgeNm0DRz9gDVl9mavVq6DSr2f634J7wR3Q_aem_X3DJBN6wvs85HP6zkb3UUA" "Mozilla/5.0 (Windows NT 10.0; Win64; x64) AppleWebKit/537.36 (KHTML, like Gecko) Chrome/138.0.0.0 Safari/537.36 Edg/138.0.0.0"
2a03:2880:31ff:48:: - - [17/Jul/2025:17:04:11 -0400] "GET /wp-content/themes/salient/css/font-awesome.min.css?ver=4.7.1 HTTP/1.1" 200 7230 "https://hypekndy.com/?fbclid=IwZXh0bgNhZW0CMTEAAR4d6sBqznn3EQx3TNlslCFJ4y8LgeNm0DRz9gDVl9mavVq6DSr2f634J7wR3Q_aem_X3DJBN6wvs85HP6zkb3UUA" "Mozilla/5.0 (Windows NT 10.0; Win64; x64) AppleWebKit/537.36 (KHTML, like Gecko) Chrome/138.0.0.0 Safari/537.36 Edg/138.0.0.0"
2a03:2880:31ff:48:: - - [17/Jul/2025:17:04:11 -0400] "GET /wp-content/themes/salient/css/build/plugins/jquery.fancybox.css?ver=3.3.1 HTTP/1.1" 200 3143 "https://hypekndy.com/?fbclid=IwZXh0bgNhZW0CMTEAAR4d6sBqznn3EQx3TNlslCFJ4y8LgeNm0DRz9gDVl9mavVq6DSr2f634J7wR3Q_aem_X3DJBN6wvs85HP6zkb3UUA" "Mozilla/5.0 (Windows NT 10.0; Win64; x64) AppleWebKit/537.36 (KHTML, like Gecko) Chrome/138.0.0.0 Safari/537.36 Edg/138.0.0.0"
2a03:2880:31ff:48:: - - [17/Jul/2025:17:04:12 -0400] "GET /wp-content/themes/salient/css/build/off-canvas/core.css?ver=15.0.8 HTTP/1.1" 200 3174 "https://hypekndy.com/?fbclid=IwZXh0bgNhZW0CMTEAAR4d6sBqznn3EQx3TNlslCFJ4y8LgeNm0DRz9gDVl9mavVq6DSr2f634J7wR3Q_aem_X3DJBN6wvs85HP6zkb3UUA" "Mozilla/5.0 (Windows NT 10.0; Win64; x64) AppleWebKit/537.36 (KHTML, like Gecko) Chrome/138.0.0.0 Safari/537.36 Edg/138.0.0.0"
2a03:2880:31ff:48:: - - [17/Jul/2025:17:04:14 -0400] "GET /wp-content/themes/salient/js/build/elements/nectar-lottie.js?ver=15.0.8 HTTP/1.1" 200 5294 "https://hypekndy.com/?fbclid=IwZXh0bgNhZW0CMTEAAR4d6sBqznn3EQx3TNlslCFJ4y8LgeNm0DRz9gDVl9mavVq6DSr2f634J7wR3Q_aem_X3DJBN6wvs85HP6zkb3UUA" "Mozilla/5.0 (Windows NT 10.0; Win64; x64) AppleWebKit/537.36 (KHTML, like Gecko) Chrome/138.0.0.0 Safari/537.36 Edg/138.0.0.0"
2a03:2880:31ff:48:: - - [17/Jul/2025:17:04:14 -0400] "GET /wp-content/themes/salient/js/build/third-party/lottie-player.min.js?ver=0.4.0 HTTP/1.1" 200 66417 "https://hypekndy.com/?fbclid=IwZXh0bgNhZW0CMTEAAR4d6sBqznn3EQx3TNlslCFJ4y8LgeNm0DRz9gDVl9mavVq6DSr2f634J7wR3Q_aem_X3DJBN6wvs85HP6zkb3UUA" "Mozilla/5.0 (Windows NT 10.0; Win64; x64) AppleWebKit/537.36 (KHTML, like Gecko) Chrome/138.0.0.0 Safari/537.36 Edg/138.0.0.0"
2a03:2880:31ff:45:: - - [17/Jul/2025:17:04:19 -0400] "GET /wp-content/themes/salient/js/build/third-party/select2.min.js?ver=4.0.1 HTTP/1.1" 200 17253 "https://hypekndy.com/?fbclid=IwZXh0bgNhZW0CMTEAAR4d6sBqznn3EQx3TNlslCFJ4y8LgeNm0DRz9gDVl9mavVq6DSr2f634J7wR3Q_aem_X3DJBN6wvs85HP6zkb3UUA" "Mozilla/5.0 (Windows NT 10.0; Win64; x64) AppleWebKit/537.36 (KHTML, like Gecko) Chrome/138.0.0.0 Safari/537.36 Edg/138.0.0.0"
2a03:2880:31ff:45:: - - [17/Jul/2025:17:04:19 -0400] "GET /wp-content/themes/salient/js/build/init.js?ver=15.0.8 HTTP/1.1" 200 75766 "https://hypekndy.com/?fbclid=IwZXh0bgNhZW0CMTEAAR4d6sBqznn3EQx3TNlslCFJ4y8LgeNm0DRz9gDVl9mavVq6DSr2f634J7wR3Q_aem_X3DJBN6wvs85HP6zkb3UUA" "Mozilla/5.0 (Windows NT 10.0; Win64; x64) AppleWebKit/537.36 (KHTML, like Gecko) Chrome/138.0.0.0 Safari/537.36 Edg/138.0.0.0"
2a03:2880:31ff:45:: - - [17/Jul/2025:17:04:21 -0400] "GET /wp-content/themes/salient/js/build/third-party/flickity.min.js?ver=2.3 HTTP/1.1" 200 26842 "https://hypekndy.com/?fbclid=IwZXh0bgNhZW0CMTEAAR4d6sBqznn3EQx3TNlslCFJ4y8LgeNm0DRz9gDVl9mavVq6DSr2f634J7wR3Q_aem_X3DJBN6wvs85HP6zkb3UUA" "Mozilla/5.0 (Windows NT 10.0; Win64; x64) AppleWebKit/537.36 (KHTML, like Gecko) Chrome/138.0.0.0 Safari/537.36 Edg/138.0.0.0"
2a03:2880:31ff:45:: - - [17/Jul/2025:17:04:21 -0400] "GET /wp-content/themes/salient/js/build/elements/nectar-text-inline-images.js?ver=15.0.8 HTTP/1.1" 200 643 "https://hypekndy.com/?fbclid=IwZXh0bgNhZW0CMTEAAR4d6sBqznn3EQx3TNlslCFJ4y8LgeNm0DRz9gDVl9mavVq6DSr2f634J7wR3Q_aem_X3DJBN6wvs85HP6zkb3UUA" "Mozilla/5.0 (Windows NT 10.0; Win64; x64) AppleWebKit/537.36 (KHTML, like Gecko) Chrome/138.0.0.0 Safari/537.36 Edg/138.0.0.0"
2a03:2880:31ff:45:: - - [17/Jul/2025:17:04:23 -0400] "GET /wp-content/themes/salient/js/build/elements/nectar-testimonial-slider.js?ver=15.0.8 HTTP/1.1" 200 2303 "https://hypekndy.com/?fbclid=IwZXh0bgNhZW0CMTEAAR4d6sBqznn3EQx3TNlslCFJ4y8LgeNm0DRz9gDVl9mavVq6DSr2f634J7wR3Q_aem_X3DJBN6wvs85HP6zkb3UUA" "Mozilla/5.0 (Windows NT 10.0; Win64; x64) AppleWebKit/537.36 (KHTML, like Gecko) Chrome/138.0.0.0 Safari/537.36 Edg/138.0.0.0"
2a03:2880:31ff:45:: - - [17/Jul/2025:17:04:23 -0400] "GET /wp-content/plugins/salient-core/js/third-party/touchswipe.min.js?ver=1.0 HTTP/1.1" 200 3148 "https://hypekndy.com/?fbclid=IwZXh0bgNhZW0CMTEAAR4d6sBqznn3EQx3TNlslCFJ4y8LgeNm0DRz9gDVl9mavVq6DSr2f634J7wR3Q_aem_X3DJBN6wvs85HP6zkb3UUA" "Mozilla/5.0 (Windows NT 10.0; Win64; x64) AppleWebKit/537.36 (KHTML, like Gecko) Chrome/138.0.0.0 Safari/537.36 Edg/138.0.0.0"
2a03:2880:31ff:45:: - - [17/Jul/2025:17:04:24 -0400] "GET /wp-content/themes/salient/js/build/third-party/jquery.fancybox.min.js?ver=3.3.8 HTTP/1.1" 200 20997 "https://hypekndy.com/?fbclid=IwZXh0bgNhZW0CMTEAAR4d6sBqznn3EQx3TNlslCFJ4y8LgeNm0DRz9gDVl9mavVq6DSr2f634J7wR3Q_aem_X3DJBN6wvs85HP6zkb3UUA" "Mozilla/5.0 (Windows NT 10.0; Win64; x64) AppleWebKit/537.36 (KHTML, like Gecko) Chrome/138.0.0.0 Safari/537.36 Edg/138.0.0.0"
2a03:2880:31ff:45:: - - [17/Jul/2025:17:04:25 -0400] "GET /wp-content/themes/salient/js/build/third-party/hoverintent.min.js?ver=1.9 HTTP/1.1" 200 892 "https://hypekndy.com/?fbclid=IwZXh0bgNhZW0CMTEAAR4d6sBqznn3EQx3TNlslCFJ4y8LgeNm0DRz9gDVl9mavVq6DSr2f634J7wR3Q_aem_X3DJBN6wvs85HP6zkb3UUA" "Mozilla/5.0 (Windows NT 10.0; Win64; x64) AppleWebKit/537.36 (KHTML, like Gecko) Chrome/138.0.0.0 Safari/537.36 Edg/138.0.0.0"
2a03:2880:31ff:45:: - - [17/Jul/2025:17:04:25 -0400] "GET /wp-content/plugins/salient-portfolio/js/third-party/imagesLoaded.min.js?ver=4.1.4 HTTP/1.1" 200 1712 "https://hypekndy.com/?fbclid=IwZXh0bgNhZW0CMTEAAR4d6sBqznn3EQx3TNlslCFJ4y8LgeNm0DRz9gDVl9mavVq6DSr2f634J7wR3Q_aem_X3DJBN6wvs85HP6zkb3UUA" "Mozilla/5.0 (Windows NT 10.0; Win64; x64) AppleWebKit/537.36 (KHTML, like Gecko) Chrome/138.0.0.0 Safari/537.36 Edg/138.0.0.0"
2a03:2880:31ff:45:: - - [17/Jul/2025:17:04:25 -0400] "GET /wp-content/themes/salient/js/build/third-party/waypoints.js?ver=4.0.2 HTTP/1.1" 200 2520 "https://hypekndy.com/?fbclid=IwZXh0bgNhZW0CMTEAAR4d6sBqznn3EQx3TNlslCFJ4y8LgeNm0DRz9gDVl9mavVq6DSr2f634J7wR3Q_aem_X3DJBN6wvs85HP6zkb3UUA" "Mozilla/5.0 (Windows NT 10.0; Win64; x64) AppleWebKit/537.36 (KHTML, like Gecko) Chrome/138.0.0.0 Safari/537.36 Edg/138.0.0.0"
2a03:2880:31ff:45:: - - [17/Jul/2025:17:04:25 -0400] "GET /wp-content/themes/salient/js/build/third-party/transit.min.js?ver=0.9.9 HTTP/1.1" 200 2572 "https://hypekndy.com/?fbclid=IwZXh0bgNhZW0CMTEAAR4d6sBqznn3EQx3TNlslCFJ4y8LgeNm0DRz9gDVl9mavVq6DSr2f634J7wR3Q_aem_X3DJBN6wvs85HP6zkb3UUA" "Mozilla/5.0 (Windows NT 10.0; Win64; x64) AppleWebKit/537.36 (KHTML, like Gecko) Chrome/138.0.0.0 Safari/537.36 Edg/138.0.0.0"
2a03:2880:31ff:45:: - - [17/Jul/2025:17:04:26 -0400] "GET /wp-content/themes/salient/js/build/third-party/intersection-observer.min.js?ver=2.6.2 HTTP/1.1" 200 2383 "https://hypekndy.com/?fbclid=IwZXh0bgNhZW0CMTEAAR4d6sBqznn3EQx3TNlslCFJ4y8LgeNm0DRz9gDVl9mavVq6DSr2f634J7wR3Q_aem_X3DJBN6wvs85HP6zkb3UUA" "Mozilla/5.0 (Windows NT 10.0; Win64; x64) AppleWebKit/537.36 (KHTML, like Gecko) Chrome/138.0.0.0 Safari/537.36 Edg/138.0.0.0"
2a03:2880:31ff:45:: - - [17/Jul/2025:17:04:26 -0400] "GET /wp-content/themes/salient/js/build/priority.js?ver=15.0.8 HTTP/1.1" 200 683 "https://hypekndy.com/?fbclid=IwZXh0bgNhZW0CMTEAAR4d6sBqznn3EQx3TNlslCFJ4y8LgeNm0DRz9gDVl9mavVq6DSr2f634J7wR3Q_aem_X3DJBN6wvs85HP6zkb3UUA" "Mozilla/5.0 (Windows NT 10.0; Win64; x64) AppleWebKit/537.36 (KHTML, like Gecko) Chrome/138.0.0.0 Safari/537.36 Edg/138.0.0.0"
63.250.38.117 - - [17/Jul/2025:16:52:02 -0400] "POST /wp-cron.php?doing_wp_cron=1752785521.9774510860443115234375 HTTP/1.1" 200 0 "-" "WordPress/6.8.2; https://hypekndy.com"
2001:41d0:602:2f6e:: - - [17/Jul/2025:16:54:25 -0400] "GET /xmlrpc.php HTTP/1.1" 200 0 "http://hypekndy.com" "Mozilla/5.0 (Macintosh; Intel Mac OS X 14_6) AppleWebKit/605.1.15 (KHTML, like Gecko) Version/17.5 Safari/605.1.15"
63.250.38.117 - - [17/Jul/2025:16:54:38 -0400] "POST /wp-cron.php?doing_wp_cron=1752785678.4725410938262939453125 HTTP/1.1" 200 0 "-" "WordPress/6.8.2; https://hypekndy.com"
2a03:2880:12ff:1:: - - [17/Jul/2025:16:57:12 -0400] "GET / HTTP/1.1" 200 35115 "-" "facebookexternalhit/1.1 (+http://www.facebook.com/externalhit_uatext.php)"
2a03:2880:10ff:: - - [17/Jul/2025:16:57:21 -0400] "GET /?fbclid=IwZXh0bgNhZW0CMTEAAR4rO8Em2aaCQJFjFcwFNYIRhySsVdu-r8e4CeT2qJZINVz33OFU-KZoGgIRPw_aem_IM_Nza0S7nAXdFJjZ6eZAQ HTTP/1.1" 200 35115 "-" "Mozilla/5.0 (Windows NT 10.0; WOW64; rv:58.0) Gecko/20100101 Firefox/59.0"
2a03:2880:10ff:: - - [17/Jul/2025:16:57:21 -0400] "GET /wp-includes/css/classic-themes.min.css?ver=6.2 HTTP/1.1" 200 291 "https://hypekndy.com/?fbclid=IwZXh0bgNhZW0CMTEAAR4rO8Em2aaCQJFjFcwFNYIRhySsVdu-r8e4CeT2qJZINVz33OFU-KZoGgIRPw_aem_IM_Nza0S7nAXdFJjZ6eZAQ" "Mozilla/5.0 (Windows NT 10.0; WOW64; rv:58.0) Gecko/20100101 Firefox/59.0"
2a03:2880:10ff:: - - [17/Jul/2025:16:57:21 -0400] "GET /wp-content/themes/salient/css/build/elements/element-highlighted-text.css?ver=15.0.8 HTTP/1.1" 200 728 "https://hypekndy.com/?fbclid=IwZXh0bgNhZW0CMTEAAR4rO8Em2aaCQJFjFcwFNYIRhySsVdu-r8e4CeT2qJZINVz33OFU-KZoGgIRPw_aem_IM_Nza0S7nAXdFJjZ6eZAQ" "Mozilla/5.0 (Windows NT 10.0; WOW64; rv:58.0) Gecko/20100101 Firefox/59.0"
2a03:2880:10ff:: - - [17/Jul/2025:16:57:22 -0400] "GET /wp-content/themes/salient/css/build/plugins/jquery.fancybox.css?ver=3.3.1 HTTP/1.1" 200 3143 "https://hypekndy.com/?fbclid=IwZXh0bgNhZW0CMTEAAR4rO8Em2aaCQJFjFcwFNYIRhySsVdu-r8e4CeT2qJZINVz33OFU-KZoGgIRPw_aem_IM_Nza0S7nAXdFJjZ6eZAQ" "Mozilla/5.0 (Windows NT 10.0; WOW64; rv:58.0) Gecko/20100101 Firefox/59.0"
2a03:2880:10ff:: - - [17/Jul/2025:16:57:22 -0400] "GET /wp-content/themes/salient/js/build/elements/nectar-lottie.js?ver=15.0.8 HTTP/1.1" 200 5294 "https://hypekndy.com/?fbclid=IwZXh0bgNhZW0CMTEAAR4rO8Em2aaCQJFjFcwFNYIRhySsVdu-r8e4CeT2qJZINVz33OFU-KZoGgIRPw_aem_IM_Nza0S7nAXdFJjZ6eZAQ" "Mozilla/5.0 (Windows NT 10.0; WOW64; rv:58.0) Gecko/20100101 Firefox/59.0"
2a03:2880:10ff:: - - [17/Jul/2025:16:57:22 -0400] "GET /wp-content/themes/salient/js/build/third-party/lottie-player.min.js?ver=0.4.0 HTTP/1.1" 200 66417 "https://hypekndy.com/?fbclid=IwZXh0bgNhZW0CMTEAAR4rO8Em2aaCQJFjFcwFNYIRhySsVdu-r8e4CeT2qJZINVz33OFU-KZoGgIRPw_aem_IM_Nza0S7nAXdFJjZ6eZAQ" "Mozilla/5.0 (Windows NT 10.0; WOW64; rv:58.0) Gecko/20100101 Firefox/59.0"
2a03:2880:10ff:: - - [17/Jul/2025:16:57:23 -0400] "GET /wp-content/plugins/salient-portfolio/js/third-party/imagesLoaded.min.js?ver=4.1.4 HTTP/1.1" 200 1712 "https://hypekndy.com/?fbclid=IwZXh0bgNhZW0CMTEAAR4rO8Em2aaCQJFjFcwFNYIRhySsVdu-r8e4CeT2qJZINVz33OFU-KZoGgIRPw_aem_IM_Nza0S7nAXdFJjZ6eZAQ" "Mozilla/5.0 (Windows NT 10.0; WOW64; rv:58.0) Gecko/20100101 Firefox/59.0"
160.30.113.129 - - [17/Jul/2025:17:00:53 -0400] "GET /xmlrpc.php HTTP/1.1" 200 0 "http://hypekndy.com" "Mozilla/5.0 (Windows NT 10.0; Win64; x64) AppleWebKit/537.36 (KHTML, like Gecko) Chrome/116.0.5845.96 Safari/537.36"
63.250.38.117 - - [17/Jul/2025:17:01:17 -0400] "POST /wp-cron.php?doing_wp_cron=1752786077.1728489398956298828125 HTTP/1.1" 200 0 "-" "WordPress/6.8.2; https://hypekndy.com"
2a03:2880:31ff:45:: - - [17/Jul/2025:17:04:26 -0400] "GET /wp-content/themes/salient/js/build/third-party/jquery.mousewheel.min.js?ver=3.1.13 HTTP/1.1" 200 1088 "https://hypekndy.com/?fbclid=IwZXh0bgNhZW0CMTEAAR4d6sBqznn3EQx3TNlslCFJ4y8LgeNm0DRz9gDVl9mavVq6DSr2f634J7wR3Q_aem_X3DJBN6wvs85HP6zkb3UUA" "Mozilla/5.0 (Windows NT 10.0; Win64; x64) AppleWebKit/537.36 (KHTML, like Gecko) Chrome/138.0.0.0 Safari/537.36 Edg/138.0.0.0"
2a03:2880:31ff:45:: - - [17/Jul/2025:17:04:26 -0400] "GET /wp-content/themes/salient/js/build/third-party/jquery.easing.min.js?ver=1.3 HTTP/1.1" 200 777 "https://hypekndy.com/?fbclid=IwZXh0bgNhZW0CMTEAAR4d6sBqznn3EQx3TNlslCFJ4y8LgeNm0DRz9gDVl9mavVq6DSr2f634J7wR3Q_aem_X3DJBN6wvs85HP6zkb3UUA" "Mozilla/5.0 (Windows NT 10.0; Win64; x64) AppleWebKit/537.36 (KHTML, like Gecko) Chrome/138.0.0.0 Safari/537.36 Edg/138.0.0.0"
2a03:2880:31ff:45:: - - [17/Jul/2025:17:04:26 -0400] "GET /wp-includes/js/jquery/jquery-migrate.min.js?ver=3.4.0 HTTP/1.1" 200 4678 "https://hypekndy.com/?fbclid=IwZXh0bgNhZW0CMTEAAR4d6sBqznn3EQx3TNlslCFJ4y8LgeNm0DRz9gDVl9mavVq6DSr2f634J7wR3Q_aem_X3DJBN6wvs85HP6zkb3UUA" "Mozilla/5.0 (Windows NT 10.0; Win64; x64) AppleWebKit/537.36 (KHTML, like Gecko) Chrome/138.0.0.0 Safari/537.36 Edg/138.0.0.0"
2a03:2880:31ff:45:: - - [17/Jul/2025:17:04:27 -0400] "GET /wp-includes/js/jquery/jquery.min.js?ver=3.6.3 HTTP/1.1" 200 29744 "https://hypekndy.com/?fbclid=IwZXh0bgNhZW0CMTEAAR4d6sBqznn3EQx3TNlslCFJ4y8LgeNm0DRz9gDVl9mavVq6DSr2f634J7wR3Q_aem_X3DJBN6wvs85HP6zkb3UUA" "Mozilla/5.0 (Windows NT 10.0; Win64; x64) AppleWebKit/537.36 (KHTML, like Gecko) Chrome/138.0.0.0 Safari/537.36 Edg/138.0.0.0"
2a03:2880:31ff:45:: - - [17/Jul/2025:17:04:27 -0400] "GET /wp-content/plugins/google-analytics-for-wordpress/assets/js/frontend-gtag.min.js?ver=8.14.1 HTTP/1.1" 200 3063 "https://hypekndy.com/?fbclid=IwZXh0bgNhZW0CMTEAAR4d6sBqznn3EQx3TNlslCFJ4y8LgeNm0DRz9gDVl9mavVq6DSr2f634J7wR3Q_aem_X3DJBN6wvs85HP6zkb3UUA" "Mozilla/5.0 (Windows NT 10.0; Win64; x64) AppleWebKit/537.36 (KHTML, like Gecko) Chrome/138.0.0.0 Safari/537.36 Edg/138.0.0.0"
2a03:2880:30ff:9:: - - [17/Jul/2025:17:05:48 -0400] "GET /?fbclid=IwZXh0bgNhZW0CMTEAAR4bpmml206WGLAAqkxCE-lKRr5my7xSCwV0KKCyYUmmizArNwZBLi0-ExWncg_aem_U7bmUqNMdXJ_5w4s1m4XYA HTTP/1.1" 200 35115 "-" "Mozilla/5.0 (Windows NT 10.0; Win64; x64) AppleWebKit/537.36 (KHTML, like Gecko) Chrome/138.0.0.0 Safari/537.36"
2a03:2880:30ff:9:: - - [17/Jul/2025:17:05:49 -0400] "GET /wp-content/themes/salient/css/build/responsive.css?ver=15.0.8 HTTP/1.1" 200 6931 "https://hypekndy.com/?fbclid=IwZXh0bgNhZW0CMTEAAR4bpmml206WGLAAqkxCE-lKRr5my7xSCwV0KKCyYUmmizArNwZBLi0-ExWncg_aem_U7bmUqNMdXJ_5w4s1m4XYA" "Mozilla/5.0 (Windows NT 10.0; Win64; x64) AppleWebKit/537.36 (KHTML, like Gecko) Chrome/138.0.0.0 Safari/537.36"
2a03:2880:30ff:9:: - - [17/Jul/2025:17:05:50 -0400] "GET /wp-content/themes/salient/css/fonts/fontawesome-webfont.woff?v=4.2 HTTP/1.1" 200 98024 "https://hypekndy.com/wp-content/themes/salient/css/font-awesome.min.css?ver=4.7.1" "Mozilla/5.0 (Windows NT 10.0; Win64; x64) AppleWebKit/537.36 (KHTML, like Gecko) Chrome/138.0.0.0 Safari/537.36"
2a03:2880:30ff:9:: - - [17/Jul/2025:17:05:50 -0400] "GET /wp-content/plugins/salient-portfolio/js/third-party/imagesLoaded.min.js?ver=4.1.4 HTTP/1.1" 200 1712 "https://hypekndy.com/?fbclid=IwZXh0bgNhZW0CMTEAAR4bpmml206WGLAAqkxCE-lKRr5my7xSCwV0KKCyYUmmizArNwZBLi0-ExWncg_aem_U7bmUqNMdXJ_5w4s1m4XYA" "Mozilla/5.0 (Windows NT 10.0; Win64; x64) AppleWebKit/537.36 (KHTML, like Gecko) Chrome/138.0.0.0 Safari/537.36"
2a03:2880:30ff:9:: - - [17/Jul/2025:17:05:51 -0400] "GET /wp-includes/js/jquery/jquery-migrate.min.js?ver=3.4.0 HTTP/1.1" 200 4678 "https://hypekndy.com/?fbclid=IwZXh0bgNhZW0CMTEAAR4bpmml206WGLAAqkxCE-lKRr5my7xSCwV0KKCyYUmmizArNwZBLi0-ExWncg_aem_U7bmUqNMdXJ_5w4s1m4XYA" "Mozilla/5.0 (Windows NT 10.0; Win64; x64) AppleWebKit/537.36 (KHTML, like Gecko) Chrome/138.0.0.0 Safari/537.36"
2a03:2880:30ff:9:: - - [17/Jul/2025:17:05:51 -0400] "GET /wp-includes/js/jquery/jquery.min.js?ver=3.6.3 HTTP/1.1" 200 29744 "https://hypekndy.com/?fbclid=IwZXh0bgNhZW0CMTEAAR4bpmml206WGLAAqkxCE-lKRr5my7xSCwV0KKCyYUmmizArNwZBLi0-ExWncg_aem_U7bmUqNMdXJ_5w4s1m4XYA" "Mozilla/5.0 (Windows NT 10.0; Win64; x64) AppleWebKit/537.36 (KHTML, like Gecko) Chrome/138.0.0.0 Safari/537.36"
2a03:2880:30ff:9:: - - [17/Jul/2025:17:05:51 -0400] "GET /wp-content/plugins/google-analytics-for-wordpress/assets/js/frontend-gtag.min.js?ver=8.14.1 HTTP/1.1" 200 3063 "https://hypekndy.com/?fbclid=IwZXh0bgNhZW0CMTEAAR4bpmml206WGLAAqkxCE-lKRr5my7xSCwV0KKCyYUmmizArNwZBLi0-ExWncg_aem_U7bmUqNMdXJ_5w4s1m4XYA" "Mozilla/5.0 (Windows NT 10.0; Win64; x64) AppleWebKit/537.36 (KHTML, like Gecko) Chrome/138.0.0.0 Safari/537.36"
2a03:2880:30ff:9:: - - [17/Jul/2025:17:05:51 -0400] "GET /wp-content/uploads/2023/02/cropped-FavIcon-32x32.png HTTP/1.1" 200 581 "https://hypekndy.com/?fbclid=IwZXh0bgNhZW0CMTEAAR4bpmml206WGLAAqkxCE-lKRr5my7xSCwV0KKCyYUmmizArNwZBLi0-ExWncg_aem_U7bmUqNMdXJ_5w4s1m4XYA" "Mozilla/5.0 (Windows NT 10.0; Win64; x64) AppleWebKit/537.36 (KHTML, like Gecko) Chrome/138.0.0.0 Safari/537.36"
63.250.38.117 - - [17/Jul/2025:17:07:17 -0400] "POST /wp-cron.php?doing_wp_cron=1752786437.8068549633026123046875 HTTP/1.1" 200 0 "-" "WordPress/6.8.2; https://hypekndy.com"
2001:41d0:401:3000::2309 - - [17/Jul/2025:17:07:14 -0400] "GET /xmlrpc.php HTTP/1.1" 405 46 "http://hypekndy.com" "Mozilla/5.0 (Windows NT 10.0; Win64; x64; rv:127.0) Gecko/20100101 Firefox/127.0"
63.250.38.117 - - [17/Jul/2025:17:07:25 -0400] "POST /wp-cron.php?doing_wp_cron=1752786445.6021630764007568359375 HTTP/1.1" 200 0 "-" "WordPress/6.8.2; https://hypekndy.com"
2a01:4f8:201:131d::2 - - [17/Jul/2025:17:07:24 -0400] "GET /xmlrpc.php HTTP/1.1" 405 46 "http://hypekndy.com/xmlrpc.php" "Mozilla/5.0 (X11; Ubuntu; Linux x86_64; rv:85.0) Gecko/20100101 Firefox/91.0"
2a03:2880:21ff:40:: - - [17/Jul/2025:17:09:52 -0400] "GET /?fbclid=IwZXh0bgNhZW0CMTEAAR69lihx9lKnJGEvFuvemey9UwlriUoYp1DNUhlvIfqgaUCfLTyEKyOx3EBbaA_aem_X4F3TgEMMuxSfhmWO8bB2g HTTP/1.1" 200 35115 "-" "Mozilla/5.0 (Windows NT 10.0; Win64; x64) AppleWebKit/537.36 (KHTML, like Gecko) Chrome/138.0.7204.93 Safari/537.36"
2a03:2880:21ff:40:: - - [17/Jul/2025:17:09:56 -0400] "GET /wp-includes/css/classic-themes.min.css?ver=6.2 HTTP/1.1" 200 291 "https://hypekndy.com/?fbclid=IwZXh0bgNhZW0CMTEAAR69lihx9lKnJGEvFuvemey9UwlriUoYp1DNUhlvIfqgaUCfLTyEKyOx3EBbaA_aem_X4F3TgEMMuxSfhmWO8bB2g" "Mozilla/5.0 (Windows NT 10.0; Win64; x64) AppleWebKit/537.36 (KHTML, like Gecko) Chrome/138.0.7204.93 Safari/537.36"
2a03:2880:21ff:40:: - - [17/Jul/2025:17:09:56 -0400] "GET /wp-content/themes/salient/css/build/grid-system.css?ver=15.0.8 HTTP/1.1" 200 2515 "https://hypekndy.com/?fbclid=IwZXh0bgNhZW0CMTEAAR69lihx9lKnJGEvFuvemey9UwlriUoYp1DNUhlvIfqgaUCfLTyEKyOx3EBbaA_aem_X4F3TgEMMuxSfhmWO8bB2g" "Mozilla/5.0 (Windows NT 10.0; Win64; x64) AppleWebKit/537.36 (KHTML, like Gecko) Chrome/138.0.7204.93 Safari/537.36"
2a03:2880:21ff:40:: - - [17/Jul/2025:17:09:57 -0400] "GET /wp-content/themes/salient/css/build/elements/element-scrolling-text.css?ver=15.0.8 HTTP/1.1" 200 565 "https://hypekndy.com/?fbclid=IwZXh0bgNhZW0CMTEAAR69lihx9lKnJGEvFuvemey9UwlriUoYp1DNUhlvIfqgaUCfLTyEKyOx3EBbaA_aem_X4F3TgEMMuxSfhmWO8bB2g" "Mozilla/5.0 (Windows NT 10.0; Win64; x64) AppleWebKit/537.36 (KHTML, like Gecko) Chrome/138.0.7204.93 Safari/537.36"
2a03:2880:21ff:40:: - - [17/Jul/2025:17:09:57 -0400] "GET /wp-content/themes/salient/css/build/elements/element-tabbed-section.css?ver=15.0.8 HTTP/1.1" 200 1635 "https://hypekndy.com/?fbclid=IwZXh0bgNhZW0CMTEAAR69lihx9lKnJGEvFuvemey9UwlriUoYp1DNUhlvIfqgaUCfLTyEKyOx3EBbaA_aem_X4F3TgEMMuxSfhmWO8bB2g" "Mozilla/5.0 (Windows NT 10.0; Win64; x64) AppleWebKit/537.36 (KHTML, like Gecko) Chrome/138.0.7204.93 Safari/537.36"
2a03:2880:21ff:40:: - - [17/Jul/2025:17:09:57 -0400] "GET /wp-content/themes/salient/css/build/elements/element-toggles.css?ver=15.0.8 HTTP/1.1" 200 671 "https://hypekndy.com/?fbclid=IwZXh0bgNhZW0CMTEAAR69lihx9lKnJGEvFuvemey9UwlriUoYp1DNUhlvIfqgaUCfLTyEKyOx3EBbaA_aem_X4F3TgEMMuxSfhmWO8bB2g" "Mozilla/5.0 (Windows NT 10.0; Win64; x64) AppleWebKit/537.36 (KHTML, like Gecko) Chrome/138.0.7204.93 Safari/537.36"
2a03:2880:21ff:40:: - - [17/Jul/2025:17:09:57 -0400] "GET /wp-content/themes/salient/css/build/elements/element-fancy-unordered-list.css?ver=15.0.8 HTTP/1.1" 200 387 "https://hypekndy.com/?fbclid=IwZXh0bgNhZW0CMTEAAR69lihx9lKnJGEvFuvemey9UwlriUoYp1DNUhlvIfqgaUCfLTyEKyOx3EBbaA_aem_X4F3TgEMMuxSfhmWO8bB2g" "Mozilla/5.0 (Windows NT 10.0; Win64; x64) AppleWebKit/537.36 (KHTML, like Gecko) Chrome/138.0.7204.93 Safari/537.36"
2a03:2880:21ff:40:: - - [17/Jul/2025:17:09:57 -0400] "GET /wp-content/uploads/2023/01/hype-kndy-logo.png HTTP/1.1" 200 2072 "https://hypekndy.com/?fbclid=IwZXh0bgNhZW0CMTEAAR69lihx9lKnJGEvFuvemey9UwlriUoYp1DNUhlvIfqgaUCfLTyEKyOx3EBbaA_aem_X4F3TgEMMuxSfhmWO8bB2g" "Mozilla/5.0 (Windows NT 10.0; Win64; x64) AppleWebKit/537.36 (KHTML, like Gecko) Chrome/138.0.7204.93 Safari/537.36"
2a03:2880:21ff:40:: - - [17/Jul/2025:17:09:57 -0400] "GET /wp-content/themes/salient/css/build/plugins/jquery.fancybox.css?ver=3.3.1 HTTP/1.1" 200 3143 "https://hypekndy.com/?fbclid=IwZXh0bgNhZW0CMTEAAR69lihx9lKnJGEvFuvemey9UwlriUoYp1DNUhlvIfqgaUCfLTyEKyOx3EBbaA_aem_X4F3TgEMMuxSfhmWO8bB2g" "Mozilla/5.0 (Windows NT 10.0; Win64; x64) AppleWebKit/537.36 (KHTML, like Gecko) Chrome/138.0.7204.93 Safari/537.36"
2a03:2880:21ff:40:: - - [17/Jul/2025:17:09:58 -0400] "GET /wp-content/themes/salient/js/build/third-party/select2.min.js?ver=4.0.1 HTTP/1.1" 200 17253 "https://hypekndy.com/?fbclid=IwZXh0bgNhZW0CMTEAAR69lihx9lKnJGEvFuvemey9UwlriUoYp1DNUhlvIfqgaUCfLTyEKyOx3EBbaA_aem_X4F3TgEMMuxSfhmWO8bB2g" "Mozilla/5.0 (Windows NT 10.0; Win64; x64) AppleWebKit/537.36 (KHTML, like Gecko) Chrome/138.0.7204.93 Safari/537.36"
2a03:2880:21ff:40:: - - [17/Jul/2025:17:09:58 -0400] "GET /wp-content/themes/salient/js/build/third-party/anime.min.js?ver=4.5.1 HTTP/1.1" 200 6960 "https://hypekndy.com/?fbclid=IwZXh0bgNhZW0CMTEAAR69lihx9lKnJGEvFuvemey9UwlriUoYp1DNUhlvIfqgaUCfLTyEKyOx3EBbaA_aem_X4F3TgEMMuxSfhmWO8bB2g" "Mozilla/5.0 (Windows NT 10.0; Win64; x64) AppleWebKit/537.36 (KHTML, like Gecko) Chrome/138.0.7204.93 Safari/537.36"
2a03:2880:21ff:40:: - - [17/Jul/2025:17:09:58 -0400] "GET /wp-content/themes/salient/js/build/third-party/hoverintent.min.js?ver=1.9 HTTP/1.1" 200 892 "https://hypekndy.com/?fbclid=IwZXh0bgNhZW0CMTEAAR69lihx9lKnJGEvFuvemey9UwlriUoYp1DNUhlvIfqgaUCfLTyEKyOx3EBbaA_aem_X4F3TgEMMuxSfhmWO8bB2g" "Mozilla/5.0 (Windows NT 10.0; Win64; x64) AppleWebKit/537.36 (KHTML, like Gecko) Chrome/138.0.7204.93 Safari/537.36"
2a03:2880:21ff:40:: - - [17/Jul/2025:17:09:58 -0400] "GET /wp-content/themes/salient/js/build/third-party/jquery.easing.min.js?ver=1.3 HTTP/1.1" 200 777 "https://hypekndy.com/?fbclid=IwZXh0bgNhZW0CMTEAAR69lihx9lKnJGEvFuvemey9UwlriUoYp1DNUhlvIfqgaUCfLTyEKyOx3EBbaA_aem_X4F3TgEMMuxSfhmWO8bB2g" "Mozilla/5.0 (Windows NT 10.0; Win64; x64) AppleWebKit/537.36 (KHTML, like Gecko) Chrome/138.0.7204.93 Safari/537.36"
2a03:2880:21ff:40:: - - [17/Jul/2025:17:09:58 -0400] "GET /wp-includes/js/jquery/jquery.min.js?ver=3.6.3 HTTP/1.1" 200 29744 "https://hypekndy.com/?fbclid=IwZXh0bgNhZW0CMTEAAR69lihx9lKnJGEvFuvemey9UwlriUoYp1DNUhlvIfqgaUCfLTyEKyOx3EBbaA_aem_X4F3TgEMMuxSfhmWO8bB2g" "Mozilla/5.0 (Windows NT 10.0; Win64; x64) AppleWebKit/537.36 (KHTML, like Gecko) Chrome/138.0.7204.93 Safari/537.36"
2a03:2880:ff:9:: - - [17/Jul/2025:17:11:08 -0400] "GET /wp-content/uploads/2023/01/hype-kndy-logo.png HTTP/1.1" 200 6235 "-" "facebookexternalhit/1.1 (+http://www.facebook.com/externalhit_uatext.php)"
103.218.122.203 - - [17/Jul/2025:17:13:36 -0400] "GET /xmlrpc.php HTTP/1.1" 200 0 "http://hypekndy.com" "Mozilla/5.0 (Windows NT 10.0; Win64; x64; rv:126.0) Gecko/20100101 Firefox/126.0"
63.250.38.117 - - [17/Jul/2025:17:14:16 -0400] "POST /wp-cron.php?doing_wp_cron=1752786856.5025949478149414062500 HTTP/1.1" 200 0 "-" "WordPress/6.8.2; https://hypekndy.com"
2.58.81.109 - - [17/Jul/2025:17:19:58 -0400] "GET /xmlrpc.php HTTP/1.1" 200 0 "http://hypekndy.com" "Mozilla/5.0 (Windows NT 11.0; Win64; x64; rv:126.0) Gecko/20100101 Firefox/126.0"
63.250.38.117 - - [17/Jul/2025:17:20:16 -0400] "POST /wp-cron.php?doing_wp_cron=1752787216.3758249282836914062500 HTTP/1.1" 200 0 "-" "WordPress/6.8.2; https://hypekndy.com"
94.23.70.39 - - [17/Jul/2025:17:26:19 -0400] "GET /xmlrpc.php HTTP/1.1" 200 0 "http://hypekndy.com" "Mozilla/5.0 (Macintosh; Intel Mac OS X 14_6) AppleWebKit/605.1.15 (KHTML, like Gecko) Version/17.5 Safari/605.1.15"
63.250.38.117 - - [17/Jul/2025:17:26:37 -0400] "POST /wp-cron.php?doing_wp_cron=1752787597.3069620132446289062500 HTTP/1.1" 200 0 "-" "WordPress/6.8.2; https://hypekndy.com"
63.250.38.117 - - [17/Jul/2025:17:32:16 -0400] "POST /wp-cron.php?doing_wp_cron=1752787936.2985749244689941406250 HTTP/1.1" 200 0 "-" "WordPress/6.8.2; https://hypekndy.com"
3.7.203.16 - - [17/Jul/2025:17:31:59 -0400] "GET /xmlrpc.php HTTP/1.1" 405 46 "http://hypekndy.com/xmlrpc.php" "Mozilla/5.0 (X11; Ubuntu; Linux x86_64; rv:85.0) Gecko/20100101 Firefox/91.0"
63.250.38.117 - - [17/Jul/2025:17:32:40 -0400] "POST /wp-cron.php?doing_wp_cron=1752787959.9146471023559570312500 HTTP/1.1" 200 0 "-" "WordPress/6.8.2; https://hypekndy.com"
74.208.35.34 - - [17/Jul/2025:17:32:38 -0400] "GET /xmlrpc.php HTTP/1.1" 405 46 "http://hypekndy.com" "Mozilla/5.0 (Windows NT 10.0; Win64; x64) AppleWebKit/537.36 (KHTML, like Gecko) Chrome/113.0.5672.126 Safari/537.36 Edg/113.0.1774.50"
51.255.51.138 - - [17/Jul/2025:17:39:00 -0400] "GET /xmlrpc.php HTTP/1.1" 200 0 "http://hypekndy.com" "Mozilla/5.0 (Macintosh; Intel Mac OS X 10_15_7; rv:126.0) Gecko/20100101 Firefox/126.0"
63.250.38.117 - - [17/Jul/2025:17:39:13 -0400] "POST /wp-cron.php?doing_wp_cron=1752788353.5071339607238769531250 HTTP/1.1" 200 0 "-" "WordPress/6.8.2; https://hypekndy.com"
104.250.128.234 - - [17/Jul/2025:17:45:26 -0400] "GET /xmlrpc.php HTTP/1.1" 200 0 "http://hypekndy.com" "Mozilla/5.0 (Macintosh; Intel Mac OS X 13_3) AppleWebKit/537.36 (KHTML, like Gecko) Chrome/126.0.0.0 Safari/537.36"
63.250.38.117 - - [17/Jul/2025:17:45:56 -0400] "POST /wp-cron.php?doing_wp_cron=1752788755.8745129108428955078125 HTTP/1.1" 200 0 "-" "WordPress/6.8.2; https://hypekndy.com"
88.208.205.127 - - [17/Jul/2025:17:50:59 -0400] "GET /wp-login.php HTTP/1.1" 200 0 "http://hypekndy.com/wp-login.php" "Mozilla/5.0 (Windows NT 10.0; Win64; x64; rv:137.0) Gecko/20100101 Firefox/137.0"
88.208.205.127 - - [17/Jul/2025:17:51:06 -0400] "GET /wp-login.php HTTP/1.1" 200 0 "http://www.hypekndy.com/wp-login.php" "Mozilla/5.0 (Windows NT 10.0; Win64; x64; rv:137.0) Gecko/20100101 Firefox/137.0"
63.250.38.117 - - [17/Jul/2025:17:51:18 -0400] "POST /wp-cron.php?doing_wp_cron=1752789077.3885469436645507812500 HTTP/1.1" 200 0 "-" "WordPress/6.8.2; https://hypekndy.com"
88.208.205.127 - - [17/Jul/2025:17:51:13 -0400] "GET /wp-login.php HTTP/1.1" 301 0 "http://www.hypekndy.com/wp-login.php" "Mozilla/5.0 (Windows NT 10.0; Win64; x64; rv:137.0) Gecko/20100101 Firefox/137.0"
88.208.205.127 - - [17/Jul/2025:17:51:19 -0400] "GET /wp-login.php HTTP/1.1" 200 2157 "https://www.hypekndy.com/wp-login.php" "Mozilla/5.0 (Windows NT 10.0; Win64; x64; rv:137.0) Gecko/20100101 Firefox/137.0"
88.208.205.127 - - [17/Jul/2025:17:51:25 -0400] "GET /wp-json/wp/v2/users HTTP/1.1" 200 726 "https://www.hypekndy.com/wp-login.php" "Mozilla/5.0 (Windows NT 10.0; Win64; x64; rv:137.0) Gecko/20100101 Firefox/137.0"
63.250.38.117 - - [17/Jul/2025:17:51:33 -0400] "POST /wp-cron.php?doing_wp_cron=1752789093.3059411048889160156250 HTTP/1.1" 200 0 "-" "WordPress/6.8.2; https://hypekndy.com"
88.208.205.127 - - [17/Jul/2025:17:51:30 -0400] "POST /wp-login.php HTTP/1.1" 200 2276 "https://hypekndy.com/wp-login.php?redirect_to=https%3A%2F%2Fhypekndy.com%2Fwp-admin%2F" "Mozilla/5.0 (Windows NT 10.0; Win64; x64; rv:137.0) Gecko/20100101 Firefox/137.0"
88.208.205.127 - - [17/Jul/2025:17:51:34 -0400] "POST /wp-login.php HTTP/1.1" 200 2304 "https://hypekndy.com/wp-login.php?redirect_to=https%3A%2F%2Fhypekndy.com%2Fwp-admin%2F" "Mozilla/5.0 (Windows NT 10.0; Win64; x64; rv:137.0) Gecko/20100101 Firefox/137.0"
63.250.38.117 - - [17/Jul/2025:17:52:08 -0400] "POST /wp-cron.php?doing_wp_cron=1752789127.8992650508880615234375 HTTP/1.1" 200 0 "-" "WordPress/6.8.2; https://hypekndy.com"
51.38.234.109 - - [17/Jul/2025:17:52:02 -0400] "GET /xmlrpc.php HTTP/1.1" 405 46 "http://hypekndy.com" "Mozilla/5.0 (Macintosh; Intel Mac OS X 13_3) AppleWebKit/537.36 (KHTML, like Gecko) Chrome/126.0.0.0 Safari/537.36"
193.38.46.78 - - [17/Jul/2025:17:57:56 -0400] "GET /xmlrpc.php HTTP/1.1" 200 0 "http://hypekndy.com/xmlrpc.php" "Mozilla/5.0 (X11; Ubuntu; Linux x86_64; rv:85.0) Gecko/20100101 Firefox/91.0"
63.250.38.117 - - [17/Jul/2025:17:58:26 -0400] "POST /wp-cron.php?doing_wp_cron=1752789505.6858160495758056640625 HTTP/1.1" 200 0 "-" "WordPress/6.8.2; https://hypekndy.com"
144.91.88.83 - - [17/Jul/2025:17:58:35 -0400] "GET /xmlrpc.php HTTP/1.1" 200 0 "http://hypekndy.com" "Mozilla/5.0 (Windows NT 11.0; Win64; x64) AppleWebKit/537.36 (KHTML, like Gecko) Chrome/126.0.0.0 Safari/537.36"
63.250.38.117 - - [17/Jul/2025:17:58:41 -0400] "POST /wp-cron.php?doing_wp_cron=1752789521.4806480407714843750000 HTTP/1.1" 200 0 "-" "WordPress/6.8.2; https://hypekndy.com"
159.89.97.218 - - [17/Jul/2025:18:05:06 -0400] "GET /xmlrpc.php HTTP/1.1" 200 0 "http://hypekndy.com" "Mozilla/5.0 (Macintosh; Intel Mac OS X 10_15_7; rv:127.0) Gecko/20100101 Firefox/127.0"
63.250.38.117 - - [17/Jul/2025:18:05:39 -0400] "POST /wp-cron.php?doing_wp_cron=1752789939.5783629417419433593750 HTTP/1.1" 200 0 "-" "WordPress/6.8.2; https://hypekndy.com"
137.74.223.84 - - [17/Jul/2025:18:11:46 -0400] "GET /xmlrpc.php HTTP/1.1" 200 0 "http://hypekndy.com" "Mozilla/5.0 (Windows NT 10.0; Win64; x64) AppleWebKit/537.36 (KHTML, like Gecko) Chrome/112.0.5615.138 Safari/537.36"
63.250.38.117 - - [17/Jul/2025:18:12:03 -0400] "POST /wp-cron.php?doing_wp_cron=1752790323.4958019256591796875000 HTTP/1.1" 200 0 "-" "WordPress/6.8.2; https://hypekndy.com"
130.193.77.35 - - [17/Jul/2025:18:18:28 -0400] "GET /xmlrpc.php HTTP/1.1" 200 0 "http://hypekndy.com" "Mozilla/5.0 (Macintosh; Intel Mac OS X 10_15_7; rv:128.0) Gecko/20100101 Firefox/128.0"
63.250.38.117 - - [17/Jul/2025:18:18:45 -0400] "POST /wp-cron.php?doing_wp_cron=1752790725.7173769474029541015625 HTTP/1.1" 200 0 "-" "WordPress/6.8.2; https://hypekndy.com"
63.250.38.117 - - [17/Jul/2025:18:24:55 -0400] "POST /wp-cron.php?doing_wp_cron=1752791094.9875719547271728515625 HTTP/1.1" 200 0 "-" "WordPress/6.8.2; https://hypekndy.com"
164.92.238.124 - - [17/Jul/2025:18:24:34 -0400] "GET /xmlrpc.php HTTP/1.1" 405 46 "http://hypekndy.com/xmlrpc.php" "Mozilla/5.0 (X11; Ubuntu; Linux x86_64; rv:85.0) Gecko/20100101 Firefox/91.0"
63.250.38.117 - - [17/Jul/2025:18:25:09 -0400] "POST /wp-cron.php?doing_wp_cron=1752791109.1015999317169189453125 HTTP/1.1" 200 0 "-" "WordPress/6.8.2; https://hypekndy.com"
45.8.132.132 - - [17/Jul/2025:18:25:04 -0400] "GET /xmlrpc.php HTTP/1.1" 200 0 "http://hypekndy.com" "Mozilla/5.0 (Macintosh; Intel Mac OS X 10_15_7; rv:129.0) Gecko/20100101 Firefox/129.0"
37.187.145.142 - - [17/Jul/2025:18:31:37 -0400] "GET /xmlrpc.php HTTP/1.1" 200 0 "http://hypekndy.com" "Mozilla/5.0 (Windows NT 10.0; Win64; x64) AppleWebKit/537.36 (KHTML, like Gecko) Chrome/114.0.5735.199 Safari/537.36 Edg/114.0.1823.67"
63.250.38.117 - - [17/Jul/2025:18:32:00 -0400] "POST /wp-cron.php?doing_wp_cron=1752791519.9806110858917236328125 HTTP/1.1" 200 0 "-" "WordPress/6.8.2; https://hypekndy.com"
2a06:98c0:3600::103 - - [17/Jul/2025:18:32:57 -0400] "GET /102407586.phtml HTTP/1.1" 301 0 "-" "Mozilla/5.0 (Linux; Android 6.0.1; Nexus 5X Build/MMB29P) AppleWebKit/537.36 (KHTML, like Gecko) Chrome/137.0.7151.103 Mobile Safari/537.36 (compatible; Googlebot/2.1; +http://www.google.com/bot.html)"
66.249.79.161 - - [17/Jul/2025:18:33:04 -0400] "GET /102407586.phtml HTTP/1.1" 301 0 "-" "Mozilla/5.0 (Linux; Android 6.0.1; Nexus 5X Build/MMB29P) AppleWebKit/537.36 (KHTML, like Gecko) Chrome/137.0.7151.103 Mobile Safari/537.36 (compatible; Googlebot/2.1; +http://www.google.com/bot.html)"
63.250.38.117 - - [17/Jul/2025:18:33:15 -0400] "POST /wp-cron.php?doing_wp_cron=1752791595.1925830841064453125000 HTTP/1.1" 200 0 "-" "WordPress/6.8.2; https://hypekndy.com"
2a06:98c0:3600::103 - - [17/Jul/2025:18:33:10 -0400] "GET /102407586.phtml HTTP/1.1" 404 14080 "-" "Mozilla/5.0 (Linux; Android 6.0.1; Nexus 5X Build/MMB29P) AppleWebKit/537.36 (KHTML, like Gecko) Chrome/137.0.7151.103 Mobile Safari/537.36 (compatible; Googlebot/2.1; +http://www.google.com/bot.html)"
66.249.79.137 - - [17/Jul/2025:18:33:18 -0400] "GET /102407586.phtml HTTP/1.1" 404 14079 "-" "Mozilla/5.0 (Linux; Android 6.0.1; Nexus 5X Build/MMB29P) AppleWebKit/537.36 (KHTML, like Gecko) Chrome/137.0.7151.103 Mobile Safari/537.36 (compatible; Googlebot/2.1; +http://www.google.com/bot.html)"
172.190.142.176 - - [17/Jul/2025:18:39:46 -0400] "GET /wp-content/plugins/hellopress/wp_filemanager.php HTTP/1.1" 200 0 "-" "-"
63.250.38.117 - - [17/Jul/2025:18:40:18 -0400] "POST /wp-cron.php?doing_wp_cron=1752792018.4863131046295166015625 HTTP/1.1" 200 0 "-" "WordPress/6.8.2; https://hypekndy.com"
2a01:4f8:222:3046::2 - - [17/Jul/2025:18:44:48 -0400] "GET /xmlrpc.php HTTP/1.1" 200 0 "http://hypekndy.com" "Mozilla/5.0 (Windows NT 10.0; Win64; x64; rv:129.0) Gecko/20100101 Firefox/129.0"
63.250.38.117 - - [17/Jul/2025:18:45:11 -0400] "POST /wp-cron.php?doing_wp_cron=1752792311.6898341178894042968750 HTTP/1.1" 200 0 "-" "WordPress/6.8.2; https://hypekndy.com"
222.255.214.45 - - [17/Jul/2025:18:51:30 -0400] "GET /xmlrpc.php HTTP/1.1" 200 0 "http://hypekndy.com" "Mozilla/5.0 (Windows NT 10.0; Win64; x64) AppleWebKit/537.36 (KHTML, like Gecko) Chrome/113.0.5672.93 Safari/537.36"
