66.249.79.3 - - [17/Jul/2025:13:30:44 -0400] "GET /?n=9307916042700&channel=ceddbd&from=blog.php%3Fid%3D160427-6687%26name%3D%E3%83%90%E3%83%83%E3%82%AF%E3%83%9F%E3%83%A9%E3%83%BC+%E3%82%AB%E3%83%90%E3%83%BC+%E7%94%A8%E3%83%97%E3%83%AA%E3%82%A6%E3%82%B9+2009+2010+2011+2012+2013+%E3%83%90%E3%83%83%E3%82%AF%E3%83%9F%E3%83%A9%E3%83%BC%E3%82%B5%E3%82%A4%E3%83%89%E3%83%9F%E3%83%A9%E3%83%BC%E3%82%AB%E3%83%90%E3%83%BC%E3%82%A6%E3%82%A4%E3%83%B3%E3%82%B0%E3%82%AD%E3%83%A3%E3%83%83%E3%83%97%E8%BB%8A HTTP/1.1" 301 0 "-" "Mozilla/5.0 (Linux; Android 6.0.1; Nexus 5X Build/MMB29P) AppleWebKit/537.36 (KHTML, like Gecko) Chrome/137.0.7151.103 Mobile Safari/537.36 (compatible; Googlebot/2.1; +http://www.google.com/bot.html)"
66.249.79.3 - - [17/Jul/2025:13:30:44 -0400] "GET /?n=76968115997902&channel=131f4a&from=category-info.php%3Fid%3D1159979-6714%26name%3D%E3%83%95%E3%83%AD%E3%83%B3%E3%83%88%E4%B8%8B%E9%83%A8%E3%82%B0%E3%83%AA%E3%83%AB%E3%83%95%E3%82%A9%E3%82%B0%E3%83%A9%E3%82%A4%E3%83%88%E3%83%A9%E3%83%B3%E3%83%97%E3%82%B0%E3%83%AA%E3%83%AB%E3%82%AB%E3%83%90%E3%83%BC%20328%20318%20320%20325%20330%20F35%20F30%20%E3%83%95%E3%83%AD%E3%83%B3%E3%83%88%E3%83%90%E3%83%B3%E3%83%91%E3%83%BC%E3%82%B0%E3%83%AA%E3%83%AB%E3%82%AB%E3%83%BC HTTP/1.1" 200 29834 "-" "Mozilla/5.0 (Linux; Android 6.0.1; Nexus 5X Build/MMB29P) AppleWebKit/537.36 (KHTML, like Gecko) Chrome/137.0.7151.103 Mobile Safari/537.36 (compatible; Googlebot/2.1; +http://www.google.com/bot.html)"
66.249.79.2 - - [17/Jul/2025:13:30:44 -0400] "GET /?n=7188176660501&channel=9b7376&from=product.php%3Fid%3D766605-19445%26name%3D%E3%82%B7%E3%83%BC%E3%83%883%E6%9E%9A%20%E6%89%8B%E7%B9%94%E3%82%8A%E3%81%AE%E5%BA%95%E9%83%A8%E3%81%AE%E8%A3%8F%E5%9C%B0%20%E3%81%8B%E3%81%8E%E9%87%9D%E7%B7%A8%E3%81%BF%E3%81%AE%E3%83%97%E3%83%A9%E3%82%B9%E3%83%81%E3%83%83%E3%82%AF%20%E3%83%97%E3%83%A9%E3%82%B9%E3%83%81%E3%83%83%E3%82%AF%20%E3%82%92%E7%B7%A8%E3%82%80%20%E3%83%97%E3%83%A9%E3%82%B9%E3%83%81%E3%83%83%E3%82%AF%E3%82%AF%E3%83%AD%E3%82%B9%E3%82%B9%E3%83%86%E3%83%83%E3%83%81%20%E5%88%BA%E7%B9%8D%E3%83%97%E3%83%A9%E3%82%B9%E3%83%81%E3%83%83%E3%82%AF%20Bla HTTP/1.1" 200 29835 "-" "Mozilla/5.0 (Linux; Android 6.0.1; Nexus 5X Build/MMB29P) AppleWebKit/537.36 (KHTML, like Gecko) Chrome/137.0.7151.103 Mobile Safari/537.36 (compatible; Googlebot/2.1; +http://www.google.com/bot.html)"
66.249.79.2 - - [17/Jul/2025:13:30:47 -0400] "GET /?n=9307916042700&channel=ceddbd&from=blog.php%3Fid%3D160427-6687%26name%3D%E3%83%90%E3%83%83%E3%82%AF%E3%83%9F%E3%83%A9%E3%83%BC%20%E3%82%AB%E3%83%90%E3%83%BC%20%E7%94%A8%E3%83%97%E3%83%AA%E3%82%A6%E3%82%B9%202009%202010%202011%202012%202013%20%E3%83%90%E3%83%83%E3%82%AF%E3%83%9F%E3%83%A9%E3%83%BC%E3%82%B5%E3%82%A4%E3%83%89%E3%83%9F%E3%83%A9%E3%83%BC%E3%82%AB%E3%83%90%E3%83%BC%E3%82%A6%E3%82%A4%E3%83%B3%E3%82%B0%E3%82%AD%E3%83%A3%E3%83%83%E3%83%97%E8%BB%8A HTTP/1.1" 200 29834 "-" "Mozilla/5.0 (Linux; Android 6.0.1; Nexus 5X Build/MMB29P) AppleWebKit/537.36 (KHTML, like Gecko) Chrome/137.0.7151.103 Mobile Safari/537.36 (compatible; Googlebot/2.1; +http://www.google.com/bot.html)"
66.249.68.135 - - [17/Jul/2025:13:30:53 -0400] "GET /?n=090007698600&channel=952a81&from=pin.php%3Fid%3D76986-5903%26name%3D%E7%8E%8B%E5%B0%86%E3%80%80%E5%BD%AB%E5%88%BB%E3%83%96%E3%83%AD%E3%83%B3%E3%82%BA%E8%88%B9%E6%89%8B%E7%8E%84%E8%83%BD%E3%80%80%E4%B8%AD%E3%80%80+%E3%83%8F%E3%83%B3%E3%83%9E%E3%83%BC HTTP/1.1" 301 0 "-" "Mozilla/5.0 (Linux; Android 6.0.1; Nexus 5X Build/MMB29P) AppleWebKit/537.36 (KHTML, like Gecko) Chrome/137.0.7151.103 Mobile Safari/537.36 (compatible; Googlebot/2.1; +http://www.google.com/bot.html)"
66.249.79.2 - - [17/Jul/2025:13:30:54 -0400] "GET /?n=090007698600&channel=952a81&from=pin.php%3Fid%3D76986-5903%26name%3D%E7%8E%8B%E5%B0%86%E3%80%80%E5%BD%AB%E5%88%BB%E3%83%96%E3%83%AD%E3%83%B3%E3%82%BA%E8%88%B9%E6%89%8B%E7%8E%84%E8%83%BD%E3%80%80%E4%B8%AD%E3%80%80%20%E3%83%8F%E3%83%B3%E3%83%9E%E3%83%BC HTTP/1.1" 200 29830 "-" "Mozilla/5.0 (Linux; Android 6.0.1; Nexus 5X Build/MMB29P) AppleWebKit/537.36 (KHTML, like Gecko) Chrome/137.0.7151.103 Mobile Safari/537.36 (compatible; Googlebot/2.1; +http://www.google.com/bot.html)"
66.249.68.137 - - [17/Jul/2025:13:31:04 -0400] "GET /?n=22713159223803&channel=1804d7&from=jp.php%3Fid%3D1592238-2836%26name%3DTaylormade+Rbz+SPEEDLITE+%E3%83%AC%E3%83%87%E3%82%A3%E3%83%BC%E3%82%B9%E3%80%80%E3%83%95%E3%83%AB%E3%82%BB%E3%83%83%E3%83%88 HTTP/1.1" 301 0 "-" "Mozilla/5.0 (Linux; Android 6.0.1; Nexus 5X Build/MMB29P) AppleWebKit/537.36 (KHTML, like Gecko) Chrome/137.0.7151.103 Mobile Safari/537.36 (compatible; Googlebot/2.1; +http://www.google.com/bot.html)"
66.249.79.3 - - [17/Jul/2025:13:31:07 -0400] "GET /?n=22713159223803&channel=1804d7&from=jp.php%3Fid%3D1592238-2836%26name%3DTaylormade%20Rbz%20SPEEDLITE%20%E3%83%AC%E3%83%87%E3%82%A3%E3%83%BC%E3%82%B9%E3%80%80%E3%83%95%E3%83%AB%E3%82%BB%E3%83%83%E3%83%88 HTTP/1.1" 200 29831 "-" "Mozilla/5.0 (Linux; Android 6.0.1; Nexus 5X Build/MMB29P) AppleWebKit/537.36 (KHTML, like Gecko) Chrome/137.0.7151.103 Mobile Safari/537.36 (compatible; Googlebot/2.1; +http://www.google.com/bot.html)"
63.250.38.117 - - [17/Jul/2025:13:31:21 -0400] "POST /wp-cron.php?doing_wp_cron=1752773481.5424659252166748046875 HTTP/1.1" 403 1242 "-" "WordPress/6.8.1; https://fnf.group"
66.249.68.135 - - [17/Jul/2025:13:31:18 -0400] "GET /?n=4199561617602&channel=c76621&from=category-info.php%3Fid%3D616176-17604%26name%3D%E3%82%BF%E3%82%A4%E3%83%8B%E3%83%BC%E3%82%B8%E3%83%A7%E3%83%BC%E3%82%AB%E3%83%BC+%E3%82%BB%E3%83%83%E3%83%88 HTTP/1.1" 301 0 "-" "Mozilla/5.0 (Linux; Android 6.0.1; Nexus 5X Build/MMB29P) AppleWebKit/537.36 (KHTML, like Gecko) Chrome/137.0.7151.103 Mobile Safari/537.36 (compatible; Googlebot/2.1; +http://www.google.com/bot.html)"
66.249.79.3 - - [17/Jul/2025:13:31:22 -0400] "GET /?n=4199561617602&channel=c76621&from=category-info.php%3Fid%3D616176-17604%26name%3D%E3%82%BF%E3%82%A4%E3%83%8B%E3%83%BC%E3%82%B8%E3%83%A7%E3%83%BC%E3%82%AB%E3%83%BC%20%E3%82%BB%E3%83%83%E3%83%88 HTTP/1.1" 200 29831 "-" "Mozilla/5.0 (Linux; Android 6.0.1; Nexus 5X Build/MMB29P) AppleWebKit/537.36 (KHTML, like Gecko) Chrome/137.0.7151.103 Mobile Safari/537.36 (compatible; Googlebot/2.1; +http://www.google.com/bot.html)"
66.249.68.135 - - [17/Jul/2025:13:31:26 -0400] "GET /?n=927278549300&channel=28ac49&from=brands.php%3Fid%3D85493-6948%26name%3D%E5%8F%8C%E9%80%B2+5423+RV+%E3%83%95%E3%83%AD%E3%83%B3%E3%83%88%E3%82%AA%E3%83%BC%E3%83%97%E3%83%B3%E3%82%A6%E3%82%A7%E3%82%B9%E3%83%88ST%E3%82%A6%E3%82%A7%E3%83%BC%E3%83%80%E3%83%BC+%E3%82%B0%E3%83%AC%E3%83%BC+LL HTTP/1.1" 301 0 "-" "Mozilla/5.0 (Linux; Android 6.0.1; Nexus 5X Build/MMB29P) AppleWebKit/537.36 (KHTML, like Gecko) Chrome/137.0.7151.103 Mobile Safari/537.36 (compatible; Googlebot/2.1; +http://www.google.com/bot.html)"
66.249.79.3 - - [17/Jul/2025:13:31:29 -0400] "GET /?n=927278549300&channel=28ac49&from=brands.php%3Fid%3D85493-6948%26name%3D%E5%8F%8C%E9%80%B2%205423%20RV%20%E3%83%95%E3%83%AD%E3%83%B3%E3%83%88%E3%82%AA%E3%83%BC%E3%83%97%E3%83%B3%E3%82%A6%E3%82%A7%E3%82%B9%E3%83%88ST%E3%82%A6%E3%82%A7%E3%83%BC%E3%83%80%E3%83%BC%20%E3%82%B0%E3%83%AC%E3%83%BC%20LL HTTP/1.1" 200 29831 "-" "Mozilla/5.0 (Linux; Android 6.0.1; Nexus 5X Build/MMB29P) AppleWebKit/537.36 (KHTML, like Gecko) Chrome/137.0.7151.103 Mobile Safari/537.36 (compatible; Googlebot/2.1; +http://www.google.com/bot.html)"
66.249.79.3 - - [17/Jul/2025:13:31:38 -0400] "GET /wp-content/plugins/user-submitted-posts/resources/jquery.usp.core.js?ver=20250329 HTTP/1.1" 304 0 "https://fnf.group/?n=927278549300&channel=28ac49&from=brands.php%3Fid%3D85493-6948%26name%3D%E5%8F%8C%E9%80%B2%205423%20RV%20%E3%83%95%E3%83%AD%E3%83%B3%E3%83%88%E3%82%AA%E3%83%BC%E3%83%97%E3%83%B3%E3%82%A6%E3%82%A7%E3%82%B9%E3%83%88ST%E3%82%A6%E3%82%A7%E3%83%BC%E3%83%80%E3%83%BC%20%E3%82%B0%E3%83%AC%E3%83%BC%20LL" "Mozilla/5.0 (Linux; Android 6.0.1; Nexus 5X Build/MMB29P) AppleWebKit/537.36 (KHTML, like Gecko) Chrome/137.0.7151.119 Mobile Safari/537.36 (compatible; Googlebot/2.1; +http://www.google.com/bot.html)"
66.249.68.135 - - [17/Jul/2025:13:32:02 -0400] "GET /?n=1378930900500&channel=741cc3&from=article.php%3Fid%3D309005-13966%26name%3Dball+and+chain+++%EF%BC%92%E3%81%A4%E3%82%BB%E3%83%83%E3%83%88 HTTP/1.1" 301 0 "-" "Mozilla/5.0 (Linux; Android 6.0.1; Nexus 5X Build/MMB29P) AppleWebKit/537.36 (KHTML, like Gecko) Chrome/137.0.7151.103 Mobile Safari/537.36 (compatible; Googlebot/2.1; +http://www.google.com/bot.html)"
66.249.79.3 - - [17/Jul/2025:13:32:06 -0400] "GET /?n=1378930900500&channel=741cc3&from=article.php%3Fid%3D309005-13966%26name%3Dball%20and%20chain%20%20%20%EF%BC%92%E3%81%A4%E3%82%BB%E3%83%83%E3%83%88 HTTP/1.1" 200 29832 "-" "Mozilla/5.0 (Linux; Android 6.0.1; Nexus 5X Build/MMB29P) AppleWebKit/537.36 (KHTML, like Gecko) Chrome/137.0.7151.103 Mobile Safari/537.36 (compatible; Googlebot/2.1; +http://www.google.com/bot.html)"
63.250.38.117 - - [17/Jul/2025:13:32:29 -0400] "POST /wp-cron.php?doing_wp_cron=1752773549.8318998813629150390625 HTTP/1.1" 403 1242 "-" "WordPress/6.8.1; https://fnf.group"
66.249.79.3 - - [17/Jul/2025:13:32:28 -0400] "GET /?n=7871813806000&channel=faf15c&from=pin.php%3Fid%3D138060-8855%26name%3DRMQJXN+%E3%82%AA%E3%83%BC%E3%83%88%E3%83%90%E3%82%A4%E3%83%9E%E3%83%83%E3%83%89%E3%82%AC%E3%83%BC%E3%83%89%E3%80%81BMW%E7%94%A8%E3%80%81G310R%E7%94%A8%E3%80%81G310GS%E7%94%A82017-2022%E3%82%AA%E3%83%BC%E3%83%88%E3%83%90%E3%82%A4%E3%83%8A%E3%83%B3%E3%83%90%E3%83%BC%E3%83%97%E3%83%AC%E3%83%BC%E3%83%88%E3%83%9B%E3%83%AB%E3%83%80%E3%83%BC%E5%BE%8C%E8%BC%AA HTTP/1.1" 301 0 "-" "Mozilla/5.0 (Linux; Android 6.0.1; Nexus 5X Build/MMB29P) AppleWebKit/537.36 (KHTML, like Gecko) Chrome/137.0.7151.103 Mobile Safari/537.36 (compatible; Googlebot/2.1; +http://www.google.com/bot.html)"
66.249.79.3 - - [17/Jul/2025:13:32:30 -0400] "GET /?n=7871813806000&channel=faf15c&from=pin.php%3Fid%3D138060-8855%26name%3DRMQJXN%20%E3%82%AA%E3%83%BC%E3%83%88%E3%83%90%E3%82%A4%E3%83%9E%E3%83%83%E3%83%89%E3%82%AC%E3%83%BC%E3%83%89%E3%80%81BMW%E7%94%A8%E3%80%81G310R%E7%94%A8%E3%80%81G310GS%E7%94%A82017-2022%E3%82%AA%E3%83%BC%E3%83%88%E3%83%90%E3%82%A4%E3%83%8A%E3%83%B3%E3%83%90%E3%83%BC%E3%83%97%E3%83%AC%E3%83%BC%E3%83%88%E3%83%9B%E3%83%AB%E3%83%80%E3%83%BC%E5%BE%8C%E8%BC%AA HTTP/1.1" 200 29831 "-" "Mozilla/5.0 (Linux; Android 6.0.1; Nexus 5X Build/MMB29P) AppleWebKit/537.36 (KHTML, like Gecko) Chrome/137.0.7151.103 Mobile Safari/537.36 (compatible; Googlebot/2.1; +http://www.google.com/bot.html)"
66.249.68.135 - - [17/Jul/2025:13:32:51 -0400] "GET /?n=09870176951408&channel=8f1af6&from=jp.php%3Fid%3D1769514-1628%26name%3D%E3%83%99%E3%82%B9%E3%83%88+%E3%82%AD%E3%83%83%E3%82%BA+%E7%BE%BD%E7%B9%94%E3%82%8A+%E9%98%B2%E5%AF%92+%E3%81%B5%E3%82%8F%E3%81%B5%E3%82%8F+%E3%83%88%E3%83%83%E3%83%97%E3%82%B9+%E3%83%88%E3%83%83%E3%83%97%E3%82%B9+%E3%83%95%E3%82%A1%E3%83%BC%E3%83%99%E3%82%B9%E3%83%88+%E3%83%8E%E3%83%BC%E3%82%B9%E3%83%AA%E3%83%BC%E3%83%96+%E3%83%9C%E3%82%A2%E3%83%99%E3%82%B9%E3%83%88+%E3%83%99%E3%83%93%E3%83%BC%E6%9C%8D+%E7%AB%8B%E3%81%A1%E8%A5%9F+%E3%82%B8%E3%83%A5%E3%83%8B%E3%82%A2+%E6%9A%96%E3%81%8B%E3%81%84+%E9%98%B2%E5%AF%92+%E3%82%82%E3%81%93%E3%82%82%E3%81%93+%E8%A2%96%E3%81%AA%E3%81%97+%E5%A5%B3%E3%81%AE%E5%AD%90+%E7%94%B7%E3%81%AE%E5%AD%90+%E5%8E%9A%E6%89%8B+%E3%83%9C%E3%82%A2+%E7%84%A1%E5%9C%B0+%E3%82%B7%E3%83%B3%E3%83%97%23shark580151 HTTP/1.1" 301 0 "-" "Mozilla/5.0 (Linux; Android 6.0.1; Nexus 5X Build/MMB29P) AppleWebKit/537.36 (KHTML, like Gecko) Chrome/137.0.7151.103 Mobile Safari/537.36 (compatible; Googlebot/2.1; +http://www.google.com/bot.html)"
66.249.79.3 - - [17/Jul/2025:13:32:52 -0400] "GET /?n=18113140768001&channel=c19bb7&from=shared.php%3Fid%3D1407680-10574%26name%3D%E3%82%AF%E3%83%AD%E3%82%B9%E3%82%AB%E3%83%96%E3%80%80%E3%82%AD%E3%83%A3%E3%83%AA%E3%82%A2%E3%80%80%E3%83%9F%E3%83%87%E3%82%A3 HTTP/1.1" 200 29832 "-" "Mozilla/5.0 (Linux; Android 6.0.1; Nexus 5X Build/MMB29P) AppleWebKit/537.36 (KHTML, like Gecko) Chrome/137.0.7151.103 Mobile Safari/537.36 (compatible; Googlebot/2.1; +http://www.google.com/bot.html)"
66.249.79.3 - - [17/Jul/2025:13:32:54 -0400] "GET /?n=09870176951408&channel=8f1af6&from=jp.php%3Fid%3D1769514-1628%26name%3D%E3%83%99%E3%82%B9%E3%83%88%20%E3%82%AD%E3%83%83%E3%82%BA%20%E7%BE%BD%E7%B9%94%E3%82%8A%20%E9%98%B2%E5%AF%92%20%E3%81%B5%E3%82%8F%E3%81%B5%E3%82%8F%20%E3%83%88%E3%83%83%E3%83%97%E3%82%B9%20%E3%83%88%E3%83%83%E3%83%97%E3%82%B9%20%E3%83%95%E3%82%A1%E3%83%BC%E3%83%99%E3%82%B9%E3%83%88%20%E3%83%8E%E3%83%BC%E3%82%B9%E3%83%AA%E3%83%BC%E3%83%96%20%E3%83%9C%E3%82%A2%E3%83%99%E3%82%B9%E3%83%88%20%E3%83%99%E3%83%93%E3%83%BC%E6%9C%8D%20%E7%AB%8B%E3%81%A1%E8%A5%9F%20%E3%82%B8%E3%83%A5%E3%83%8B%E3%82%A2%20%E6%9A%96%E3%81%8B%E3%81%84%20%E9%98%B2%E5%AF%92%20%E3%82%82%E3%81%93%E3%82%82%E3%81%93%20%E8%A2%96%E3%81%AA%E3%81%97%20%E5%A5%B3%E3%81%AE%E5%AD%90%20%E7%94%B7%E3%81%AE%E5%AD%90%20%E5%8E%9A%E6%89%8B%20%E3%83%9C%E3%82%A2%20%E7%84%A1%E5%9C%B0%20%E3%82%B7%E3%83%B3%E3%83%97%23shark580151 HTTP/1.1" 200 29830 "-" "Mozilla/5.0 (Linux; Android 6.0.1; Nexus 5X Build/MMB29P) AppleWebKit/537.36 (KHTML, like Gecko) Chrome/137.0.7151.103 Mobile Safari/537.36 (compatible; Googlebot/2.1; +http://www.google.com/bot.html)"
66.249.68.137 - - [17/Jul/2025:13:33:20 -0400] "GET /?n=0691864135701&channel=b1fba3&from=news.php%3Fid%3D641357-11415%26name%3D%E3%82%AA%E3%83%BC%E3%83%88%E3%83%90%E3%82%A4%E3%83%AA%E3%82%A2+%E3%83%8A%E3%83%B3%E3%83%90%E3%83%BC+%E3%83%97%E3%83%AC%E3%83%BC%E3%83%88+%E3%83%9B%E3%83%AB%E3%83%80%E3%83%BC+%E3%82%AA%E3%83%BC%E3%83%88%E3%83%90%E3%82%A4%E3%82%B9%E3%82%BF%E3%82%A4%E3%83%AA%E3%83%B3%E3%82%B0%E3%83%86%E3%83%BC%E3%83%AB+Tidy+%E3%83%95%E3%82%A7%E3%83%B3%E3%83%80%E3%83%BC%E3%82%A8%E3%83%AA%E3%83%9F%E3%83%8D%E3%83%BC%E3%82%BF%E3%83%BC%E3%83%8A%E3%83%B3%E3%83%90%E3%83%BC%E3%83%97%E3%83%AC%E3%83%BC%E3%83%88%E3%83%9B%E3%83%AB%E3%83%80 HTTP/1.1" 301 0 "-" "Mozilla/5.0 (Linux; Android 6.0.1; Nexus 5X Build/MMB29P) AppleWebKit/537.36 (KHTML, like Gecko) Chrome/137.0.7151.103 Mobile Safari/537.36 (compatible; Googlebot/2.1; +http://www.google.com/bot.html)"
66.249.79.3 - - [17/Jul/2025:13:33:20 -0400] "GET /?n=9717375365507&channel=e217dc&from=pin.php%3Fid%3D753655-14508%26name%3D%E3%83%A9%E3%83%B3%E3%83%90%E3%83%B3%E3%82%AA%E3%83%B3%E3%83%96%E3%83%AB%E3%83%BC%E3%80%80%E3%82%A6%E3%83%BC%E3%83%AB%E3%82%B3%E3%83%BC%E3%83%88 HTTP/1.1" 200 29830 "-" "Mozilla/5.0 (Linux; Android 6.0.1; Nexus 5X Build/MMB29P) AppleWebKit/537.36 (KHTML, like Gecko) Chrome/137.0.7151.103 Mobile Safari/537.36 (compatible; Googlebot/2.1; +http://www.google.com/bot.html)"
66.249.79.3 - - [17/Jul/2025:13:33:22 -0400] "GET /?n=0691864135701&channel=b1fba3&from=news.php%3Fid%3D641357-11415%26name%3D%E3%82%AA%E3%83%BC%E3%83%88%E3%83%90%E3%82%A4%E3%83%AA%E3%82%A2%20%E3%83%8A%E3%83%B3%E3%83%90%E3%83%BC%20%E3%83%97%E3%83%AC%E3%83%BC%E3%83%88%20%E3%83%9B%E3%83%AB%E3%83%80%E3%83%BC%20%E3%82%AA%E3%83%BC%E3%83%88%E3%83%90%E3%82%A4%E3%82%B9%E3%82%BF%E3%82%A4%E3%83%AA%E3%83%B3%E3%82%B0%E3%83%86%E3%83%BC%E3%83%AB%20Tidy%20%E3%83%95%E3%82%A7%E3%83%B3%E3%83%80%E3%83%BC%E3%82%A8%E3%83%AA%E3%83%9F%E3%83%8D%E3%83%BC%E3%82%BF%E3%83%BC%E3%83%8A%E3%83%B3%E3%83%90%E3%83%BC%E3%83%97%E3%83%AC%E3%83%BC%E3%83%88%E3%83%9B%E3%83%AB%E3%83%80 HTTP/1.1" 200 29824 "-" "Mozilla/5.0 (Linux; Android 6.0.1; Nexus 5X Build/MMB29P) AppleWebKit/537.36 (KHTML, like Gecko) Chrome/137.0.7151.103 Mobile Safari/537.36 (compatible; Googlebot/2.1; +http://www.google.com/bot.html)"
63.250.38.117 - - [17/Jul/2025:13:33:33 -0400] "POST /wp-cron.php?doing_wp_cron=1752773613.0975389480590820312500 HTTP/1.1" 403 1242 "-" "WordPress/6.8.1; https://fnf.group"
66.249.68.136 - - [17/Jul/2025:13:33:31 -0400] "GET /?n=848876051901&channel=066419&from=brands.php%3Fid%3D60519-5707%26name%3D2447222126+%E3%83%8F%E3%83%B3%E3%83%89%E3%82%AA%E3%82%A4%E3%83%AB%E3%83%9D%E3%83%B3%E3%83%97%E7%87%83%E6%96%99%E3%83%9D%E3%83%B3%E3%83%97%E3%81%A8%E4%BA%92%E6%8F%9B%E6%80%A7%E8%88%97%E8%A3%85%E6%8E%98%E5%89%8A%E6%A9%9F+EC210+220+240+250+%E3%82%A8%E3%83%B3%E3%82%B8%E3%83%B3%E9%83%A8%E5%93%81 HTTP/1.1" 301 0 "-" "Mozilla/5.0 (Linux; Android 6.0.1; Nexus 5X Build/MMB29P) AppleWebKit/537.36 (KHTML, like Gecko) Chrome/137.0.7151.103 Mobile Safari/537.36 (compatible; Googlebot/2.1; +http://www.google.com/bot.html)"
63.250.38.117 - - [17/Jul/2025:13:33:34 -0400] "POST /wp-cron.php?doing_wp_cron=1752773614.0216488838195800781250 HTTP/1.1" 403 1242 "-" "WordPress/6.8.1; https://fnf.group"
120.71.59.24 - - [17/Jul/2025:13:33:32 -0400] "GET / HTTP/1.1" 200 29827 "http://fnf.group" "Mozilla/5.0 (iPhone; CPU iPhone OS 13_2_3 like Mac OS X) AppleWebKit/605.1.15 (KHTML, like Gecko) Version/13.0.3 Mobile/15E148 Safari/604.1"
66.249.79.3 - - [17/Jul/2025:13:33:33 -0400] "GET /?n=848876051901&channel=066419&from=brands.php%3Fid%3D60519-5707%26name%3D2447222126%20%E3%83%8F%E3%83%B3%E3%83%89%E3%82%AA%E3%82%A4%E3%83%AB%E3%83%9D%E3%83%B3%E3%83%97%E7%87%83%E6%96%99%E3%83%9D%E3%83%B3%E3%83%97%E3%81%A8%E4%BA%92%E6%8F%9B%E6%80%A7%E8%88%97%E8%A3%85%E6%8E%98%E5%89%8A%E6%A9%9F%20EC210%20220%20240%20250%20%E3%82%A8%E3%83%B3%E3%82%B8%E3%83%B3%E9%83%A8%E5%93%81 HTTP/1.1" 200 29833 "-" "Mozilla/5.0 (Linux; Android 6.0.1; Nexus 5X Build/MMB29P) AppleWebKit/537.36 (KHTML, like Gecko) Chrome/137.0.7151.103 Mobile Safari/537.36 (compatible; Googlebot/2.1; +http://www.google.com/bot.html)"
66.249.68.135 - - [17/Jul/2025:13:33:43 -0400] "GET /?n=1290917171007&channel=d215a7&from=pin.php%3Fid%3D171710-6059%26name%3DOH%E6%B8%88%E3%80%80%E3%82%AA%E3%83%A1%E3%82%AC+%E3%82%B9%E3%83%94%E3%83%BC%E3%83%89%E3%83%9E%E3%82%B9%E3%82%BF%E3%83%BC+3510.50+%E8%87%AA%E5%8B%95%E5%B7%BB%E3%81%8D%E3%80%80%E8%85%95%E6%99%82%E8%A8%88+%E3%82%AF%E3%83%AD%E3%83%8E%E3%82%B0%E3%83%A9%E3%83%95 HTTP/1.1" 301 0 "-" "Mozilla/5.0 (Linux; Android 6.0.1; Nexus 5X Build/MMB29P) AppleWebKit/537.36 (KHTML, like Gecko) Chrome/137.0.7151.103 Mobile Safari/537.36 (compatible; Googlebot/2.1; +http://www.google.com/bot.html)"
66.249.79.3 - - [17/Jul/2025:13:33:44 -0400] "GET /?n=1290917171007&channel=d215a7&from=pin.php%3Fid%3D171710-6059%26name%3DOH%E6%B8%88%E3%80%80%E3%82%AA%E3%83%A1%E3%82%AC%20%E3%82%B9%E3%83%94%E3%83%BC%E3%83%89%E3%83%9E%E3%82%B9%E3%82%BF%E3%83%BC%203510.50%20%E8%87%AA%E5%8B%95%E5%B7%BB%E3%81%8D%E3%80%80%E8%85%95%E6%99%82%E8%A8%88%20%E3%82%AF%E3%83%AD%E3%83%8E%E3%82%B0%E3%83%A9%E3%83%95 HTTP/1.1" 200 29826 "-" "Mozilla/5.0 (Linux; Android 6.0.1; Nexus 5X Build/MMB29P) AppleWebKit/537.36 (KHTML, like Gecko) Chrome/137.0.7151.103 Mobile Safari/537.36 (compatible; Googlebot/2.1; +http://www.google.com/bot.html)"
66.249.68.135 - - [17/Jul/2025:13:33:58 -0400] "GET /?n=2022930321604&channel=1fad8d&from=article.php%3Fid%3D303216-13878%26name%3D%E3%80%90%E3%83%AC%E3%82%A2%E7%BE%8E%E5%93%81%E3%80%91%E3%83%AA%E3%83%81%E3%83%A3%E3%83%BC%E3%83%89%E3%82%B8%E3%83%8E%E3%83%AA%E2%98%85%E3%83%97%E3%83%AA%E3%83%9E%E3%82%AF%E3%83%A9%E3%83%83%E3%82%BB%E2%98%85%E3%82%B8%E3%82%AA%E3%82%AB%E3%83%AB%E3%83%86%E3%82%A3%E3%83%B3%E3%83%88%E3%83%AA%E3%82%AA%E3%80%80%E3%83%9A%E3%82%A2 HTTP/1.1" 301 0 "-" "Mozilla/5.0 (Linux; Android 6.0.1; Nexus 5X Build/MMB29P) AppleWebKit/537.36 (KHTML, like Gecko) Chrome/137.0.7151.103 Mobile Safari/537.36 (compatible; Googlebot/2.1; +http://www.google.com/bot.html)"
66.249.79.5 - - [17/Jul/2025:13:34:01 -0400] "GET /?n=2022930321604&channel=1fad8d&from=article.php%3Fid%3D303216-13878%26name%3D%E3%80%90%E3%83%AC%E3%82%A2%E7%BE%8E%E5%93%81%E3%80%91%E3%83%AA%E3%83%81%E3%83%A3%E3%83%BC%E3%83%89%E3%82%B8%E3%83%8E%E3%83%AA%E2%98%85%E3%83%97%E3%83%AA%E3%83%9E%E3%82%AF%E3%83%A9%E3%83%83%E3%82%BB%E2%98%85%E3%82%B8%E3%82%AA%E3%82%AB%E3%83%AB%E3%83%86%E3%82%A3%E3%83%B3%E3%83%88%E3%83%AA%E3%82%AA%E3%80%80%E3%83%9A%E3%82%A2 HTTP/1.1" 200 29830 "-" "Mozilla/5.0 (Linux; Android 6.0.1; Nexus 5X Build/MMB29P) AppleWebKit/537.36 (KHTML, like Gecko) Chrome/137.0.7151.103 Mobile Safari/537.36 (compatible; Googlebot/2.1; +http://www.google.com/bot.html)"
123.1.133.4 - - [17/Jul/2025:13:34:19 -0400] "POST /xmlrpc.php HTTP/1.1" 403 1242 "https://fnf.group" "Mozilla/5.0 (Windows NT 10.0; Win64; x64; rv:127.0) Gecko/20100101 Firefox/127.0"
66.249.68.135 - - [17/Jul/2025:13:34:21 -0400] "GET /?n=21272129065010&channel=33b7a6&from=blog.php%3Fid%3D1290650-6736%26name%3D%E3%82%B9%E3%82%BF%E3%83%83%E3%83%89%E3%83%AC%E3%82%B9%E3%82%BF%E3%82%A4%E3%83%A4+BMW+5%E3%82%B7%E3%83%AA%E3%83%BC%E3%82%BA+F10+18%E3%82%A4%E3%83%B3%E3%83%81 HTTP/1.1" 301 0 "-" "Mozilla/5.0 (Linux; Android 6.0.1; Nexus 5X Build/MMB29P) AppleWebKit/537.36 (KHTML, like Gecko) Chrome/137.0.7151.103 Mobile Safari/537.36 (compatible; Googlebot/2.1; +http://www.google.com/bot.html)"
66.249.79.3 - - [17/Jul/2025:13:34:23 -0400] "GET /?n=21272129065010&channel=33b7a6&from=blog.php%3Fid%3D1290650-6736%26name%3D%E3%82%B9%E3%82%BF%E3%83%83%E3%83%89%E3%83%AC%E3%82%B9%E3%82%BF%E3%82%A4%E3%83%A4%20BMW%205%E3%82%B7%E3%83%AA%E3%83%BC%E3%82%BA%20F10%2018%E3%82%A4%E3%83%B3%E3%83%81 HTTP/1.1" 200 29830 "-" "Mozilla/5.0 (Linux; Android 6.0.1; Nexus 5X Build/MMB29P) AppleWebKit/537.36 (KHTML, like Gecko) Chrome/137.0.7151.103 Mobile Safari/537.36 (compatible; Googlebot/2.1; +http://www.google.com/bot.html)"
63.250.38.117 - - [17/Jul/2025:13:34:48 -0400] "POST /wp-cron.php?doing_wp_cron=1752773688.5957069396972656250000 HTTP/1.1" 403 1242 "-" "WordPress/6.8.1; https://fnf.group"
213.209.150.137 - - [17/Jul/2025:13:34:47 -0400] "POST /wp-login.php?action=register HTTP/1.1" 302 0 "-" "-"
213.209.150.137 - - [17/Jul/2025:13:34:57 -0400] "POST /wp-login.php?action=register HTTP/1.1" 302 0 "-" "-"
66.249.68.135 - - [17/Jul/2025:13:35:02 -0400] "GET /?n=25805165973700&channel=c97629&from=jp.php%3Fid%3D1659737-29044%26name%3DKenko+%E3%82%B1%E3%83%B3%E3%82%B3%E3%83%BC+SKYLIGHT+49mm%E2%91%A2 HTTP/1.1" 301 0 "-" "Mozilla/5.0 (Linux; Android 6.0.1; Nexus 5X Build/MMB29P) AppleWebKit/537.36 (KHTML, like Gecko) Chrome/137.0.7151.103 Mobile Safari/537.36 (compatible; Googlebot/2.1; +http://www.google.com/bot.html)"
66.249.68.136 - - [17/Jul/2025:13:35:13 -0400] "GET /?n=0788543999601&channel=f8d3f0&from=shop.php%3Fid%3D439996-9391%26name%3D%E3%83%8F%E3%83%B3%E3%83%89%E3%83%A1%E3%82%A4%E3%83%89%E3%80%80%E3%83%8F%E3%83%B3%E3%83%89%E3%83%90%E3%83%83%E3%82%B0 HTTP/1.1" 301 0 "-" "Mozilla/5.0 (Linux; Android 6.0.1; Nexus 5X Build/MMB29P) AppleWebKit/537.36 (KHTML, like Gecko) Chrome/137.0.7151.103 Mobile Safari/537.36 (compatible; Googlebot/2.1; +http://www.google.com/bot.html)"
213.209.150.137 - - [17/Jul/2025:13:35:06 -0400] "POST /wp-login.php?action=register HTTP/1.1" 302 0 "-" "-"
66.249.79.3 - - [17/Jul/2025:13:35:11 -0400] "GET /?n=25805165973700&channel=c97629&from=jp.php%3Fid%3D1659737-29044%26name%3DKenko%20%E3%82%B1%E3%83%B3%E3%82%B3%E3%83%BC%20SKYLIGHT%2049mm%E2%91%A2 HTTP/1.1" 200 29834 "-" "Mozilla/5.0 (Linux; Android 6.0.1; Nexus 5X Build/MMB29P) AppleWebKit/537.36 (KHTML, like Gecko) Chrome/137.0.7151.103 Mobile Safari/537.36 (compatible; Googlebot/2.1; +http://www.google.com/bot.html)"
66.249.79.4 - - [17/Jul/2025:13:35:21 -0400] "GET /?n=0788543999601&channel=f8d3f0&from=shop.php%3Fid%3D439996-9391%26name%3D%E3%83%8F%E3%83%B3%E3%83%89%E3%83%A1%E3%82%A4%E3%83%89%E3%80%80%E3%83%8F%E3%83%B3%E3%83%89%E3%83%90%E3%83%83%E3%82%B0 HTTP/1.1" 200 29832 "-" "Mozilla/5.0 (Linux; Android 6.0.1; Nexus 5X Build/MMB29P) AppleWebKit/537.36 (KHTML, like Gecko) Chrome/137.0.7151.103 Mobile Safari/537.36 (compatible; Googlebot/2.1; +http://www.google.com/bot.html)"
66.249.68.129 - - [17/Jul/2025:13:35:28 -0400] "GET /?n=72078123583002&channel=3e4a26&from=pin.php%3Fid%3D1235830-23385%26name%3D%E5%A4%A7%E3%81%8D%E3%82%81%E3%81%AE%E9%A3%BE%E3%82%8A%E6%A3%9A HTTP/1.1" 301 0 "-" "Mozilla/5.0 (Linux; Android 6.0.1; Nexus 5X Build/MMB29P) AppleWebKit/537.36 (KHTML, like Gecko) Chrome/137.0.7151.103 Mobile Safari/537.36 (compatible; Googlebot/2.1; +http://www.google.com/bot.html)"
213.209.150.137 - - [17/Jul/2025:13:35:28 -0400] "POST /wp-login.php?action=register HTTP/1.1" 302 0 "-" "-"
66.249.79.3 - - [17/Jul/2025:13:35:31 -0400] "GET /?n=72078123583002&channel=3e4a26&from=pin.php%3Fid%3D1235830-23385%26name%3D%E5%A4%A7%E3%81%8D%E3%82%81%E3%81%AE%E9%A3%BE%E3%82%8A%E6%A3%9A HTTP/1.1" 200 29837 "-" "Mozilla/5.0 (Linux; Android 6.0.1; Nexus 5X Build/MMB29P) AppleWebKit/537.36 (KHTML, like Gecko) Chrome/137.0.7151.103 Mobile Safari/537.36 (compatible; Googlebot/2.1; +http://www.google.com/bot.html)"
213.209.150.137 - - [17/Jul/2025:13:35:40 -0400] "POST /wp-login.php?action=register HTTP/1.1" 302 0 "-" "-"
66.249.72.142 - - [17/Jul/2025:13:35:53 -0400] "GET /wp-content/uploads/2021/03/FB_IMG_1615998329008-140x140.jpg HTTP/1.1" 200 6149 "-" "Googlebot-Image/1.0"
63.250.38.117 - - [17/Jul/2025:13:35:53 -0400] "POST /wp-cron.php?doing_wp_cron=1752773752.8988471031188964843750 HTTP/1.1" 403 1242 "-" "WordPress/6.8.1; https://fnf.group"
63.250.38.117 - - [17/Jul/2025:13:35:54 -0400] "POST /wp-cron.php?doing_wp_cron=1752773753.9131948947906494140625 HTTP/1.1" 403 1242 "-" "WordPress/6.8.1; https://fnf.group"
66.249.68.129 - - [17/Jul/2025:13:35:51 -0400] "GET /?n=89882136476204&channel=750433&from=pin.php%3Fid%3D1364762-26933%26name%3D%E3%82%A8%E3%83%A0%E3%83%94%E3%82%A6%E3%80%80M%EF%BC%8B%E3%80%80%E3%83%AD%E3%83%88%E3%83%AD%E3%82%B9%E3%82%A8%E3%83%BC%E3%83%89%E3%80%80%E3%83%96%E3%83%A9%E3%82%A6%E3%83%B3%E3%80%80%E7%AD%86%E7%AE%B1 HTTP/1.1" 301 0 "-" "Mozilla/5.0 (Linux; Android 6.0.1; Nexus 5X Build/MMB29P) AppleWebKit/537.36 (KHTML, like Gecko) Chrome/137.0.7151.103 Mobile Safari/537.36 (compatible; Googlebot/2.1; +http://www.google.com/bot.html)"
213.209.150.137 - - [17/Jul/2025:13:35:50 -0400] "POST /wp-login.php?action=register HTTP/1.1" 302 0 "-" "-"
66.249.79.3 - - [17/Jul/2025:13:35:54 -0400] "GET /?n=89882136476204&channel=750433&from=pin.php%3Fid%3D1364762-26933%26name%3D%E3%82%A8%E3%83%A0%E3%83%94%E3%82%A6%E3%80%80M%EF%BC%8B%E3%80%80%E3%83%AD%E3%83%88%E3%83%AD%E3%82%B9%E3%82%A8%E3%83%BC%E3%83%89%E3%80%80%E3%83%96%E3%83%A9%E3%82%A6%E3%83%B3%E3%80%80%E7%AD%86%E7%AE%B1 HTTP/1.1" 200 29834 "-" "Mozilla/5.0 (Linux; Android 6.0.1; Nexus 5X Build/MMB29P) AppleWebKit/537.36 (KHTML, like Gecko) Chrome/137.0.7151.103 Mobile Safari/537.36 (compatible; Googlebot/2.1; +http://www.google.com/bot.html)"
213.209.150.137 - - [17/Jul/2025:13:36:01 -0400] "POST /wp-login.php?action=register HTTP/1.1" 302 0 "-" "-"
66.249.68.131 - - [17/Jul/2025:13:36:13 -0400] "GET /?n=21820151157500&channel=08acac&from=pin.php%3Fid%3D1511575-18218%26name%3DNike+DRI-FIT+%E3%83%96%E3%83%A9%E3%83%83%E3%82%AF+M+%E3%82%B9%E3%83%88%E3%83%A9%E3%82%A4%E3%82%AF HTTP/1.1" 301 0 "-" "Mozilla/5.0 (Linux; Android 6.0.1; Nexus 5X Build/MMB29P) AppleWebKit/537.36 (KHTML, like Gecko) Chrome/137.0.7151.103 Mobile Safari/537.36 (compatible; Googlebot/2.1; +http://www.google.com/bot.html)"
213.209.150.137 - - [17/Jul/2025:13:36:13 -0400] "POST /wp-login.php?action=register HTTP/1.1" 302 0 "-" "-"
66.249.79.3 - - [17/Jul/2025:13:36:17 -0400] "GET /?n=21820151157500&channel=08acac&from=pin.php%3Fid%3D1511575-18218%26name%3DNike%20DRI-FIT%20%E3%83%96%E3%83%A9%E3%83%83%E3%82%AF%20M%20%E3%82%B9%E3%83%88%E3%83%A9%E3%82%A4%E3%82%AF HTTP/1.1" 200 29834 "-" "Mozilla/5.0 (Linux; Android 6.0.1; Nexus 5X Build/MMB29P) AppleWebKit/537.36 (KHTML, like Gecko) Chrome/137.0.7151.103 Mobile Safari/537.36 (compatible; Googlebot/2.1; +http://www.google.com/bot.html)"
213.209.150.137 - - [17/Jul/2025:13:36:25 -0400] "POST /wp-login.php?action=register HTTP/1.1" 302 0 "-" "-"
66.249.68.129 - - [17/Jul/2025:13:36:37 -0400] "GET /?n=49838157235701&channel=be89de&from=article.php%3Fid%3D1572357-22600%26name%3D%E3%83%AD%E3%82%AF%E3%82%B7%E3%82%BF%E3%83%B3%E3%80%80%E3%83%8A%E3%82%A4%E3%83%88%E3%82%B1%E3%82%A2%E3%83%90%E3%83%BC%E3%83%A0 HTTP/1.1" 301 0 "-" "Mozilla/5.0 (Linux; Android 6.0.1; Nexus 5X Build/MMB29P) AppleWebKit/537.36 (KHTML, like Gecko) Chrome/137.0.7151.103 Mobile Safari/537.36 (compatible; Googlebot/2.1; +http://www.google.com/bot.html)"
66.249.79.2 - - [17/Jul/2025:13:36:39 -0400] "GET /?n=49838157235701&channel=be89de&from=article.php%3Fid%3D1572357-22600%26name%3D%E3%83%AD%E3%82%AF%E3%82%B7%E3%82%BF%E3%83%B3%E3%80%80%E3%83%8A%E3%82%A4%E3%83%88%E3%82%B1%E3%82%A2%E3%83%90%E3%83%BC%E3%83%A0 HTTP/1.1" 200 29834 "-" "Mozilla/5.0 (Linux; Android 6.0.1; Nexus 5X Build/MMB29P) AppleWebKit/537.36 (KHTML, like Gecko) Chrome/137.0.7151.103 Mobile Safari/537.36 (compatible; Googlebot/2.1; +http://www.google.com/bot.html)"
213.209.150.137 - - [17/Jul/2025:13:36:40 -0400] "POST /wp-login.php?action=register HTTP/1.1" 302 0 "-" "-"
114.119.134.95 - - [17/Jul/2025:13:36:48 -0400] "GET /tag/recipe/page/2/ HTTP/1.1" 200 15740 "https://fnf.group/tag/recipe/page/2" "Mozilla/5.0 (Linux; Android 7.0;) AppleWebKit/537.36 (KHTML, like Gecko) Mobile Safari/537.36 (compatible; PetalBot;+https://webmaster.petalsearch.com/site/petalbot)"
63.250.38.117 - - [17/Jul/2025:13:37:01 -0400] "POST /wp-cron.php?doing_wp_cron=1752773821.0122270584106445312500 HTTP/1.1" 403 1242 "-" "WordPress/6.8.1; https://fnf.group"
66.249.68.129 - - [17/Jul/2025:13:36:58 -0400] "GET /?n=68194159328003&channel=e411a3&from=news.php%3Fid%3D1593280-23686%26name%3DPuma+%E3%82%B0%E3%83%AC%E3%83%BC+%E3%82%B9%E3%83%88%E3%83%AC%E3%83%83%E3%83%81%E3%80%80%E3%83%AD%E3%83%B3%E3%82%B0%E3%83%91%E3%83%B3%E3%83%84+M HTTP/1.1" 301 0 "-" "Mozilla/5.0 (Linux; Android 6.0.1; Nexus 5X Build/MMB29P) AppleWebKit/537.36 (KHTML, like Gecko) Chrome/137.0.7151.103 Mobile Safari/537.36 (compatible; Googlebot/2.1; +http://www.google.com/bot.html)"
66.249.79.4 - - [17/Jul/2025:13:37:01 -0400] "GET /?n=68194159328003&channel=e411a3&from=news.php%3Fid%3D1593280-23686%26name%3DPuma%20%E3%82%B0%E3%83%AC%E3%83%BC%20%E3%82%B9%E3%83%88%E3%83%AC%E3%83%83%E3%83%81%E3%80%80%E3%83%AD%E3%83%B3%E3%82%B0%E3%83%91%E3%83%B3%E3%83%84%20M HTTP/1.1" 200 29829 "-" "Mozilla/5.0 (Linux; Android 6.0.1; Nexus 5X Build/MMB29P) AppleWebKit/537.36 (KHTML, like Gecko) Chrome/137.0.7151.103 Mobile Safari/537.36 (compatible; Googlebot/2.1; +http://www.google.com/bot.html)"
66.249.68.129 - - [17/Jul/2025:13:37:21 -0400] "GET /?n=72000102427103&channel=81e881&from=category-info.php%3Fid%3D1024271-6714%26name%3DJOSHELA+%E3%83%81%E3%83%A3%E3%83%AC%E3%83%B3%E3%82%B8%E3%83%A3%E3%83%BC%E3%82%B0%E3%83%AA%E3%83%AB%E3%82%A4%E3%83%B3%E3%82%BB%E3%83%83%E3%83%88+%E3%83%88%E3%83%AA%E3%83%A0%E3%82%AB%E3%83%90%E3%83%BC+Dodge+Challenger+2015%E5%B9%B4%E4%BB%A5%E9%99%8D%E7%94%A8+%E3%83%96%E3%83%AB%E3%83%BC+%E5%A4%96%E8%A3%85%E3%82%A2%E3%82%AF%E3%82%BB HTTP/1.1" 301 0 "-" "Mozilla/5.0 (Linux; Android 6.0.1; Nexus 5X Build/MMB29P) AppleWebKit/537.36 (KHTML, like Gecko) Chrome/137.0.7151.103 Mobile Safari/537.36 (compatible; Googlebot/2.1; +http://www.google.com/bot.html)"
66.249.79.3 - - [17/Jul/2025:13:37:25 -0400] "GET /?n=1796716880101&channel=755943&from=goods.php%3Fid%3D168801-8676%26name%3D%E3%82%A8%E3%82%A2%E3%83%AD%E3%83%80%E3%82%A4%E3%83%8A%E3%83%9F%E3%83%83%E3%82%AF%E3%83%BB%E3%82%A6%E3%82%A4%E3%83%B3%E3%82%B0+%E3%82%AA%E3%83%BC%E3%83%88%E3%83%90%E3%82%A4%E3%83%95%E3%82%A7%E3%82%A2%E3%83%AA%E3%83%B3%E3%82%B0%E3%82%AB%E3%82%A6%E3%83%AB%E3%83%95%E3%83%AD%E3%83%B3%E3%83%88%E3%82%A6%E3%82%A4%E3%83%B3%E3%82%B0%E3%83%AC%E3%83%83%E3%83%88%E3%83%95%E3%82%A7%E3%82%A2%E3%83%AA%E3%83%B3%E3%82%B0%E7%A9%BA%E5%8A%9B%E3%82%B9%E3%83%9D%E3%82%A4%E3%83%A9%E3%83%BC%E3%83%95%E3%82%A3%E3%83%B3%E3%83%A4%E3%83%9E%E3%83%8F+YZF+R6 HTTP/1.1" 301 0 "-" "Mozilla/5.0 (Linux; Android 6.0.1; Nexus 5X Build/MMB29P) AppleWebKit/537.36 (KHTML, like Gecko) Chrome/137.0.7151.103 Mobile Safari/537.36 (compatible; Googlebot/2.1; +http://www.google.com/bot.html)"
2a03:2880:f800:a:: - - [17/Jul/2025:13:37:26 -0400] "GET /category/featured/page/16/ HTTP/1.1" 200 15569 "-" "meta-externalagent/1.1 (+https://developers.facebook.com/docs/sharing/webmasters/crawler)"
66.249.79.3 - - [17/Jul/2025:13:37:24 -0400] "GET /?n=72000102427103&channel=81e881&from=category-info.php%3Fid%3D1024271-6714%26name%3DJOSHELA%20%E3%83%81%E3%83%A3%E3%83%AC%E3%83%B3%E3%82%B8%E3%83%A3%E3%83%BC%E3%82%B0%E3%83%AA%E3%83%AB%E3%82%A4%E3%83%B3%E3%82%BB%E3%83%83%E3%83%88%20%E3%83%88%E3%83%AA%E3%83%A0%E3%82%AB%E3%83%90%E3%83%BC%20Dodge%20Challenger%202015%E5%B9%B4%E4%BB%A5%E9%99%8D%E7%94%A8%20%E3%83%96%E3%83%AB%E3%83%BC%20%E5%A4%96%E8%A3%85%E3%82%A2%E3%82%AF%E3%82%BB HTTP/1.1" 200 29834 "-" "Mozilla/5.0 (Linux; Android 6.0.1; Nexus 5X Build/MMB29P) AppleWebKit/537.36 (KHTML, like Gecko) Chrome/137.0.7151.103 Mobile Safari/537.36 (compatible; Googlebot/2.1; +http://www.google.com/bot.html)"
66.249.79.2 - - [17/Jul/2025:13:37:30 -0400] "GET /?n=1796716880101&channel=755943&from=goods.php%3Fid%3D168801-8676%26name%3D%E3%82%A8%E3%82%A2%E3%83%AD%E3%83%80%E3%82%A4%E3%83%8A%E3%83%9F%E3%83%83%E3%82%AF%E3%83%BB%E3%82%A6%E3%82%A4%E3%83%B3%E3%82%B0%20%E3%82%AA%E3%83%BC%E3%83%88%E3%83%90%E3%82%A4%E3%83%95%E3%82%A7%E3%82%A2%E3%83%AA%E3%83%B3%E3%82%B0%E3%82%AB%E3%82%A6%E3%83%AB%E3%83%95%E3%83%AD%E3%83%B3%E3%83%88%E3%82%A6%E3%82%A4%E3%83%B3%E3%82%B0%E3%83%AC%E3%83%83%E3%83%88%E3%83%95%E3%82%A7%E3%82%A2%E3%83%AA%E3%83%B3%E3%82%B0%E7%A9%BA%E5%8A%9B%E3%82%B9%E3%83%9D%E3%82%A4%E3%83%A9%E3%83%BC%E3%83%95%E3%82%A3%E3%83%B3%E3%83%A4%E3%83%9E%E3%83%8F%20YZF%20R6 HTTP/1.1" 200 29828 "-" "Mozilla/5.0 (Linux; Android 6.0.1; Nexus 5X Build/MMB29P) AppleWebKit/537.36 (KHTML, like Gecko) Chrome/137.0.7151.103 Mobile Safari/537.36 (compatible; Googlebot/2.1; +http://www.google.com/bot.html)"
66.249.68.129 - - [17/Jul/2025:13:37:43 -0400] "GET /?n=7990264152100&channel=474963&from=goods.php%3Fid%3D641521-12392%26name%3D%E3%82%AD%E3%83%A9%E3%83%BC%E3%83%91%E3%83%83%E3%83%89%E3%83%97%E3%83%AD%E8%86%9DXL187%E6%9E%9A%28%E7%8B%AC%E7%AB%8B%29%E3%80%82 HTTP/1.1" 301 0 "-" "Mozilla/5.0 (Linux; Android 6.0.1; Nexus 5X Build/MMB29P) AppleWebKit/537.36 (KHTML, like Gecko) Chrome/137.0.7151.103 Mobile Safari/537.36 (compatible; Googlebot/2.1; +http://www.google.com/bot.html)"
66.249.79.2 - - [17/Jul/2025:13:37:48 -0400] "GET /?n=7990264152100&channel=474963&from=goods.php%3Fid%3D641521-12392%26name%3D%E3%82%AD%E3%83%A9%E3%83%BC%E3%83%91%E3%83%83%E3%83%89%E3%83%97%E3%83%AD%E8%86%9DXL187%E6%9E%9A%28%E7%8B%AC%E7%AB%8B%29%E3%80%82 HTTP/1.1" 200 29835 "-" "Mozilla/5.0 (Linux; Android 6.0.1; Nexus 5X Build/MMB29P) AppleWebKit/537.36 (KHTML, like Gecko) Chrome/137.0.7151.103 Mobile Safari/537.36 (compatible; Googlebot/2.1; +http://www.google.com/bot.html)"
63.250.38.117 - - [17/Jul/2025:13:38:10 -0400] "POST /wp-cron.php?doing_wp_cron=1752773889.6927940845489501953125 HTTP/1.1" 403 1242 "-" "WordPress/6.8.1; https://fnf.group"
66.249.68.130 - - [17/Jul/2025:13:38:06 -0400] "GET /?n=3914756555002&channel=65be6e&from=pin.php%3Fid%3D565550-13359%26name%3DWALL+V2%2FV3%2FV5%E5%AF%BE%E5%BF%9C+%E3%83%9C%E3%83%83%E3%82%AF%E3%82%B9%E6%A3%9A%E6%9D%BF+%E3%83%96%E3%83%A9%E3%83%83%E3%82%AF%E3%80%80WLOS15119 HTTP/1.1" 301 0 "-" "Mozilla/5.0 (Linux; Android 6.0.1; Nexus 5X Build/MMB29P) AppleWebKit/537.36 (KHTML, like Gecko) Chrome/137.0.7151.103 Mobile Safari/537.36 (compatible; Googlebot/2.1; +http://www.google.com/bot.html)"
66.249.79.3 - - [17/Jul/2025:13:38:10 -0400] "GET /?n=3914756555002&channel=65be6e&from=pin.php%3Fid%3D565550-13359%26name%3DWALL%20V2%2FV3%2FV5%E5%AF%BE%E5%BF%9C%20%E3%83%9C%E3%83%83%E3%82%AF%E3%82%B9%E6%A3%9A%E6%9D%BF%20%E3%83%96%E3%83%A9%E3%83%83%E3%82%AF%E3%80%80WLOS15119 HTTP/1.1" 200 29834 "-" "Mozilla/5.0 (Linux; Android 6.0.1; Nexus 5X Build/MMB29P) AppleWebKit/537.36 (KHTML, like Gecko) Chrome/137.0.7151.103 Mobile Safari/537.36 (compatible; Googlebot/2.1; +http://www.google.com/bot.html)"
114.119.131.93 - - [17/Jul/2025:13:38:12 -0400] "GET /tag/fnf/ HTTP/1.1" 200 15258 "https://fnf.group/2020/12/13/daal-chawal-combo-by-ayesha-karwa/" "Mozilla/5.0 (Linux; Android 7.0;) AppleWebKit/537.36 (KHTML, like Gecko) Mobile Safari/537.36 (compatible; PetalBot;+https://webmaster.petalsearch.com/site/petalbot)"
66.249.68.129 - - [17/Jul/2025:13:38:28 -0400] "GET /?n=0314945308403&channel=420289&from=info.php%3Fid%3D453084-10241%26name%3D%E3%83%AD%E3%82%A4%E3%83%A4%E3%83%AB%E4%BA%9C%E9%89%9B%E3%83%80%E3%82%A4%E3%82%AB%E3%82%B9%E3%83%88%E3%83%AC%E3%83%90%E3%83%BC%E3%82%BB%E3%83%83%E3%83%88%E3%81%A8%E3%83%90%E3%83%83%E3%82%AF%E3%83%97%E3%83%AC%E3%83%BC%E3%83%88+%E3%83%97%E3%83%A9%E3%82%A4%E3%83%90%E3%82%B7%E3%83%BC%E6%A9%9F%E8%83%BD+%E6%B0%B8%E4%B9%85%E5%85%89%E6%B2%A2%E7%9C%9F%E9%8D%AE+2-3%2F8%E3%82%A4%E3%83%B3%E3%83%81%E3%83%90%E3%83%83%E3%82%AF%E3%82%BB%E3%83%83%E3%83%88+%E5%8F%B3%E5%88%A9%E3%81%8D%E7%94%A8 HTTP/1.1" 301 0 "-" "Mozilla/5.0 (Linux; Android 6.0.1; Nexus 5X Build/MMB29P) AppleWebKit/537.36 (KHTML, like Gecko) Chrome/137.0.7151.103 Mobile Safari/537.36 (compatible; Googlebot/2.1; +http://www.google.com/bot.html)"
66.249.79.3 - - [17/Jul/2025:13:38:30 -0400] "GET /?n=0314945308403&channel=420289&from=info.php%3Fid%3D453084-10241%26name%3D%E3%83%AD%E3%82%A4%E3%83%A4%E3%83%AB%E4%BA%9C%E9%89%9B%E3%83%80%E3%82%A4%E3%82%AB%E3%82%B9%E3%83%88%E3%83%AC%E3%83%90%E3%83%BC%E3%82%BB%E3%83%83%E3%83%88%E3%81%A8%E3%83%90%E3%83%83%E3%82%AF%E3%83%97%E3%83%AC%E3%83%BC%E3%83%88%20%E3%83%97%E3%83%A9%E3%82%A4%E3%83%90%E3%82%B7%E3%83%BC%E6%A9%9F%E8%83%BD%20%E6%B0%B8%E4%B9%85%E5%85%89%E6%B2%A2%E7%9C%9F%E9%8D%AE%202-3%2F8%E3%82%A4%E3%83%B3%E3%83%81%E3%83%90%E3%83%83%E3%82%AF%E3%82%BB%E3%83%83%E3%83%88%20%E5%8F%B3%E5%88%A9%E3%81%8D%E7%94%A8 HTTP/1.1" 200 29831 "-" "Mozilla/5.0 (Linux; Android 6.0.1; Nexus 5X Build/MMB29P) AppleWebKit/537.36 (KHTML, like Gecko) Chrome/137.0.7151.103 Mobile Safari/537.36 (compatible; Googlebot/2.1; +http://www.google.com/bot.html)"
66.249.68.129 - - [17/Jul/2025:13:38:51 -0400] "GET /?n=8321797085807&channel=62bdbf&from=shop.php%3Fid%3D970858-525%26name%3Dems+excite+%E8%8A%B1%E6%9F%84%E3%83%AF%E3%83%B3%E3%83%94%E3%83%BC%E3%82%B9%E3%80%80%E3%83%9C%E3%82%A6%E3%82%BF%E3%82%A4%E4%BB%98%E3%81%8D%E3%80%80%E3%82%A8%E3%83%A0%E3%82%BA%E3%82%A8%E3%82%AD%E3%82%B5%E3%82%A4%E3%83%88 HTTP/1.1" 301 0 "-" "Mozilla/5.0 (Linux; Android 6.0.1; Nexus 5X Build/MMB29P) AppleWebKit/537.36 (KHTML, like Gecko) Chrome/137.0.7151.103 Mobile Safari/537.36 (compatible; Googlebot/2.1; +http://www.google.com/bot.html)"
66.249.79.2 - - [17/Jul/2025:13:38:52 -0400] "GET /?n=8321797085807&channel=62bdbf&from=shop.php%3Fid%3D970858-525%26name%3Dems%20excite%20%E8%8A%B1%E6%9F%84%E3%83%AF%E3%83%B3%E3%83%94%E3%83%BC%E3%82%B9%E3%80%80%E3%83%9C%E3%82%A6%E3%82%BF%E3%82%A4%E4%BB%98%E3%81%8D%E3%80%80%E3%82%A8%E3%83%A0%E3%82%BA%E3%82%A8%E3%82%AD%E3%82%B5%E3%82%A4%E3%83%88 HTTP/1.1" 200 29830 "-" "Mozilla/5.0 (Linux; Android 6.0.1; Nexus 5X Build/MMB29P) AppleWebKit/537.36 (KHTML, like Gecko) Chrome/137.0.7151.103 Mobile Safari/537.36 (compatible; Googlebot/2.1; +http://www.google.com/bot.html)"
66.249.79.2 - - [17/Jul/2025:13:38:58 -0400] "GET /wp-content/plugins/salient-social/css/style.css?ver=1.1 HTTP/1.1" 200 2959 "https://fnf.group/?n=8321797085807&channel=62bdbf&from=shop.php%3Fid%3D970858-525%26name%3Dems%20excite%20%E8%8A%B1%E6%9F%84%E3%83%AF%E3%83%B3%E3%83%94%E3%83%BC%E3%82%B9%E3%80%80%E3%83%9C%E3%82%A6%E3%82%BF%E3%82%A4%E4%BB%98%E3%81%8D%E3%80%80%E3%82%A8%E3%83%A0%E3%82%BA%E3%82%A8%E3%82%AD%E3%82%B5%E3%82%A4%E3%83%88" "Mozilla/5.0 (Linux; Android 6.0.1; Nexus 5X Build/MMB29P) AppleWebKit/537.36 (KHTML, like Gecko) Chrome/137.0.7151.119 Mobile Safari/537.36 (compatible; Googlebot/2.1; +http://www.google.com/bot.html)"
63.250.38.117 - - [17/Jul/2025:13:39:32 -0400] "POST /wp-cron.php?doing_wp_cron=1752773972.6989169120788574218750 HTTP/1.1" 403 1242 "-" "WordPress/6.8.1; https://fnf.group"
81.92.195.27 - - [17/Jul/2025:13:39:29 -0400] "GET / HTTP/1.1" 200 0 "-" "Mozilla/5.0 (Windows NT 10.0; Win64; x64) AppleWebKit/537.36 (KHTML, like Gecko) Chrome/90.0.4430.85 Safari/537.36"
114.119.155.200 - - [17/Jul/2025:13:39:36 -0400] "GET /2020/09/23/mutton-chops-by-chanda-arshad HTTP/1.1" 301 0 "https://fnf.group/author/admin123/page/11" "Mozilla/5.0 (Linux; Android 7.0;) AppleWebKit/537.36 (KHTML, like Gecko) Mobile Safari/537.36 (compatible; PetalBot;+https://webmaster.petalsearch.com/site/petalbot)"
66.249.68.130 - - [17/Jul/2025:13:39:36 -0400] "GET /?n=3408390733005&channel=deb1f3&from=pin.php%3Fid%3D907330-9510%26name%3D%E8%87%AA%E5%8B%95%E8%BB%8A%E9%83%A8%E5%93%81+2%E5%80%8B%E3%82%BB%E3%83%83%E3%83%88+%E3%83%AA%E3%82%A2%E3%82%B5%E3%82%B9%E3%83%9A%E3%83%B3%E3%82%B7%E3%83%A7%E3%83%B3+%E5%B7%A6%26amp%3B%E5%8F%B3%E3%82%A2%E3%83%83%E3%83%91%E3%83%BC%E3%82%B3%E3%83%B3%E3%83%88%E3%83%AD%E3%83%BC%E3%83%AB%E3%82%A2%E3%83%BC%E3%83%A0+1044431-00-G+104443100G HTTP/1.1" 301 0 "-" "Mozilla/5.0 (Linux; Android 6.0.1; Nexus 5X Build/MMB29P) AppleWebKit/537.36 (KHTML, like Gecko) Chrome/137.0.7151.103 Mobile Safari/537.36 (compatible; Googlebot/2.1; +http://www.google.com/bot.html)"
66.249.79.3 - - [17/Jul/2025:13:39:41 -0400] "GET /?n=3408390733005&channel=deb1f3&from=pin.php%3Fid%3D907330-9510%26name%3D%E8%87%AA%E5%8B%95%E8%BB%8A%E9%83%A8%E5%93%81%202%E5%80%8B%E3%82%BB%E3%83%83%E3%83%88%20%E3%83%AA%E3%82%A2%E3%82%B5%E3%82%B9%E3%83%9A%E3%83%B3%E3%82%B7%E3%83%A7%E3%83%B3%20%E5%B7%A6%26amp%3B%E5%8F%B3%E3%82%A2%E3%83%83%E3%83%91%E3%83%BC%E3%82%B3%E3%83%B3%E3%83%88%E3%83%AD%E3%83%BC%E3%83%AB%E3%82%A2%E3%83%BC%E3%83%A0%201044431-00-G%20104443100G HTTP/1.1" 200 29834 "-" "Mozilla/5.0 (Linux; Android 6.0.1; Nexus 5X Build/MMB29P) AppleWebKit/537.36 (KHTML, like Gecko) Chrome/137.0.7151.103 Mobile Safari/537.36 (compatible; Googlebot/2.1; +http://www.google.com/bot.html)"
114.119.155.200 - - [17/Jul/2025:13:39:42 -0400] "GET /2020/09/23/mutton-chops-by-chanda-arshad/ HTTP/1.1" 200 19083 "https://fnf.group/author/admin123/page/11" "Mozilla/5.0 (Linux; Android 7.0;) AppleWebKit/537.36 (KHTML, like Gecko) Mobile Safari/537.36 (compatible; PetalBot;+https://webmaster.petalsearch.com/site/petalbot)"
162.19.235.108 - - [17/Jul/2025:13:39:47 -0400] "GET /wp-login.php HTTP/1.1" 200 3798 "https://fnf.group" "Mozilla/5.0 (Windows NT 10.0; WOW64; rv:77.0) Gecko/20100101 Firefox/77.0"
162.19.235.108 - - [17/Jul/2025:13:39:54 -0400] "POST /wp-login.php HTTP/1.1" 302 0 "https://fnf.group/wp-login.php" "Mozilla/5.0 (Windows NT 10.0; WOW64; rv:77.0) Gecko/20100101 Firefox/77.0"
66.249.68.129 - - [17/Jul/2025:13:39:58 -0400] "GET /?n=95999118169704&channel=4a98a3&from=jp.php%3Fid%3D1181697-17495%26name%3DM%E3%82%B5%E3%82%A4%E3%82%BA%E3%80%82%E6%97%A5%E6%9C%AC%E6%9C%AA%E7%99%BA%E5%A3%B2%E3%81%AERVCA+NOISE+SUNSET+%E3%82%BF%E3%83%83%E3%83%91%E3%83%BC HTTP/1.1" 301 0 "-" "Mozilla/5.0 (Linux; Android 6.0.1; Nexus 5X Build/MMB29P) AppleWebKit/537.36 (KHTML, like Gecko) Chrome/137.0.7151.103 Mobile Safari/537.36 (compatible; Googlebot/2.1; +http://www.google.com/bot.html)"
162.19.235.108 - - [17/Jul/2025:13:39:59 -0400] "GET /wp-admin/plugin-install.php?tab=upload HTTP/1.1" 403 965 "https://fnf.group" "Mozilla/5.0 (Windows NT 10.0; WOW64; rv:77.0) Gecko/20100101 Firefox/77.0"
66.249.79.3 - - [17/Jul/2025:13:40:06 -0400] "GET /?n=84134111501609&channel=461d67&from=shared.php%3Fid%3D1115016-12567%26name%3D%E9%A4%8A%E8%9C%82%E7%94%A8+%E9%98%B2%E8%AD%B7%E6%9C%8D+%E5%8E%9A%E3%81%952%E3%82%BF%E3%82%A4%E3%83%97%E9%81%B8%E3%81%B9%E3%82%8B+%E3%83%95%E3%82%A7%E3%82%A4%E3%82%B9%E3%83%8D%E3%83%83%E3%83%88+%E5%B8%BD%E5%AD%90%E4%BB%98%E3%81%8D+%E3%83%9F%E3%83%84%E3%83%90%E3%83%81%E6%9C%8D+%E9%98%B2%E8%99%AB%E6%9C%8D+%E9%80%9A%E6%B0%97%E6%80%A7+%E8%BB%BD%E9%87%8F+%E3%82%A2%E3%82%A6%E3%83%88%E3%83%89%E3%82%A2+%E3%82%AC%E3%83%BC%E3%83%87%E3%83%8B%E3%83%B3%E3%82%B0+%E9%A4%8A%E8%9C%82%E5%99%A8%E5%85%B7+%E8%9A%8A%E8%99%AB%E5%AF%BE%E7%AD%96+%E8%BE%B2%E4%BD%9C%E6%A5%AD+%E8%9C%82%E5%B7%A3+%E5%AE%B3%E8%99%AB%E9%A7%86%E9%99%A4+%E8%99%AB%E3%82%88%E3%81%91+%E8%BE%B2%E6%A5%AD+%E7%95%91+%E4%BD%9C%E6%A5%AD+%E8%9C%82+%E4%BD%9C%E6%A5%AD%E6%9C%8D+m2RM463 HTTP/1.1" 301 0 "-" "Mozilla/5.0 (Linux; Android 6.0.1; Nexus 5X Build/MMB29P) AppleWebKit/537.36 (KHTML, like Gecko) Chrome/137.0.7151.103 Mobile Safari/537.36 (compatible; Googlebot/2.1; +http://www.google.com/bot.html)"
66.249.79.3 - - [17/Jul/2025:13:40:03 -0400] "GET /?n=95999118169704&channel=4a98a3&from=jp.php%3Fid%3D1181697-17495%26name%3DM%E3%82%B5%E3%82%A4%E3%82%BA%E3%80%82%E6%97%A5%E6%9C%AC%E6%9C%AA%E7%99%BA%E5%A3%B2%E3%81%AERVCA%20NOISE%20SUNSET%20%E3%82%BF%E3%83%83%E3%83%91%E3%83%BC HTTP/1.1" 200 29831 "-" "Mozilla/5.0 (Linux; Android 6.0.1; Nexus 5X Build/MMB29P) AppleWebKit/537.36 (KHTML, like Gecko) Chrome/137.0.7151.103 Mobile Safari/537.36 (compatible; Googlebot/2.1; +http://www.google.com/bot.html)"
66.249.79.3 - - [17/Jul/2025:13:40:09 -0400] "GET /?n=84134111501609&channel=461d67&from=shared.php%3Fid%3D1115016-12567%26name%3D%E9%A4%8A%E8%9C%82%E7%94%A8%20%E9%98%B2%E8%AD%B7%E6%9C%8D%20%E5%8E%9A%E3%81%952%E3%82%BF%E3%82%A4%E3%83%97%E9%81%B8%E3%81%B9%E3%82%8B%20%E3%83%95%E3%82%A7%E3%82%A4%E3%82%B9%E3%83%8D%E3%83%83%E3%83%88%20%E5%B8%BD%E5%AD%90%E4%BB%98%E3%81%8D%20%E3%83%9F%E3%83%84%E3%83%90%E3%83%81%E6%9C%8D%20%E9%98%B2%E8%99%AB%E6%9C%8D%20%E9%80%9A%E6%B0%97%E6%80%A7%20%E8%BB%BD%E9%87%8F%20%E3%82%A2%E3%82%A6%E3%83%88%E3%83%89%E3%82%A2%20%E3%82%AC%E3%83%BC%E3%83%87%E3%83%8B%E3%83%B3%E3%82%B0%20%E9%A4%8A%E8%9C%82%E5%99%A8%E5%85%B7%20%E8%9A%8A%E8%99%AB%E5%AF%BE%E7%AD%96%20%E8%BE%B2%E4%BD%9C%E6%A5%AD%20%E8%9C%82%E5%B7%A3%20%E5%AE%B3%E8%99%AB%E9%A7%86%E9%99%A4%20%E8%99%AB%E3%82%88%E3%81%91%20%E8%BE%B2%E6%A5%AD%20%E7%95%91%20%E4%BD%9C%E6%A5%AD%20%E8%9C%82%20%E4%BD%9C%E6%A5%AD%E6%9C%8D%20m2RM463 HTTP/1.1" 200 29832 "-" "Mozilla/5.0 (Linux; Android 6.0.1; Nexus 5X Build/MMB29P) AppleWebKit/537.36 (KHTML, like Gecko) Chrome/137.0.7151.103 Mobile Safari/537.36 (compatible; Googlebot/2.1; +http://www.google.com/bot.html)"
66.249.68.129 - - [17/Jul/2025:13:40:20 -0400] "GET /?n=6929211965902&channel=4f7c25&from=product.php%3Fid%3D119659-6687%26name%3D%E3%83%90%E3%83%83%E3%82%AF%E3%83%9F%E3%83%A9%E3%83%BC+%E3%82%AB%E3%83%90%E3%83%BC+2+%E5%80%8B%E8%BB%8A%E3%81%AE%E3%82%B5%E3%82%A4%E3%83%89%E3%83%90%E3%83%83%E3%82%AF%E3%83%9F%E3%83%A9%E3%83%BC%E3%82%AB%E3%83%90%E3%83%BC%E3%83%88%E3%83%AA%E3%83%A0%E5%B7%A6%E5%8F%B3%E3%82%B8%E3%83%BC%E3%83%97%E7%94%A8%E3%83%A9%E3%83%B3%E3%82%B0%E3%83%A9%E3%83%BC+JK+JKU+2007-2018+%E3%83%89%E3%82%A2+%E3%83%9F%E3%83%A9%E3%83%BC HTTP/1.1" 301 0 "-" "Mozilla/5.0 (Linux; Android 6.0.1; Nexus 5X Build/MMB29P) AppleWebKit/537.36 (KHTML, like Gecko) Chrome/137.0.7151.103 Mobile Safari/537.36 (compatible; Googlebot/2.1; +http://www.google.com/bot.html)"
66.249.79.2 - - [17/Jul/2025:13:40:23 -0400] "GET /?n=6929211965902&channel=4f7c25&from=product.php%3Fid%3D119659-6687%26name%3D%E3%83%90%E3%83%83%E3%82%AF%E3%83%9F%E3%83%A9%E3%83%BC%20%E3%82%AB%E3%83%90%E3%83%BC%202%20%E5%80%8B%E8%BB%8A%E3%81%AE%E3%82%B5%E3%82%A4%E3%83%89%E3%83%90%E3%83%83%E3%82%AF%E3%83%9F%E3%83%A9%E3%83%BC%E3%82%AB%E3%83%90%E3%83%BC%E3%83%88%E3%83%AA%E3%83%A0%E5%B7%A6%E5%8F%B3%E3%82%B8%E3%83%BC%E3%83%97%E7%94%A8%E3%83%A9%E3%83%B3%E3%82%B0%E3%83%A9%E3%83%BC%20JK%20JKU%202007-2018%20%E3%83%89%E3%82%A2%20%E3%83%9F%E3%83%A9%E3%83%BC HTTP/1.1" 200 29839 "-" "Mozilla/5.0 (Linux; Android 6.0.1; Nexus 5X Build/MMB29P) AppleWebKit/537.36 (KHTML, like Gecko) Chrome/137.0.7151.103 Mobile Safari/537.36 (compatible; Googlebot/2.1; +http://www.google.com/bot.html)"
63.250.38.117 - - [17/Jul/2025:13:40:47 -0400] "POST /wp-cron.php?doing_wp_cron=1752774047.5969290733337402343750 HTTP/1.1" 403 1242 "-" "WordPress/6.8.1; https://fnf.group"
66.249.68.135 - - [17/Jul/2025:13:40:43 -0400] "GET /?n=7893455681506&channel=abb0a0&from=brands.php%3Fid%3D556815-10350%26name%3DXWIXFXPE+%E3%83%9E%E3%83%84%E3%83%80-CX9+TC+2016-2024+%E3%82%A2%E3%82%AF%E3%82%BB%E3%82%B5%E3%83%AA%E3%83%BC+%E3%83%AA%E3%82%A2%E3%83%AB%E3%82%BD%E3%83%95%E3%83%88%E3%82%AB%E3%83%BC%E3%83%9C%E3%83%B3%E3%83%95%E3%82%A1%E3%82%A4%E3%83%90%E3%83%BC%E3%82%AB%E3%83%BC%E3%82%A4%E3%83%B3%E3%83%86%E3%83%AA%E3%82%A2%E3%82%A6%E3%82%A3%E3%83%B3%E3%83%89%E3%82%A6%E3%83%AA%E3%83%95 HTTP/1.1" 301 0 "-" "Mozilla/5.0 (Linux; Android 6.0.1; Nexus 5X Build/MMB29P) AppleWebKit/537.36 (KHTML, like Gecko) Chrome/137.0.7151.103 Mobile Safari/537.36 (compatible; Googlebot/2.1; +http://www.google.com/bot.html)"
66.249.79.2 - - [17/Jul/2025:13:40:47 -0400] "GET /?n=7893455681506&channel=abb0a0&from=brands.php%3Fid%3D556815-10350%26name%3DXWIXFXPE%20%E3%83%9E%E3%83%84%E3%83%80-CX9%20TC%202016-2024%20%E3%82%A2%E3%82%AF%E3%82%BB%E3%82%B5%E3%83%AA%E3%83%BC%20%E3%83%AA%E3%82%A2%E3%83%AB%E3%82%BD%E3%83%95%E3%83%88%E3%82%AB%E3%83%BC%E3%83%9C%E3%83%B3%E3%83%95%E3%82%A1%E3%82%A4%E3%83%90%E3%83%BC%E3%82%AB%E3%83%BC%E3%82%A4%E3%83%B3%E3%83%86%E3%83%AA%E3%82%A2%E3%82%A6%E3%82%A3%E3%83%B3%E3%83%89%E3%82%A6%E3%83%AA%E3%83%95 HTTP/1.1" 200 29829 "-" "Mozilla/5.0 (Linux; Android 6.0.1; Nexus 5X Build/MMB29P) AppleWebKit/537.36 (KHTML, like Gecko) Chrome/137.0.7151.103 Mobile Safari/537.36 (compatible; Googlebot/2.1; +http://www.google.com/bot.html)"
114.119.131.93 - - [17/Jul/2025:13:40:58 -0400] "GET /2013/09/28/serious-bikes-are-fun HTTP/1.1" 301 0 "-" "Mozilla/5.0 (Linux; Android 7.0;) AppleWebKit/537.36 (KHTML, like Gecko) Mobile Safari/537.36 (compatible; PetalBot;+https://webmaster.petalsearch.com/site/petalbot)"
114.119.131.93 - - [17/Jul/2025:13:41:01 -0400] "GET /2013/09/28/serious-bikes-are-fun/ HTTP/1.1" 200 18834 "-" "Mozilla/5.0 (Linux; Android 7.0;) AppleWebKit/537.36 (KHTML, like Gecko) Mobile Safari/537.36 (compatible; PetalBot;+https://webmaster.petalsearch.com/site/petalbot)"
66.249.68.135 - - [17/Jul/2025:13:41:05 -0400] "GET /?n=7409531856302&channel=d26e66&from=pin.php%3Fid%3D318563-14168%26name%3D%5BEKSIL%5D+%E6%9C%AC%E9%9D%A9%E6%99%82%E8%A8%88%E3%83%90%E3%83%B3%E3%83%89%E3%83%91%E3%83%86%E3%83%83%E3%82%AF%E3%83%95%E3%82%A3%E3%83%AA%E3%83%83%E3%83%97+5711+5712G+%E3%83%8E%E3%83%BC%E3%83%81%E3%83%A9%E3%82%B9%E8%85%95%E6%99%82%E8%A8%88%E7%94%B7%E6%80%A7%E3%81%A8%E5%A5%B3%E6%80%A7%E3%81%AE%E7%89%B9%E5%88%A5%E3%81%AA%E3%83%8E%E3%83%83%E3%83%81%E6%99%82%E8%A8%88%E3%82%B9%E3%83%88%E3%83%A9%E3%83%83%E3%83%97+25 HTTP/1.1" 301 0 "-" "Mozilla/5.0 (Linux; Android 6.0.1; Nexus 5X Build/MMB29P) AppleWebKit/537.36 (KHTML, like Gecko) Chrome/137.0.7151.103 Mobile Safari/537.36 (compatible; Googlebot/2.1; +http://www.google.com/bot.html)"
