66.249.79.3 - - [17/Jul/2025:11:26:42 -0400] "GET /?n=168265668703&channel=ce2e33&from=goods.php%3Fid%3D56687-5044%26name%3D%E9%9B%BB%E5%9C%A7%E6%95%B4%E6%B5%81%E5%99%A8%20%E3%83%A4%E3%83%9E%E3%83%8F%20%E3%83%AD%E3%83%BC%E3%83%89%E7%94%A8%20%E3%82%B9%E3%82%BF%E3%83%BCLE%20XV1600ALE%20XV1600%E7%94%A8%20%E3%82%B7%E3%83%AB%E3%83%90%E3%83%A9%E3%83%BC%E3%83%89XV17ATM%20XV17A%20XV17AM%E7%94%A8 HTTP/1.1" 200 29837 "-" "Mozilla/5.0 (Linux; Android 6.0.1; Nexus 5X Build/MMB29P) AppleWebKit/537.36 (KHTML, like Gecko) Chrome/137.0.7151.103 Mobile Safari/537.36 (compatible; Googlebot/2.1; +http://www.google.com/bot.html)"
217.113.194.31 - - [17/Jul/2025:11:26:58 -0400] "GET /2025/06/20/mostbet-giris-guncel-adresi-mostbet-casino-ve-spor-bahisleri-icin-en-iyi-platform/ HTTP/1.1" 200 26092 "-" "Mozilla/5.0 (compatible; Barkrowler/0.9; +https://babbar.tech/crawler)"
20.244.25.192 - - [17/Jul/2025:11:27:11 -0400] "POST /wp-login.php HTTP/1.1" 200 3936 "-" "Mozilla/5.0"
66.249.68.135 - - [17/Jul/2025:11:27:14 -0400] "GET /?n=5868854081400&channel=a4b545&from=jp.php%3Fid%3D540814-14522%26name%3D%E3%83%95%E3%82%A3%E3%83%AB%E3%82%BF%E3%83%BC%E4%BB%98%E3%81%8D%E5%8A%A0%E6%B9%BF%E5%99%A8+%E7%A9%BA%E6%B0%97%E5%8A%A0%E6%B9%BF%E5%99%A8+%E5%AE%B6%E5%BA%AD%E7%94%A8+%E6%B0%B4%E6%BB%B4+%E3%82%AF%E3%83%BC%E3%83%AB%E3%83%9F%E3%82%B9%E3%83%88%E3%83%A1%E3%83%BC%E3%82%AB%E3%83%BC+%E3%83%95%E3%82%A9%E3%82%AC%E3%83%BC+%E3%82%AA%E3%83%95%E3%82%A3%E3%82%B9+%E5%AF%9D%E5%AE%A4+%E5%8A%A0%E6%B9%BF%E5%99%A8%E4%BB%98%E3%81%8D HTTP/1.1" 301 0 "-" "Mozilla/5.0 (Linux; Android 6.0.1; Nexus 5X Build/MMB29P) AppleWebKit/537.36 (KHTML, like Gecko) Chrome/137.0.7151.103 Mobile Safari/537.36 (compatible; Googlebot/2.1; +http://www.google.com/bot.html)"
217.113.194.27 - - [17/Jul/2025:11:27:17 -0400] "GET /2025/06/20/osnovy-bezopasnykh-stavok-na-sport-saity-kak-vybrat-nadezhnuiu-platformu/ HTTP/1.1" 200 19997 "-" "Mozilla/5.0 (compatible; Barkrowler/0.9; +https://babbar.tech/crawler)"
66.249.79.4 - - [17/Jul/2025:11:27:18 -0400] "GET /?n=5868854081400&channel=a4b545&from=jp.php%3Fid%3D540814-14522%26name%3D%E3%83%95%E3%82%A3%E3%83%AB%E3%82%BF%E3%83%BC%E4%BB%98%E3%81%8D%E5%8A%A0%E6%B9%BF%E5%99%A8%20%E7%A9%BA%E6%B0%97%E5%8A%A0%E6%B9%BF%E5%99%A8%20%E5%AE%B6%E5%BA%AD%E7%94%A8%20%E6%B0%B4%E6%BB%B4%20%E3%82%AF%E3%83%BC%E3%83%AB%E3%83%9F%E3%82%B9%E3%83%88%E3%83%A1%E3%83%BC%E3%82%AB%E3%83%BC%20%E3%83%95%E3%82%A9%E3%82%AC%E3%83%BC%20%E3%82%AA%E3%83%95%E3%82%A3%E3%82%B9%20%E5%AF%9D%E5%AE%A4%20%E5%8A%A0%E6%B9%BF%E5%99%A8%E4%BB%98%E3%81%8D HTTP/1.1" 200 29829 "-" "Mozilla/5.0 (Linux; Android 6.0.1; Nexus 5X Build/MMB29P) AppleWebKit/537.36 (KHTML, like Gecko) Chrome/137.0.7151.103 Mobile Safari/537.36 (compatible; Googlebot/2.1; +http://www.google.com/bot.html)"
63.250.38.117 - - [17/Jul/2025:11:27:29 -0400] "POST /wp-cron.php?doing_wp_cron=1752766049.4829111099243164062500 HTTP/1.1" 403 1242 "-" "WordPress/6.8.1; https://fnf.group"
66.249.79.4 - - [17/Jul/2025:11:27:26 -0400] "GET /?n=18976148479306&channel=83ca48&from=category-info.php%3Fid%3D1484793-8945%26name%3D%E3%83%89%E3%83%A9%E3%82%B4%E3%83%B3%E3%80%80%E9%BE%8D%E3%80%802%E7%82%B9SET+%E3%83%80%E3%82%A4%E3%83%A4%E3%83%A2%E3%83%B3%E3%83%89%E3%82%A2%E3%83%BC%E3%83%88%E3%82%AD%E3%83%83%E3%83%88 HTTP/1.1" 301 0 "-" "Mozilla/5.0 (Linux; Android 6.0.1; Nexus 5X Build/MMB29P) AppleWebKit/537.36 (KHTML, like Gecko) Chrome/137.0.7151.103 Mobile Safari/537.36 (compatible; Googlebot/2.1; +http://www.google.com/bot.html)"
66.249.79.3 - - [17/Jul/2025:11:27:30 -0400] "GET /?n=18976148479306&channel=83ca48&from=category-info.php%3Fid%3D1484793-8945%26name%3D%E3%83%89%E3%83%A9%E3%82%B4%E3%83%B3%E3%80%80%E9%BE%8D%E3%80%802%E7%82%B9SET%20%E3%83%80%E3%82%A4%E3%83%A4%E3%83%A2%E3%83%B3%E3%83%89%E3%82%A2%E3%83%BC%E3%83%88%E3%82%AD%E3%83%83%E3%83%88 HTTP/1.1" 200 29834 "-" "Mozilla/5.0 (Linux; Android 6.0.1; Nexus 5X Build/MMB29P) AppleWebKit/537.36 (KHTML, like Gecko) Chrome/137.0.7151.103 Mobile Safari/537.36 (compatible; Googlebot/2.1; +http://www.google.com/bot.html)"
66.249.68.136 - - [17/Jul/2025:11:27:35 -0400] "GET /?n=62112121469405&channel=48588b&from=brands.php%3Fid%3D1214694-3036%26name%3DQuan+Jewelry+%E3%83%95%E3%82%A1%E3%83%9F%E3%83%AA%E3%83%BC%E3%82%B8%E3%83%A5%E3%82%A8%E3%83%AA%E3%83%BC3%E7%82%B9%E3%82%BB%E3%83%83%E3%83%88+%E7%88%B6%E3%81%AE%E6%97%A5%E3%81%A8%E6%AF%8D%E3%81%AE%E6%97%A5%E3%81%AE%E3%82%AE%E3%83%95%E3%83%88+%E3%82%B0%E3%83%AA%E3%83%BC%E3%83%86%E3%82%A3%E3%83%B3%E3%82%B0%E3%82%AB%E3%83%BC%E3%83%89%E3%81%AB%E3%82%A4%E3%83%B3%E3%82%B9%E3%83%94%E3%83%AC%E3%83%BC%E3%82%B7%E3%83%A7%E3%83%B3%E3%82%92%E4%B8%8E%E3%81%88%E3%82%8B%E5%BC%95 HTTP/1.1" 301 0 "-" "Mozilla/5.0 (Linux; Android 6.0.1; Nexus 5X Build/MMB29P) AppleWebKit/537.36 (KHTML, like Gecko) Chrome/137.0.7151.103 Mobile Safari/537.36 (compatible; Googlebot/2.1; +http://www.google.com/bot.html)"
66.249.79.3 - - [17/Jul/2025:11:27:37 -0400] "GET /?n=62112121469405&channel=48588b&from=brands.php%3Fid%3D1214694-3036%26name%3DQuan%20Jewelry%20%E3%83%95%E3%82%A1%E3%83%9F%E3%83%AA%E3%83%BC%E3%82%B8%E3%83%A5%E3%82%A8%E3%83%AA%E3%83%BC3%E7%82%B9%E3%82%BB%E3%83%83%E3%83%88%20%E7%88%B6%E3%81%AE%E6%97%A5%E3%81%A8%E6%AF%8D%E3%81%AE%E6%97%A5%E3%81%AE%E3%82%AE%E3%83%95%E3%83%88%20%E3%82%B0%E3%83%AA%E3%83%BC%E3%83%86%E3%82%A3%E3%83%B3%E3%82%B0%E3%82%AB%E3%83%BC%E3%83%89%E3%81%AB%E3%82%A4%E3%83%B3%E3%82%B9%E3%83%94%E3%83%AC%E3%83%BC%E3%82%B7%E3%83%A7%E3%83%B3%E3%82%92%E4%B8%8E%E3%81%88%E3%82%8B%E5%BC%95 HTTP/1.1" 200 29829 "-" "Mozilla/5.0 (Linux; Android 6.0.1; Nexus 5X Build/MMB29P) AppleWebKit/537.36 (KHTML, like Gecko) Chrome/137.0.7151.103 Mobile Safari/537.36 (compatible; Googlebot/2.1; +http://www.google.com/bot.html)"
217.113.194.31 - - [17/Jul/2025:11:27:39 -0400] "GET /2025/07/09/vyvod-deneg-odnim-kazino-mostbet-kak-vyvesti-dengi-i-scheta-mostbet/ HTTP/1.1" 200 30573 "-" "Mozilla/5.0 (compatible; Barkrowler/0.9; +https://babbar.tech/crawler)"
217.113.194.24 - - [17/Jul/2025:11:28:04 -0400] "GET /2025/06/29/top-10-luchshikh-onlain-kazino-na-dengi-i-rossii-2025-reiting-litsenzionnykh/feed/ HTTP/1.1" 200 642 "-" "Mozilla/5.0 (compatible; Barkrowler/0.9; +https://babbar.tech/crawler)"
66.249.68.137 - - [17/Jul/2025:11:28:06 -0400] "GET /?n=81749117106501&channel=6eddc2&from=pin.php%3Fid%3D1171065-24888%26name%3D%E6%8A%97%E8%8F%8C%E3%81%B5%E3%82%8F%E3%81%A3%E3%81%A8%E5%BC%81%E5%BD%93%E7%AE%B1++%E3%83%A0%E3%83%BC%E3%83%9F%E3%83%B3+%E3%82%AB%E3%83%A9%E3%83%95%E3%83%AB+PFLB6AG_635809+%E5%A4%A7%E4%BA%BA+%E4%B8%80%E6%AE%B5+%E4%BB%95%E5%88%87%E3%82%8A+%E9%A3%9F%E6%B4%97%E6%A9%9F+%E3%83%AC%E3%83%B3%E3%82%B8+%E5%AF%BE%E5%BF%9C+%E6%8A%97%E8%8F%8C+%E6%97%A5%E6%9C%AC%E8%A3%BD+%E5%AE%B9%E9%87%8F+530ml+PFLB6AG+%E3%83%AC%E3%83%87%E3%82%A3%E3%83%BC%E3%82%B9+%EF%BC%94%E7%82%B9%E3%83%AD%E3%83%83%E3%82%AF%E3%83%89%E3%83%BC%E3%83%A0%E5%9E%8B+1%E6%AE%B5+%E6%BC%8F%E3%82%8C%E3%81%AA%E3%81%84++%E5%A5%B3%E6%80%A7+%E3%83%AC%E3%83%87%E3%82%A3%E3%83%BC%E3%82%B9 HTTP/1.1" 301 0 "-" "Mozilla/5.0 (Linux; Android 6.0.1; Nexus 5X Build/MMB29P) AppleWebKit/537.36 (KHTML, like Gecko) Chrome/137.0.7151.103 Mobile Safari/537.36 (compatible; Googlebot/2.1; +http://www.google.com/bot.html)"
66.249.79.5 - - [17/Jul/2025:11:28:10 -0400] "GET /?n=81749117106501&channel=6eddc2&from=pin.php%3Fid%3D1171065-24888%26name%3D%E6%8A%97%E8%8F%8C%E3%81%B5%E3%82%8F%E3%81%A3%E3%81%A8%E5%BC%81%E5%BD%93%E7%AE%B1%20%20%E3%83%A0%E3%83%BC%E3%83%9F%E3%83%B3%20%E3%82%AB%E3%83%A9%E3%83%95%E3%83%AB%20PFLB6AG_635809%20%E5%A4%A7%E4%BA%BA%20%E4%B8%80%E6%AE%B5%20%E4%BB%95%E5%88%87%E3%82%8A%20%E9%A3%9F%E6%B4%97%E6%A9%9F%20%E3%83%AC%E3%83%B3%E3%82%B8%20%E5%AF%BE%E5%BF%9C%20%E6%8A%97%E8%8F%8C%20%E6%97%A5%E6%9C%AC%E8%A3%BD%20%E5%AE%B9%E9%87%8F%20530ml%20PFLB6AG%20%E3%83%AC%E3%83%87%E3%82%A3%E3%83%BC%E3%82%B9%20%EF%BC%94%E7%82%B9%E3%83%AD%E3%83%83%E3%82%AF%E3%83%89%E3%83%BC%E3%83%A0%E5%9E%8B%201%E6%AE%B5%20%E6%BC%8F%E3%82%8C%E3%81%AA%E3%81%84%20%20%E5%A5%B3%E6%80%A7%20%E3%83%AC%E3%83%87%E3%82%A3%E3%83%BC%E3%82%B9 HTTP/1.1" 200 29817 "-" "Mozilla/5.0 (Linux; Android 6.0.1; Nexus 5X Build/MMB29P) AppleWebKit/537.36 (KHTML, like Gecko) Chrome/137.0.7151.103 Mobile Safari/537.36 (compatible; Googlebot/2.1; +http://www.google.com/bot.html)"
217.113.194.26 - - [17/Jul/2025:11:28:22 -0400] "GET /2025/06/29/mostbet-app-kz-skachaite-a-ios-i-android-i-poluchite-100-fs-bezdepa/feed/ HTTP/1.1" 200 611 "-" "Mozilla/5.0 (compatible; Barkrowler/0.9; +https://babbar.tech/crawler)"
63.250.38.117 - - [17/Jul/2025:11:28:43 -0400] "POST /wp-cron.php?doing_wp_cron=1752766123.5881929397583007812500 HTTP/1.1" 403 1242 "-" "WordPress/6.8.1; https://fnf.group"
217.113.194.29 - - [17/Jul/2025:11:28:40 -0400] "GET /2025/06/29/bonus-bez-depozytu-2025-sprawdz-bonusy-za-rejestracje-bez-depozytu/feed/ HTTP/1.1" 200 555 "-" "Mozilla/5.0 (compatible; Barkrowler/0.9; +https://babbar.tech/crawler)"
114.119.155.200 - - [17/Jul/2025:11:28:58 -0400] "GET /tag/recipes/ HTTP/1.1" 200 14128 "https://fnf.group/2020/08/04/nawabi-siwayyan-by-hiba-imran/" "Mozilla/5.0 (Linux; Android 7.0;) AppleWebKit/537.36 (KHTML, like Gecko) Mobile Safari/537.36 (compatible; PetalBot;+https://webmaster.petalsearch.com/site/petalbot)"
66.249.68.135 - - [17/Jul/2025:11:28:59 -0400] "GET /?n=90170153512102&channel=6befb5&from=brands.php%3Fid%3D1535121-15214%26name%3D%E9%8A%80%E9%AD%82+t%E3%82%B7%E3%83%A3%E3%83%84+%E5%9D%82%E7%94%B0%E9%8A%80%E6%99%82%E3%80%80%E7%A5%9E%E6%A5%BD%E3%80%80%E5%BF%97%E6%9D%91%E6%96%B0%E3%83%8F%E3%80%80%E5%8D%8A%E8%A2%96++%E4%B8%B8%E8%A5%9F+%E3%83%97%E3%83%AC%E3%82%BC%E3%83%B3%E3%83%88+%E3%82%A4%E3%83%99%E3%83%B3%E3%83%88+%E8%A1%A3%E8%A3%85+%E7%94%B7%E5%A5%B3%E5%85%BC%E7%94%A8 HTTP/1.1" 301 0 "-" "Mozilla/5.0 (Linux; Android 6.0.1; Nexus 5X Build/MMB29P) AppleWebKit/537.36 (KHTML, like Gecko) Chrome/137.0.7151.103 Mobile Safari/537.36 (compatible; Googlebot/2.1; +http://www.google.com/bot.html)"
217.113.194.30 - - [17/Jul/2025:11:28:59 -0400] "GET /2025/06/27/free-online-slots-gamings-for-enjoyable-an-overview-to-enjoying-online-casino-games-without-investing-a-dollar/ HTTP/1.1" 200 19571 "-" "Mozilla/5.0 (compatible; Barkrowler/0.9; +https://babbar.tech/crawler)"
66.249.79.5 - - [17/Jul/2025:11:29:05 -0400] "GET /?n=90170153512102&channel=6befb5&from=brands.php%3Fid%3D1535121-15214%26name%3D%E9%8A%80%E9%AD%82%20t%E3%82%B7%E3%83%A3%E3%83%84%20%E5%9D%82%E7%94%B0%E9%8A%80%E6%99%82%E3%80%80%E7%A5%9E%E6%A5%BD%E3%80%80%E5%BF%97%E6%9D%91%E6%96%B0%E3%83%8F%E3%80%80%E5%8D%8A%E8%A2%96%20%20%E4%B8%B8%E8%A5%9F%20%E3%83%97%E3%83%AC%E3%82%BC%E3%83%B3%E3%83%88%20%E3%82%A4%E3%83%99%E3%83%B3%E3%83%88%20%E8%A1%A3%E8%A3%85%20%E7%94%B7%E5%A5%B3%E5%85%BC%E7%94%A8 HTTP/1.1" 200 29834 "-" "Mozilla/5.0 (Linux; Android 6.0.1; Nexus 5X Build/MMB29P) AppleWebKit/537.36 (KHTML, like Gecko) Chrome/137.0.7151.103 Mobile Safari/537.36 (compatible; Googlebot/2.1; +http://www.google.com/bot.html)"
66.249.79.4 - - [17/Jul/2025:11:29:13 -0400] "GET /?n=07978186598200&channel=08edd3&from=jp.php%3Fid%3D1865982-14769%26name%3D846+yajiro+%E3%83%8D%E3%83%83%E3%82%AF%E3%83%AC%E3%82%B9 HTTP/1.1" 301 0 "-" "Mozilla/5.0 (Linux; Android 6.0.1; Nexus 5X Build/MMB29P) AppleWebKit/537.36 (KHTML, like Gecko) Chrome/137.0.7151.103 Mobile Safari/537.36 (compatible; Googlebot/2.1; +http://www.google.com/bot.html)"
66.249.79.4 - - [17/Jul/2025:11:29:16 -0400] "GET /?n=07978186598200&channel=08edd3&from=jp.php%3Fid%3D1865982-14769%26name%3D846%20yajiro%20%E3%83%8D%E3%83%83%E3%82%AF%E3%83%AC%E3%82%B9 HTTP/1.1" 200 29838 "-" "Mozilla/5.0 (Linux; Android 6.0.1; Nexus 5X Build/MMB29P) AppleWebKit/537.36 (KHTML, like Gecko) Chrome/137.0.7151.103 Mobile Safari/537.36 (compatible; Googlebot/2.1; +http://www.google.com/bot.html)"
217.113.194.22 - - [17/Jul/2025:11:29:23 -0400] "GET /2025/06/25/igrovoi-avtomat-leprechaun-riches-igrat-onlain-posetiteliam-ili-na-kvarplatu/ HTTP/1.1" 200 27653 "-" "Mozilla/5.0 (compatible; Barkrowler/0.9; +https://babbar.tech/crawler)"
85.239.243.68 - - [17/Jul/2025:11:29:29 -0400] "POST /xmlrpc.php HTTP/1.1" 403 1242 "https://fnf.group" "Mozilla/5.0 (Macintosh; Intel Mac OS X 10_15_7) AppleWebKit/537.36 (KHTML, like Gecko) Chrome/112.0.5615.138 Safari/537.36"
217.113.194.26 - - [17/Jul/2025:11:29:41 -0400] "GET /2025/06/25/plinko-leon-durante-nyborjarguide-till-stora-vinster-movilidad-humana-venezolana-2/ HTTP/1.1" 200 27505 "-" "Mozilla/5.0 (compatible; Barkrowler/0.9; +https://babbar.tech/crawler)"
63.250.38.117 - - [17/Jul/2025:11:29:45 -0400] "POST /wp-cron.php?doing_wp_cron=1752766185.7831799983978271484375 HTTP/1.1" 403 1242 "-" "WordPress/6.8.1; https://fnf.group"
66.249.68.135 - - [17/Jul/2025:11:29:43 -0400] "GET /?n=94198113661100&channel=42457f&from=article.php%3Fid%3D1136611-16015%26name%3D%E3%83%8A%E3%83%93%E3%82%B2%E3%83%BC%E3%82%B7%E3%83%A7%E3%83%B3%E3%83%96%E3%83%A9%E3%82%B1%E3%83%83%E3%83%88+%E3%82%AA%E3%83%BC%E3%83%88%E3%83%90%E3%82%A4%E3%83%8A%E3%83%93%E3%82%B2%E3%83%BC%E3%82%B7%E3%83%A7%E3%83%B3%E3%82%B9%E3%82%BF%E3%83%B3%E3%83%89%E3%83%9B%E3%83%AB%E3%83%80%E3%83%BC%E9%9B%BB%E8%A9%B1%E3%83%A2%E3%83%90%E3%82%A4%E3%83%AB%E3%83%96%E3%83%A9%E3%82%B1%E3%83%83%E3%83%88%E3%82%B5%E3%83%9D%E3%83%BC%E3%83%88+%E3%83%A4%E3%83%9E%E3%83%8F%E3%81%AE%E5%A0%B4%E5%90%88%E3%83%86%E3%83%8D%E3%83%AC700+T7%E3%81%AE%E5%A0%B4 HTTP/1.1" 301 0 "-" "Mozilla/5.0 (Linux; Android 6.0.1; Nexus 5X Build/MMB29P) AppleWebKit/537.36 (KHTML, like Gecko) Chrome/137.0.7151.103 Mobile Safari/537.36 (compatible; Googlebot/2.1; +http://www.google.com/bot.html)"
66.249.79.3 - - [17/Jul/2025:11:29:46 -0400] "GET /?n=94198113661100&channel=42457f&from=article.php%3Fid%3D1136611-16015%26name%3D%E3%83%8A%E3%83%93%E3%82%B2%E3%83%BC%E3%82%B7%E3%83%A7%E3%83%B3%E3%83%96%E3%83%A9%E3%82%B1%E3%83%83%E3%83%88%20%E3%82%AA%E3%83%BC%E3%83%88%E3%83%90%E3%82%A4%E3%83%8A%E3%83%93%E3%82%B2%E3%83%BC%E3%82%B7%E3%83%A7%E3%83%B3%E3%82%B9%E3%82%BF%E3%83%B3%E3%83%89%E3%83%9B%E3%83%AB%E3%83%80%E3%83%BC%E9%9B%BB%E8%A9%B1%E3%83%A2%E3%83%90%E3%82%A4%E3%83%AB%E3%83%96%E3%83%A9%E3%82%B1%E3%83%83%E3%83%88%E3%82%B5%E3%83%9D%E3%83%BC%E3%83%88%20%E3%83%A4%E3%83%9E%E3%83%8F%E3%81%AE%E5%A0%B4%E5%90%88%E3%83%86%E3%83%8D%E3%83%AC700%20T7%E3%81%AE%E5%A0%B4 HTTP/1.1" 200 29826 "-" "Mozilla/5.0 (Linux; Android 6.0.1; Nexus 5X Build/MMB29P) AppleWebKit/537.36 (KHTML, like Gecko) Chrome/137.0.7151.103 Mobile Safari/537.36 (compatible; Googlebot/2.1; +http://www.google.com/bot.html)"
66.249.79.3 - - [17/Jul/2025:11:29:47 -0400] "GET /?n=1885777372903&channel=79b8d2&from=info.php%3Fid%3D773729-11375%26name%3D%E5%90%B8%E9%9F%B3%E3%82%B7%E3%83%BC%E3%83%88+%E3%83%95%E3%83%AB%E3%82%AB%E3%83%BC%E3%83%A9%E3%82%A4%E3%83%8B%E3%83%B3%E3%82%B0%E3%83%9C%E3%83%BC%E3%83%89+%E5%90%B8%E9%9F%B3%E3%82%B3%E3%83%83%E3%83%88%E3%83%B3%E3%82%AB%E3%83%BC%E8%87%AA%E5%B7%B1%E6%8E%A5%E7%9D%80%E9%81%AE%E9%9F%B3%E3%82%B3%E3%83%83%E3%83%88%E3%83%B3%E3%82%AB%E3%83%BC%E3%83%89%E3%82%A2%E3%83%8E%E3%82%A4%E3%82%BA%E4%BD%8E%E6%B8%9B%E3%83%84%E3%83%BC%E3%83%AB HTTP/1.1" 301 0 "-" "Mozilla/5.0 (Linux; Android 6.0.1; Nexus 5X Build/MMB29P) AppleWebKit/537.36 (KHTML, like Gecko) Chrome/137.0.7151.103 Mobile Safari/537.36 (compatible; Googlebot/2.1; +http://www.google.com/bot.html)"
66.249.79.3 - - [17/Jul/2025:11:29:49 -0400] "GET /?n=1885777372903&channel=79b8d2&from=info.php%3Fid%3D773729-11375%26name%3D%E5%90%B8%E9%9F%B3%E3%82%B7%E3%83%BC%E3%83%88%20%E3%83%95%E3%83%AB%E3%82%AB%E3%83%BC%E3%83%A9%E3%82%A4%E3%83%8B%E3%83%B3%E3%82%B0%E3%83%9C%E3%83%BC%E3%83%89%20%E5%90%B8%E9%9F%B3%E3%82%B3%E3%83%83%E3%83%88%E3%83%B3%E3%82%AB%E3%83%BC%E8%87%AA%E5%B7%B1%E6%8E%A5%E7%9D%80%E9%81%AE%E9%9F%B3%E3%82%B3%E3%83%83%E3%83%88%E3%83%B3%E3%82%AB%E3%83%BC%E3%83%89%E3%82%A2%E3%83%8E%E3%82%A4%E3%82%BA%E4%BD%8E%E6%B8%9B%E3%83%84%E3%83%BC%E3%83%AB HTTP/1.1" 200 29833 "-" "Mozilla/5.0 (Linux; Android 6.0.1; Nexus 5X Build/MMB29P) AppleWebKit/537.36 (KHTML, like Gecko) Chrome/137.0.7151.103 Mobile Safari/537.36 (compatible; Googlebot/2.1; +http://www.google.com/bot.html)"
217.113.194.27 - - [17/Jul/2025:11:30:00 -0400] "GET /2025/06/25/mac-oncesi-bahisler-online-spor-bahisleri-i-1xbet-i-1xbet-apresentando/ HTTP/1.1" 200 26311 "-" "Mozilla/5.0 (compatible; Barkrowler/0.9; +https://babbar.tech/crawler)"
66.249.79.3 - - [17/Jul/2025:11:30:16 -0400] "GET /?n=7313112412903&channel=1ea5d6&from=article.php%3Fid%3D124129-8403%26name%3D%E6%97%A5%E7%94%A3+R35+GTR+%E3%82%AB%E3%83%BC%E3%83%9C%E3%83%B3%E3%83%95%E3%82%A1%E3%82%A4%E3%83%90%E3%83%BC+OEM+%E3%83%95%E3%83%AD%E3%83%B3%E3%83%88%E3%83%95%E3%82%A7%E3%83%B3%E3%83%80%E3%83%BC%E3%83%99%E3%83%B3%E3%83%88+%E5%85%89%E6%B2%A2%E3%83%95%E3%82%A1%E3%82%A4%E3%83%90%E3%83%BC+%E3%83%9B%E3%82%A4%E3%83%BC%E3%83%AB%E3%82%A2%E3%83%BC%E3%83%81%E3%83%95%E3%83%AC%E3%82%A2+%E3%82%AA%E3%83%BC%E3%83%88%E3%83%AC%E3%83%BC%E3%82%B7%E3%83%B3%E3%82%B0%E3%83%9C HTTP/1.1" 301 0 "-" "Mozilla/5.0 (Linux; Android 6.0.1; Nexus 5X Build/MMB29P) AppleWebKit/537.36 (KHTML, like Gecko) Chrome/137.0.7151.103 Mobile Safari/537.36 (compatible; Googlebot/2.1; +http://www.google.com/bot.html)"
66.249.79.4 - - [17/Jul/2025:11:30:20 -0400] "GET /?n=7313112412903&channel=1ea5d6&from=article.php%3Fid%3D124129-8403%26name%3D%E6%97%A5%E7%94%A3%20R35%20GTR%20%E3%82%AB%E3%83%BC%E3%83%9C%E3%83%B3%E3%83%95%E3%82%A1%E3%82%A4%E3%83%90%E3%83%BC%20OEM%20%E3%83%95%E3%83%AD%E3%83%B3%E3%83%88%E3%83%95%E3%82%A7%E3%83%B3%E3%83%80%E3%83%BC%E3%83%99%E3%83%B3%E3%83%88%20%E5%85%89%E6%B2%A2%E3%83%95%E3%82%A1%E3%82%A4%E3%83%90%E3%83%BC%20%E3%83%9B%E3%82%A4%E3%83%BC%E3%83%AB%E3%82%A2%E3%83%BC%E3%83%81%E3%83%95%E3%83%AC%E3%82%A2%20%E3%82%AA%E3%83%BC%E3%83%88%E3%83%AC%E3%83%BC%E3%82%B7%E3%83%B3%E3%82%B0%E3%83%9C HTTP/1.1" 200 29822 "-" "Mozilla/5.0 (Linux; Android 6.0.1; Nexus 5X Build/MMB29P) AppleWebKit/537.36 (KHTML, like Gecko) Chrome/137.0.7151.103 Mobile Safari/537.36 (compatible; Googlebot/2.1; +http://www.google.com/bot.html)"
217.113.194.27 - - [17/Jul/2025:11:30:22 -0400] "GET /2025/07/05/mostbet-sovety-kak-maksimalno-uvelichit-svoi-vyigryshi-kazhdyi-raz/ HTTP/1.1" 200 21192 "-" "Mozilla/5.0 (compatible; Barkrowler/0.9; +https://babbar.tech/crawler)"
114.119.135.196 - - [17/Jul/2025:11:30:41 -0400] "GET /tag/qeema/ HTTP/1.1" 200 14234 "https://fnf.group/2020/08/04/hyderabadi-dumm-ka-qeema-beef-by-noushaba-shafiq" "Mozilla/5.0 (Linux; Android 7.0;) AppleWebKit/537.36 (KHTML, like Gecko) Mobile Safari/537.36 (compatible; PetalBot;+https://webmaster.petalsearch.com/site/petalbot)"
63.250.38.117 - - [17/Jul/2025:11:30:46 -0400] "POST /wp-cron.php?doing_wp_cron=1752766246.3873710632324218750000 HTTP/1.1" 403 1242 "-" "WordPress/6.8.1; https://fnf.group"
216.244.66.226 - - [17/Jul/2025:11:30:45 -0400] "GET /tag/chaat/ HTTP/1.1" 500 1034 "-" "Mozilla/5.0 (compatible; DotBot/1.2; +https://opensiteexplorer.org/dotbot; help@moz.com)"
217.113.194.28 - - [17/Jul/2025:11:30:44 -0400] "GET /2025/06/20/mostbet-giris-guncel-adresi-mostbet-casino-ve-spor-bahisleri-icin-en-iyi-platform-2/ HTTP/1.1" 200 26153 "-" "Mozilla/5.0 (compatible; Barkrowler/0.9; +https://babbar.tech/crawler)"
66.249.79.3 - - [17/Jul/2025:11:30:50 -0400] "GET /?n=1988262017803&channel=014efb&from=news.php%3Fid%3D620178-18263%26name%3D%E3%83%97%E3%83%AD%E3%83%95%E3%82%A7%E3%83%83%E3%82%B7%E3%83%A7%E3%83%8A%E3%83%AB%E3%82%A8%E3%82%B9%E3%83%97%E3%83%AC%E3%83%83%E3%82%BD%E3%82%BF%E3%83%B3%E3%83%91%E3%83%BC%E3%82%BD%E3%83%AA%E3%83%83%E3%83%89%E3%82%A6%E3%83%83%E3%83%89%E3%82%A8%E3%83%AB%E3%82%B4%E3%83%8E%E3%83%9F%E3%83%83%E3%82%AF%E3%83%8F%E3%83%B3%E3%83%89%E3%83%AB%E3%82%A8%E3%82%B9%E3%83%97%E3%83%AC%E3%83%83%E3%82%BD%E3%83%9E%E3%82%B7%E3%83%B3%E3%82%A2%E3%82%AF%E3%82%BB%E3%82%B5%E3%83%AA%E3%83%BC%E3%82%B3%E3%83%BC%E3%83%92%E3%83%BC%E3%82%B3%E3%83%BC%E3%83%92%E3%83%BC%E3%82%BF%E3%83%B3%E3%83%97%E3%83%84%E3%83%BC%E3%83%AB+%EF%BC%88%E6%96%B0%E3%81%97%E3%81%84%E3%82%B9%E3%82%BF%E3%82%A4%E3%83%AB%E3%81%AE100ml%E3%82%A8%E3%82%B9%E3%83%97%E3%83%AC%E3%83%83%E3%82%BD%E6%89%8B%E5%8B%95%E3%83%8F%E3%83%B3%E3%83%89%E3%83%97%E3%83%AC%E3%82%B9%E3%82%B3%E3%83%BC%E3%83%92%E3%83%BC%E3%83%A1%E3%83%BC%E3%82%AB%E3%83%BC%E3%83%9E%E3%82%B7%E3%83%B3%EF%BC%89 HTTP/1.1" 301 0 "-" "Mozilla/5.0 (Linux; Android 6.0.1; Nexus 5X Build/MMB29P) AppleWebKit/537.36 (KHTML, like Gecko) Chrome/137.0.7151.103 Mobile Safari/537.36 (compatible; Googlebot/2.1; +http://www.google.com/bot.html)"
66.249.68.135 - - [17/Jul/2025:11:30:50 -0400] "GET /?n=8650984209305&channel=9f61ba&from=goods.php%3Fid%3D842093-15109%26name%3D2%E5%80%8B+%E5%A4%9A%E5%8A%9F%E8%83%BD%E5%9D%9A%E6%9E%9C%E5%88%A8+%E3%82%AD%E3%83%83%E3%83%81%E3%83%B3%E7%94%A8%E3%81%8A%E3%82%8D%E3%81%97%E9%87%91+%E3%82%B7%E3%83%A5%E3%83%AC%E3%83%83%E3%83%80%E3%83%BC+%E3%82%AD%E3%83%83%E3%83%81%E3%83%B3%E3%81%8A%E3%82%8D%E3%81%97%E9%87%91+%E3%83%95%E3%83%AB%E3%83%BC%E3%83%84%E3%81%8A%E3%82%8D%E3%81%97%E5%99%A8+%E3%83%8B%E3%83%B3%E3%83%8B%E3%82%AF+%E3%82%AD%E3%83%83%E3%83%81%E3%83%B3%E7%94%A8%E5%93%81+%E3%83%81%E3%83%BC%E3%82%BA%E3%81%8A%E3%82%8D%E3%81%97%E5%99%A8+%E3%82%B8 HTTP/1.1" 301 0 "-" "Mozilla/5.0 (Linux; Android 6.0.1; Nexus 5X Build/MMB29P) AppleWebKit/537.36 (KHTML, like Gecko) Chrome/137.0.7151.103 Mobile Safari/537.36 (compatible; Googlebot/2.1; +http://www.google.com/bot.html)"
66.249.79.3 - - [17/Jul/2025:11:30:54 -0400] "GET /?n=1988262017803&channel=014efb&from=news.php%3Fid%3D620178-18263%26name%3D%E3%83%97%E3%83%AD%E3%83%95%E3%82%A7%E3%83%83%E3%82%B7%E3%83%A7%E3%83%8A%E3%83%AB%E3%82%A8%E3%82%B9%E3%83%97%E3%83%AC%E3%83%83%E3%82%BD%E3%82%BF%E3%83%B3%E3%83%91%E3%83%BC%E3%82%BD%E3%83%AA%E3%83%83%E3%83%89%E3%82%A6%E3%83%83%E3%83%89%E3%82%A8%E3%83%AB%E3%82%B4%E3%83%8E%E3%83%9F%E3%83%83%E3%82%AF%E3%83%8F%E3%83%B3%E3%83%89%E3%83%AB%E3%82%A8%E3%82%B9%E3%83%97%E3%83%AC%E3%83%83%E3%82%BD%E3%83%9E%E3%82%B7%E3%83%B3%E3%82%A2%E3%82%AF%E3%82%BB%E3%82%B5%E3%83%AA%E3%83%BC%E3%82%B3%E3%83%BC%E3%83%92%E3%83%BC%E3%82%B3%E3%83%BC%E3%83%92%E3%83%BC%E3%82%BF%E3%83%B3%E3%83%97%E3%83%84%E3%83%BC%E3%83%AB%20%EF%BC%88%E6%96%B0%E3%81%97%E3%81%84%E3%82%B9%E3%82%BF%E3%82%A4%E3%83%AB%E3%81%AE100ml%E3%82%A8%E3%82%B9%E3%83%97%E3%83%AC%E3%83%83%E3%82%BD%E6%89%8B%E5%8B%95%E3%83%8F%E3%83%B3%E3%83%89%E3%83%97%E3%83%AC%E3%82%B9%E3%82%B3%E3%83%BC%E3%83%92%E3%83%BC%E3%83%A1%E3%83%BC%E3%82%AB%E3%83%BC%E3%83%9E%E3%82%B7%E3%83%B3%EF%BC%89 HTTP/1.1" 200 29831 "-" "Mozilla/5.0 (Linux; Android 6.0.1; Nexus 5X Build/MMB29P) AppleWebKit/537.36 (KHTML, like Gecko) Chrome/137.0.7151.103 Mobile Safari/537.36 (compatible; Googlebot/2.1; +http://www.google.com/bot.html)"
66.249.79.3 - - [17/Jul/2025:11:30:54 -0400] "GET /?n=8650984209305&channel=9f61ba&from=goods.php%3Fid%3D842093-15109%26name%3D2%E5%80%8B%20%E5%A4%9A%E5%8A%9F%E8%83%BD%E5%9D%9A%E6%9E%9C%E5%88%A8%20%E3%82%AD%E3%83%83%E3%83%81%E3%83%B3%E7%94%A8%E3%81%8A%E3%82%8D%E3%81%97%E9%87%91%20%E3%82%B7%E3%83%A5%E3%83%AC%E3%83%83%E3%83%80%E3%83%BC%20%E3%82%AD%E3%83%83%E3%83%81%E3%83%B3%E3%81%8A%E3%82%8D%E3%81%97%E9%87%91%20%E3%83%95%E3%83%AB%E3%83%BC%E3%83%84%E3%81%8A%E3%82%8D%E3%81%97%E5%99%A8%20%E3%83%8B%E3%83%B3%E3%83%8B%E3%82%AF%20%E3%82%AD%E3%83%83%E3%83%81%E3%83%B3%E7%94%A8%E5%93%81%20%E3%83%81%E3%83%BC%E3%82%BA%E3%81%8A%E3%82%8D%E3%81%97%E5%99%A8%20%E3%82%B8 HTTP/1.1" 200 29831 "-" "Mozilla/5.0 (Linux; Android 6.0.1; Nexus 5X Build/MMB29P) AppleWebKit/537.36 (KHTML, like Gecko) Chrome/137.0.7151.103 Mobile Safari/537.36 (compatible; Googlebot/2.1; +http://www.google.com/bot.html)"
66.249.79.3 - - [17/Jul/2025:11:31:00 -0400] "GET /?n=77864110405102&channel=a0b81d&from=shared.php%3Fid%3D1104051-8319%26name%3D%E3%82%A8%E3%83%9C+%E3%82%BD%E3%83%95%E3%83%86%E3%82%A4%E3%83%AB+FLSTC%E3%81%A7%E4%BD%BF%E7%94%A8+S%26S+%E3%82%A8%E3%82%A2%E3%82%AF%E3%83%AA%E3%83%BC%E3%83%8A%E3%83%BC%E3%82%AD%E3%83%83%E3%83%88+%E3%83%96%E3%83%AA%E3%83%BC%E3%82%B6%E3%83%BC HTTP/1.1" 301 0 "-" "Mozilla/5.0 (Linux; Android 6.0.1; Nexus 5X Build/MMB29P) AppleWebKit/537.36 (KHTML, like Gecko) Chrome/137.0.7151.103 Mobile Safari/537.36 (compatible; Googlebot/2.1; +http://www.google.com/bot.html)"
66.249.79.3 - - [17/Jul/2025:11:31:01 -0400] "GET /?n=8221232070202&channel=784cc2&from=blog.php%3Fid%3D320702-2867%26name%3D%E6%96%B0%E5%93%81+Chrome++Hearts+%E3%82%AF%E3%83%AD%E3%83%A0%E3%83%8F%E3%83%BC%E3%83%84+%E3%83%A1%E3%82%AC%E3%83%8D+XC001%EF%BC%88%E6%96%B0%E5%93%81+Chrome+Hearts+%E3%82%AF%E3%83%AD%E3%83%A0%E3%83%8F%E3%83%BC%E3%83%84+%E3%83%A1%E3%82%AC%E3%83%8D+24SS+XC001%24%2B+-+%E3%83%A1%E3%83%AB%E3%82%AB%E3%83%AA%EF%BC%89 HTTP/1.1" 301 0 "-" "Mozilla/5.0 (Linux; Android 6.0.1; Nexus 5X Build/MMB29P) AppleWebKit/537.36 (KHTML, like Gecko) Chrome/137.0.7151.103 Mobile Safari/537.36 (compatible; Googlebot/2.1; +http://www.google.com/bot.html)"
216.244.66.226 - - [17/Jul/2025:11:31:05 -0400] "GET /tag/dumm/feed/ HTTP/1.1" 500 1034 "-" "Mozilla/5.0 (compatible; DotBot/1.2; +https://opensiteexplorer.org/dotbot; help@moz.com)"
66.249.68.136 - - [17/Jul/2025:11:31:04 -0400] "GET /?n=8057017569900&channel=18d162&from=category-info.php%3Fid%3D175699-5962%26name%3D%E3%83%89%E3%83%A9%E3%82%A4%E3%82%AB%E3%83%BC%E3%83%9C%E3%83%B3%E3%82%B5%E3%82%A4%E3%83%89%E3%82%B9%E3%82%AB%E3%83%BC%E3%83%88%E3%83%90%E3%83%B3%E3%83%91%E3%83%BC%E3%82%B9%E3%82%AB%E3%83%BC%E3%83%88%E3%82%A8%E3%82%AF%E3%82%B9%E3%83%86%E3%83%B3%E3%82%B7%E3%83%A7%E3%83%B3%E3%83%97%E3%83%AC%E3%83%BC%E3%83%88%E3%83%AA%E3%83%83%E3%83%97+%E3%81%A8%E4%BA%92%E6%8F%9B%E6%80%A7%E3%81%8C%E3%81%82%E3%82%8B+BMW+2%E3%82%B7%E3%83%AA%E3%83%BC%E3%82%BAG42+220d+22 HTTP/1.1" 301 0 "-" "Mozilla/5.0 (Linux; Android 6.0.1; Nexus 5X Build/MMB29P) AppleWebKit/537.36 (KHTML, like Gecko) Chrome/137.0.7151.103 Mobile Safari/537.36 (compatible; Googlebot/2.1; +http://www.google.com/bot.html)"
217.113.194.243 - - [17/Jul/2025:11:31:03 -0400] "GET /2025/06/20/thmyl-1xbet-brnmj-apk-akhr-sdr-mjnan-llndrwyd-fy-msr/ HTTP/1.1" 200 28014 "-" "Mozilla/5.0 (compatible; Barkrowler/0.9; +https://babbar.tech/crawler)"
66.249.79.3 - - [17/Jul/2025:11:31:03 -0400] "GET /?n=77864110405102&channel=a0b81d&from=shared.php%3Fid%3D1104051-8319%26name%3D%E3%82%A8%E3%83%9C%20%E3%82%BD%E3%83%95%E3%83%86%E3%82%A4%E3%83%AB%20FLSTC%E3%81%A7%E4%BD%BF%E7%94%A8%20S%26S%20%E3%82%A8%E3%82%A2%E3%82%AF%E3%83%AA%E3%83%BC%E3%83%8A%E3%83%BC%E3%82%AD%E3%83%83%E3%83%88%20%E3%83%96%E3%83%AA%E3%83%BC%E3%82%B6%E3%83%BC HTTP/1.1" 200 29831 "-" "Mozilla/5.0 (Linux; Android 6.0.1; Nexus 5X Build/MMB29P) AppleWebKit/537.36 (KHTML, like Gecko) Chrome/137.0.7151.103 Mobile Safari/537.36 (compatible; Googlebot/2.1; +http://www.google.com/bot.html)"
66.249.79.3 - - [17/Jul/2025:11:31:04 -0400] "GET /?n=8221232070202&channel=784cc2&from=blog.php%3Fid%3D320702-2867%26name%3D%E6%96%B0%E5%93%81%20Chrome%20%20Hearts%20%E3%82%AF%E3%83%AD%E3%83%A0%E3%83%8F%E3%83%BC%E3%83%84%20%E3%83%A1%E3%82%AC%E3%83%8D%20XC001%EF%BC%88%E6%96%B0%E5%93%81%20Chrome%20Hearts%20%E3%82%AF%E3%83%AD%E3%83%A0%E3%83%8F%E3%83%BC%E3%83%84%20%E3%83%A1%E3%82%AC%E3%83%8D%2024SS%20XC001%24%2B%20-%20%E3%83%A1%E3%83%AB%E3%82%AB%E3%83%AA%EF%BC%89 HTTP/1.1" 200 29830 "-" "Mozilla/5.0 (Linux; Android 6.0.1; Nexus 5X Build/MMB29P) AppleWebKit/537.36 (KHTML, like Gecko) Chrome/137.0.7151.103 Mobile Safari/537.36 (compatible; Googlebot/2.1; +http://www.google.com/bot.html)"
66.249.79.3 - - [17/Jul/2025:11:31:11 -0400] "GET /?n=8057017569900&channel=18d162&from=category-info.php%3Fid%3D175699-5962%26name%3D%E3%83%89%E3%83%A9%E3%82%A4%E3%82%AB%E3%83%BC%E3%83%9C%E3%83%B3%E3%82%B5%E3%82%A4%E3%83%89%E3%82%B9%E3%82%AB%E3%83%BC%E3%83%88%E3%83%90%E3%83%B3%E3%83%91%E3%83%BC%E3%82%B9%E3%82%AB%E3%83%BC%E3%83%88%E3%82%A8%E3%82%AF%E3%82%B9%E3%83%86%E3%83%B3%E3%82%B7%E3%83%A7%E3%83%B3%E3%83%97%E3%83%AC%E3%83%BC%E3%83%88%E3%83%AA%E3%83%83%E3%83%97%20%E3%81%A8%E4%BA%92%E6%8F%9B%E6%80%A7%E3%81%8C%E3%81%82%E3%82%8B%20BMW%202%E3%82%B7%E3%83%AA%E3%83%BC%E3%82%BAG42%20220d%2022 HTTP/1.1" 200 29822 "-" "Mozilla/5.0 (Linux; Android 6.0.1; Nexus 5X Build/MMB29P) AppleWebKit/537.36 (KHTML, like Gecko) Chrome/137.0.7151.103 Mobile Safari/537.36 (compatible; Googlebot/2.1; +http://www.google.com/bot.html)"
66.249.68.136 - - [17/Jul/2025:11:31:17 -0400] "GET /?n=98920191501301&channel=0803c3&from=goods.php%3Fid%3D1915013-353%26name%3D%E3%83%90%E3%82%A4%E3%82%AF%E3%83%AA%E3%82%A2%E8%8D%B7%E7%89%A9%E3%82%B5%E3%83%9D%E3%83%BC%E3%83%88+For+BM%26amp%3BW+F900+F900R+F900XR+2019-2023+%E3%82%AA%E3%83%BC%E3%83%88%E3%83%90%E3%82%A4%E7%94%A8%E8%8D%B7%E7%89%A9%E3%83%A9%E3%83%83%E3%82%AF+%E3%83%96 HTTP/1.1" 301 0 "-" "Mozilla/5.0 (Linux; Android 6.0.1; Nexus 5X Build/MMB29P) AppleWebKit/537.36 (KHTML, like Gecko) Chrome/137.0.7151.103 Mobile Safari/537.36 (compatible; Googlebot/2.1; +http://www.google.com/bot.html)"
66.249.79.3 - - [17/Jul/2025:11:31:18 -0400] "GET /?n=98920191501301&channel=0803c3&from=goods.php%3Fid%3D1915013-353%26name%3D%E3%83%90%E3%82%A4%E3%82%AF%E3%83%AA%E3%82%A2%E8%8D%B7%E7%89%A9%E3%82%B5%E3%83%9D%E3%83%BC%E3%83%88%20For%20BM%26amp%3BW%20F900%20F900R%20F900XR%202019-2023%20%E3%82%AA%E3%83%BC%E3%83%88%E3%83%90%E3%82%A4%E7%94%A8%E8%8D%B7%E7%89%A9%E3%83%A9%E3%83%83%E3%82%AF%20%E3%83%96 HTTP/1.1" 200 29826 "-" "Mozilla/5.0 (Linux; Android 6.0.1; Nexus 5X Build/MMB29P) AppleWebKit/537.36 (KHTML, like Gecko) Chrome/137.0.7151.103 Mobile Safari/537.36 (compatible; Googlebot/2.1; +http://www.google.com/bot.html)"
217.113.194.29 - - [17/Jul/2025:11:31:27 -0400] "GET /2025/07/10/todays-online-matches-enjoy-sports-streams-survive-sports-bets-1xbet-i-1xbetbd-apresentando/ HTTP/1.1" 200 28637 "-" "Mozilla/5.0 (compatible; Barkrowler/0.9; +https://babbar.tech/crawler)"
66.249.68.129 - - [17/Jul/2025:11:31:32 -0400] "GET /?n=20032126181805&channel=8cf126&from=category-info.php%3Fid%3D1261818-21961%26name%3D%E9%9B%BB%E6%B0%97%E7%8C%AB%E3%81%AE%E3%81%8A%E3%82%82%E3%81%A1%E3%82%83%E3%80%81%E9%81%A0%E9%9A%94%E5%8B%95%E7%89%A9%E7%8C%AB%E3%81%AE%E3%81%8A%E3%82%82%E3%81%A1%E3%82%83%2C%E7%BE%A4%E3%82%8C%E3%81%9F%E3%83%9E%E3%82%A6%E3%82%B9%E3%82%A4%E3%83%B3%E3%82%BF%E3%83%A9%E3%82%AF%E3%83%86%E3%82%A3%E3%83%96%E3%81%AA%E7%8C%AB%E3%81%AE%E3%81%8A%E3%82%82%E3%81%A1%E3%82%83+%7C+%E3%83%AA%E3%83%A2%E3%83%BC%E3%83%88%E3%82%B3%E3%83%B3%E3%83%88%E3%83%AD%E3%83%BC%E3%83%AB%E3%82%92%E5%82%99%E3%81%88%E3%81%9F%E9%9B%BB%E6%B0%97%E3%83%9E%E3%82%A6%E3%82%B9%E3%80%81%E3%83%9A%E3%83%83 HTTP/1.1" 301 0 "-" "Mozilla/5.0 (Linux; Android 6.0.1; Nexus 5X Build/MMB29P) AppleWebKit/537.36 (KHTML, like Gecko) Chrome/137.0.7151.103 Mobile Safari/537.36 (compatible; Googlebot/2.1; +http://www.google.com/bot.html)"
66.249.79.3 - - [17/Jul/2025:11:31:34 -0400] "GET /?n=20032126181805&channel=8cf126&from=category-info.php%3Fid%3D1261818-21961%26name%3D%E9%9B%BB%E6%B0%97%E7%8C%AB%E3%81%AE%E3%81%8A%E3%82%82%E3%81%A1%E3%82%83%E3%80%81%E9%81%A0%E9%9A%94%E5%8B%95%E7%89%A9%E7%8C%AB%E3%81%AE%E3%81%8A%E3%82%82%E3%81%A1%E3%82%83%2C%E7%BE%A4%E3%82%8C%E3%81%9F%E3%83%9E%E3%82%A6%E3%82%B9%E3%82%A4%E3%83%B3%E3%82%BF%E3%83%A9%E3%82%AF%E3%83%86%E3%82%A3%E3%83%96%E3%81%AA%E7%8C%AB%E3%81%AE%E3%81%8A%E3%82%82%E3%81%A1%E3%82%83%20%7C%20%E3%83%AA%E3%83%A2%E3%83%BC%E3%83%88%E3%82%B3%E3%83%B3%E3%83%88%E3%83%AD%E3%83%BC%E3%83%AB%E3%82%92%E5%82%99%E3%81%88%E3%81%9F%E9%9B%BB%E6%B0%97%E3%83%9E%E3%82%A6%E3%82%B9%E3%80%81%E3%83%9A%E3%83%83 HTTP/1.1" 200 29834 "-" "Mozilla/5.0 (Linux; Android 6.0.1; Nexus 5X Build/MMB29P) AppleWebKit/537.36 (KHTML, like Gecko) Chrome/137.0.7151.103 Mobile Safari/537.36 (compatible; Googlebot/2.1; +http://www.google.com/bot.html)"
63.250.38.117 - - [17/Jul/2025:11:31:47 -0400] "POST /wp-cron.php?doing_wp_cron=1752766307.5809679031372070312500 HTTP/1.1" 403 1242 "-" "WordPress/6.8.1; https://fnf.group"
217.113.194.30 - - [17/Jul/2025:11:31:45 -0400] "GET /2025/06/29/pin-up-kz-ofitsialnyi-sait-bk-pin-ap-dlia-stavok-i-sport-kibersport-i-live/feed/ HTTP/1.1" 200 654 "-" "Mozilla/5.0 (compatible; Barkrowler/0.9; +https://babbar.tech/crawler)"
217.113.194.30 - - [17/Jul/2025:11:32:03 -0400] "GET /2025/06/27/fhm-hkr-lb-crash-1xbet-mjn-dlyl-shml-lake-city-florida-gainesville-florida/ HTTP/1.1" 200 30233 "-" "Mozilla/5.0 (compatible; Barkrowler/0.9; +https://babbar.tech/crawler)"
66.249.68.129 - - [17/Jul/2025:11:32:08 -0400] "GET /?n=1956316411400&channel=a0d333&from=shared.php%3Fid%3D164114-9688%26name%3D%E3%83%8F%E3%82%A4%E3%82%A8%E3%83%BC%E3%82%B9+%E3%83%AC%E3%82%B8%E3%82%A2%E3%82%B9%E3%82%A8%E3%83%BC%E3%82%B9+200%E7%B3%BB+%E6%A8%99%E6%BA%96+%E3%83%8A%E3%83%AD%E3%83%BC+200%E3%83%8F%E3%83%BC%E3%82%A8%E3%83%BC%E3%82%B9+%E3%82%A8%E3%82%A2%E3%83%AD+%E3%83%95%E3%83%AD%E3%83%B3%E3%83%88%E3%83%90%E3%83%B3%E3%83%91%E3%83%BC+%E5%85%A8%E3%82%B0%E3%83%AC%E3%83%BC%E3%83%89+3%E5%9E%8B+FRP+%E6%9C%AA%E5%A1%97%E8%A3%85+%E7%A4%BE%E5%A4%96%E5%93%81+HIACE HTTP/1.1" 301 0 "-" "Mozilla/5.0 (Linux; Android 6.0.1; Nexus 5X Build/MMB29P) AppleWebKit/537.36 (KHTML, like Gecko) Chrome/137.0.7151.103 Mobile Safari/537.36 (compatible; Googlebot/2.1; +http://www.google.com/bot.html)"
66.249.79.4 - - [17/Jul/2025:11:32:11 -0400] "GET /?n=1956316411400&channel=a0d333&from=shared.php%3Fid%3D164114-9688%26name%3D%E3%83%8F%E3%82%A4%E3%82%A8%E3%83%BC%E3%82%B9%20%E3%83%AC%E3%82%B8%E3%82%A2%E3%82%B9%E3%82%A8%E3%83%BC%E3%82%B9%20200%E7%B3%BB%20%E6%A8%99%E6%BA%96%20%E3%83%8A%E3%83%AD%E3%83%BC%20200%E3%83%8F%E3%83%BC%E3%82%A8%E3%83%BC%E3%82%B9%20%E3%82%A8%E3%82%A2%E3%83%AD%20%E3%83%95%E3%83%AD%E3%83%B3%E3%83%88%E3%83%90%E3%83%B3%E3%83%91%E3%83%BC%20%E5%85%A8%E3%82%B0%E3%83%AC%E3%83%BC%E3%83%89%203%E5%9E%8B%20FRP%20%E6%9C%AA%E5%A1%97%E8%A3%85%20%E7%A4%BE%E5%A4%96%E5%93%81%20HIACE HTTP/1.1" 200 29832 "-" "Mozilla/5.0 (Linux; Android 6.0.1; Nexus 5X Build/MMB29P) AppleWebKit/537.36 (KHTML, like Gecko) Chrome/137.0.7151.103 Mobile Safari/537.36 (compatible; Googlebot/2.1; +http://www.google.com/bot.html)"
66.249.79.3 - - [17/Jul/2025:11:32:12 -0400] "GET /2021/03/21/fondant-orange-cake-by-chanda-arshad/ HTTP/1.1" 200 18887 "-" "Mozilla/5.0 (Linux; Android 6.0.1; Nexus 5X Build/MMB29P) AppleWebKit/537.36 (KHTML, like Gecko) Chrome/137.0.7151.103 Mobile Safari/537.36 (compatible; Googlebot/2.1; +http://www.google.com/bot.html)"
66.249.68.129 - - [17/Jul/2025:11:32:21 -0400] "GET /?n=8983079299800&channel=19d5c7&from=info.php%3Fid%3D792998-13341%26name%3D%E3%82%B8%E3%83%A3%E3%83%9E%E3%82%A4%E3%82%AB7%E2%80%9D+Freddie+McGregor+Should+I+NONE+Pot+Of+Gold+%2F00080 HTTP/1.1" 301 0 "-" "Mozilla/5.0 (Linux; Android 6.0.1; Nexus 5X Build/MMB29P) AppleWebKit/537.36 (KHTML, like Gecko) Chrome/137.0.7151.103 Mobile Safari/537.36 (compatible; Googlebot/2.1; +http://www.google.com/bot.html)"
217.113.194.24 - - [17/Jul/2025:11:32:23 -0400] "GET /2025/06/24/zaklady-sportowe-i-genuinely-najnowsze-wiadomosci-a-person-bukmacherach-online-courses/ HTTP/1.1" 200 29076 "-" "Mozilla/5.0 (compatible; Barkrowler/0.9; +https://babbar.tech/crawler)"
66.249.79.3 - - [17/Jul/2025:11:32:26 -0400] "GET /?n=8983079299800&channel=19d5c7&from=info.php%3Fid%3D792998-13341%26name%3D%E3%82%B8%E3%83%A3%E3%83%9E%E3%82%A4%E3%82%AB7%E2%80%9D%20Freddie%20McGregor%20Should%20I%20NONE%20Pot%20Of%20Gold%20%2F00080 HTTP/1.1" 200 29838 "-" "Mozilla/5.0 (Linux; Android 6.0.1; Nexus 5X Build/MMB29P) AppleWebKit/537.36 (KHTML, like Gecko) Chrome/137.0.7151.103 Mobile Safari/537.36 (compatible; Googlebot/2.1; +http://www.google.com/bot.html)"
63.250.38.117 - - [17/Jul/2025:11:32:51 -0400] "POST /wp-cron.php?doing_wp_cron=1752766370.8881011009216308593750 HTTP/1.1" 403 1242 "-" "WordPress/6.8.1; https://fnf.group"
154.54.249.195 - - [17/Jul/2025:11:32:46 -0400] "GET /2025/06/24/jak-pokonac-bukmachera-12-prostych-krokow-dla-poczatkujacych-typerow/ HTTP/1.1" 200 29458 "-" "Mozilla/5.0 (compatible; Barkrowler/0.9; +https://babbar.tech/crawler)"
66.249.79.3 - - [17/Jul/2025:11:32:55 -0400] "GET /wp-includes/js/jquery/jquery.min.js?ver=3.7.1 HTTP/1.1" 200 29744 "https://fnf.group/?n=8983079299800&channel=19d5c7&from=info.php%3Fid%3D792998-13341%26name%3D%E3%82%B8%E3%83%A3%E3%83%9E%E3%82%A4%E3%82%AB7%E2%80%9D%20Freddie%20McGregor%20Should%20I%20NONE%20Pot%20Of%20Gold%20%2F00080" "Mozilla/5.0 (Linux; Android 6.0.1; Nexus 5X Build/MMB29P) AppleWebKit/537.36 (KHTML, like Gecko) Chrome/137.0.7151.119 Mobile Safari/537.36 (compatible; Googlebot/2.1; +http://www.google.com/bot.html)"
2a03:2880:f800:1d:: - - [17/Jul/2025:11:33:09 -0400] "GET /2025/07/02/casino-online-y-apuestas-deportivas-en-espana/ HTTP/1.1" 200 28203 "-" "meta-externalagent/1.1 (+https://developers.facebook.com/docs/sharing/webmasters/crawler)"
217.113.194.243 - - [17/Jul/2025:11:33:12 -0400] "GET /2025/07/09/mostbet-ozbekistonda-kriptovalyuta-orqali-depozit-qilish-afzalliklari/ HTTP/1.1" 200 19078 "-" "Mozilla/5.0 (compatible; Barkrowler/0.9; +https://babbar.tech/crawler)"
66.249.68.130 - - [17/Jul/2025:11:33:21 -0400] "GET /?n=7020814593701&channel=fed817&from=pin.php%3Fid%3D145937-5481%26name%3D%E8%BB%8A%E7%94%A8%E3%83%91%E3%83%AF%E3%83%BC%E3%82%A6%E3%82%A3%E3%83%B3%E3%83%89%E3%82%A6%E3%83%AC%E3%82%AE%E3%83%A5%E3%83%AC%E3%83%BC%E3%82%BF%E3%83%BC+%E3%83%A1%E3%83%AB%E3%82%BB%E3%83%87%E3%82%B9%E7%94%A8+%E3%83%99%E3%83%B3%E3%83%84%E7%94%A8+%E3%82%B9%E3%83%9E%E3%83%BC%E3%83%88%E7%94%A8+2%E5%8F%B0%E7%94%A8+451+07+%E3%83%95%E3%83%AD%E3%83%B3%E3%83%88%E5%B7%A6%E5%81%B4+A4517200346 HTTP/1.1" 301 0 "-" "Mozilla/5.0 (Linux; Android 6.0.1; Nexus 5X Build/MMB29P) AppleWebKit/537.36 (KHTML, like Gecko) Chrome/137.0.7151.103 Mobile Safari/537.36 (compatible; Googlebot/2.1; +http://www.google.com/bot.html)"
66.249.79.3 - - [17/Jul/2025:11:33:24 -0400] "GET /?n=7020814593701&channel=fed817&from=pin.php%3Fid%3D145937-5481%26name%3D%E8%BB%8A%E7%94%A8%E3%83%91%E3%83%AF%E3%83%BC%E3%82%A6%E3%82%A3%E3%83%B3%E3%83%89%E3%82%A6%E3%83%AC%E3%82%AE%E3%83%A5%E3%83%AC%E3%83%BC%E3%82%BF%E3%83%BC%20%E3%83%A1%E3%83%AB%E3%82%BB%E3%83%87%E3%82%B9%E7%94%A8%20%E3%83%99%E3%83%B3%E3%83%84%E7%94%A8%20%E3%82%B9%E3%83%9E%E3%83%BC%E3%83%88%E7%94%A8%202%E5%8F%B0%E7%94%A8%20451%2007%20%E3%83%95%E3%83%AD%E3%83%B3%E3%83%88%E5%B7%A6%E5%81%B4%20A4517200346 HTTP/1.1" 200 29828 "-" "Mozilla/5.0 (Linux; Android 6.0.1; Nexus 5X Build/MMB29P) AppleWebKit/537.36 (KHTML, like Gecko) Chrome/137.0.7151.103 Mobile Safari/537.36 (compatible; Googlebot/2.1; +http://www.google.com/bot.html)"
66.249.68.129 - - [17/Jul/2025:11:33:34 -0400] "GET /?n=84981134591204&channel=1d66cc&from=pin.php%3Fid%3D1345912-13594%26name%3DVOLCOM+GORE-TEX+%E3%83%9C%E3%83%AB%E3%82%B3%E3%83%A0%E3%82%B4%E3%82%A2%E3%83%86%E3%83%83%E3%82%AF%E3%82%B9%E3%83%91%E3%83%B3%E3%83%8422-23%E3%83%A2%E3%83%87%E3%83%AB HTTP/1.1" 301 0 "-" "Mozilla/5.0 (Linux; Android 6.0.1; Nexus 5X Build/MMB29P) AppleWebKit/537.36 (KHTML, like Gecko) Chrome/137.0.7151.103 Mobile Safari/537.36 (compatible; Googlebot/2.1; +http://www.google.com/bot.html)"
154.54.249.195 - - [17/Jul/2025:11:33:36 -0400] "GET /2025/06/21/1xbet-turkiye-1xbet-resmi-sitesi-empieza-1xbet-tr-ile-spor-bahisleri/ HTTP/1.1" 200 26263 "-" "Mozilla/5.0 (compatible; Barkrowler/0.9; +https://babbar.tech/crawler)"
66.249.79.3 - - [17/Jul/2025:11:33:36 -0400] "GET /?n=84981134591204&channel=1d66cc&from=pin.php%3Fid%3D1345912-13594%26name%3DVOLCOM%20GORE-TEX%20%E3%83%9C%E3%83%AB%E3%82%B3%E3%83%A0%E3%82%B4%E3%82%A2%E3%83%86%E3%83%83%E3%82%AF%E3%82%B9%E3%83%91%E3%83%B3%E3%83%8422-23%E3%83%A2%E3%83%87%E3%83%AB HTTP/1.1" 200 29829 "-" "Mozilla/5.0 (Linux; Android 6.0.1; Nexus 5X Build/MMB29P) AppleWebKit/537.36 (KHTML, like Gecko) Chrome/137.0.7151.103 Mobile Safari/537.36 (compatible; Googlebot/2.1; +http://www.google.com/bot.html)"
66.249.68.129 - - [17/Jul/2025:11:33:48 -0400] "GET /?n=424721963500&channel=ab485f&from=brands.php%3Fid%3D19635-2025%26name%3D%E3%82%AF%E3%82%A9%E3%83%BC%E3%82%BF%E3%83%BC%E3%83%AA%E3%83%9D%E3%83%BC%E3%83%88+%E6%8E%9B%E3%81%91%E5%B8%83%E5%9B%A3%E3%82%AB%E3%83%90%E3%83%BC+%E3%82%BB%E3%83%9F%E3%83%80%E3%83%96%E3%83%AB+Float+%E3%82%A4%E3%82%A8%E3%83%AD%E3%83%BC+W170%C3%97H210cm+%E3%82%B3%E3%83%B3%E3%83%95%E3%82%A9%E3%83%BC%E3%82%BF%E3%83%BC%E3%82%B1%E3%83%BC%E3%82%B9+%E5%8D%98%E5%93%81%E5%A3%B2%E3%82%8A+%28%E3%83%95%E3%82%A1 HTTP/1.1" 301 0 "-" "Mozilla/5.0 (Linux; Android 6.0.1; Nexus 5X Build/MMB29P) AppleWebKit/537.36 (KHTML, like Gecko) Chrome/137.0.7151.103 Mobile Safari/537.36 (compatible; Googlebot/2.1; +http://www.google.com/bot.html)"
63.250.38.117 - - [17/Jul/2025:11:33:53 -0400] "POST /wp-cron.php?doing_wp_cron=1752766433.0945849418640136718750 HTTP/1.1" 403 1242 "-" "WordPress/6.8.1; https://fnf.group"
66.249.79.3 - - [17/Jul/2025:11:33:50 -0400] "GET /?n=424721963500&channel=ab485f&from=brands.php%3Fid%3D19635-2025%26name%3D%E3%82%AF%E3%82%A9%E3%83%BC%E3%82%BF%E3%83%BC%E3%83%AA%E3%83%9D%E3%83%BC%E3%83%88%20%E6%8E%9B%E3%81%91%E5%B8%83%E5%9B%A3%E3%82%AB%E3%83%90%E3%83%BC%20%E3%82%BB%E3%83%9F%E3%83%80%E3%83%96%E3%83%AB%20Float%20%E3%82%A4%E3%82%A8%E3%83%AD%E3%83%BC%20W170%C3%97H210cm%20%E3%82%B3%E3%83%B3%E3%83%95%E3%82%A9%E3%83%BC%E3%82%BF%E3%83%BC%E3%82%B1%E3%83%BC%E3%82%B9%20%E5%8D%98%E5%93%81%E5%A3%B2%E3%82%8A%20%28%E3%83%95%E3%82%A1 HTTP/1.1" 200 29834 "-" "Mozilla/5.0 (Linux; Android 6.0.1; Nexus 5X Build/MMB29P) AppleWebKit/537.36 (KHTML, like Gecko) Chrome/137.0.7151.103 Mobile Safari/537.36 (compatible; Googlebot/2.1; +http://www.google.com/bot.html)"
217.113.194.31 - - [17/Jul/2025:11:33:57 -0400] "GET /2025/06/29/google-android-ios-platformasi-ucun-1win-proqrami-yuklmk-pulsuz-qurasdirma/feed/ HTTP/1.1" 200 624 "-" "Mozilla/5.0 (compatible; Barkrowler/0.9; +https://babbar.tech/crawler)"
66.249.68.130 - - [17/Jul/2025:11:34:01 -0400] "GET /?n=0721356636704&channel=5ec630&from=pin.php%3Fid%3D566367-17731%26name%3D%E3%82%B7%E3%83%AA%E3%82%B3%E3%83%B3%E8%A3%BD%E3%83%96%E3%83%AC%E3%83%83%E3%83%89%E3%83%97%E3%83%AB%E3%83%BC%E3%83%95%E3%83%90%E3%82%B9%E3%82%B1%E3%83%83%E3%83%88%E3%82%BB%E3%83%83%E3%83%88+-+9%E3%82%A4%E3%83%B3%E3%83%81%E3%81%AE%E3%83%A9%E3%82%A6%E3%83%B3%E3%83%89%E3%83%91%E3%83%B3%E3%83%97%E3%83%AB%E3%83%BC%E3%83%95%E3%83%90%E3%82%B9%E3%82%B1%E3%83%83%E3%83%88+%E3%82%B5%E3%83%AF%E3%83%BC%E3%83%89%E3%82%A6%E7%94%A8+%E7%94%9F%E5%9C%B0%E3%82%B9%E3%82%AF%E3%83%AC%E3%83%BC%E3%83%91%E3%83%BC%26amp%3B%E3%83%96 HTTP/1.1" 301 0 "-" "Mozilla/5.0 (Linux; Android 6.0.1; Nexus 5X Build/MMB29P) AppleWebKit/537.36 (KHTML, like Gecko) Chrome/137.0.7151.103 Mobile Safari/537.36 (compatible; Googlebot/2.1; +http://www.google.com/bot.html)"
66.249.79.4 - - [17/Jul/2025:11:34:03 -0400] "GET /?n=0721356636704&channel=5ec630&from=pin.php%3Fid%3D566367-17731%26name%3D%E3%82%B7%E3%83%AA%E3%82%B3%E3%83%B3%E8%A3%BD%E3%83%96%E3%83%AC%E3%83%83%E3%83%89%E3%83%97%E3%83%AB%E3%83%BC%E3%83%95%E3%83%90%E3%82%B9%E3%82%B1%E3%83%83%E3%83%88%E3%82%BB%E3%83%83%E3%83%88%20-%209%E3%82%A4%E3%83%B3%E3%83%81%E3%81%AE%E3%83%A9%E3%82%A6%E3%83%B3%E3%83%89%E3%83%91%E3%83%B3%E3%83%97%E3%83%AB%E3%83%BC%E3%83%95%E3%83%90%E3%82%B9%E3%82%B1%E3%83%83%E3%83%88%20%E3%82%B5%E3%83%AF%E3%83%BC%E3%83%89%E3%82%A6%E7%94%A8%20%E7%94%9F%E5%9C%B0%E3%82%B9%E3%82%AF%E3%83%AC%E3%83%BC%E3%83%91%E3%83%BC%26amp%3B%E3%83%96 HTTP/1.1" 200 29830 "-" "Mozilla/5.0 (Linux; Android 6.0.1; Nexus 5X Build/MMB29P) AppleWebKit/537.36 (KHTML, like Gecko) Chrome/137.0.7151.103 Mobile Safari/537.36 (compatible; Googlebot/2.1; +http://www.google.com/bot.html)"
66.249.68.130 - - [17/Jul/2025:11:34:15 -0400] "GET /?n=2902038802600&channel=2d4770&from=shared.php%3Fid%3D388026-8383%26name%3D%E8%BB%8A%E3%81%AE%E3%83%95%E3%83%AD%E3%83%B3%E3%83%88%E3%83%AD%E3%82%A2%E3%83%90%E3%83%B3%E3%83%91%E3%83%BC%E3%82%B9%E3%83%9D%E3%82%A4%E3%83%A9%E3%83%BC%E3%83%AA%E3%83%83%E3%83%97%E3%83%87%E3%82%A3%E3%83%95%E3%83%A5%E3%83%BC%E3%82%B6%E3%83%BC%E3%82%B9%E3%83%90%E3%83%AB+WRX+STI+2015-2020+%E3%81%A8%E4%BA%92%E6%8F%9B%E6%80%A7%E3%81%AE%E3%81%82%E3%82%8B%E3%82%B0%E3%83%AD%E3%82%B9%E3%83%96%E3%83%A9%E3%83%83%E3%82%AF%E3%83%95%E3%83%AD%E3%83%B3 HTTP/1.1" 301 0 "-" "Mozilla/5.0 (Linux; Android 6.0.1; Nexus 5X Build/MMB29P) AppleWebKit/537.36 (KHTML, like Gecko) Chrome/137.0.7151.103 Mobile Safari/537.36 (compatible; Googlebot/2.1; +http://www.google.com/bot.html)"
217.113.194.26 - - [17/Jul/2025:11:34:15 -0400] "GET /2025/06/25/mostbet-mostbet-kazino-i-stavki-na-sport-i-ofitsialnyi-sait-most-bet-v-kazakhstane/ HTTP/1.1" 200 29017 "-" "Mozilla/5.0 (compatible; Barkrowler/0.9; +https://babbar.tech/crawler)"
66.249.79.2 - - [17/Jul/2025:11:34:19 -0400] "GET /?n=2902038802600&channel=2d4770&from=shared.php%3Fid%3D388026-8383%26name%3D%E8%BB%8A%E3%81%AE%E3%83%95%E3%83%AD%E3%83%B3%E3%83%88%E3%83%AD%E3%82%A2%E3%83%90%E3%83%B3%E3%83%91%E3%83%BC%E3%82%B9%E3%83%9D%E3%82%A4%E3%83%A9%E3%83%BC%E3%83%AA%E3%83%83%E3%83%97%E3%83%87%E3%82%A3%E3%83%95%E3%83%A5%E3%83%BC%E3%82%B6%E3%83%BC%E3%82%B9%E3%83%90%E3%83%AB%20WRX%20STI%202015-2020%20%E3%81%A8%E4%BA%92%E6%8F%9B%E6%80%A7%E3%81%AE%E3%81%82%E3%82%8B%E3%82%B0%E3%83%AD%E3%82%B9%E3%83%96%E3%83%A9%E3%83%83%E3%82%AF%E3%83%95%E3%83%AD%E3%83%B3 HTTP/1.1" 200 29820 "-" "Mozilla/5.0 (Linux; Android 6.0.1; Nexus 5X Build/MMB29P) AppleWebKit/537.36 (KHTML, like Gecko) Chrome/137.0.7151.103 Mobile Safari/537.36 (compatible; Googlebot/2.1; +http://www.google.com/bot.html)"
66.249.79.2 - - [17/Jul/2025:11:34:28 -0400] "GET /robots.txt HTTP/1.1" 200 89 "-" "Mozilla/5.0 (compatible; Googlebot/2.1; +http://www.google.com/bot.html)"
66.249.79.2 - - [17/Jul/2025:11:34:28 -0400] "GET /?n=1496467883702&channel=00992d&from=brands.php%3Fid%3D678837-13026%26name%3D%E3%82%BD%E3%83%BC%E3%83%97%E3%83%87%E3%82%A3%E3%82%B9%E3%83%9A%E3%83%B3%E3%82%B5%E3%83%BC+300ml+%E5%AE%B9%E9%87%8F+%E3%83%9B%E3%83%86%E3%83%AB+%E3%83%90%E3%82%B9%E3%83%AB%E3%83%BC%E3%83%A0+%E5%A3%81%E6%8E%9B%E3%81%91+%E3%82%B5%E3%83%96%E3%83%9C%E3%83%88%E3%83%AB+%E5%AE%B6%E5%BA%AD%E7%94%A8+%E3%82%B7%E3%83%A3%E3%83%B3%E3%83%97%E3%83%BC+%E3%82%B7%E3%83%A3%E3%83%AF%E3%83%BC+%E3%82%B8%E3%82%A7%E3%83%AB+%E3%82%B3%E3%83%B3%E3%83%87%E3%82%A3%E3%82%B7%E3%83%A7%E3%83%8A HTTP/1.1" 301 0 "-" "Mozilla/5.0 (Linux; Android 6.0.1; Nexus 5X Build/MMB29P) AppleWebKit/537.36 (KHTML, like Gecko) Chrome/137.0.7151.103 Mobile Safari/537.36 (compatible; Googlebot/2.1; +http://www.google.com/bot.html)"
66.249.79.2 - - [17/Jul/2025:11:34:31 -0400] "GET /?n=1496467883702&channel=00992d&from=brands.php%3Fid%3D678837-13026%26name%3D%E3%82%BD%E3%83%BC%E3%83%97%E3%83%87%E3%82%A3%E3%82%B9%E3%83%9A%E3%83%B3%E3%82%B5%E3%83%BC%20300ml%20%E5%AE%B9%E9%87%8F%20%E3%83%9B%E3%83%86%E3%83%AB%20%E3%83%90%E3%82%B9%E3%83%AB%E3%83%BC%E3%83%A0%20%E5%A3%81%E6%8E%9B%E3%81%91%20%E3%82%B5%E3%83%96%E3%83%9C%E3%83%88%E3%83%AB%20%E5%AE%B6%E5%BA%AD%E7%94%A8%20%E3%82%B7%E3%83%A3%E3%83%B3%E3%83%97%E3%83%BC%20%E3%82%B7%E3%83%A3%E3%83%AF%E3%83%BC%20%E3%82%B8%E3%82%A7%E3%83%AB%20%E3%82%B3%E3%83%B3%E3%83%87%E3%82%A3%E3%82%B7%E3%83%A7%E3%83%8A HTTP/1.1" 200 29829 "-" "Mozilla/5.0 (Linux; Android 6.0.1; Nexus 5X Build/MMB29P) AppleWebKit/537.36 (KHTML, like Gecko) Chrome/137.0.7151.103 Mobile Safari/537.36 (compatible; Googlebot/2.1; +http://www.google.com/bot.html)"
217.113.194.24 - - [17/Jul/2025:11:34:38 -0400] "GET /2025/06/26/legendy-i-mify-o-bukmekerskie-kontory-razbiraemsia-s-realnostiu-i-vymyslom/feed/ HTTP/1.1" 200 670 "-" "Mozilla/5.0 (compatible; Barkrowler/0.9; +https://babbar.tech/crawler)"
63.250.38.117 - - [17/Jul/2025:11:34:59 -0400] "POST /wp-cron.php?doing_wp_cron=1752766499.2866709232330322265625 HTTP/1.1" 403 1242 "-" "WordPress/6.8.1; https://fnf.group"
217.113.194.29 - - [17/Jul/2025:11:34:56 -0400] "GET /2025/07/10/mostbet-turkiye-spor-bahisleri-ve-kumarhaneler-icin-resmi-web-sitesi-mosbet-tr/ HTTP/1.1" 200 27454 "-" "Mozilla/5.0 (compatible; Barkrowler/0.9; +https://babbar.tech/crawler)"
114.119.135.196 - - [17/Jul/2025:11:35:03 -0400] "GET /author/admin123/page/36/ HTTP/1.1" 200 15457 "https://fnf.group/author/admin123/page/37/" "Mozilla/5.0 (Linux; Android 7.0;) AppleWebKit/537.36 (KHTML, like Gecko) Mobile Safari/537.36 (compatible; PetalBot;+https://webmaster.petalsearch.com/site/petalbot)"
217.113.194.28 - - [17/Jul/2025:11:35:16 -0400] "GET /2025/07/09/1xbet-ofitsialnym-sait-registratsiia-zhe-vkhod-v-lichnykh-kabinet-1khbet/ HTTP/1.1" 200 30950 "-" "Mozilla/5.0 (compatible; Barkrowler/0.9; +https://babbar.tech/crawler)"
217.113.194.31 - - [17/Jul/2025:11:35:36 -0400] "GET /2025/07/11/1khbet-vkhod-v-lichnyi-komnatu-vosstanovlenie-parolia-zhe-udalenie-akkaunta/ HTTP/1.1" 200 28950 "-" "Mozilla/5.0 (compatible; Barkrowler/0.9; +https://babbar.tech/crawler)"
66.249.68.129 - - [17/Jul/2025:11:35:40 -0400] "GET /?n=0778453420604&channel=616793&from=jp.php%3Fid%3D534206-4129%26name%3D%E3%82%AA%E3%83%BC%E3%83%88%E3%83%90%E3%82%A4+38+%E3%82%A4%E3%83%B3%E3%83%81%E3%81%8B%E3%82%89+78+%E3%82%A4%E3%83%B3%E3%83%81+%E3%82%AF%E3%83%A9%E3%83%83%E3%83%81+%E3%82%B1%E3%83%BC%E3%83%96%E3%83%AB%E3%80%81%E3%83%8F%E3%83%BC%E3%83%AC%E3%83%BC+%E3%83%84%E3%83%BC%E3%83%AA%E3%83%B3%E3%82%B0+2021-2022+%E7%94%A8 HTTP/1.1" 301 0 "-" "Mozilla/5.0 (Linux; Android 6.0.1; Nexus 5X Build/MMB29P) AppleWebKit/537.36 (KHTML, like Gecko) Chrome/137.0.7151.103 Mobile Safari/537.36 (compatible; Googlebot/2.1; +http://www.google.com/bot.html)"
66.249.79.2 - - [17/Jul/2025:11:35:45 -0400] "GET /?n=0778453420604&channel=616793&from=jp.php%3Fid%3D534206-4129%26name%3D%E3%82%AA%E3%83%BC%E3%83%88%E3%83%90%E3%82%A4%2038%20%E3%82%A4%E3%83%B3%E3%83%81%E3%81%8B%E3%82%89%2078%20%E3%82%A4%E3%83%B3%E3%83%81%20%E3%82%AF%E3%83%A9%E3%83%83%E3%83%81%20%E3%82%B1%E3%83%BC%E3%83%96%E3%83%AB%E3%80%81%E3%83%8F%E3%83%BC%E3%83%AC%E3%83%BC%20%E3%83%84%E3%83%BC%E3%83%AA%E3%83%B3%E3%82%B0%202021-2022%20%E7%94%A8 HTTP/1.1" 200 29837 "-" "Mozilla/5.0 (Linux; Android 6.0.1; Nexus 5X Build/MMB29P) AppleWebKit/537.36 (KHTML, like Gecko) Chrome/137.0.7151.103 Mobile Safari/537.36 (compatible; Googlebot/2.1; +http://www.google.com/bot.html)"
114.119.137.28 - - [17/Jul/2025:11:35:47 -0400] "GET /2025/06/26/ofitsialnyi-sait-mobilnaia-versiia-vovan-kazino/ HTTP/1.1" 200 28286 "https://fnf.group/author/admin123/page/52/" "Mozilla/5.0 (Linux; Android 7.0;) AppleWebKit/537.36 (KHTML, like Gecko) Mobile Safari/537.36 (compatible; PetalBot;+https://webmaster.petalsearch.com/site/petalbot)"
63.250.38.117 - - [17/Jul/2025:11:36:00 -0400] "POST /wp-cron.php?doing_wp_cron=1752766560.3811769485473632812500 HTTP/1.1" 403 1242 "-" "WordPress/6.8.1; https://fnf.group"
