66.249.68.129 - - [17/Jul/2025:11:35:53 -0400] "GET /?n=0184867363302&channel=ad0a45&from=jp.php%3Fid%3D673633-10003%26name%3D%E3%82%AD%E3%83%A3%E3%83%8E%E3%83%94%E3%83%BC+%E3%82%AA%E3%83%BC%E3%83%8B%E3%83%B3%E3%82%B0%E3%82%AD%E3%83%A3%E3%83%8E%E3%83%94%E3%83%BC+-+%E3%83%A2%E3%83%80%E3%83%B3%E3%81%AA%E3%83%87%E3%82%B6%E3%82%A4%E3%83%B3%E3%81%AE%E3%83%95%E3%83%AD%E3%83%B3%E3%83%88%E3%83%89%E3%82%A2%E9%80%8F%E6%98%8E%E5%B1%8B%E5%A4%96%E7%AA%93%E3%83%AC%E3%82%A4%E3%83%B3%E3%82%B7%E3%82%A7%E3%83%AB%E3%82%BF%E3%83%BC%E3%82%AA%E3%83%BC%E3%83%8B%E3%83%B3%E3%82%B0%E3%80%81%E3%82%B5%E3%82%A4%E3%83%AC%E3%83%B3%E3%83%88%2F%E8%80%90%E9%A2%A8%E6%80%A7%2FUV%E6%B0%B4 HTTP/1.1" 301 0 "-" "Mozilla/5.0 (Linux; Android 6.0.1; Nexus 5X Build/MMB29P) AppleWebKit/537.36 (KHTML, like Gecko) Chrome/137.0.7151.103 Mobile Safari/537.36 (compatible; Googlebot/2.1; +http://www.google.com/bot.html)"
63.250.38.117 - - [17/Jul/2025:11:36:02 -0400] "POST /wp-cron.php?doing_wp_cron=1752766561.9806730747222900390625 HTTP/1.1" 403 1242 "-" "WordPress/6.8.1; https://fnf.group"
154.54.249.195 - - [17/Jul/2025:11:35:57 -0400] "GET /2025/06/29/mostbet-vkhod-v-lichnyi-kabinet-mostbet-vkhodiat-na-ofitsialnuiu-platformu/feed/ HTTP/1.1" 200 647 "-" "Mozilla/5.0 (compatible; Barkrowler/0.9; +https://babbar.tech/crawler)"
66.249.79.2 - - [17/Jul/2025:11:36:01 -0400] "GET /?n=0184867363302&channel=ad0a45&from=jp.php%3Fid%3D673633-10003%26name%3D%E3%82%AD%E3%83%A3%E3%83%8E%E3%83%94%E3%83%BC%20%E3%82%AA%E3%83%BC%E3%83%8B%E3%83%B3%E3%82%B0%E3%82%AD%E3%83%A3%E3%83%8E%E3%83%94%E3%83%BC%20-%20%E3%83%A2%E3%83%80%E3%83%B3%E3%81%AA%E3%83%87%E3%82%B6%E3%82%A4%E3%83%B3%E3%81%AE%E3%83%95%E3%83%AD%E3%83%B3%E3%83%88%E3%83%89%E3%82%A2%E9%80%8F%E6%98%8E%E5%B1%8B%E5%A4%96%E7%AA%93%E3%83%AC%E3%82%A4%E3%83%B3%E3%82%B7%E3%82%A7%E3%83%AB%E3%82%BF%E3%83%BC%E3%82%AA%E3%83%BC%E3%83%8B%E3%83%B3%E3%82%B0%E3%80%81%E3%82%B5%E3%82%A4%E3%83%AC%E3%83%B3%E3%83%88%2F%E8%80%90%E9%A2%A8%E6%80%A7%2FUV%E6%B0%B4 HTTP/1.1" 200 29833 "-" "Mozilla/5.0 (Linux; Android 6.0.1; Nexus 5X Build/MMB29P) AppleWebKit/537.36 (KHTML, like Gecko) Chrome/137.0.7151.103 Mobile Safari/537.36 (compatible; Googlebot/2.1; +http://www.google.com/bot.html)"
66.249.79.2 - - [17/Jul/2025:11:36:07 -0400] "GET /?n=9687052785300&channel=aa2b0f&from=jp.php%3Fid%3D527853-5051%26name%3D4GB+2R%E2%80%86x%E2%80%864+pc3-1066R-9-10-J0 HTTP/1.1" 301 0 "-" "Mozilla/5.0 (Linux; Android 6.0.1; Nexus 5X Build/MMB29P) AppleWebKit/537.36 (KHTML, like Gecko) Chrome/137.0.7151.103 Mobile Safari/537.36 (compatible; Googlebot/2.1; +http://www.google.com/bot.html)"
66.249.68.129 - - [17/Jul/2025:11:36:07 -0400] "GET /?n=9461671674404&channel=1726be&from=form.php%3Fid%3D716744-6399%26name%3D%E7%BE%8E%E5%93%81%E3%80%80dunhill+%E3%83%AC%E3%83%87%E3%82%A3%E3%83%BC%E3%82%B9%E3%80%80%E6%89%8B%E5%B7%BB%E3%81%8D%E8%85%95%E6%99%82%E8%A8%88%E3%80%80%E5%B8%8C%E5%B0%91%E3%83%87%E3%82%B6%E3%82%A4%E3%83%B3%E3%80%80%E9%87%9D%E3%83%96%E3%83%AB%E3%83%BC%E3%80%80%E3%82%B7%E3%83%AB%E3%83%90%E3%83%BC HTTP/1.1" 301 0 "-" "Mozilla/5.0 (Linux; Android 6.0.1; Nexus 5X Build/MMB29P) AppleWebKit/537.36 (KHTML, like Gecko) Chrome/137.0.7151.103 Mobile Safari/537.36 (compatible; Googlebot/2.1; +http://www.google.com/bot.html)"
66.249.79.2 - - [17/Jul/2025:11:36:10 -0400] "GET /?n=9687052785300&channel=aa2b0f&from=jp.php%3Fid%3D527853-5051%26name%3D4GB%202R%E2%80%86x%E2%80%864%20pc3-1066R-9-10-J0 HTTP/1.1" 200 29837 "-" "Mozilla/5.0 (Linux; Android 6.0.1; Nexus 5X Build/MMB29P) AppleWebKit/537.36 (KHTML, like Gecko) Chrome/137.0.7151.103 Mobile Safari/537.36 (compatible; Googlebot/2.1; +http://www.google.com/bot.html)"
66.249.79.2 - - [17/Jul/2025:11:36:11 -0400] "GET /?n=9461671674404&channel=1726be&from=form.php%3Fid%3D716744-6399%26name%3D%E7%BE%8E%E5%93%81%E3%80%80dunhill%20%E3%83%AC%E3%83%87%E3%82%A3%E3%83%BC%E3%82%B9%E3%80%80%E6%89%8B%E5%B7%BB%E3%81%8D%E8%85%95%E6%99%82%E8%A8%88%E3%80%80%E5%B8%8C%E5%B0%91%E3%83%87%E3%82%B6%E3%82%A4%E3%83%B3%E3%80%80%E9%87%9D%E3%83%96%E3%83%AB%E3%83%BC%E3%80%80%E3%82%B7%E3%83%AB%E3%83%90%E3%83%BC HTTP/1.1" 200 29838 "-" "Mozilla/5.0 (Linux; Android 6.0.1; Nexus 5X Build/MMB29P) AppleWebKit/537.36 (KHTML, like Gecko) Chrome/137.0.7151.103 Mobile Safari/537.36 (compatible; Googlebot/2.1; +http://www.google.com/bot.html)"
217.113.194.25 - - [17/Jul/2025:11:36:18 -0400] "GET /2025/06/28/1xbet-turkiye-spor-bahisleri-i-canli-mac-izle-1xbet-bahis-sitesi-1xbet/ HTTP/1.1" 200 27186 "-" "Mozilla/5.0 (compatible; Barkrowler/0.9; +https://babbar.tech/crawler)"
66.249.68.129 - - [17/Jul/2025:11:36:20 -0400] "GET /?n=68579122494706&channel=48588b&from=shared.php%3Fid%3D1224947-3036%26name%3D%E5%A4%A7+%24270+%E5%B0%8F%E5%A3%B2%E3%82%8A%E3%82%BF%E3%82%B0+%E8%B1%A1%E5%B5%8C+%E6%9C%AC%E7%89%A9%E3%81%AE%E3%82%B7%E3%83%AB%E3%83%90%E3%83%BC%E3%83%8A%E3%83%90%E3%83%9B+%E3%83%A9%E3%83%94%E3%82%B9+%E3%82%BF%E3%83%BC%E3%82%B3%E3%82%A4%E3%82%BA+%E3%83%8D%E3%82%A4%E3%83%86%E3%82%A3%E3%83%96%E3%82%A2%E3%83%A1%E3%83%AA%E3%82%AB%E3%83%B3+%E3%83%8D%E3%83%83%E3%82%AF%E3%83%AC%E3%82%B9 HTTP/1.1" 301 0 "-" "Mozilla/5.0 (Linux; Android 6.0.1; Nexus 5X Build/MMB29P) AppleWebKit/537.36 (KHTML, like Gecko) Chrome/137.0.7151.103 Mobile Safari/537.36 (compatible; Googlebot/2.1; +http://www.google.com/bot.html)"
66.249.79.2 - - [17/Jul/2025:11:36:22 -0400] "GET /?n=68579122494706&channel=48588b&from=shared.php%3Fid%3D1224947-3036%26name%3D%E5%A4%A7%20%24270%20%E5%B0%8F%E5%A3%B2%E3%82%8A%E3%82%BF%E3%82%B0%20%E8%B1%A1%E5%B5%8C%20%E6%9C%AC%E7%89%A9%E3%81%AE%E3%82%B7%E3%83%AB%E3%83%90%E3%83%BC%E3%83%8A%E3%83%90%E3%83%9B%20%E3%83%A9%E3%83%94%E3%82%B9%20%E3%82%BF%E3%83%BC%E3%82%B3%E3%82%A4%E3%82%BA%20%E3%83%8D%E3%82%A4%E3%83%86%E3%82%A3%E3%83%96%E3%82%A2%E3%83%A1%E3%83%AA%E3%82%AB%E3%83%B3%20%E3%83%8D%E3%83%83%E3%82%AF%E3%83%AC%E3%82%B9 HTTP/1.1" 200 29829 "-" "Mozilla/5.0 (Linux; Android 6.0.1; Nexus 5X Build/MMB29P) AppleWebKit/537.36 (KHTML, like Gecko) Chrome/137.0.7151.103 Mobile Safari/537.36 (compatible; Googlebot/2.1; +http://www.google.com/bot.html)"
158.170.68.64 - - [17/Jul/2025:11:36:34 -0400] "POST /xmlrpc.php HTTP/1.1" 403 1242 "https://fnf.group" "Mozilla/5.0 (Macintosh; Intel Mac OS X 10_15_7; rv:125.0.1) Gecko/20100101 Firefox/125.0.1"
217.113.194.243 - - [17/Jul/2025:11:36:37 -0400] "GET /2025/06/28/mostbet-pegictpatsiia-akkaunta-v-kazino-tolko-bk-dlia-igpy-na-dengi/ HTTP/1.1" 200 28543 "-" "Mozilla/5.0 (compatible; Barkrowler/0.9; +https://babbar.tech/crawler)"
114.119.131.93 - - [17/Jul/2025:11:36:37 -0400] "GET /2025/07/02/150000ft-ingyenes-fogadasokert-bejelentkezes-es-regisztracio/ HTTP/1.1" 200 25551 "https://fnf.group/recipes/page/11/" "Mozilla/5.0 (Linux; Android 7.0;) AppleWebKit/537.36 (KHTML, like Gecko) Mobile Safari/537.36 (compatible; PetalBot;+https://webmaster.petalsearch.com/site/petalbot)"
66.249.68.135 - - [17/Jul/2025:11:36:43 -0400] "GET /?n=010995092000&channel=f6ead9&from=shop.php%3Fid%3D50920-5032%26name%3D%E3%82%B5%E3%83%B3%E3%82%B3%E3%83%BC%E3%82%A4%E3%83%B3%E3%83%80%E3%82%B9%E3%83%88%E3%83%AA%E3%83%BC%28SUNCO+INDUSTRIES+Co.%2CLtd.%29+HS+%E6%A3%92%E5%85%88+5%C3%9712+1000%E6%9C%AC%E5%85%A5+A0-00-503 HTTP/1.1" 301 0 "-" "Mozilla/5.0 (Linux; Android 6.0.1; Nexus 5X Build/MMB29P) AppleWebKit/537.36 (KHTML, like Gecko) Chrome/137.0.7151.103 Mobile Safari/537.36 (compatible; Googlebot/2.1; +http://www.google.com/bot.html)"
66.249.79.2 - - [17/Jul/2025:11:36:46 -0400] "GET /?n=010995092000&channel=f6ead9&from=shop.php%3Fid%3D50920-5032%26name%3D%E3%82%B5%E3%83%B3%E3%82%B3%E3%83%BC%E3%82%A4%E3%83%B3%E3%83%80%E3%82%B9%E3%83%88%E3%83%AA%E3%83%BC%28SUNCO%20INDUSTRIES%20Co.%2CLtd.%29%20HS%20%E6%A3%92%E5%85%88%205%C3%9712%201000%E6%9C%AC%E5%85%A5%20A0-00-503 HTTP/1.1" 200 29826 "-" "Mozilla/5.0 (Linux; Android 6.0.1; Nexus 5X Build/MMB29P) AppleWebKit/537.36 (KHTML, like Gecko) Chrome/137.0.7151.103 Mobile Safari/537.36 (compatible; Googlebot/2.1; +http://www.google.com/bot.html)"
217.113.194.243 - - [17/Jul/2025:11:36:57 -0400] "GET /2025/06/26/1xbet-app-1xbet-mobile-a-tnzyl-1xbet-apk-android-w-apple-iphone-a-1xbet-com/ HTTP/1.1" 200 28630 "-" "Mozilla/5.0 (compatible; Barkrowler/0.9; +https://babbar.tech/crawler)"
63.250.38.117 - - [17/Jul/2025:11:37:06 -0400] "POST /wp-cron.php?doing_wp_cron=1752766625.9806818962097167968750 HTTP/1.1" 403 1242 "-" "WordPress/6.8.1; https://fnf.group"
35.208.158.97 - - [17/Jul/2025:11:37:01 -0400] "HEAD / HTTP/1.1" 200 0 "-" "scalaj-http/2.4.2"
35.208.158.97 - - [17/Jul/2025:11:37:06 -0400] "GET / HTTP/1.1" 200 29832 "-" "Buck/2.4.5; (+https://app.hypefactors.com/media-monitoring/about.html)"
66.249.68.136 - - [17/Jul/2025:11:37:10 -0400] "GET /?n=71086103523503&channel=28d47c&from=product.php%3Fid%3D1035235-2612%26name%3D2%E5%80%8B+%E3%83%91%E3%83%B3%E8%A2%8B+%E5%86%8D%E5%88%A9%E7%94%A8%E5%8F%AF%E8%83%BD%E3%81%AA%E9%A3%9F%E5%93%81%E3%83%90%E3%83%83%E3%82%B0+%E5%B7%BE%E7%9D%80%E8%A2%8B+%E3%83%AA%E3%83%8D%E3%83%B3%E3%83%91%E3%83%B3%E3%83%90%E3%83%83%E3%82%B0+%E3%83%A9%E3%83%B3%E3%83%81+%E3%83%99%E3%83%BC%E3%82%AB%E3%83%AA%E3%83%BC%E7%94%A8%E3%83%90%E3%83%83%E3%82%B0+%E3%83%91%E3%83%B3%E3%83%9B%E3%83%AB%E3%83%80%E3%83%BC+%E3%83%89%E3%83%AD%E3%83%BC%E3%82%B9%E3%83%88%E3%83%AA%E3%83%B3%E3%82%B0%E3%83%AA%E3%83%8D%E3%83%B3%E3%83%90%E3%83%83 HTTP/1.1" 301 0 "-" "Mozilla/5.0 (Linux; Android 6.0.1; Nexus 5X Build/MMB29P) AppleWebKit/537.36 (KHTML, like Gecko) Chrome/137.0.7151.103 Mobile Safari/537.36 (compatible; Googlebot/2.1; +http://www.google.com/bot.html)"
35.208.158.97 - - [17/Jul/2025:11:37:15 -0400] "GET /robots.txt HTTP/1.1" 200 84 "-" "Buck/2.4.5; (+https://app.hypefactors.com/media-monitoring/about.html)"
66.249.79.3 - - [17/Jul/2025:11:37:14 -0400] "GET /?n=71086103523503&channel=28d47c&from=product.php%3Fid%3D1035235-2612%26name%3D2%E5%80%8B%20%E3%83%91%E3%83%B3%E8%A2%8B%20%E5%86%8D%E5%88%A9%E7%94%A8%E5%8F%AF%E8%83%BD%E3%81%AA%E9%A3%9F%E5%93%81%E3%83%90%E3%83%83%E3%82%B0%20%E5%B7%BE%E7%9D%80%E8%A2%8B%20%E3%83%AA%E3%83%8D%E3%83%B3%E3%83%91%E3%83%B3%E3%83%90%E3%83%83%E3%82%B0%20%E3%83%A9%E3%83%B3%E3%83%81%20%E3%83%99%E3%83%BC%E3%82%AB%E3%83%AA%E3%83%BC%E7%94%A8%E3%83%90%E3%83%83%E3%82%B0%20%E3%83%91%E3%83%B3%E3%83%9B%E3%83%AB%E3%83%80%E3%83%BC%20%E3%83%89%E3%83%AD%E3%83%BC%E3%82%B9%E3%83%88%E3%83%AA%E3%83%B3%E3%82%B0%E3%83%AA%E3%83%8D%E3%83%B3%E3%83%90%E3%83%83 HTTP/1.1" 200 29837 "-" "Mozilla/5.0 (Linux; Android 6.0.1; Nexus 5X Build/MMB29P) AppleWebKit/537.36 (KHTML, like Gecko) Chrome/137.0.7151.103 Mobile Safari/537.36 (compatible; Googlebot/2.1; +http://www.google.com/bot.html)"
154.54.249.195 - - [17/Jul/2025:11:37:19 -0400] "GET /2025/07/07/aktualnyi-rabochee-zerkalo-1xbet-na-segodnia-ofitsialnym-sait-bukmekerskoi-kontory/ HTTP/1.1" 200 29034 "-" "Mozilla/5.0 (compatible; Barkrowler/0.9; +https://babbar.tech/crawler)"
114.119.135.196 - - [17/Jul/2025:11:37:36 -0400] "GET /2020/12/13/aloo-tiki-burger-by-rehana-tahir/ HTTP/1.1" 200 18032 "https://fnf.group/tag/burger/" "Mozilla/5.0 (Linux; Android 7.0;) AppleWebKit/537.36 (KHTML, like Gecko) Mobile Safari/537.36 (compatible; PetalBot;+https://webmaster.petalsearch.com/site/petalbot)"
217.113.194.24 - - [17/Jul/2025:11:37:39 -0400] "GET /2025/06/30/1xbet-app-1xbet-mobile-a-tnzyl-1xbet-apk-android-os-w-iphone-a-1xbet-com/feed/ HTTP/1.1" 200 588 "-" "Mozilla/5.0 (compatible; Barkrowler/0.9; +https://babbar.tech/crawler)"
52.73.142.41 - - [17/Jul/2025:11:37:47 -0400] "GET /wp-includes/SimplePie/?NA HTTP/1.1" 200 691 "-" "Mozilla/5.0 AppleWebKit/537.36 (KHTML, like Gecko; compatible; Amazonbot/0.1; +https://developer.amazon.com/support/amazonbot) Chrome/119.0.6045.214 Safari/537.36"
35.208.158.97 - - [17/Jul/2025:11:37:48 -0400] "GET /feed/ HTTP/1.1" 200 96375 "-" "Buck/2.4.5; (+https://app.hypefactors.com/media-monitoring/about.html)"
66.249.68.136 - - [17/Jul/2025:11:37:55 -0400] "GET /?n=1828939224003&channel=6803ba&from=blog.php%3Fid%3D392240-4152%26name%3D%E3%82%A4%E3%82%B0%E3%83%8B%E3%83%83%E3%82%B7%E3%83%A7%E3%83%B3%E3%82%B3%E3%82%A4%E3%83%AB+%E7%94%A8%E3%83%9D%E3%83%A9%E3%83%AA%E3%82%B9%E3%82%B9%E3%83%9D%E3%83%BC%E3%83%84%E3%83%9E%E3%83%B3+90+%E3%83%97%E3%83%AC%E3%83%87%E3%82%BF%E3%83%BC+90+2003+2004+2005+2006+CDI+%E3%83%9C%E3%83%83%E3%82%AF%E3%82%B9+%26a HTTP/1.1" 301 0 "-" "Mozilla/5.0 (Linux; Android 6.0.1; Nexus 5X Build/MMB29P) AppleWebKit/537.36 (KHTML, like Gecko) Chrome/137.0.7151.103 Mobile Safari/537.36 (compatible; Googlebot/2.1; +http://www.google.com/bot.html)"
217.113.194.29 - - [17/Jul/2025:11:37:57 -0400] "GET /2025/06/28/ofitsialnyi-sait-bk-pin-ap-vash-tsentr-stavok-i-sport-kibersport-tolko-live-sobytiia/ HTTP/1.1" 200 29050 "-" "Mozilla/5.0 (compatible; Barkrowler/0.9; +https://babbar.tech/crawler)"
66.249.79.3 - - [17/Jul/2025:11:37:57 -0400] "GET /?n=1828939224003&channel=6803ba&from=blog.php%3Fid%3D392240-4152%26name%3D%E3%82%A4%E3%82%B0%E3%83%8B%E3%83%83%E3%82%B7%E3%83%A7%E3%83%B3%E3%82%B3%E3%82%A4%E3%83%AB%20%E7%94%A8%E3%83%9D%E3%83%A9%E3%83%AA%E3%82%B9%E3%82%B9%E3%83%9D%E3%83%BC%E3%83%84%E3%83%9E%E3%83%B3%2090%20%E3%83%97%E3%83%AC%E3%83%87%E3%82%BF%E3%83%BC%2090%202003%202004%202005%202006%20CDI%20%E3%83%9C%E3%83%83%E3%82%AF%E3%82%B9%20%26a HTTP/1.1" 200 29838 "-" "Mozilla/5.0 (Linux; Android 6.0.1; Nexus 5X Build/MMB29P) AppleWebKit/537.36 (KHTML, like Gecko) Chrome/137.0.7151.103 Mobile Safari/537.36 (compatible; Googlebot/2.1; +http://www.google.com/bot.html)"
63.250.38.117 - - [17/Jul/2025:11:38:22 -0400] "POST /wp-cron.php?doing_wp_cron=1752766702.0901570320129394531250 HTTP/1.1" 403 1242 "-" "WordPress/6.8.1; https://fnf.group"
217.113.194.25 - - [17/Jul/2025:11:38:19 -0400] "GET /2025/06/20/1win-proem-na-sait-1vin-lichnyi-kabinet-bk-1win-ofitsialnyi-sait-vkhod/feed/ HTTP/1.1" 200 643 "-" "Mozilla/5.0 (compatible; Barkrowler/0.9; +https://babbar.tech/crawler)"
35.208.158.97 - - [17/Jul/2025:11:38:26 -0400] "GET /recipes/ HTTP/1.1" 200 14830 "-" "Buck/2.4.5; (+https://app.hypefactors.com/media-monitoring/about.html)"
66.249.79.2 - - [17/Jul/2025:11:38:28 -0400] "GET /?n=72080140632601&channel=db051e&from=pin.php%3Fid%3D1406326-5668%26name%3D%E5%A4%96%E4%BB%98%E3%82%B3%E3%83%B3%E3%82%BD%E3%83%BC%E3%83%AB%E3%83%9C%E3%83%83%E3%82%AF%E3%82%B9+%E8%BB%8A%E3%81%AE%E3%82%A4%E3%83%B3%E3%83%86%E3%83%AA%E3%82%A2%E3%82%BB%E3%83%B3%E3%82%BF%E3%83%BC%E3%82%B3%E3%83%B3%E3%82%BD%E3%83%BC%E3%83%AB%E3%82%A2%E3%83%BC%E3%83%A0%E3%83%AC%E3%82%B9%E3%83%88%E5%8F%8E%E7%B4%8D%E3%83%9C%E3%83%83%E3%82%AF%E3%82%B9%E3%81%9F%E3%82%81%E3%81%AB%E3%83%97%E3%83%AA%E3%82%A6%E3%82%B9+2012-2015 HTTP/1.1" 301 0 "-" "Mozilla/5.0 (Linux; Android 6.0.1; Nexus 5X Build/MMB29P) AppleWebKit/537.36 (KHTML, like Gecko) Chrome/137.0.7151.103 Mobile Safari/537.36 (compatible; Googlebot/2.1; +http://www.google.com/bot.html)"
66.249.79.2 - - [17/Jul/2025:11:38:31 -0400] "GET /?n=72080140632601&channel=db051e&from=pin.php%3Fid%3D1406326-5668%26name%3D%E5%A4%96%E4%BB%98%E3%82%B3%E3%83%B3%E3%82%BD%E3%83%BC%E3%83%AB%E3%83%9C%E3%83%83%E3%82%AF%E3%82%B9%20%E8%BB%8A%E3%81%AE%E3%82%A4%E3%83%B3%E3%83%86%E3%83%AA%E3%82%A2%E3%82%BB%E3%83%B3%E3%82%BF%E3%83%BC%E3%82%B3%E3%83%B3%E3%82%BD%E3%83%BC%E3%83%AB%E3%82%A2%E3%83%BC%E3%83%A0%E3%83%AC%E3%82%B9%E3%83%88%E5%8F%8E%E7%B4%8D%E3%83%9C%E3%83%83%E3%82%AF%E3%82%B9%E3%81%9F%E3%82%81%E3%81%AB%E3%83%97%E3%83%AA%E3%82%A6%E3%82%B9%202012-2015 HTTP/1.1" 200 29839 "-" "Mozilla/5.0 (Linux; Android 6.0.1; Nexus 5X Build/MMB29P) AppleWebKit/537.36 (KHTML, like Gecko) Chrome/137.0.7151.103 Mobile Safari/537.36 (compatible; Googlebot/2.1; +http://www.google.com/bot.html)"
154.54.249.195 - - [17/Jul/2025:11:38:38 -0400] "GET /2025/06/26/mostbet-onlain-kazino-tolko-stavki-v-bk-zerkalo-na-ofitsialnomu-sait-mostbet/ HTTP/1.1" 200 30880 "-" "Mozilla/5.0 (compatible; Barkrowler/0.9; +https://babbar.tech/crawler)"
66.249.79.2 - - [17/Jul/2025:11:38:41 -0400] "GET /?n=24480180217402&channel=5f4e61&from=shop.php%3Fid%3D1802174-9915%26name%3D%E3%83%8F%E3%83%B3%E3%83%89%E3%83%89%E3%83%A9%E3%83%A0+9%E3%83%8E%E3%83%BC%E3%83%88+%E3%83%8F%E3%83%B3%E3%83%89%E3%83%91%E3%83%B3+%E3%82%B9%E3%83%81%E3%83%BC%E3%83%AB%E3%82%BF%E3%83%B3%E3%82%B0%E3%83%89%E3%83%A9%E3%83%A0+%E6%89%93%E6%A5%BD%E5%99%A8+%E3%83%8F%E3%83%B3%E3%83%89 HTTP/1.1" 301 0 "-" "Mozilla/5.0 (Linux; Android 6.0.1; Nexus 5X Build/MMB29P) AppleWebKit/537.36 (KHTML, like Gecko) Chrome/137.0.7151.103 Mobile Safari/537.36 (compatible; Googlebot/2.1; +http://www.google.com/bot.html)"
66.249.79.2 - - [17/Jul/2025:11:38:42 -0400] "GET /?n=9521892959300&channel=b462e6&from=shared.php%3Fid%3D929593-14529%26name%3DPEARLY+GATES+%E3%83%98%E3%83%83%E3%83%89%E3%82%AB%E3%83%90%E3%83%BC+%E3%83%89%E3%83%A9%E3%82%A4%E3%83%90%E3%83%BC%E7%94%A8 HTTP/1.1" 301 0 "-" "Mozilla/5.0 (Linux; Android 6.0.1; Nexus 5X Build/MMB29P) AppleWebKit/537.36 (KHTML, like Gecko) Chrome/137.0.7151.103 Mobile Safari/537.36 (compatible; Googlebot/2.1; +http://www.google.com/bot.html)"
66.249.79.2 - - [17/Jul/2025:11:38:45 -0400] "GET /?n=24480180217402&channel=5f4e61&from=shop.php%3Fid%3D1802174-9915%26name%3D%E3%83%8F%E3%83%B3%E3%83%89%E3%83%89%E3%83%A9%E3%83%A0%209%E3%83%8E%E3%83%BC%E3%83%88%20%E3%83%8F%E3%83%B3%E3%83%89%E3%83%91%E3%83%B3%20%E3%82%B9%E3%83%81%E3%83%BC%E3%83%AB%E3%82%BF%E3%83%B3%E3%82%B0%E3%83%89%E3%83%A9%E3%83%A0%20%E6%89%93%E6%A5%BD%E5%99%A8%20%E3%83%8F%E3%83%B3%E3%83%89 HTTP/1.1" 200 29832 "-" "Mozilla/5.0 (Linux; Android 6.0.1; Nexus 5X Build/MMB29P) AppleWebKit/537.36 (KHTML, like Gecko) Chrome/137.0.7151.103 Mobile Safari/537.36 (compatible; Googlebot/2.1; +http://www.google.com/bot.html)"
66.249.79.2 - - [17/Jul/2025:11:38:46 -0400] "GET /?n=9521892959300&channel=b462e6&from=shared.php%3Fid%3D929593-14529%26name%3DPEARLY%20GATES%20%E3%83%98%E3%83%83%E3%83%89%E3%82%AB%E3%83%90%E3%83%BC%20%E3%83%89%E3%83%A9%E3%82%A4%E3%83%90%E3%83%BC%E7%94%A8 HTTP/1.1" 200 29829 "-" "Mozilla/5.0 (Linux; Android 6.0.1; Nexus 5X Build/MMB29P) AppleWebKit/537.36 (KHTML, like Gecko) Chrome/137.0.7151.103 Mobile Safari/537.36 (compatible; Googlebot/2.1; +http://www.google.com/bot.html)"
66.249.79.2 - - [17/Jul/2025:11:38:58 -0400] "GET /?n=0150134591902&channel=4909ff&from=category-info.php%3Fid%3D345919-9993%26name%3DMetcal+PS-900+Production+Soldering+Complete+System%2C+100%2F240V+by+Me HTTP/1.1" 301 0 "-" "Mozilla/5.0 (Linux; Android 6.0.1; Nexus 5X Build/MMB29P) AppleWebKit/537.36 (KHTML, like Gecko) Chrome/137.0.7151.103 Mobile Safari/537.36 (compatible; Googlebot/2.1; +http://www.google.com/bot.html)"
217.113.194.27 - - [17/Jul/2025:11:39:00 -0400] "GET /2025/06/26/tnzyl-brnmj-1xbet-khr-sdr-mn-shrk-1xbet-msr-i-1x-bet-arabic-com/ HTTP/1.1" 200 27742 "-" "Mozilla/5.0 (compatible; Barkrowler/0.9; +https://babbar.tech/crawler)"
66.249.79.2 - - [17/Jul/2025:11:39:01 -0400] "GET /?n=0150134591902&channel=4909ff&from=category-info.php%3Fid%3D345919-9993%26name%3DMetcal%20PS-900%20Production%20Soldering%20Complete%20System%2C%20100%2F240V%20by%20Me HTTP/1.1" 200 29832 "-" "Mozilla/5.0 (Linux; Android 6.0.1; Nexus 5X Build/MMB29P) AppleWebKit/537.36 (KHTML, like Gecko) Chrome/137.0.7151.103 Mobile Safari/537.36 (compatible; Googlebot/2.1; +http://www.google.com/bot.html)"
114.119.134.95 - - [17/Jul/2025:11:39:03 -0400] "GET /2020/12/13/peanut-ladu-by-maria-shujaat HTTP/1.1" 301 0 "http://fnf.group/2020/09/01/spicy-honey-butter-prawns-by-fariha-bilal" "Mozilla/5.0 (Linux; Android 7.0;) AppleWebKit/537.36 (KHTML, like Gecko) Mobile Safari/537.36 (compatible; PetalBot;+https://webmaster.petalsearch.com/site/petalbot)"
35.208.158.97 - - [17/Jul/2025:11:39:09 -0400] "GET /about-us/ HTTP/1.1" 200 17002 "-" "Buck/2.4.5; (+https://app.hypefactors.com/media-monitoring/about.html)"
114.119.134.95 - - [17/Jul/2025:11:39:18 -0400] "GET /2020/12/13/peanut-ladu-by-maria-shujaat/ HTTP/1.1" 200 19150 "http://fnf.group/2020/09/01/spicy-honey-butter-prawns-by-fariha-bilal" "Mozilla/5.0 (Linux; Android 7.0;) AppleWebKit/537.36 (KHTML, like Gecko) Mobile Safari/537.36 (compatible; PetalBot;+https://webmaster.petalsearch.com/site/petalbot)"
63.250.38.117 - - [17/Jul/2025:11:39:23 -0400] "POST /wp-cron.php?doing_wp_cron=1752766762.9052290916442871093750 HTTP/1.1" 403 1242 "-" "WordPress/6.8.1; https://fnf.group"
217.113.194.27 - - [17/Jul/2025:11:39:20 -0400] "GET /2025/06/23/bank-rossii-uchti-o-riskakh-raschetov-s-kriptoobmennikami-zhe-onlain-kazino/ HTTP/1.1" 200 30509 "-" "Mozilla/5.0 (compatible; Barkrowler/0.9; +https://babbar.tech/crawler)"
217.113.194.29 - - [17/Jul/2025:11:39:40 -0400] "GET /2025/07/07/aktualnyi-rabochee-zerkalo-1xbet-na-segodnia-ofitsialnym-sait-bukmekerskoi-kontory-2/ HTTP/1.1" 200 29441 "-" "Mozilla/5.0 (compatible; Barkrowler/0.9; +https://babbar.tech/crawler)"
35.208.158.97 - - [17/Jul/2025:11:39:44 -0400] "GET /competitions-2/ HTTP/1.1" 200 13490 "-" "Buck/2.4.5; (+https://app.hypefactors.com/media-monitoring/about.html)"
66.249.68.137 - - [17/Jul/2025:11:39:48 -0400] "GET /?n=96226111882800&channel=d54e5d&from=product.php%3Fid%3D1118828-24358%26name%3D%E5%B0%8F%E5%9E%8B%E3%83%96%E3%83%BC%E3%83%84%E3%82%B4%E3%83%9F%E7%AE%B1+%E3%83%87%E3%82%B9%E3%82%AF%E3%83%88%E3%83%83%E3%83%97%E3%82%B4%E3%83%9F%E7%AE%B1+%E8%93%8B%E4%BB%98%E3%81%8D+%E3%82%AF%E3%83%AA%E3%82%A8%E3%82%A4%E3%83%86%E3%82%A3%E3%83%96%E3%81%AA%E5%A3%81%E6%8E%9B%E3%81%91%E3%82%B4%E3%83%9F%E7%AE%B1+%E3%81%8B%E3%82%8F%E3%81%84%E3%81%84%E3%83%87%E3%82%B9%E3%82%AF%E7%94%A8%E3%82%B4%E3%83%9F%E7%AE%B1+%E5%B0%8F%E3%81%95%E3%81%AA%E3%83%86%E3%83%BC%E3%83%96%E3%83%AB%E3%83%88%E3%83%83%E3%83%97%E3%82%B4%E3%83%9F%E7%AE%B1+%E3%83%96%E3%83%BC HTTP/1.1" 301 0 "-" "Mozilla/5.0 (Linux; Android 6.0.1; Nexus 5X Build/MMB29P) AppleWebKit/537.36 (KHTML, like Gecko) Chrome/137.0.7151.103 Mobile Safari/537.36 (compatible; Googlebot/2.1; +http://www.google.com/bot.html)"
66.249.79.3 - - [17/Jul/2025:11:39:50 -0400] "GET /?n=96226111882800&channel=d54e5d&from=product.php%3Fid%3D1118828-24358%26name%3D%E5%B0%8F%E5%9E%8B%E3%83%96%E3%83%BC%E3%83%84%E3%82%B4%E3%83%9F%E7%AE%B1%20%E3%83%87%E3%82%B9%E3%82%AF%E3%83%88%E3%83%83%E3%83%97%E3%82%B4%E3%83%9F%E7%AE%B1%20%E8%93%8B%E4%BB%98%E3%81%8D%20%E3%82%AF%E3%83%AA%E3%82%A8%E3%82%A4%E3%83%86%E3%82%A3%E3%83%96%E3%81%AA%E5%A3%81%E6%8E%9B%E3%81%91%E3%82%B4%E3%83%9F%E7%AE%B1%20%E3%81%8B%E3%82%8F%E3%81%84%E3%81%84%E3%83%87%E3%82%B9%E3%82%AF%E7%94%A8%E3%82%B4%E3%83%9F%E7%AE%B1%20%E5%B0%8F%E3%81%95%E3%81%AA%E3%83%86%E3%83%BC%E3%83%96%E3%83%AB%E3%83%88%E3%83%83%E3%83%97%E3%82%B4%E3%83%9F%E7%AE%B1%20%E3%83%96%E3%83%BC HTTP/1.1" 200 29830 "-" "Mozilla/5.0 (Linux; Android 6.0.1; Nexus 5X Build/MMB29P) AppleWebKit/537.36 (KHTML, like Gecko) Chrome/137.0.7151.103 Mobile Safari/537.36 (compatible; Googlebot/2.1; +http://www.google.com/bot.html)"
217.113.194.243 - - [17/Jul/2025:11:39:59 -0400] "GET /2025/06/25/kde-se-natacel-movie-on-sequence-gambling-establishment-royale-subgadgets-pt-global-karya-bombig-sakti/ HTTP/1.1" 200 30632 "-" "Mozilla/5.0 (compatible; Barkrowler/0.9; +https://babbar.tech/crawler)"
66.249.68.136 - - [17/Jul/2025:11:40:02 -0400] "GET /?n=57288128194400&channel=d26e66&from=jp.php%3Fid%3D1281944-14168%26name%3DKAVJU+Apple+Watch+%E3%82%B7%E3%83%AA%E3%83%BC%E3%82%BA+8+%E3%82%B7%E3%83%AA%E3%83%BC%E3%82%BA+7+45mm+%E3%83%A1%E3%82%BF%E3%83%AB%E3%83%99%E3%82%BC%E3%83%AB+%2B+%E3%83%A9%E3%83%90%E3%83%BC%E3%82%B9%E3%83%88%E3%83%A9%E3%83%83%E3%83%97+iWatch+%E3%82%B7%E3%83%AA%E3%83%BC%E3%82%BA HTTP/1.1" 301 0 "-" "Mozilla/5.0 (Linux; Android 6.0.1; Nexus 5X Build/MMB29P) AppleWebKit/537.36 (KHTML, like Gecko) Chrome/137.0.7151.103 Mobile Safari/537.36 (compatible; Googlebot/2.1; +http://www.google.com/bot.html)"
66.249.79.3 - - [17/Jul/2025:11:40:07 -0400] "GET /robots.txt HTTP/1.1" 200 89 "-" "Mozilla/5.0 (compatible; Googlebot/2.1; +http://www.google.com/bot.html)"
66.249.79.5 - - [17/Jul/2025:11:40:07 -0400] "GET /?n=57288128194400&channel=d26e66&from=jp.php%3Fid%3D1281944-14168%26name%3DKAVJU%20Apple%20Watch%20%E3%82%B7%E3%83%AA%E3%83%BC%E3%82%BA%208%20%E3%82%B7%E3%83%AA%E3%83%BC%E3%82%BA%207%2045mm%20%E3%83%A1%E3%82%BF%E3%83%AB%E3%83%99%E3%82%BC%E3%83%AB%20%2B%20%E3%83%A9%E3%83%90%E3%83%BC%E3%82%B9%E3%83%88%E3%83%A9%E3%83%83%E3%83%97%20iWatch%20%E3%82%B7%E3%83%AA%E3%83%BC%E3%82%BA HTTP/1.1" 200 29832 "-" "Mozilla/5.0 (Linux; Android 6.0.1; Nexus 5X Build/MMB29P) AppleWebKit/537.36 (KHTML, like Gecko) Chrome/137.0.7151.103 Mobile Safari/537.36 (compatible; Googlebot/2.1; +http://www.google.com/bot.html)"
63.250.38.117 - - [17/Jul/2025:11:40:23 -0400] "POST /wp-cron.php?doing_wp_cron=1752766823.6906359195709228515625 HTTP/1.1" 403 1242 "-" "WordPress/6.8.1; https://fnf.group"
217.113.194.243 - - [17/Jul/2025:11:40:19 -0400] "GET /2025/06/28/step-by-step-guideline-kibhaabe-mostbet-ayaakaauntt-khulbo-shjei-yayasan-ar-rahman/ HTTP/1.1" 200 31689 "-" "Mozilla/5.0 (compatible; Barkrowler/0.9; +https://babbar.tech/crawler)"
35.208.158.97 - - [17/Jul/2025:11:40:32 -0400] "GET /ff-events/ HTTP/1.1" 200 12850 "-" "Buck/2.4.5; (+https://app.hypefactors.com/media-monitoring/about.html)"
217.113.194.27 - - [17/Jul/2025:11:40:44 -0400] "GET /2025/07/01/top-5-odnim-mobilnykh-prilozhenii-dlia-stavok-na-sport-iuliia-akhmetova-a-tenchat-ru/feed/ HTTP/1.1" 200 668 "-" "Mozilla/5.0 (compatible; Barkrowler/0.9; +https://babbar.tech/crawler)"
217.113.194.26 - - [17/Jul/2025:11:41:03 -0400] "GET /2025/06/19/1xbet-apk-ddaaunlodd-kre-aapnaar-abhijnytaake-srbaadhikkrnn/feed/ HTTP/1.1" 200 636 "-" "Mozilla/5.0 (compatible; Barkrowler/0.9; +https://babbar.tech/crawler)"
66.249.68.137 - - [17/Jul/2025:11:41:05 -0400] "GET /?n=3842926851804&channel=77a245&from=blog.php%3Fid%3D268518-13073%26name%3D%E3%83%8F%E3%83%BC%E3%83%89%E3%82%A6%E3%82%A7%E3%82%A2%E3%83%84%E3%83%BC%E3%83%AB%E3%81%AE%E4%BD%9C%E6%A5%AD%E3%83%89%E3%83%AA%E3%83%AB+65%E5%BA%A64%E3%83%96%E3%83%AC%E3%83%BC%E3%83%89%E7%82%AD%E5%8C%96%E7%89%A9%E3%82%A8%E3%83%B3%E3%83%89%E3%83%9F%E3%83%AB%E3%83%95%E3%83%A9%E3%82%A4%E3%82%B9%E3%82%AB%E3%83%83%E3%82%BF%E3%83%BC%E5%90%88%E9%87%91%E3%82%BF%E3%83%B3%E3%82%B0%E3%82%B9%E3%83%86%E3%83%B3%E9%8B%BC%E3%83%A9%E3%82%A6%E3%83%B3%E3%83%89%E3%83%98%E3%83%83%E3%83%89%E3%83%9F%E3%83%BC%E3%83%AA%E3%83%B3%E3%82%B0%E3%82%AB%E3%83%83%E3%82%BF%E3%83%BC%E3%82%A8 HTTP/1.1" 301 0 "-" "Mozilla/5.0 (Linux; Android 6.0.1; Nexus 5X Build/MMB29P) AppleWebKit/537.36 (KHTML, like Gecko) Chrome/137.0.7151.103 Mobile Safari/537.36 (compatible; Googlebot/2.1; +http://www.google.com/bot.html)"
66.249.79.4 - - [17/Jul/2025:11:41:10 -0400] "GET /?n=3842926851804&channel=77a245&from=blog.php%3Fid%3D268518-13073%26name%3D%E3%83%8F%E3%83%BC%E3%83%89%E3%82%A6%E3%82%A7%E3%82%A2%E3%83%84%E3%83%BC%E3%83%AB%E3%81%AE%E4%BD%9C%E6%A5%AD%E3%83%89%E3%83%AA%E3%83%AB%2065%E5%BA%A64%E3%83%96%E3%83%AC%E3%83%BC%E3%83%89%E7%82%AD%E5%8C%96%E7%89%A9%E3%82%A8%E3%83%B3%E3%83%89%E3%83%9F%E3%83%AB%E3%83%95%E3%83%A9%E3%82%A4%E3%82%B9%E3%82%AB%E3%83%83%E3%82%BF%E3%83%BC%E5%90%88%E9%87%91%E3%82%BF%E3%83%B3%E3%82%B0%E3%82%B9%E3%83%86%E3%83%B3%E9%8B%BC%E3%83%A9%E3%82%A6%E3%83%B3%E3%83%89%E3%83%98%E3%83%83%E3%83%89%E3%83%9F%E3%83%BC%E3%83%AA%E3%83%B3%E3%82%B0%E3%82%AB%E3%83%83%E3%82%BF%E3%83%BC%E3%82%A8 HTTP/1.1" 200 29829 "-" "Mozilla/5.0 (Linux; Android 6.0.1; Nexus 5X Build/MMB29P) AppleWebKit/537.36 (KHTML, like Gecko) Chrome/137.0.7151.103 Mobile Safari/537.36 (compatible; Googlebot/2.1; +http://www.google.com/bot.html)"
66.249.79.4 - - [17/Jul/2025:11:41:15 -0400] "GET /?n=2923825890402&channel=7f7556&from=info.php%3Fid%3D258904-11600%26name%3DZAPVI+3D%E5%86%99%E7%9C%9F%E5%A3%81%E7%B4%99+%E5%8B%95%E7%89%A9%E3%83%BB%E9%A6%AC+%E3%82%B5%E3%82%A4%E3%82%BA%3A280+x+200cm+%E4%B8%8D%E7%B9%94%E5%B8%83%E5%A3%81%E7%B4%993D%E5%A3%81%E7%94%BB%E8%A3%85%E9%A3%BE%E5%A3%81%E7%94%BB%E5%A3%81%E7%B4%99%E3%83%AA%E3%83%93%E3%83%B3%E3%82%B0%E3%83%AB%E3%83%BC%E3%83%A0%E3%81%AE%E5%AF%9D%E5%AE%A4%E3%81%AE%E8%A3%85%E9%A3%BE%E3%81%AE%E3%81%9F%E3%82%81%E3%81%AE HTTP/1.1" 301 0 "-" "Mozilla/5.0 (Linux; Android 6.0.1; Nexus 5X Build/MMB29P) AppleWebKit/537.36 (KHTML, like Gecko) Chrome/137.0.7151.103 Mobile Safari/537.36 (compatible; Googlebot/2.1; +http://www.google.com/bot.html)"
66.249.79.4 - - [17/Jul/2025:11:41:18 -0400] "GET /?n=2923825890402&channel=7f7556&from=info.php%3Fid%3D258904-11600%26name%3DZAPVI%203D%E5%86%99%E7%9C%9F%E5%A3%81%E7%B4%99%20%E5%8B%95%E7%89%A9%E3%83%BB%E9%A6%AC%20%E3%82%B5%E3%82%A4%E3%82%BA%3A280%20x%20200cm%20%E4%B8%8D%E7%B9%94%E5%B8%83%E5%A3%81%E7%B4%993D%E5%A3%81%E7%94%BB%E8%A3%85%E9%A3%BE%E5%A3%81%E7%94%BB%E5%A3%81%E7%B4%99%E3%83%AA%E3%83%93%E3%83%B3%E3%82%B0%E3%83%AB%E3%83%BC%E3%83%A0%E3%81%AE%E5%AF%9D%E5%AE%A4%E3%81%AE%E8%A3%85%E9%A3%BE%E3%81%AE%E3%81%9F%E3%82%81%E3%81%AE HTTP/1.1" 200 29830 "-" "Mozilla/5.0 (Linux; Android 6.0.1; Nexus 5X Build/MMB29P) AppleWebKit/537.36 (KHTML, like Gecko) Chrome/137.0.7151.103 Mobile Safari/537.36 (compatible; Googlebot/2.1; +http://www.google.com/bot.html)"
63.250.38.117 - - [17/Jul/2025:11:41:25 -0400] "POST /wp-cron.php?doing_wp_cron=1752766884.6824390888214111328125 HTTP/1.1" 403 1242 "-" "WordPress/6.8.1; https://fnf.group"
35.208.158.97 - - [17/Jul/2025:11:41:22 -0400] "GET /cooking-sessions/ HTTP/1.1" 200 13297 "-" "Buck/2.4.5; (+https://app.hypefactors.com/media-monitoring/about.html)"
63.250.38.117 - - [17/Jul/2025:11:41:27 -0400] "POST /wp-cron.php?doing_wp_cron=1752766887.0858099460601806640625 HTTP/1.1" 403 1242 "-" "WordPress/6.8.1; https://fnf.group"
66.249.68.135 - - [17/Jul/2025:11:41:23 -0400] "GET /?n=57024111133300&channel=b51bab&from=shared.php%3Fid%3D1111333-15409%26name%3D%E3%83%87%E3%82%B9%E3%82%AF%E3%83%9E%E3%83%83%E3%83%88+%E3%83%87%E3%82%B9%E3%82%AF%E3%83%91%E3%83%83%E3%83%89+%E3%83%86%E3%83%BC%E3%83%96%E3%83%AB%E3%82%AF%E3%83%AD%E3%82%B9+%E3%83%93%E3%83%8B%E3%83%BC%E3%83%AB+%E5%8C%97%E6%AC%A7+%E3%81%8A%E3%81%97%E3%82%83%E3%82%8C+PVC%E8%A3%BD+%E6%92%A5%E6%B0%B4%E5%8A%A0%E5%B7%A5+%E3%83%86%E3%83%BC%E3%83%96%E3%83%AB%E3%83%9E%E3%83%83%E3%83%88+%E3%83%93%E3%83%8B%E3%83%BC%E3%83%AB%E3%83%9E%E3%83%83%E3%83%88+%E3%83%86%E3%83%BC%E3%83%96%E3%83%AB%E3%82%AB HTTP/1.1" 301 0 "-" "Mozilla/5.0 (Linux; Android 6.0.1; Nexus 5X Build/MMB29P) AppleWebKit/537.36 (KHTML, like Gecko) Chrome/137.0.7151.103 Mobile Safari/537.36 (compatible; Googlebot/2.1; +http://www.google.com/bot.html)"
63.250.38.117 - - [17/Jul/2025:11:41:28 -0400] "POST /wp-cron.php?doing_wp_cron=1752766887.7903048992156982421875 HTTP/1.1" 403 1242 "-" "WordPress/6.8.1; https://fnf.group"
217.113.194.26 - - [17/Jul/2025:11:41:24 -0400] "GET /2025/07/10/gunun-online-maclari-online-yayinlari-izleyin-canli-spor-bahisleri-1xbet-i-1xbet-com/ HTTP/1.1" 200 26059 "-" "Mozilla/5.0 (compatible; Barkrowler/0.9; +https://babbar.tech/crawler)"
66.249.79.3 - - [17/Jul/2025:11:41:27 -0400] "GET /?n=57024111133300&channel=b51bab&from=shared.php%3Fid%3D1111333-15409%26name%3D%E3%83%87%E3%82%B9%E3%82%AF%E3%83%9E%E3%83%83%E3%83%88%20%E3%83%87%E3%82%B9%E3%82%AF%E3%83%91%E3%83%83%E3%83%89%20%E3%83%86%E3%83%BC%E3%83%96%E3%83%AB%E3%82%AF%E3%83%AD%E3%82%B9%20%E3%83%93%E3%83%8B%E3%83%BC%E3%83%AB%20%E5%8C%97%E6%AC%A7%20%E3%81%8A%E3%81%97%E3%82%83%E3%82%8C%20PVC%E8%A3%BD%20%E6%92%A5%E6%B0%B4%E5%8A%A0%E5%B7%A5%20%E3%83%86%E3%83%BC%E3%83%96%E3%83%AB%E3%83%9E%E3%83%83%E3%83%88%20%E3%83%93%E3%83%8B%E3%83%BC%E3%83%AB%E3%83%9E%E3%83%83%E3%83%88%20%E3%83%86%E3%83%BC%E3%83%96%E3%83%AB%E3%82%AB HTTP/1.1" 200 29831 "-" "Mozilla/5.0 (Linux; Android 6.0.1; Nexus 5X Build/MMB29P) AppleWebKit/537.36 (KHTML, like Gecko) Chrome/137.0.7151.103 Mobile Safari/537.36 (compatible; Googlebot/2.1; +http://www.google.com/bot.html)"
66.249.68.135 - - [17/Jul/2025:11:41:36 -0400] "GET /?n=60811380801&channel=48edf6&from=pin.php%3Fid%3D3808-489%26name%3D%E4%BA%A4%E6%8F%9B%E9%83%A8%E5%93%81+%E3%82%AA%E3%83%BC%E3%83%88%E3%83%90%E3%82%A4%E4%BF%AE%E7%90%86%E3%82%AA%E3%83%95%E3%83%AD%E3%83%BC%E3%83%89%E8%BB%8A%E4%B8%80%E8%88%AC%E6%8E%92%E6%B0%97+Imvv250+%E5%BE%8C%E9%83%A8+360+%E3%83%86%E3%83%BC%E3%83%AB%E3%83%91%E3%82%A4%E3%83%97+M4+%E6%8E%92%E6%B0%97%E7%AE%A1+351+%E3%83%9F%E3%83%AA%E3%83%A1%E3%83%BC%E3%83%88%E3%83%AB+KUI HTTP/1.1" 301 0 "-" "Mozilla/5.0 (Linux; Android 6.0.1; Nexus 5X Build/MMB29P) AppleWebKit/537.36 (KHTML, like Gecko) Chrome/137.0.7151.103 Mobile Safari/537.36 (compatible; Googlebot/2.1; +http://www.google.com/bot.html)"
66.249.79.3 - - [17/Jul/2025:11:41:39 -0400] "GET /?n=60811380801&channel=48edf6&from=pin.php%3Fid%3D3808-489%26name%3D%E4%BA%A4%E6%8F%9B%E9%83%A8%E5%93%81%20%E3%82%AA%E3%83%BC%E3%83%88%E3%83%90%E3%82%A4%E4%BF%AE%E7%90%86%E3%82%AA%E3%83%95%E3%83%AD%E3%83%BC%E3%83%89%E8%BB%8A%E4%B8%80%E8%88%AC%E6%8E%92%E6%B0%97%20Imvv250%20%E5%BE%8C%E9%83%A8%20360%20%E3%83%86%E3%83%BC%E3%83%AB%E3%83%91%E3%82%A4%E3%83%97%20M4%20%E6%8E%92%E6%B0%97%E7%AE%A1%20351%20%E3%83%9F%E3%83%AA%E3%83%A1%E3%83%BC%E3%83%88%E3%83%AB%20KUI HTTP/1.1" 200 29835 "-" "Mozilla/5.0 (Linux; Android 6.0.1; Nexus 5X Build/MMB29P) AppleWebKit/537.36 (KHTML, like Gecko) Chrome/137.0.7151.103 Mobile Safari/537.36 (compatible; Googlebot/2.1; +http://www.google.com/bot.html)"
217.113.194.243 - - [17/Jul/2025:11:41:45 -0400] "GET /2025/06/21/hosgeldin-bonusunuzu-turkiyede-mariobet-casino-uzerinden-nasil-talep-edersiniz/feed/ HTTP/1.1" 200 594 "-" "Mozilla/5.0 (compatible; Barkrowler/0.9; +https://babbar.tech/crawler)"
66.249.68.129 - - [17/Jul/2025:11:41:50 -0400] "GET /?n=8079928103300&channel=f6639a&from=shop.php%3Fid%3D281033-964%26name%3D1%E5%80%8B+M6106%2B38-001+28VDC+%28%E3%82%AA%E3%83%AA%E3%82%B8%E3%83%8A%E3%83%AB%E3%83%A1%E3%83%BC%E3%82%AB%E3%83%BC%E3%80%81chentaochip%E3%80%81DHL%2FUPS%E7%B5%8C%E7%94%B1%E3%81%A7%E8%A3%BD%E5%93%81%E3%82%92%E9%80%81%E3%82%8B%29 HTTP/1.1" 301 0 "-" "Mozilla/5.0 (Linux; Android 6.0.1; Nexus 5X Build/MMB29P) AppleWebKit/537.36 (KHTML, like Gecko) Chrome/137.0.7151.103 Mobile Safari/537.36 (compatible; Googlebot/2.1; +http://www.google.com/bot.html)"
66.249.79.3 - - [17/Jul/2025:11:41:53 -0400] "GET /?n=8079928103300&channel=f6639a&from=shop.php%3Fid%3D281033-964%26name%3D1%E5%80%8B%20M6106%2B38-001%2028VDC%20%28%E3%82%AA%E3%83%AA%E3%82%B8%E3%83%8A%E3%83%AB%E3%83%A1%E3%83%BC%E3%82%AB%E3%83%BC%E3%80%81chentaochip%E3%80%81DHL%2FUPS%E7%B5%8C%E7%94%B1%E3%81%A7%E8%A3%BD%E5%93%81%E3%82%92%E9%80%81%E3%82%8B%29 HTTP/1.1" 200 29832 "-" "Mozilla/5.0 (Linux; Android 6.0.1; Nexus 5X Build/MMB29P) AppleWebKit/537.36 (KHTML, like Gecko) Chrome/137.0.7151.103 Mobile Safari/537.36 (compatible; Googlebot/2.1; +http://www.google.com/bot.html)"
35.208.158.97 - - [17/Jul/2025:11:41:58 -0400] "GET /2025/07/17/mostbet-kasyno-bonuses-maksymalizuj-swoje-doswiadczenie-hazardowe-juz-dzis/ HTTP/1.1" 200 20094 "-" "Buck/2.4.5; (+https://app.hypefactors.com/media-monitoring/about.html)"
217.113.194.26 - - [17/Jul/2025:11:42:03 -0400] "GET /2025/06/21/casibom-casinonun-stratejileri-turk-oyunculari-icin-en-iyi-kazanma-teknikleri/feed/ HTTP/1.1" 200 595 "-" "Mozilla/5.0 (compatible; Barkrowler/0.9; +https://babbar.tech/crawler)"
66.249.68.130 - - [17/Jul/2025:11:42:08 -0400] "GET /?n=00189196046201&channel=a007dd&from=info.php%3Fid%3D1960462-8719%26name%3DSLY+%E6%96%B0%E4%BD%9C+%E7%A7%8B%E5%86%AC+%E3%82%BB%E3%83%83%E3%83%88%E3%82%A2%E3%83%83%E3%83%97+%E3%83%87%E3%83%8B%E3%83%A0+%E3%83%84%E3%82%A4%E3%83%BC%E3%83%89 HTTP/1.1" 301 0 "-" "Mozilla/5.0 (Linux; Android 6.0.1; Nexus 5X Build/MMB29P) AppleWebKit/537.36 (KHTML, like Gecko) Chrome/137.0.7151.103 Mobile Safari/537.36 (compatible; Googlebot/2.1; +http://www.google.com/bot.html)"
66.249.79.5 - - [17/Jul/2025:11:42:11 -0400] "GET /?n=00189196046201&channel=a007dd&from=info.php%3Fid%3D1960462-8719%26name%3DSLY%20%E6%96%B0%E4%BD%9C%20%E7%A7%8B%E5%86%AC%20%E3%82%BB%E3%83%83%E3%83%88%E3%82%A2%E3%83%83%E3%83%97%20%E3%83%87%E3%83%8B%E3%83%A0%20%E3%83%84%E3%82%A4%E3%83%BC%E3%83%89 HTTP/1.1" 200 29828 "-" "Mozilla/5.0 (Linux; Android 6.0.1; Nexus 5X Build/MMB29P) AppleWebKit/537.36 (KHTML, like Gecko) Chrome/137.0.7151.103 Mobile Safari/537.36 (compatible; Googlebot/2.1; +http://www.google.com/bot.html)"
217.113.194.29 - - [17/Jul/2025:11:42:20 -0400] "GET /2025/06/21/slottica-casino-slotica-kasyno-logowanie-bonus-bez-depozytu-mhh-oficjalnej-stronie/feed/ HTTP/1.1" 200 589 "-" "Mozilla/5.0 (compatible; Barkrowler/0.9; +https://babbar.tech/crawler)"
63.250.38.117 - - [17/Jul/2025:11:42:38 -0400] "POST /wp-cron.php?doing_wp_cron=1752766958.2975559234619140625000 HTTP/1.1" 403 1242 "-" "WordPress/6.8.1; https://fnf.group"
63.250.38.117 - - [17/Jul/2025:11:42:38 -0400] "POST /wp-cron.php?doing_wp_cron=1752766958.2945799827575683593750 HTTP/1.1" 403 1242 "-" "WordPress/6.8.1; https://fnf.group"
66.249.68.129 - - [17/Jul/2025:11:42:35 -0400] "GET /?n=0919972416801&channel=4ddc4b&from=category-info.php%3Fid%3D724168-8978%26name%3D%E6%8A%98%E3%82%8A%E3%81%9F%E3%81%9F%E3%81%BF%E5%BC%8F%E5%A3%81%E6%8E%9B%E3%81%91%E3%83%89%E3%83%AD%E3%83%83%E3%83%97%E3%83%AA%E3%83%BC%E3%83%95%E3%83%86%E3%83%BC%E3%83%96%E3%83%AB%E3%80%81%E3%82%B3%E3%83%B3%E3%83%94%E3%83%A5%E3%83%BC%E3%82%BF%E3%83%BC%E3%83%87%E3%82%B9%E3%82%AF%E3%83%80%E3%82%A4%E3%83%8B%E3%83%B3%E3%82%B0%E3%83%86%E3%83%BC%E3%83%96%E3%83%AB%E5%A3%81%E6%8E%9B%E3%81%91%E6%8A%98%E3%82%8A%E3%81%9F%E3%81%9F%E3%81%BF%E3%83%86%E3%83%BC%E3%83%96%E3%83%AB%E3%82%BD%E3%83%AA%E3%83%83%E3%83%89%E3%82%A6%E3%83%83%E3%83%89%E3%83%80%E3%83%96%E3%83%AB%E3%82%B5%E3%83%9D%E3%83%BC%E3%83%88 HTTP/1.1" 301 0 "-" "Mozilla/5.0 (Linux; Android 6.0.1; Nexus 5X Build/MMB29P) AppleWebKit/537.36 (KHTML, like Gecko) Chrome/137.0.7151.103 Mobile Safari/537.36 (compatible; Googlebot/2.1; +http://www.google.com/bot.html)"
35.208.158.97 - - [17/Jul/2025:11:42:35 -0400] "GET /2025/07/17/1xbet-registratsiia-zaregistriruite-uchetnuiu-zapis-1xbet-seichas-v-2024-godu/ HTTP/1.1" 200 30773 "-" "Buck/2.4.5; (+https://app.hypefactors.com/media-monitoring/about.html)"
217.113.194.243 - - [17/Jul/2025:11:42:38 -0400] "GET /2025/06/27/litsenzionnye-onlain-kazino-na-dengi-spisok-kazino-2025-kiromarusom-litsenziei/feed/ HTTP/1.1" 200 638 "-" "Mozilla/5.0 (compatible; Barkrowler/0.9; +https://babbar.tech/crawler)"
66.249.79.3 - - [17/Jul/2025:11:42:39 -0400] "GET /?n=0919972416801&channel=4ddc4b&from=category-info.php%3Fid%3D724168-8978%26name%3D%E6%8A%98%E3%82%8A%E3%81%9F%E3%81%9F%E3%81%BF%E5%BC%8F%E5%A3%81%E6%8E%9B%E3%81%91%E3%83%89%E3%83%AD%E3%83%83%E3%83%97%E3%83%AA%E3%83%BC%E3%83%95%E3%83%86%E3%83%BC%E3%83%96%E3%83%AB%E3%80%81%E3%82%B3%E3%83%B3%E3%83%94%E3%83%A5%E3%83%BC%E3%82%BF%E3%83%BC%E3%83%87%E3%82%B9%E3%82%AF%E3%83%80%E3%82%A4%E3%83%8B%E3%83%B3%E3%82%B0%E3%83%86%E3%83%BC%E3%83%96%E3%83%AB%E5%A3%81%E6%8E%9B%E3%81%91%E6%8A%98%E3%82%8A%E3%81%9F%E3%81%9F%E3%81%BF%E3%83%86%E3%83%BC%E3%83%96%E3%83%AB%E3%82%BD%E3%83%AA%E3%83%83%E3%83%89%E3%82%A6%E3%83%83%E3%83%89%E3%83%80%E3%83%96%E3%83%AB%E3%82%B5%E3%83%9D%E3%83%BC%E3%83%88 HTTP/1.1" 200 29838 "-" "Mozilla/5.0 (Linux; Android 6.0.1; Nexus 5X Build/MMB29P) AppleWebKit/537.36 (KHTML, like Gecko) Chrome/137.0.7151.103 Mobile Safari/537.36 (compatible; Googlebot/2.1; +http://www.google.com/bot.html)"
217.113.194.28 - - [17/Jul/2025:11:43:00 -0400] "GET /2025/06/30/mostbet-mostbet-bukmekerskaia-kontora-zerkalo-ofitsialnyi-sait-bonus-pri-registratsii/feed/ HTTP/1.1" 200 679 "-" "Mozilla/5.0 (compatible; Barkrowler/0.9; +https://babbar.tech/crawler)"
66.249.68.130 - - [17/Jul/2025:11:43:02 -0400] "GET /?n=9180086824400&channel=5e643b&from=pin.php%3Fid%3D868244-17451%26name%3D%E6%81%90%E7%AB%9C%E6%9F%84+%E5%AD%90%E3%81%A9%E3%82%82%E7%94%A8%E5%BC%81%E5%BD%93%E7%AE%B1%E3%81%A8%E6%B0%B4%E7%AD%92%E3%82%BB%E3%83%83%E3%83%88 HTTP/1.1" 301 0 "-" "Mozilla/5.0 (Linux; Android 6.0.1; Nexus 5X Build/MMB29P) AppleWebKit/537.36 (KHTML, like Gecko) Chrome/137.0.7151.103 Mobile Safari/537.36 (compatible; Googlebot/2.1; +http://www.google.com/bot.html)"
66.249.79.4 - - [17/Jul/2025:11:43:06 -0400] "GET /?n=7528144004006&channel=08505b&from=product.php%3Fid%3D440040-6277%26name%3D%E3%83%A2%E3%83%80%E3%83%B3%E3%81%AA%E3%82%B7%E3%83%A3%E3%83%B3%E3%83%87%E3%83%AA%E3%82%A2%2C+%E3%82%B7%E3%83%B3%E3%83%97%E3%83%AB%E3%81%AA%E6%89%8B%E7%B7%A8%E3%81%BF%E3%83%9A%E3%83%B3%E3%83%80%E3%83%B3%E3%83%88%E3%83%A9%E3%82%A4%E3%83%88+%E3%82%AF%E3%83%AA%E3%82%A8%E3%82%A4%E3%83%86%E3%82%A3%E3%83%96%E3%81%AA%E8%BE%B2%E5%AE%B6%E3%81%AE%E5%90%8A%E3%82%8A%E4%B8%8B%E3%81%92%E3%83%A9%E3%83%B3%E3%83%97+%E3%83%A9%E3%82%BF%E3%83%B3%E3%82%B7%E3%83%A3%E3%83%B3%E3%83%87%E3%83%AA%E3%82%A2%E3%83%9A%E3%83%B3%E3%83%80%E3%83%B3%E3%83%88%E3%83%A9%E3%82%A4%E3%83%88 HTTP/1.1" 301 0 "-" "Mozilla/5.0 (Linux; Android 6.0.1; Nexus 5X Build/MMB29P) AppleWebKit/537.36 (KHTML, like Gecko) Chrome/137.0.7151.103 Mobile Safari/537.36 (compatible; Googlebot/2.1; +http://www.google.com/bot.html)"
66.249.79.5 - - [17/Jul/2025:11:43:07 -0400] "GET /?n=9180086824400&channel=5e643b&from=pin.php%3Fid%3D868244-17451%26name%3D%E6%81%90%E7%AB%9C%E6%9F%84%20%E5%AD%90%E3%81%A9%E3%82%82%E7%94%A8%E5%BC%81%E5%BD%93%E7%AE%B1%E3%81%A8%E6%B0%B4%E7%AD%92%E3%82%BB%E3%83%83%E3%83%88 HTTP/1.1" 200 29832 "-" "Mozilla/5.0 (Linux; Android 6.0.1; Nexus 5X Build/MMB29P) AppleWebKit/537.36 (KHTML, like Gecko) Chrome/137.0.7151.103 Mobile Safari/537.36 (compatible; Googlebot/2.1; +http://www.google.com/bot.html)"
66.249.79.3 - - [17/Jul/2025:11:43:10 -0400] "GET /?n=7528144004006&channel=08505b&from=product.php%3Fid%3D440040-6277%26name%3D%E3%83%A2%E3%83%80%E3%83%B3%E3%81%AA%E3%82%B7%E3%83%A3%E3%83%B3%E3%83%87%E3%83%AA%E3%82%A2%2C%20%E3%82%B7%E3%83%B3%E3%83%97%E3%83%AB%E3%81%AA%E6%89%8B%E7%B7%A8%E3%81%BF%E3%83%9A%E3%83%B3%E3%83%80%E3%83%B3%E3%83%88%E3%83%A9%E3%82%A4%E3%83%88%20%E3%82%AF%E3%83%AA%E3%82%A8%E3%82%A4%E3%83%86%E3%82%A3%E3%83%96%E3%81%AA%E8%BE%B2%E5%AE%B6%E3%81%AE%E5%90%8A%E3%82%8A%E4%B8%8B%E3%81%92%E3%83%A9%E3%83%B3%E3%83%97%20%E3%83%A9%E3%82%BF%E3%83%B3%E3%82%B7%E3%83%A3%E3%83%B3%E3%83%87%E3%83%AA%E3%82%A2%E3%83%9A%E3%83%B3%E3%83%80%E3%83%B3%E3%83%88%E3%83%A9%E3%82%A4%E3%83%88 HTTP/1.1" 200 29834 "-" "Mozilla/5.0 (Linux; Android 6.0.1; Nexus 5X Build/MMB29P) AppleWebKit/537.36 (KHTML, like Gecko) Chrome/137.0.7151.103 Mobile Safari/537.36 (compatible; Googlebot/2.1; +http://www.google.com/bot.html)"
217.113.194.27 - - [17/Jul/2025:11:43:19 -0400] "GET /2025/06/27/knowing-mostbet-oyaalett-ki-the-great-guidebook-to-be-able-to-be-able-to-manage-to-digital-bets-saqcc-fire/ HTTP/1.1" 200 29283 "-" "Mozilla/5.0 (compatible; Barkrowler/0.9; +https://babbar.tech/crawler)"
35.208.158.97 - - [17/Jul/2025:11:43:24 -0400] "GET /2025/07/17/online-online-casino-osterreich-10-beste-online-casinos-mai-2025/ HTTP/1.1" 200 26333 "-" "Buck/2.4.5; (+https://app.hypefactors.com/media-monitoring/about.html)"
66.249.68.130 - - [17/Jul/2025:11:43:29 -0400] "GET /?n=79331159366700&channel=7ee167&from=goods.php%3Fid%3D1593667-5408%26name%3D%E3%83%9F%E3%83%8E%E3%82%A6%E3%83%A9%EF%BC%88%E8%87%AA%E8%BB%A2%E8%BB%8A%EF%BC%89+%E8%87%AA%E8%BB%A2%E8%BB%8A+%E3%83%9C%E3%83%88%E3%83%AB%E3%82%B1%E3%83%BC%E3%82%B8%EF%BC%88SBH-300%EF%BC%89%E3%83%9C%E3%83%88%E3%83%AB%E3%82%B1%E3%83%BC%E3%82%B8%E3%83%9B%E3%83%AB%E3%83%80%E3%83%BC+%E3%82%B7%E3%83%BC%E3%83%88%E3%83%AC%E3%83%BC%E3%83%AB%E3%81%AB%E3%83%9C%E3%83%88%E3%83%AB%E3%82%B2%E3%83%BC%E3%82%B8%E3%82%92%E4%BA%8C%E9%80%A3%E8%A3%85%E5%8F%AF%E8%83%BD+SBH-300 HTTP/1.1" 301 0 "-" "Mozilla/5.0 (Linux; Android 6.0.1; Nexus 5X Build/MMB29P) AppleWebKit/537.36 (KHTML, like Gecko) Chrome/137.0.7151.103 Mobile Safari/537.36 (compatible; Googlebot/2.1; +http://www.google.com/bot.html)"
185.222.163.90 - - [17/Jul/2025:11:43:33 -0400] "POST /xmlrpc.php HTTP/1.1" 403 1242 "https://fnf.group" "Mozilla/5.0 (Windows NT 10.0; Win64; x64; rv:127.0) Gecko/20100101 Firefox/127.0"
66.249.79.3 - - [17/Jul/2025:11:43:33 -0400] "GET /?n=79331159366700&channel=7ee167&from=goods.php%3Fid%3D1593667-5408%26name%3D%E3%83%9F%E3%83%8E%E3%82%A6%E3%83%A9%EF%BC%88%E8%87%AA%E8%BB%A2%E8%BB%8A%EF%BC%89%20%E8%87%AA%E8%BB%A2%E8%BB%8A%20%E3%83%9C%E3%83%88%E3%83%AB%E3%82%B1%E3%83%BC%E3%82%B8%EF%BC%88SBH-300%EF%BC%89%E3%83%9C%E3%83%88%E3%83%AB%E3%82%B1%E3%83%BC%E3%82%B8%E3%83%9B%E3%83%AB%E3%83%80%E3%83%BC%20%E3%82%B7%E3%83%BC%E3%83%88%E3%83%AC%E3%83%BC%E3%83%AB%E3%81%AB%E3%83%9C%E3%83%88%E3%83%AB%E3%82%B2%E3%83%BC%E3%82%B8%E3%82%92%E4%BA%8C%E9%80%A3%E8%A3%85%E5%8F%AF%E8%83%BD%20SBH-300 HTTP/1.1" 200 29839 "-" "Mozilla/5.0 (Linux; Android 6.0.1; Nexus 5X Build/MMB29P) AppleWebKit/537.36 (KHTML, like Gecko) Chrome/137.0.7151.103 Mobile Safari/537.36 (compatible; Googlebot/2.1; +http://www.google.com/bot.html)"
63.250.38.117 - - [17/Jul/2025:11:43:44 -0400] "POST /wp-cron.php?doing_wp_cron=1752767024.6168661117553710937500 HTTP/1.1" 403 1242 "-" "WordPress/6.8.1; https://fnf.group"
154.54.249.195 - - [17/Jul/2025:11:43:42 -0400] "GET /2025/06/25/najlepsze-strony-i-oferty-zakladow-sportowych-watts-polsce-2024-obstawiaj-zaklady-sportowe/ HTTP/1.1" 200 26343 "-" "Mozilla/5.0 (compatible; Barkrowler/0.9; +https://babbar.tech/crawler)"
66.249.68.130 - - [17/Jul/2025:11:44:03 -0400] "GET /?n=28404160244002&channel=6349fe&from=goods.php%3Fid%3D1602440-19803%26name%3DBTS+%E4%B8%80%E7%95%AA%E3%81%8F%E3%81%98+BT21+%E3%81%AB%E3%81%8E%E3%82%84%E3%81%8B%E3%82%B0%E3%83%A9%E3%82%B9+RJ+3%E5%80%8B%E3%81%8A%E3%81%BE%E3%81%A8%E3%82%81 HTTP/1.1" 301 0 "-" "Mozilla/5.0 (Linux; Android 6.0.1; Nexus 5X Build/MMB29P) AppleWebKit/537.36 (KHTML, like Gecko) Chrome/137.0.7151.103 Mobile Safari/537.36 (compatible; Googlebot/2.1; +http://www.google.com/bot.html)"
66.249.79.5 - - [17/Jul/2025:11:44:07 -0400] "GET /?n=28404160244002&channel=6349fe&from=goods.php%3Fid%3D1602440-19803%26name%3DBTS%20%E4%B8%80%E7%95%AA%E3%81%8F%E3%81%98%20BT21%20%E3%81%AB%E3%81%8E%E3%82%84%E3%81%8B%E3%82%B0%E3%83%A9%E3%82%B9%20RJ%203%E5%80%8B%E3%81%8A%E3%81%BE%E3%81%A8%E3%82%81 HTTP/1.1" 200 29838 "-" "Mozilla/5.0 (Linux; Android 6.0.1; Nexus 5X Build/MMB29P) AppleWebKit/537.36 (KHTML, like Gecko) Chrome/137.0.7151.103 Mobile Safari/537.36 (compatible; Googlebot/2.1; +http://www.google.com/bot.html)"
217.113.194.28 - - [17/Jul/2025:11:44:09 -0400] "GET /2025/06/25/thmyl-skrbt-ltyrh-1xbet-collision-apk-mhkr-khr-sdr-wtwbrwfwrmns/ HTTP/1.1" 200 30589 "-" "Mozilla/5.0 (compatible; Barkrowler/0.9; +https://babbar.tech/crawler)"
35.208.158.97 - - [17/Jul/2025:11:44:10 -0400] "GET /2025/07/17/acesse-sua-conta-e-a-tela-de-registro/ HTTP/1.1" 200 26463 "-" "Buck/2.4.5; (+https://app.hypefactors.com/media-monitoring/about.html)"
66.249.68.129 - - [17/Jul/2025:11:44:41 -0400] "GET /?n=79570165208500&channel=7791f2&from=form.php%3Fid%3D1652085-22990%26name%3D%EF%BC%9A%E9%80%81%E6%96%99%E7%84%A1%E6%96%99%EF%BC%9A%E3%80%80%E3%83%8F%E3%82%AF%E3%83%90%E3%80%8058%E3%83%9F%E3%83%AA%E3%80%80MC%E3%80%80%E3%83%AC%E3%83%B3%E3%82%BA%E3%80%80%E3%82%AC%E3%83%BC%E3%83%89%E3%80%80%E3%80%80no%EF%BC%92 HTTP/1.1" 301 0 "-" "Mozilla/5.0 (Linux; Android 6.0.1; Nexus 5X Build/MMB29P) AppleWebKit/537.36 (KHTML, like Gecko) Chrome/137.0.7151.103 Mobile Safari/537.36 (compatible; Googlebot/2.1; +http://www.google.com/bot.html)"
63.250.38.117 - - [17/Jul/2025:11:44:46 -0400] "POST /wp-cron.php?doing_wp_cron=1752767086.3909370899200439453125 HTTP/1.1" 403 1242 "-" "WordPress/6.8.1; https://fnf.group"
63.250.38.117 - - [17/Jul/2025:11:44:48 -0400] "POST /wp-cron.php?doing_wp_cron=1752767087.9980869293212890625000 HTTP/1.1" 403 1242 "-" "WordPress/6.8.1; https://fnf.group"
66.249.79.3 - - [17/Jul/2025:11:44:43 -0400] "GET /?n=79570165208500&channel=7791f2&from=form.php%3Fid%3D1652085-22990%26name%3D%EF%BC%9A%E9%80%81%E6%96%99%E7%84%A1%E6%96%99%EF%BC%9A%E3%80%80%E3%83%8F%E3%82%AF%E3%83%90%E3%80%8058%E3%83%9F%E3%83%AA%E3%80%80MC%E3%80%80%E3%83%AC%E3%83%B3%E3%82%BA%E3%80%80%E3%82%AC%E3%83%BC%E3%83%89%E3%80%80%E3%80%80no%EF%BC%92 HTTP/1.1" 200 29833 "-" "Mozilla/5.0 (Linux; Android 6.0.1; Nexus 5X Build/MMB29P) AppleWebKit/537.36 (KHTML, like Gecko) Chrome/137.0.7151.103 Mobile Safari/537.36 (compatible; Googlebot/2.1; +http://www.google.com/bot.html)"
217.113.194.27 - - [17/Jul/2025:11:44:44 -0400] "GET /2025/06/19/mostbet-bukmekerskaia-kontora-ofitsialnyi-sait-proem-registratsiia-laiv-mobilnoe-prilozhenie/ HTTP/1.1" 200 29143 "-" "Mozilla/5.0 (compatible; Barkrowler/0.9; +https://babbar.tech/crawler)"
35.208.158.97 - - [17/Jul/2025:11:45:06 -0400] "GET /2025/07/17/sweet-bonanza-1-echtgeld-spielen-daruber-hinaus-gewinne-sichern-2/ HTTP/1.1" 200 27248 "-" "Buck/2.4.5; (+https://app.hypefactors.com/media-monitoring/about.html)"
217.113.194.27 - - [17/Jul/2025:11:45:15 -0400] "GET /2025/06/21/tnzyl-1xbet-jmy-sdrt-1xbet-versus-1116560-ttbyqt-lmrhnt-mkf-mjny/ HTTP/1.1" 200 21938 "-" "Mozilla/5.0 (compatible; Barkrowler/0.9; +https://babbar.tech/crawler)"
88.99.209.153 - - [17/Jul/2025:11:45:28 -0400] "GET /2021/03/21/fondant-orange-cake-by-chanda-arshad/ HTTP/1.1" 200 18887 "https://fnf.group/2021/03/21/fondant-orange-cake-by-chanda-arshad/#comment-35282" "Mozilla/5.0 (Windows NT 6.3; Win64; x64) AppleWebKit/537.36 (KHTML, like Gecko) Chrome/103.0.5060.66 Safari/537.36"
88.99.209.153 - - [17/Jul/2025:11:45:33 -0400] "POST /wp-comments-post.php HTTP/1.1" 403 1242 "https://fnf.group/2021/03/21/fondant-orange-cake-by-chanda-arshad/#comment-35282" "Mozilla/5.0 (Windows NT 6.3; Win64; x64) AppleWebKit/537.36 (KHTML, like Gecko) Chrome/103.0.5060.66 Safari/537.36"
66.249.68.131 - - [17/Jul/2025:11:45:35 -0400] "GET /?n=6182940361203&channel=2252f3&from=category-info.php%3Fid%3D403612-8403%26name%3DSETIFQ%28%E5%B0%8F%E3%81%95%E3%81%AA%E5%BA%97%29+4%E5%80%8B%E3%81%AE%E8%BB%8A%E3%81%AE%E3%83%95%E3%83%AD%E3%83%B3%E3%83%88%E3%83%AA%E3%82%A2%E3%83%9E%E3%83%83%E3%83%89%E3%83%95%E3%83%A9%E3%83%83%E3%83%97%E3%83%95%E3%82%A7%E3%83%B3%E3%83%80%E3%83%BC+%E3%83%9C%E3%83%AB%E3%83%9C%E7%94%A8+XC60+2018+2019+2020+%E3%82%B9%E3%83%97%E3%83%A9%E3%83%83 HTTP/1.1" 301 0 "-" "Mozilla/5.0 (Linux; Android 6.0.1; Nexus 5X Build/MMB29P) AppleWebKit/537.36 (KHTML, like Gecko) Chrome/137.0.7151.103 Mobile Safari/537.36 (compatible; Googlebot/2.1; +http://www.google.com/bot.html)"
