13.74.85.151 - - [17/Jul/2025:08:41:26 -0400] "GET /wp-includes/admin.php HTTP/1.1" 404 11546 "-" "-"
13.74.85.151 - - [17/Jul/2025:08:41:28 -0400] "GET /wordpress/about.php HTTP/1.1" 404 11546 "-" "-"
13.74.85.151 - - [17/Jul/2025:08:41:31 -0400] "GET /wp-admin/includes/1975Team.php HTTP/1.1" 404 11546 "-" "-"
13.74.85.151 - - [17/Jul/2025:08:41:34 -0400] "GET /wp-includes/SimplePie/gzdecodes.php.suspected HTTP/1.1" 404 11546 "-" "-"
66.249.68.130 - - [17/Jul/2025:08:41:38 -0400] "GET /robots.txt HTTP/1.1" 200 91 "-" "Mozilla/5.0 (compatible; Googlebot/2.1; +http://www.google.com/bot.html)"
13.74.85.151 - - [17/Jul/2025:08:41:37 -0400] "GET /wp-includes/pomo/install.php HTTP/1.1" 404 11546 "-" "-"
13.74.85.151 - - [17/Jul/2025:08:41:40 -0400] "GET /wp-links-opml.php HTTP/1.1" 403 1242 "-" "-"
217.113.194.22 - - [17/Jul/2025:08:41:37 -0400] "GET /2025/06/23/bbrbet-casino-online-juegos-bonos-y-apuestas-deportivas/ HTTP/1.1" 200 26827 "-" "Mozilla/5.0 (compatible; Barkrowler/0.9; +https://babbar.tech/crawler)"
66.249.68.130 - - [17/Jul/2025:08:41:38 -0400] "GET /?n=4347850819505&channel=84b08e&from=category-info.php%3Fid%3D508195-7855%26name%3D%E7%82%B9%E7%81%AB%E3%82%B3%E3%82%A4%E3%83%AB%E3%82%A4%E3%82%B0%E3%83%8B%E3%83%83%E3%82%B7%E3%83%A7%E3%83%B3%E3%82%B3%E3%82%A4%E3%83%AB+1%2F4PCS+%E3%82%A4%E3%82%B0%E3%83%8B%E3%83%83%E3%82%B7%E3%83%A7%E3%83%B3%E3%82%B3%E3%82%A4%E3%83%AB+FK0334+22433-AA540+22433-AA640+%E3%82%B9 HTTP/1.1" 301 0 "-" "Mozilla/5.0 (Linux; Android 6.0.1; Nexus 5X Build/MMB29P) AppleWebKit/537.36 (KHTML, like Gecko) Chrome/137.0.7151.103 Mobile Safari/537.36 (compatible; Googlebot/2.1; +http://www.google.com/bot.html)"
13.74.85.151 - - [17/Jul/2025:08:41:40 -0400] "GET /repeater.php HTTP/1.1" 404 11546 "-" "-"
66.249.79.2 - - [17/Jul/2025:08:41:41 -0400] "GET /?n=4347850819505&channel=84b08e&from=category-info.php%3Fid%3D508195-7855%26name%3D%E7%82%B9%E7%81%AB%E3%82%B3%E3%82%A4%E3%83%AB%E3%82%A4%E3%82%B0%E3%83%8B%E3%83%83%E3%82%B7%E3%83%A7%E3%83%B3%E3%82%B3%E3%82%A4%E3%83%AB%201%2F4PCS%20%E3%82%A4%E3%82%B0%E3%83%8B%E3%83%83%E3%82%B7%E3%83%A7%E3%83%B3%E3%82%B3%E3%82%A4%E3%83%AB%20FK0334%2022433-AA540%2022433-AA640%20%E3%82%B9 HTTP/1.1" 200 29827 "-" "Mozilla/5.0 (Linux; Android 6.0.1; Nexus 5X Build/MMB29P) AppleWebKit/537.36 (KHTML, like Gecko) Chrome/137.0.7151.103 Mobile Safari/537.36 (compatible; Googlebot/2.1; +http://www.google.com/bot.html)"
13.74.85.151 - - [17/Jul/2025:08:41:42 -0400] "GET /sidwsi.php HTTP/1.1" 404 11546 "-" "-"
13.74.85.151 - - [17/Jul/2025:08:41:44 -0400] "GET /css/index.php HTTP/1.1" 301 0 "-" "-"
13.74.85.151 - - [17/Jul/2025:08:41:46 -0400] "GET /css/ HTTP/1.1" 404 11546 "-" "-"
114.119.134.95 - - [17/Jul/2025:08:41:46 -0400] "GET /tag/pani-poori/ HTTP/1.1" 200 14186 "https://fnf.group/2020/08/04/paani-poori-shots-by-summaiya-kashif-ghaziani/" "Mozilla/5.0 (Linux; Android 7.0;) AppleWebKit/537.36 (KHTML, like Gecko) Mobile Safari/537.36 (compatible; PetalBot;+https://webmaster.petalsearch.com/site/petalbot)"
13.74.85.151 - - [17/Jul/2025:08:41:47 -0400] "GET /mah.php HTTP/1.1" 404 11546 "-" "-"
13.74.85.151 - - [17/Jul/2025:08:41:49 -0400] "GET /wp-mail.php HTTP/1.1" 403 1242 "-" "-"
13.74.85.151 - - [17/Jul/2025:08:41:49 -0400] "GET /ini.php HTTP/1.1" 404 11546 "-" "-"
13.74.85.151 - - [17/Jul/2025:08:41:50 -0400] "GET /wp-includes/css/core.php HTTP/1.1" 404 11546 "-" "-"
13.74.85.151 - - [17/Jul/2025:08:41:52 -0400] "GET /.well-known/pki-validation/about.php HTTP/1.1" 404 1251 "-" "-"
13.74.85.151 - - [17/Jul/2025:08:41:52 -0400] "GET /cgi-bin/file.php HTTP/1.1" 404 11546 "-" "-"
13.74.85.151 - - [17/Jul/2025:08:41:53 -0400] "GET /wp-admin/alfa.php HTTP/1.1" 404 11546 "-" "-"
13.74.85.151 - - [17/Jul/2025:08:41:55 -0400] "GET /.well-known/pki-validation/admin.php HTTP/1.1" 404 1251 "-" "-"
13.74.85.151 - - [17/Jul/2025:08:41:55 -0400] "GET /wp-admin/maint/about.php HTTP/1.1" 404 11546 "-" "-"
13.74.85.151 - - [17/Jul/2025:08:41:56 -0400] "GET /wp-content/themes/twentynineteen/inc/ty.php HTTP/1.1" 404 11546 "-" "-"
217.113.194.27 - - [17/Jul/2025:08:41:57 -0400] "GET /2025/06/23/najlepsze-zaklady-sportowe-on-the-internet-w-polsce/ HTTP/1.1" 200 28662 "-" "Mozilla/5.0 (compatible; Barkrowler/0.9; +https://babbar.tech/crawler)"
13.74.85.151 - - [17/Jul/2025:08:41:59 -0400] "GET /wp-content/plugins/about.php HTTP/1.1" 404 11546 "-" "-"
13.74.85.151 - - [17/Jul/2025:08:42:00 -0400] "GET /wp-content/uploads/upload_handler.php HTTP/1.1" 404 11546 "-" "-"
13.74.85.151 - - [17/Jul/2025:08:42:02 -0400] "GET /cgi-bin/cloud.php HTTP/1.1" 404 11546 "-" "-"
13.74.85.151 - - [17/Jul/2025:08:42:04 -0400] "GET /defense.php HTTP/1.1" 404 11546 "-" "-"
13.74.85.151 - - [17/Jul/2025:08:42:05 -0400] "GET /profile.php HTTP/1.1" 404 11546 "-" "-"
44.212.232.231 - - [17/Jul/2025:08:42:07 -0400] "GET /wp-includes/PHPMailer/?NA HTTP/1.1" 200 708 "-" "Mozilla/5.0 AppleWebKit/537.36 (KHTML, like Gecko; compatible; Amazonbot/0.1; +https://developer.amazon.com/support/amazonbot) Chrome/119.0.6045.214 Safari/537.36"
13.74.85.151 - - [17/Jul/2025:08:42:06 -0400] "GET /wp-admin/user/themes.php HTTP/1.1" 404 11546 "-" "-"
13.74.85.151 - - [17/Jul/2025:08:42:08 -0400] "GET /filemanager/dialog.php HTTP/1.1" 404 11546 "-" "-"
13.74.85.151 - - [17/Jul/2025:08:42:09 -0400] "GET /images/about.php HTTP/1.1" 404 11546 "-" "-"
13.74.85.151 - - [17/Jul/2025:08:42:11 -0400] "GET /wp-includes/js/jquery/jquery.js HTTP/1.1" 200 81316 "-" "-"
13.74.85.151 - - [17/Jul/2025:08:42:12 -0400] "GET /tools.php HTTP/1.1" 404 11546 "-" "-"
13.74.85.151 - - [17/Jul/2025:08:42:13 -0400] "GET /.well-known/pki-validation/cloud.php HTTP/1.1" 404 1251 "-" "-"
13.74.85.151 - - [17/Jul/2025:08:42:13 -0400] "GET /moon.php?p= HTTP/1.1" 301 0 "-" "-"
13.74.85.151 - - [17/Jul/2025:08:42:16 -0400] "GET /moon.php HTTP/1.1" 404 11546 "-" "-"
217.113.194.243 - - [17/Jul/2025:08:42:15 -0400] "GET /2025/06/13/best-online-slot-game-tips-discover-the-secrets-of-dominating-slots/ HTTP/1.1" 200 19010 "-" "Mozilla/5.0 (compatible; Barkrowler/0.9; +https://babbar.tech/crawler)"
13.74.85.151 - - [17/Jul/2025:08:42:22 -0400] "GET /bak.php HTTP/1.1" 404 11546 "-" "-"
63.250.38.117 - - [17/Jul/2025:08:42:26 -0400] "POST /wp-cron.php?doing_wp_cron=1752756146.2715959548950195312500 HTTP/1.1" 403 1242 "-" "WordPress/6.8.1; https://fnf.group"
13.74.85.151 - - [17/Jul/2025:08:42:24 -0400] "GET /assets/images/ups.php HTTP/1.1" 404 11546 "-" "-"
13.74.85.151 - - [17/Jul/2025:08:42:26 -0400] "GET /images/class-config.php HTTP/1.1" 404 11546 "-" "-"
13.74.85.151 - - [17/Jul/2025:08:42:29 -0400] "GET /wp-includes/PHPMailer/admin.php HTTP/1.1" 404 11546 "-" "-"
13.74.85.151 - - [17/Jul/2025:08:42:33 -0400] "GET /asus.php HTTP/1.1" 404 11546 "-" "-"
13.74.85.151 - - [17/Jul/2025:08:42:35 -0400] "GET /wp-content/uploads/ethwwuzd.php HTTP/1.1" 404 11546 "-" "-"
66.249.68.130 - - [17/Jul/2025:08:42:40 -0400] "GET /robots.txt HTTP/1.1" 200 91 "-" "Mozilla/5.0 (compatible; Googlebot/2.1; +http://www.google.com/bot.html)"
217.113.194.28 - - [17/Jul/2025:08:42:40 -0400] "GET /2025/06/21/casino-slot-oyunlari-bonus-rounds-karsilastirmasi/feed/ HTTP/1.1" 200 557 "-" "Mozilla/5.0 (compatible; Barkrowler/0.9; +https://babbar.tech/crawler)"
13.74.85.151 - - [17/Jul/2025:08:42:39 -0400] "GET /index.html HTTP/1.1" 404 11546 "-" "-"
66.249.68.129 - - [17/Jul/2025:08:42:40 -0400] "GET /?n=0446963782401&channel=7cc269&from=form.php%3Fid%3D637824-6374%26name%3D%E3%83%80%E3%82%A4%E3%83%AF%28DAIWA%29+%E3%82%B9%E3%83%94%E3%83%8B%E3%83%B3%E3%82%B0%E3%83%AA%E3%83%BC%E3%83%AB+23BG+SW+4000%7E18000%E7%95%AA+%E5%90%84%E7%A8%AE+%282023%E5%B9%B4%E3%83%A2%E3%83%87%E3%83%AB%29 HTTP/1.1" 301 0 "-" "Mozilla/5.0 (Linux; Android 6.0.1; Nexus 5X Build/MMB29P) AppleWebKit/537.36 (KHTML, like Gecko) Chrome/137.0.7151.103 Mobile Safari/537.36 (compatible; Googlebot/2.1; +http://www.google.com/bot.html)"
13.74.85.151 - - [17/Jul/2025:08:42:45 -0400] "GET /wp-admin/themes.php HTTP/1.1" 302 0 "-" "-"
66.249.79.2 - - [17/Jul/2025:08:42:46 -0400] "GET /?n=0446963782401&channel=7cc269&from=form.php%3Fid%3D637824-6374%26name%3D%E3%83%80%E3%82%A4%E3%83%AF%28DAIWA%29%20%E3%82%B9%E3%83%94%E3%83%8B%E3%83%B3%E3%82%B0%E3%83%AA%E3%83%BC%E3%83%AB%2023BG%20SW%204000~18000%E7%95%AA%20%E5%90%84%E7%A8%AE%20%282023%E5%B9%B4%E3%83%A2%E3%83%87%E3%83%AB%29 HTTP/1.1" 200 29834 "-" "Mozilla/5.0 (Linux; Android 6.0.1; Nexus 5X Build/MMB29P) AppleWebKit/537.36 (KHTML, like Gecko) Chrome/137.0.7151.103 Mobile Safari/537.36 (compatible; Googlebot/2.1; +http://www.google.com/bot.html)"
13.74.85.151 - - [17/Jul/2025:08:42:52 -0400] "GET /wp-login.php?redirect_to=https%3A%2F%2Fmail.fnf.group%2Fwp-admin%2Fthemes.php&reauth=1 HTTP/1.1" 200 3810 "-" "-"
66.249.79.3 - - [17/Jul/2025:08:42:52 -0400] "GET /?n=168751854804&channel=8e601f&from=jp.php%3Fid%3D18548-1908%26name%3D%5BGAGALU%5D+%E5%8E%9A%E3%81%BF%E3%81%AE%E3%81%82%E3%82%8B%E9%95%B7%E3%81%84%E3%82%A6%E3%82%A9%E3%83%BC%E3%83%A0%E3%83%80%E3%82%A6%E3%83%B3%E3%82%B8%E3%83%A3%E3%82%B1%E3%83%83%E3%83%88%E3%80%81%E3%83%95%E3%83%BC%E3%83%89%E4%BB%98%E3%81%8D%E3%82%B8%E3%83%83%E3%83%91%E3%83%BC%E3%83%AD%E3%83%B3%E3%82%B0%E3%83%91%E3%83%83%E3%83%89%E3%82%B8%E3%83%A3%E3%82%B1%E3%83%83%E3%83%88%2C%E3%82%B0%E3%83%AA%E3%83%BC%E3%83%B3%2CXXL HTTP/1.1" 301 0 "-" "Mozilla/5.0 (Linux; Android 6.0.1; Nexus 5X Build/MMB29P) AppleWebKit/537.36 (KHTML, like Gecko) Chrome/137.0.7151.103 Mobile Safari/537.36 (compatible; Googlebot/2.1; +http://www.google.com/bot.html)"
66.249.68.129 - - [17/Jul/2025:08:42:55 -0400] "GET /?n=27901135657905&channel=5b3273&from=article.php%3Fid%3D1356579-6638%26name%3D%E2%98%85%E3%83%8F%E3%82%A4%E3%82%B3%E3%83%BC%E3%82%AD%28HIKOKI+%E2%80%BB%E6%97%A7%3A%E6%97%A5%E7%AB%8B%E5%B7%A5%E6%A9%9F%29+%E3%83%8F%E3%83%B3%E3%83%9E%E3%83%89%E3%83%AA%E3%83%AB+DH28PC%E3%80%90%E8%8D%89%E5%8A%A0%E5%BA%97%E3%80%91 HTTP/1.1" 301 0 "-" "Mozilla/5.0 (Linux; Android 6.0.1; Nexus 5X Build/MMB29P) AppleWebKit/537.36 (KHTML, like Gecko) Chrome/137.0.7151.103 Mobile Safari/537.36 (compatible; Googlebot/2.1; +http://www.google.com/bot.html)"
13.74.85.151 - - [17/Jul/2025:08:42:56 -0400] "GET /.well-known/alfanew.php HTTP/1.1" 404 11547 "-" "-"
66.249.79.3 - - [17/Jul/2025:08:42:56 -0400] "GET /?n=168751854804&channel=8e601f&from=jp.php%3Fid%3D18548-1908%26name%3D%5BGAGALU%5D%20%E5%8E%9A%E3%81%BF%E3%81%AE%E3%81%82%E3%82%8B%E9%95%B7%E3%81%84%E3%82%A6%E3%82%A9%E3%83%BC%E3%83%A0%E3%83%80%E3%82%A6%E3%83%B3%E3%82%B8%E3%83%A3%E3%82%B1%E3%83%83%E3%83%88%E3%80%81%E3%83%95%E3%83%BC%E3%83%89%E4%BB%98%E3%81%8D%E3%82%B8%E3%83%83%E3%83%91%E3%83%BC%E3%83%AD%E3%83%B3%E3%82%B0%E3%83%91%E3%83%83%E3%83%89%E3%82%B8%E3%83%A3%E3%82%B1%E3%83%83%E3%83%88%2C%E3%82%B0%E3%83%AA%E3%83%BC%E3%83%B3%2CXXL HTTP/1.1" 200 29832 "-" "Mozilla/5.0 (Linux; Android 6.0.1; Nexus 5X Build/MMB29P) AppleWebKit/537.36 (KHTML, like Gecko) Chrome/137.0.7151.103 Mobile Safari/537.36 (compatible; Googlebot/2.1; +http://www.google.com/bot.html)"
13.74.85.151 - - [17/Jul/2025:08:43:00 -0400] "GET /lock.php HTTP/1.1" 404 11546 "-" "-"
66.249.79.3 - - [17/Jul/2025:08:42:59 -0400] "GET /?n=27901135657905&channel=5b3273&from=article.php%3Fid%3D1356579-6638%26name%3D%E2%98%85%E3%83%8F%E3%82%A4%E3%82%B3%E3%83%BC%E3%82%AD%28HIKOKI%20%E2%80%BB%E6%97%A7%3A%E6%97%A5%E7%AB%8B%E5%B7%A5%E6%A9%9F%29%20%E3%83%8F%E3%83%B3%E3%83%9E%E3%83%89%E3%83%AA%E3%83%AB%20DH28PC%E3%80%90%E8%8D%89%E5%8A%A0%E5%BA%97%E3%80%91 HTTP/1.1" 200 29833 "-" "Mozilla/5.0 (Linux; Android 6.0.1; Nexus 5X Build/MMB29P) AppleWebKit/537.36 (KHTML, like Gecko) Chrome/137.0.7151.103 Mobile Safari/537.36 (compatible; Googlebot/2.1; +http://www.google.com/bot.html)"
217.113.194.29 - - [17/Jul/2025:08:43:02 -0400] "GET /2025/06/21/aviator-lo-que-jogar-e-ganhar-na-premier-bet/feed/ HTTP/1.1" 200 539 "-" "Mozilla/5.0 (compatible; Barkrowler/0.9; +https://babbar.tech/crawler)"
13.74.85.151 - - [17/Jul/2025:08:43:04 -0400] "GET /add_class.php HTTP/1.1" 404 11546 "-" "-"
66.249.79.2 - - [17/Jul/2025:08:43:06 -0400] "GET /?n=8812063971505&channel=7a20b8&from=news.php%3Fid%3D639715-5541%26name%3D%E3%83%A2%E3%83%80%E3%83%B3%E3%81%A7%E3%82%B7%E3%83%B3%E3%83%97%E3%83%AB%E3%81%AA%E3%82%BF%E3%82%AA%E3%83%AB%E3%83%A9%E3%83%83%E3%82%AF+%E5%A3%81%E6%8E%9B%E3%81%91%E3%82%BF%E3%82%AA%E3%83%AB%E3%83%90%E3%83%BC+%E9%98%B2%E6%B0%B4+%E9%98%B2%E6%B9%BF+%E3%82%AA%E3%83%95%E3%82%A3%E3%82%B9%E3%82%84%E3%83%90%E3%82%B9%E3%83%AB%E3%83%BC%E3%83%A0%E3%81%AB%E6%9C%80%E9%81%A9+%28%E3%82%B0%E3%83%AC%E3%83%BC+50cm%2820%E3%82%A4%E3%83%B3%E3%83%81%29 HTTP/1.1" 301 0 "-" "Mozilla/5.0 (Linux; Android 6.0.1; Nexus 5X Build/MMB29P) AppleWebKit/537.36 (KHTML, like Gecko) Chrome/137.0.7151.103 Mobile Safari/537.36 (compatible; Googlebot/2.1; +http://www.google.com/bot.html)"
13.74.85.151 - - [17/Jul/2025:08:43:07 -0400] "GET /inputs.php HTTP/1.1" 404 11548 "-" "-"
66.249.79.2 - - [17/Jul/2025:08:43:08 -0400] "GET /?n=8812063971505&channel=7a20b8&from=news.php%3Fid%3D639715-5541%26name%3D%E3%83%A2%E3%83%80%E3%83%B3%E3%81%A7%E3%82%B7%E3%83%B3%E3%83%97%E3%83%AB%E3%81%AA%E3%82%BF%E3%82%AA%E3%83%AB%E3%83%A9%E3%83%83%E3%82%AF%20%E5%A3%81%E6%8E%9B%E3%81%91%E3%82%BF%E3%82%AA%E3%83%AB%E3%83%90%E3%83%BC%20%E9%98%B2%E6%B0%B4%20%E9%98%B2%E6%B9%BF%20%E3%82%AA%E3%83%95%E3%82%A3%E3%82%B9%E3%82%84%E3%83%90%E3%82%B9%E3%83%AB%E3%83%BC%E3%83%A0%E3%81%AB%E6%9C%80%E9%81%A9%20%28%E3%82%B0%E3%83%AC%E3%83%BC%2050cm%2820%E3%82%A4%E3%83%B3%E3%83%81%29 HTTP/1.1" 200 29826 "-" "Mozilla/5.0 (Linux; Android 6.0.1; Nexus 5X Build/MMB29P) AppleWebKit/537.36 (KHTML, like Gecko) Chrome/137.0.7151.103 Mobile Safari/537.36 (compatible; Googlebot/2.1; +http://www.google.com/bot.html)"
13.74.85.151 - - [17/Jul/2025:08:43:10 -0400] "GET /contact.php HTTP/1.1" 404 11546 "-" "-"
114.119.154.189 - - [17/Jul/2025:08:43:09 -0400] "GET /category/bbrbet-colombia/ HTTP/1.1" 200 13971 "https://fnf.group/plus_wpgallery/qabeela-e-muhabbat-at-qabail/" "Mozilla/5.0 (Linux; Android 7.0;) AppleWebKit/537.36 (KHTML, like Gecko) Mobile Safari/537.36 (compatible; PetalBot;+https://webmaster.petalsearch.com/site/petalbot)"
66.249.68.129 - - [17/Jul/2025:08:43:13 -0400] "GET /?n=2950222877400&channel=ce88b2&from=pin.php%3Fid%3D228774-4434%26name%3D%5B%E3%83%8A%E3%82%A4%E3%82%AD%5D+%E3%83%86%E3%82%A4%E3%82%BF%E3%83%A0+2+PF+TATUM+2+PF+%E3%83%9B%E3%83%AF%E3%82%A4%E3%83%88%2F%E3%82%B0%E3%83%AC%E3%83%BC%E3%83%95%E3%82%A9%E3%82%B0%2F%E3%82%B0%E3%83%AC%E3%83%BC%E3%83%95%E3%82%A9%E3%82%B0+FQ7631-101 HTTP/1.1" 301 0 "-" "Mozilla/5.0 (Linux; Android 6.0.1; Nexus 5X Build/MMB29P) AppleWebKit/537.36 (KHTML, like Gecko) Chrome/137.0.7151.103 Mobile Safari/537.36 (compatible; Googlebot/2.1; +http://www.google.com/bot.html)"
13.74.85.151 - - [17/Jul/2025:08:43:13 -0400] "GET /wp-links.php HTTP/1.1" 404 11546 "-" "-"
13.74.85.151 - - [17/Jul/2025:08:43:17 -0400] "GET /wp-header.php HTTP/1.1" 404 11546 "-" "-"
66.249.79.2 - - [17/Jul/2025:08:43:17 -0400] "GET /?n=2950222877400&channel=ce88b2&from=pin.php%3Fid%3D228774-4434%26name%3D%5B%E3%83%8A%E3%82%A4%E3%82%AD%5D%20%E3%83%86%E3%82%A4%E3%82%BF%E3%83%A0%202%20PF%20TATUM%202%20PF%20%E3%83%9B%E3%83%AF%E3%82%A4%E3%83%88%2F%E3%82%B0%E3%83%AC%E3%83%BC%E3%83%95%E3%82%A9%E3%82%B0%2F%E3%82%B0%E3%83%AC%E3%83%BC%E3%83%95%E3%82%A9%E3%82%B0%20FQ7631-101 HTTP/1.1" 200 29830 "-" "Mozilla/5.0 (Linux; Android 6.0.1; Nexus 5X Build/MMB29P) AppleWebKit/537.36 (KHTML, like Gecko) Chrome/137.0.7151.103 Mobile Safari/537.36 (compatible; Googlebot/2.1; +http://www.google.com/bot.html)"
13.74.85.151 - - [17/Jul/2025:08:43:21 -0400] "GET /wp-admin/network/cloud.php HTTP/1.1" 404 11546 "-" "-"
217.113.194.27 - - [17/Jul/2025:08:43:21 -0400] "GET /2025/06/29/aviator-online-game-app-download-about-android-ios-plus-pc/feed/ HTTP/1.1" 200 553 "-" "Mozilla/5.0 (compatible; Barkrowler/0.9; +https://babbar.tech/crawler)"
13.74.85.151 - - [17/Jul/2025:08:43:23 -0400] "GET /wp-includes/widgets/themes.php HTTP/1.1" 404 11546 "-" "-"
63.250.38.117 - - [17/Jul/2025:08:43:27 -0400] "POST /wp-cron.php?doing_wp_cron=1752756207.5884039402008056640625 HTTP/1.1" 403 1242 "-" "WordPress/6.8.1; https://fnf.group"
13.74.85.151 - - [17/Jul/2025:08:43:25 -0400] "GET /wp-admin/S7fHiMZBUg1.php HTTP/1.1" 404 11546 "-" "-"
63.250.38.117 - - [17/Jul/2025:08:43:29 -0400] "POST /wp-cron.php?doing_wp_cron=1752756209.1746740341186523437500 HTTP/1.1" 403 1242 "-" "WordPress/6.8.1; https://fnf.group"
172.172.211.158 - - [17/Jul/2025:08:43:26 -0400] "GET / HTTP/1.1" 200 29831 "-" "Mozilla/5.0 (X11; Linux x86_64) AppleWebKit/537.36 (KHTML, like Gecko) Chrome/114.0.0.0 Safari/537.36"
13.74.85.151 - - [17/Jul/2025:08:43:28 -0400] "GET /wp-conflg.php HTTP/1.1" 404 11546 "-" "-"
66.249.68.130 - - [17/Jul/2025:08:43:28 -0400] "GET /?n=641921531902&channel=0a28c8&from=blog.php%3Fid%3D15319-800%26name%3DCLARKS+WALLACRAFT+BEE+BLACK+SUEDE+26173497+%E3%82%AF%E3%83%A9%E3%83%BC%E3%82%AF%E3%82%B9+%E3%83%AF%E3%83%A9%E3%82%AF%E3%83%A9%E3%83%95%E3%83%88%E3%83%93%E3%83%BC+%E3%83%96%E3%83%A9%E3%83%83%E3%82%AF%E3%82%B9%E3%82%A8%E3%83%BC%E3%83%89+%E3%83%AC%E3%83%87%E3%82%A3%E3%83%BC%E3%82%B9+%E5%8E%9A%E5%BA%95+%E3%82%A6%E3%82%A8%E3%83%83%E3%82%B8 HTTP/1.1" 301 0 "-" "Mozilla/5.0 (Linux; Android 6.0.1; Nexus 5X Build/MMB29P) AppleWebKit/537.36 (KHTML, like Gecko) Chrome/137.0.7151.103 Mobile Safari/537.36 (compatible; Googlebot/2.1; +http://www.google.com/bot.html)"
13.74.85.151 - - [17/Jul/2025:08:43:32 -0400] "GET /file.php HTTP/1.1" 404 11546 "-" "-"
66.249.79.2 - - [17/Jul/2025:08:43:32 -0400] "GET /?n=641921531902&channel=0a28c8&from=blog.php%3Fid%3D15319-800%26name%3DCLARKS%20WALLACRAFT%20BEE%20BLACK%20SUEDE%2026173497%20%E3%82%AF%E3%83%A9%E3%83%BC%E3%82%AF%E3%82%B9%20%E3%83%AF%E3%83%A9%E3%82%AF%E3%83%A9%E3%83%95%E3%83%88%E3%83%93%E3%83%BC%20%E3%83%96%E3%83%A9%E3%83%83%E3%82%AF%E3%82%B9%E3%82%A8%E3%83%BC%E3%83%89%20%E3%83%AC%E3%83%87%E3%82%A3%E3%83%BC%E3%82%B9%20%E5%8E%9A%E5%BA%95%20%E3%82%A6%E3%82%A8%E3%83%83%E3%82%B8 HTTP/1.1" 200 29832 "-" "Mozilla/5.0 (Linux; Android 6.0.1; Nexus 5X Build/MMB29P) AppleWebKit/537.36 (KHTML, like Gecko) Chrome/137.0.7151.103 Mobile Safari/537.36 (compatible; Googlebot/2.1; +http://www.google.com/bot.html)"
13.74.85.151 - - [17/Jul/2025:08:43:36 -0400] "GET /wp-content/admin.php HTTP/1.1" 404 11546 "-" "-"
66.249.79.2 - - [17/Jul/2025:08:43:38 -0400] "GET /?n=98529183779201&channel=20cb9f&from=product.php%3Fid%3D1837792-17119%26name%3D%E6%98%8E%E6%B2%BB+%E3%83%A1%E3%82%A4%E3%83%90%E3%83%A9%E3%83%B3%E3%82%B9+Mini+3%E7%A8%AE%E3%82%BB%E3%83%83%E3%83%88 HTTP/1.1" 301 0 "-" "Mozilla/5.0 (Linux; Android 6.0.1; Nexus 5X Build/MMB29P) AppleWebKit/537.36 (KHTML, like Gecko) Chrome/137.0.7151.103 Mobile Safari/537.36 (compatible; Googlebot/2.1; +http://www.google.com/bot.html)"
13.74.85.151 - - [17/Jul/2025:08:43:39 -0400] "GET /chosen HTTP/1.1" 404 11546 "-" "-"
2a03:2880:f800:7:: - - [17/Jul/2025:08:43:39 -0400] "GET /2025/07/09/apostas-desportivas-site-de-apostas-vave-online-bonus/feed/ HTTP/1.1" 200 543 "-" "meta-externalagent/1.1 (+https://developers.facebook.com/docs/sharing/webmasters/crawler)"
172.172.211.158 - - [17/Jul/2025:08:43:38 -0400] "GET /about-us/ HTTP/1.1" 200 17002 "-" "Mozilla/5.0 (X11; Linux x86_64) AppleWebKit/537.36 (KHTML, like Gecko) Chrome/114.0.0.0 Safari/537.36"
66.249.79.2 - - [17/Jul/2025:08:43:40 -0400] "GET /?n=2732524924912&channel=4995bd&from=shop.php%3Fid%3D249249-4416%26name%3DNikon+D60%E2%AD%90%EF%B8%8F%E3%82%B9%E3%83%9E%E3%83%9B%E8%BB%A2%E9%80%81+%E5%B0%8F%E5%9E%8B+%E8%BB%BD%E9%87%8F+%E3%83%8B%E3%82%B3%E3%83%B3+%E4%B8%80%E7%9C%BC%E3%83%AC%E3%83%95%E3%82%AB%E3%83%A1%E3%83%A9 HTTP/1.1" 301 0 "-" "Mozilla/5.0 (Linux; Android 6.0.1; Nexus 5X Build/MMB29P) AppleWebKit/537.36 (KHTML, like Gecko) Chrome/137.0.7151.103 Mobile Safari/537.36 (compatible; Googlebot/2.1; +http://www.google.com/bot.html)"
154.54.249.195 - - [17/Jul/2025:08:43:39 -0400] "GET /2025/06/27/kazino-mostbet-ofitsialnomu-sait-mostbet/ HTTP/1.1" 200 29817 "-" "Mozilla/5.0 (compatible; Barkrowler/0.9; +https://babbar.tech/crawler)"
66.249.79.2 - - [17/Jul/2025:08:43:41 -0400] "GET /?n=98529183779201&channel=20cb9f&from=product.php%3Fid%3D1837792-17119%26name%3D%E6%98%8E%E6%B2%BB%20%E3%83%A1%E3%82%A4%E3%83%90%E3%83%A9%E3%83%B3%E3%82%B9%20Mini%203%E7%A8%AE%E3%82%BB%E3%83%83%E3%83%88 HTTP/1.1" 200 29819 "-" "Mozilla/5.0 (Linux; Android 6.0.1; Nexus 5X Build/MMB29P) AppleWebKit/537.36 (KHTML, like Gecko) Chrome/137.0.7151.103 Mobile Safari/537.36 (compatible; Googlebot/2.1; +http://www.google.com/bot.html)"
13.74.85.151 - - [17/Jul/2025:08:43:44 -0400] "GET /wp-includes/autoload_classmap.php HTTP/1.1" 404 11546 "-" "-"
66.249.79.2 - - [17/Jul/2025:08:43:46 -0400] "GET /?n=2732524924912&channel=4995bd&from=shop.php%3Fid%3D249249-4416%26name%3DNikon%20D60%E2%AD%90%EF%B8%8F%E3%82%B9%E3%83%9E%E3%83%9B%E8%BB%A2%E9%80%81%20%E5%B0%8F%E5%9E%8B%20%E8%BB%BD%E9%87%8F%20%E3%83%8B%E3%82%B3%E3%83%B3%20%E4%B8%80%E7%9C%BC%E3%83%AC%E3%83%95%E3%82%AB%E3%83%A1%E3%83%A9 HTTP/1.1" 200 29821 "-" "Mozilla/5.0 (Linux; Android 6.0.1; Nexus 5X Build/MMB29P) AppleWebKit/537.36 (KHTML, like Gecko) Chrome/137.0.7151.103 Mobile Safari/537.36 (compatible; Googlebot/2.1; +http://www.google.com/bot.html)"
13.74.85.151 - - [17/Jul/2025:08:43:48 -0400] "GET /wp-admin/css/index.php HTTP/1.1" 301 0 "-" "-"
13.74.85.151 - - [17/Jul/2025:08:43:50 -0400] "GET /wp-admin/css/ HTTP/1.1" 200 2769 "-" "-"
66.249.68.129 - - [17/Jul/2025:08:43:49 -0400] "GET /?n=3212674554201&channel=270c18&from=form.php%3Fid%3D745542-3936%26name%3D%E3%82%BB%E3%83%AB%E3%83%A2%E3%83%BC%E3%82%BF%E3%83%BC+%E3%82%B9%E3%82%BF%E3%83%BC%E3%82%BF%E3%83%BC%E3%83%A2%E3%83%BC%E3%82%BF%E3%83%BC+YBR125+YBR+125+YB+125+XTZ+125+YBR125Z+YB125+YB125 HTTP/1.1" 301 0 "-" "Mozilla/5.0 (Linux; Android 6.0.1; Nexus 5X Build/MMB29P) AppleWebKit/537.36 (KHTML, like Gecko) Chrome/137.0.7151.103 Mobile Safari/537.36 (compatible; Googlebot/2.1; +http://www.google.com/bot.html)"
13.74.85.151 - - [17/Jul/2025:08:43:50 -0400] "GET /uploader.php HTTP/1.1" 404 11546 "-" "-"
66.249.79.2 - - [17/Jul/2025:08:43:51 -0400] "GET /?n=3212674554201&channel=270c18&from=form.php%3Fid%3D745542-3936%26name%3D%E3%82%BB%E3%83%AB%E3%83%A2%E3%83%BC%E3%82%BF%E3%83%BC%20%E3%82%B9%E3%82%BF%E3%83%BC%E3%82%BF%E3%83%BC%E3%83%A2%E3%83%BC%E3%82%BF%E3%83%BC%20YBR125%20YBR%20125%20YB%20125%20XTZ%20125%20YBR125Z%20YB125%20YB125 HTTP/1.1" 200 29829 "-" "Mozilla/5.0 (Linux; Android 6.0.1; Nexus 5X Build/MMB29P) AppleWebKit/537.36 (KHTML, like Gecko) Chrome/137.0.7151.103 Mobile Safari/537.36 (compatible; Googlebot/2.1; +http://www.google.com/bot.html)"
13.74.85.151 - - [17/Jul/2025:08:43:53 -0400] "GET /wp-includes/radio.php HTTP/1.1" 404 11546 "-" "-"
13.74.85.151 - - [17/Jul/2025:08:43:56 -0400] "GET /wp-content/plugins/core-plugin/include.php HTTP/1.1" 404 11546 "-" "-"
13.74.85.151 - - [17/Jul/2025:08:43:58 -0400] "GET /byp.php HTTP/1.1" 404 11546 "-" "-"
13.74.85.151 - - [17/Jul/2025:08:44:00 -0400] "GET /about.php HTTP/1.1" 404 11546 "-" "-"
13.74.85.151 - - [17/Jul/2025:08:44:01 -0400] "GET /style.php HTTP/1.1" 404 11546 "-" "-"
217.113.194.27 - - [17/Jul/2025:08:44:02 -0400] "GET /2020/10/29/tamatay-anday-tomato-eggs-by-hiba-zaman/ HTTP/1.1" 200 18363 "-" "Mozilla/5.0 (compatible; Barkrowler/0.9; +https://babbar.tech/crawler)"
66.249.68.131 - - [17/Jul/2025:08:44:04 -0400] "GET /?n=17095165877106&channel=404a84&from=news.php%3Fid%3D1658771-16952%26name%3D6%E5%80%8B+%E5%9C%A7%E5%8A%9B%E9%8D%8B%E3%82%A2%E3%82%AF%E3%82%BB%E3%82%B5%E3%83%AA%E3%83%BC+%E8%80%90%E4%B9%85%E6%80%A7%E3%83%91%E3%83%BC%E3%83%84+%E3%83%95%E3%83%AD%E3%83%BC%E3%83%88%E5%BC%81+%E5%9C%A7%E5%8A%9B%E9%8D%8B%E3%81%AE%E4%BB%98%E5%B1%9E%E5%93%81+%E5%9C%A7%E5%8A%9B%E9%8D%8B%E3%81%AE%E6%8E%92%E6%B0%97%E5%BC%81+%E5%9C%A7%E5%8A%9B%E9%8D%8B%E7%94%A8+%E5%BC%81+%E5%9C%A7%E5%8A%9B%E9%8D%8B%E7%94%A8%E3%83%95%E3%83%AD%E3%83%BC%E3%83%88%E3%83%90%E3%83%AB%E3%83%96+%E5%9C%A7%E5%8A%9B%E9%8D%8B%E7%94%A8%E6%8E%92 HTTP/1.1" 301 0 "-" "Mozilla/5.0 (Linux; Android 6.0.1; Nexus 5X Build/MMB29P) AppleWebKit/537.36 (KHTML, like Gecko) Chrome/137.0.7151.103 Mobile Safari/537.36 (compatible; Googlebot/2.1; +http://www.google.com/bot.html)"
13.74.85.151 - - [17/Jul/2025:08:44:04 -0400] "GET /images.php HTTP/1.1" 404 11546 "-" "-"
13.74.85.151 - - [17/Jul/2025:08:44:07 -0400] "GET /wp-content/sxx.php HTTP/1.1" 404 11546 "-" "-"
66.249.79.2 - - [17/Jul/2025:08:44:07 -0400] "GET /?n=17095165877106&channel=404a84&from=news.php%3Fid%3D1658771-16952%26name%3D6%E5%80%8B%20%E5%9C%A7%E5%8A%9B%E9%8D%8B%E3%82%A2%E3%82%AF%E3%82%BB%E3%82%B5%E3%83%AA%E3%83%BC%20%E8%80%90%E4%B9%85%E6%80%A7%E3%83%91%E3%83%BC%E3%83%84%20%E3%83%95%E3%83%AD%E3%83%BC%E3%83%88%E5%BC%81%20%E5%9C%A7%E5%8A%9B%E9%8D%8B%E3%81%AE%E4%BB%98%E5%B1%9E%E5%93%81%20%E5%9C%A7%E5%8A%9B%E9%8D%8B%E3%81%AE%E6%8E%92%E6%B0%97%E5%BC%81%20%E5%9C%A7%E5%8A%9B%E9%8D%8B%E7%94%A8%20%E5%BC%81%20%E5%9C%A7%E5%8A%9B%E9%8D%8B%E7%94%A8%E3%83%95%E3%83%AD%E3%83%BC%E3%83%88%E3%83%90%E3%83%AB%E3%83%96%20%E5%9C%A7%E5%8A%9B%E9%8D%8B%E7%94%A8%E6%8E%92 HTTP/1.1" 200 29834 "-" "Mozilla/5.0 (Linux; Android 6.0.1; Nexus 5X Build/MMB29P) AppleWebKit/537.36 (KHTML, like Gecko) Chrome/137.0.7151.103 Mobile Safari/537.36 (compatible; Googlebot/2.1; +http://www.google.com/bot.html)"
13.74.85.151 - - [17/Jul/2025:08:44:12 -0400] "GET /wp-content/plugins/Cache/Cache.php HTTP/1.1" 404 11546 "-" "-"
13.74.85.151 - - [17/Jul/2025:08:44:16 -0400] "GET /wp-content/themes/404.php HTTP/1.1" 404 11546 "-" "-"
13.74.85.151 - - [17/Jul/2025:08:44:18 -0400] "GET /wp-content/wp-login.php HTTP/1.1" 404 11546 "-" "-"
66.249.68.130 - - [17/Jul/2025:08:44:19 -0400] "GET /?n=0115643558103&channel=1016c0&from=form.php%3Fid%3D435581-8855%26name%3D%E3%82%B9%E3%83%97%E3%83%A9%E3%83%83%E3%82%B7%E3%83%A5%E3%82%AC%E3%83%BC%E3%83%89%E3%82%A8%E3%82%AF%E3%82%B9%E3%83%86%E3%83%B3%E3%82%B7%E3%83%A7%E3%83%B3+%E3%82%AB%E3%83%BC%E3%83%9C%E3%83%B3%E3%83%95%E3%82%A1%E3%82%A4%E3%83%90%E3%83%BC%E3%83%91%E3%82%BF%E3%83%BC%E3%83%B3%E3%83%95%E3%83%AD%E3%83%B3%E3%83%88%E3%83%9E%E3%83%83%E3%83%89%E3%82%AC%E3%83%BC%E3%83%89+%E3%82%B9%E3%82%BA%E3%82%AD+%E3%82%B8%E3%83%BC%E3%82%A8%E3%82%B9%E3%82%A8%E3%83%83%E3%82%AF%E3%82%B9%E3%82%A2%E3%83%BC%E3%83%AB1000+2009 HTTP/1.1" 301 0 "-" "Mozilla/5.0 (Linux; Android 6.0.1; Nexus 5X Build/MMB29P) AppleWebKit/537.36 (KHTML, like Gecko) Chrome/137.0.7151.103 Mobile Safari/537.36 (compatible; Googlebot/2.1; +http://www.google.com/bot.html)"
13.74.85.151 - - [17/Jul/2025:08:44:21 -0400] "GET /wp-admin/css/colors/file.php HTTP/1.1" 404 11548 "-" "-"
154.54.249.195 - - [17/Jul/2025:08:44:20 -0400] "GET /2020/08/04/grilled-chicken-with-mint-raita-by-noushaba-shafiq/ HTTP/1.1" 200 18124 "-" "Mozilla/5.0 (compatible; Barkrowler/0.9; +https://babbar.tech/crawler)"
66.249.79.3 - - [17/Jul/2025:08:44:21 -0400] "GET /?n=0115643558103&channel=1016c0&from=form.php%3Fid%3D435581-8855%26name%3D%E3%82%B9%E3%83%97%E3%83%A9%E3%83%83%E3%82%B7%E3%83%A5%E3%82%AC%E3%83%BC%E3%83%89%E3%82%A8%E3%82%AF%E3%82%B9%E3%83%86%E3%83%B3%E3%82%B7%E3%83%A7%E3%83%B3%20%E3%82%AB%E3%83%BC%E3%83%9C%E3%83%B3%E3%83%95%E3%82%A1%E3%82%A4%E3%83%90%E3%83%BC%E3%83%91%E3%82%BF%E3%83%BC%E3%83%B3%E3%83%95%E3%83%AD%E3%83%B3%E3%83%88%E3%83%9E%E3%83%83%E3%83%89%E3%82%AC%E3%83%BC%E3%83%89%20%E3%82%B9%E3%82%BA%E3%82%AD%20%E3%82%B8%E3%83%BC%E3%82%A8%E3%82%B9%E3%82%A8%E3%83%83%E3%82%AF%E3%82%B9%E3%82%A2%E3%83%BC%E3%83%AB1000%202009 HTTP/1.1" 200 29835 "-" "Mozilla/5.0 (Linux; Android 6.0.1; Nexus 5X Build/MMB29P) AppleWebKit/537.36 (KHTML, like Gecko) Chrome/137.0.7151.103 Mobile Safari/537.36 (compatible; Googlebot/2.1; +http://www.google.com/bot.html)"
13.74.85.151 - - [17/Jul/2025:08:44:25 -0400] "GET /alfa-rex.php7 HTTP/1.1" 404 11546 "-" "-"
63.250.38.117 - - [17/Jul/2025:08:44:31 -0400] "POST /wp-cron.php?doing_wp_cron=1752756270.8781929016113281250000 HTTP/1.1" 403 1242 "-" "WordPress/6.8.1; https://fnf.group"
13.74.85.151 - - [17/Jul/2025:08:44:29 -0400] "GET /wp-admin/js/widgets/cloud.php HTTP/1.1" 404 11546 "-" "-"
13.74.85.151 - - [17/Jul/2025:08:44:31 -0400] "GET /index.php?x=ooo HTTP/1.1" 200 29850 "-" "-"
13.74.85.151 - - [17/Jul/2025:08:44:34 -0400] "GET /wp-content/plugins/revslider/includes/external/page/index.php HTTP/1.1" 301 0 "-" "-"
13.74.85.151 - - [17/Jul/2025:08:44:36 -0400] "GET /wp-content/plugins/revslider/includes/external/page/ HTTP/1.1" 404 11546 "-" "-"
13.74.85.151 - - [17/Jul/2025:08:44:38 -0400] "GET /wp-includes/Text/about.php HTTP/1.1" 404 11546 "-" "-"
13.74.85.151 - - [17/Jul/2025:08:44:41 -0400] "GET /readme.php HTTP/1.1" 404 11546 "-" "-"
217.113.194.27 - - [17/Jul/2025:08:44:41 -0400] "GET /2020/08/04/dahi-bara-pots-by-summaiya-kashif-ghaziani/ HTTP/1.1" 200 18107 "-" "Mozilla/5.0 (compatible; Barkrowler/0.9; +https://babbar.tech/crawler)"
13.74.85.151 - - [17/Jul/2025:08:44:45 -0400] "GET /wp-login.php HTTP/1.1" 200 3828 "-" "-"
13.74.85.151 - - [17/Jul/2025:08:44:47 -0400] "GET /wp-content/themes/about.php HTTP/1.1" 404 11546 "-" "-"
13.74.85.151 - - [17/Jul/2025:08:44:50 -0400] "GET /aks.php HTTP/1.1" 404 11546 "-" "-"
13.74.85.151 - - [17/Jul/2025:08:44:53 -0400] "GET /13.php HTTP/1.1" 404 11546 "-" "-"
13.74.85.151 - - [17/Jul/2025:08:44:57 -0400] "GET /2.php HTTP/1.1" 404 11546 "-" "-"
13.74.85.151 - - [17/Jul/2025:08:44:59 -0400] "GET /wp-includes/theme-compat/about.php HTTP/1.1" 404 11546 "-" "-"
13.74.85.151 - - [17/Jul/2025:08:45:01 -0400] "GET /wp-content/languages/about.php HTTP/1.1" 404 11546 "-" "-"
217.113.194.243 - - [17/Jul/2025:08:45:02 -0400] "GET /2020/08/31/fried-chicken-with-lemon-butter-sauce-by-fariha-bilal/ HTTP/1.1" 200 18378 "-" "Mozilla/5.0 (compatible; Barkrowler/0.9; +https://babbar.tech/crawler)"
13.74.85.151 - - [17/Jul/2025:08:45:06 -0400] "GET /wp-pano.php HTTP/1.1" 404 11546 "-" "-"
13.74.85.151 - - [17/Jul/2025:08:45:12 -0400] "GET /shell20211028.php HTTP/1.1" 404 11546 "-" "-"
13.74.85.151 - - [17/Jul/2025:08:45:14 -0400] "GET /include/Lurd.class.php HTTP/1.1" 404 11546 "-" "-"
13.74.85.151 - - [17/Jul/2025:08:45:17 -0400] "GET /radio.php HTTP/1.1" 404 11546 "-" "-"
13.74.85.151 - - [17/Jul/2025:08:45:20 -0400] "GET /mini.php HTTP/1.1" 404 11546 "-" "-"
13.74.85.151 - - [17/Jul/2025:08:45:22 -0400] "GET /wp-admin/wp-login.php HTTP/1.1" 404 11546 "-" "-"
13.74.85.151 - - [17/Jul/2025:08:45:25 -0400] "GET /wp-content/themes/twenty/twenty.php HTTP/1.1" 404 11546 "-" "-"
63.250.38.117 - - [17/Jul/2025:08:45:31 -0400] "POST /wp-cron.php?doing_wp_cron=1752756331.5960209369659423828125 HTTP/1.1" 403 1242 "-" "WordPress/6.8.1; https://fnf.group"
20.244.25.192 - - [17/Jul/2025:08:45:27 -0400] "GET /wp-login.php HTTP/1.1" 200 3798 "-" "Mozilla/5.0"
217.113.194.22 - - [17/Jul/2025:08:45:26 -0400] "GET /2025/07/07/casino-utan-svensk-licens-topp-10-casinon-utan-spelpaus/ HTTP/1.1" 200 27864 "-" "Mozilla/5.0 (compatible; Barkrowler/0.9; +https://babbar.tech/crawler)"
63.250.38.117 - - [17/Jul/2025:08:45:32 -0400] "POST /wp-cron.php?doing_wp_cron=1752756332.1900799274444580078125 HTTP/1.1" 403 1242 "-" "WordPress/6.8.1; https://fnf.group"
63.250.38.117 - - [17/Jul/2025:08:45:33 -0400] "POST /wp-cron.php?doing_wp_cron=1752756333.3814980983734130859375 HTTP/1.1" 403 1242 "-" "WordPress/6.8.1; https://fnf.group"
66.249.68.131 - - [17/Jul/2025:08:45:29 -0400] "GET /?n=7812338320201&channel=b9745b&from=shared.php%3Fid%3D383202-5890%26name%3DYANGM-AUTO+1pc%2Fset+OE%23+030133064D+Throttle+Body HTTP/1.1" 301 0 "-" "Mozilla/5.0 (Linux; Android 6.0.1; Nexus 5X Build/MMB29P) AppleWebKit/537.36 (KHTML, like Gecko) Chrome/137.0.7151.103 Mobile Safari/537.36 (compatible; Googlebot/2.1; +http://www.google.com/bot.html)"
13.74.85.151 - - [17/Jul/2025:08:45:28 -0400] "GET /wp-content/cloud.php HTTP/1.1" 404 11546 "-" "-"
20.244.25.192 - - [17/Jul/2025:08:45:32 -0400] "GET /?author=1 HTTP/1.1" 301 0 "-" "Mozilla/5.0"
13.74.85.151 - - [17/Jul/2025:08:45:34 -0400] "GET /wp-includes/Requests/about.php HTTP/1.1" 404 11546 "-" "-"
20.244.25.192 - - [17/Jul/2025:08:45:36 -0400] "GET /?author=2 HTTP/1.1" 404 11507 "-" "Mozilla/5.0"
66.249.79.2 - - [17/Jul/2025:08:45:34 -0400] "GET /?n=7812338320201&channel=b9745b&from=shared.php%3Fid%3D383202-5890%26name%3DYANGM-AUTO%201pc%2Fset%20OE%23%20030133064D%20Throttle%20Body HTTP/1.1" 200 29838 "-" "Mozilla/5.0 (Linux; Android 6.0.1; Nexus 5X Build/MMB29P) AppleWebKit/537.36 (KHTML, like Gecko) Chrome/137.0.7151.103 Mobile Safari/537.36 (compatible; Googlebot/2.1; +http://www.google.com/bot.html)"
13.74.85.151 - - [17/Jul/2025:08:45:39 -0400] "GET /.well-known/classwithtostring.php HTTP/1.1" 404 11546 "-" "-"
66.249.68.129 - - [17/Jul/2025:08:45:44 -0400] "GET /?n=19121150762602&channel=229364&from=brands.php%3Fid%3D1507626-14180%26name%3DMashiko+%E9%99%B6%E5%99%A8+%E3%81%8A%E7%8C%AA%E5%8F%A3+2%E5%80%8B%E3%82%BB%E3%83%83%E3%83%88 HTTP/1.1" 301 0 "-" "Mozilla/5.0 (Linux; Android 6.0.1; Nexus 5X Build/MMB29P) AppleWebKit/537.36 (KHTML, like Gecko) Chrome/137.0.7151.103 Mobile Safari/537.36 (compatible; Googlebot/2.1; +http://www.google.com/bot.html)"
13.74.85.151 - - [17/Jul/2025:08:45:44 -0400] "GET /wp-admin/js/index.php HTTP/1.1" 301 0 "-" "-"
13.74.85.151 - - [17/Jul/2025:08:45:47 -0400] "GET /wp-admin/js/ HTTP/1.1" 200 3089 "-" "-"
13.74.85.151 - - [17/Jul/2025:08:45:48 -0400] "GET /abouts.php HTTP/1.1" 404 11546 "-" "-"
217.113.194.24 - - [17/Jul/2025:08:45:47 -0400] "GET /2025/07/07/play-slots-and-some-other-games-online-established-bangladesh-website/ HTTP/1.1" 200 28495 "-" "Mozilla/5.0 (compatible; Barkrowler/0.9; +https://babbar.tech/crawler)"
66.249.79.3 - - [17/Jul/2025:08:45:47 -0400] "GET /?n=19121150762602&channel=229364&from=brands.php%3Fid%3D1507626-14180%26name%3DMashiko%20%E9%99%B6%E5%99%A8%20%E3%81%8A%E7%8C%AA%E5%8F%A3%202%E5%80%8B%E3%82%BB%E3%83%83%E3%83%88 HTTP/1.1" 200 29833 "-" "Mozilla/5.0 (Linux; Android 6.0.1; Nexus 5X Build/MMB29P) AppleWebKit/537.36 (KHTML, like Gecko) Chrome/137.0.7151.103 Mobile Safari/537.36 (compatible; Googlebot/2.1; +http://www.google.com/bot.html)"
13.74.85.151 - - [17/Jul/2025:08:45:53 -0400] "GET /update.php HTTP/1.1" 404 11546 "-" "-"
13.74.85.151 - - [17/Jul/2025:08:45:57 -0400] "GET /widgets.php HTTP/1.1" 404 11547 "-" "-"
66.249.68.129 - - [17/Jul/2025:08:45:58 -0400] "GET /?n=75076133361001&channel=8d2c13&from=form.php%3Fid%3D1333610-16775%26name%3D%E3%83%91%E3%83%B3%E3%83%80%E6%9F%84+Switch%E7%94%A8%E3%82%B2%E3%83%BC%E3%83%A0%E6%A9%9F%E7%94%A8%E3%82%AB%E3%82%BB%E3%83%83%E3%83%88%E3%82%B1%E3%83%BC%E3%82%B9+%E3%82%B9%E3%82%A4%E3%83%83%E3%83%81%E4%BF%9D%E8%AD%B7%E3%82%AB%E3%83%90%E3%83%BC+%E5%8F%8E%E7%B4%8D%E3%83%90%E3%83%83%E3%82%B0+Switch%E5%AF%BE%E5%BF%9C%E3%83%8F%E3%83%BC%E3%83%89%E3%82%B1%E3%83%BC%E3%82%B9%E3%82%B9%E3%82%A4%E3%83%83%E3%83%81+%E9%98%B2%E5%A1%B5+%E9%98%B2%E6%B1%9A HTTP/1.1" 301 0 "-" "Mozilla/5.0 (Linux; Android 6.0.1; Nexus 5X Build/MMB29P) AppleWebKit/537.36 (KHTML, like Gecko) Chrome/137.0.7151.103 Mobile Safari/537.36 (compatible; Googlebot/2.1; +http://www.google.com/bot.html)"
13.74.85.151 - - [17/Jul/2025:08:46:00 -0400] "GET /alfa1.php HTTP/1.1" 404 11546 "-" "-"
13.74.85.151 - - [17/Jul/2025:08:46:02 -0400] "GET /.well-known/pki-validation/file.php HTTP/1.1" 404 1251 "-" "-"
66.249.79.4 - - [17/Jul/2025:08:46:01 -0400] "GET /?n=75076133361001&channel=8d2c13&from=form.php%3Fid%3D1333610-16775%26name%3D%E3%83%91%E3%83%B3%E3%83%80%E6%9F%84%20Switch%E7%94%A8%E3%82%B2%E3%83%BC%E3%83%A0%E6%A9%9F%E7%94%A8%E3%82%AB%E3%82%BB%E3%83%83%E3%83%88%E3%82%B1%E3%83%BC%E3%82%B9%20%E3%82%B9%E3%82%A4%E3%83%83%E3%83%81%E4%BF%9D%E8%AD%B7%E3%82%AB%E3%83%90%E3%83%BC%20%E5%8F%8E%E7%B4%8D%E3%83%90%E3%83%83%E3%82%B0%20Switch%E5%AF%BE%E5%BF%9C%E3%83%8F%E3%83%BC%E3%83%89%E3%82%B1%E3%83%BC%E3%82%B9%E3%82%B9%E3%82%A4%E3%83%83%E3%83%81%20%E9%98%B2%E5%A1%B5%20%E9%98%B2%E6%B1%9A HTTP/1.1" 200 29832 "-" "Mozilla/5.0 (Linux; Android 6.0.1; Nexus 5X Build/MMB29P) AppleWebKit/537.36 (KHTML, like Gecko) Chrome/137.0.7151.103 Mobile Safari/537.36 (compatible; Googlebot/2.1; +http://www.google.com/bot.html)"
13.74.85.151 - - [17/Jul/2025:08:46:03 -0400] "GET /wp-admin/maint/index.php HTTP/1.1" 301 0 "-" "-"
13.74.85.151 - - [17/Jul/2025:08:46:05 -0400] "GET /wp-admin/maint/ HTTP/1.1" 200 624 "-" "-"
13.74.85.151 - - [17/Jul/2025:08:46:06 -0400] "GET /default.php HTTP/1.1" 404 11546 "-" "-"
13.74.85.151 - - [17/Jul/2025:08:46:08 -0400] "GET /wp-admin/images/file.php HTTP/1.1" 404 11546 "-" "-"
13.74.85.151 - - [17/Jul/2025:08:46:10 -0400] "GET /bs1.php HTTP/1.1" 404 11546 "-" "-"
217.113.194.31 - - [17/Jul/2025:08:46:10 -0400] "GET /2025/06/25/kyfy-khtyr-mns-lb-1xbet-lmnsb/ HTTP/1.1" 200 19219 "-" "Mozilla/5.0 (compatible; Barkrowler/0.9; +https://babbar.tech/crawler)"
66.249.68.129 - - [17/Jul/2025:08:46:13 -0400] "GET /?n=80059121472400&channel=48588b&from=category-info.php%3Fid%3D1214724-3036%26name%3DJohn+Medeiros+%E9%AD%85%E5%8A%9B%E7%9A%84%E3%81%AA%E3%82%B4%E3%83%BC%E3%83%AB%E3%83%89%E3%81%A8%E3%82%B7%E3%83%AB%E3%83%90%E3%83%BC%E3%83%88%E3%83%BC%E3%83%B3%E3%83%93%E3%83%BC%E3%82%BA%E3%82%B3%E3%83%AC%E3%82%AF%E3%82%B7%E3%83%A7%E3%83%B3+%E3%82%AA%E3%83%BC%E3%83%97%E3%83%B3%E3%83%A9%E3%83%AA%E3%82%A2%E3%83%83%E3%83%88%E3%83%AB%E3%83%BC%E3%83%97%E3%82%AD%E3%83%A5%E3%83%BC%E3%83%93%E3%83%83%E3%82%AF%E3%83%BB%E3%82%B8%E3%83%AB%E3%82%B3%E3%83%8B%E3%82%A2+%E3%83%91 HTTP/1.1" 301 0 "-" "Mozilla/5.0 (Linux; Android 6.0.1; Nexus 5X Build/MMB29P) AppleWebKit/537.36 (KHTML, like Gecko) Chrome/137.0.7151.103 Mobile Safari/537.36 (compatible; Googlebot/2.1; +http://www.google.com/bot.html)"
13.74.85.151 - - [17/Jul/2025:08:46:14 -0400] "GET /admin/uploads/worksec.php HTTP/1.1" 404 11546 "-" "-"
13.74.85.151 - - [17/Jul/2025:08:46:18 -0400] "GET /cgi-bin/xmrlpc.php HTTP/1.1" 404 11546 "-" "-"
66.249.79.2 - - [17/Jul/2025:08:46:18 -0400] "GET /?n=80059121472400&channel=48588b&from=category-info.php%3Fid%3D1214724-3036%26name%3DJohn%20Medeiros%20%E9%AD%85%E5%8A%9B%E7%9A%84%E3%81%AA%E3%82%B4%E3%83%BC%E3%83%AB%E3%83%89%E3%81%A8%E3%82%B7%E3%83%AB%E3%83%90%E3%83%BC%E3%83%88%E3%83%BC%E3%83%B3%E3%83%93%E3%83%BC%E3%82%BA%E3%82%B3%E3%83%AC%E3%82%AF%E3%82%B7%E3%83%A7%E3%83%B3%20%E3%82%AA%E3%83%BC%E3%83%97%E3%83%B3%E3%83%A9%E3%83%AA%E3%82%A2%E3%83%83%E3%83%88%E3%83%AB%E3%83%BC%E3%83%97%E3%82%AD%E3%83%A5%E3%83%BC%E3%83%93%E3%83%83%E3%82%AF%E3%83%BB%E3%82%B8%E3%83%AB%E3%82%B3%E3%83%8B%E3%82%A2%20%E3%83%91 HTTP/1.1" 200 29829 "-" "Mozilla/5.0 (Linux; Android 6.0.1; Nexus 5X Build/MMB29P) AppleWebKit/537.36 (KHTML, like Gecko) Chrome/137.0.7151.103 Mobile Safari/537.36 (compatible; Googlebot/2.1; +http://www.google.com/bot.html)"
13.74.85.151 - - [17/Jul/2025:08:46:22 -0400] "GET /up.php HTTP/1.1" 404 11546 "-" "-"
13.74.85.151 - - [17/Jul/2025:08:46:25 -0400] "GET /wp-admin/images/about.php HTTP/1.1" 404 11546 "-" "-"
13.74.85.151 - - [17/Jul/2025:08:46:28 -0400] "GET /ova-tools.php HTTP/1.1" 404 11546 "-" "-"
154.54.249.195 - - [17/Jul/2025:08:46:30 -0400] "GET /2025/06/25/il-localizado-completo-sulla-position-book-of-ra-online/ HTTP/1.1" 200 30251 "-" "Mozilla/5.0 (compatible; Barkrowler/0.9; +https://babbar.tech/crawler)"
63.250.38.117 - - [17/Jul/2025:08:46:35 -0400] "POST /wp-cron.php?doing_wp_cron=1752756395.0171759128570556640625 HTTP/1.1" 403 1242 "-" "WordPress/6.8.1; https://fnf.group"
13.74.85.151 - - [17/Jul/2025:08:46:31 -0400] "GET /files/index.php HTTP/1.1" 301 0 "-" "-"
13.74.85.151 - - [17/Jul/2025:08:46:35 -0400] "GET /files/ HTTP/1.1" 404 11546 "-" "-"
13.74.85.151 - - [17/Jul/2025:08:46:38 -0400] "GET /wp-content/autoload_classmap.php HTTP/1.1" 404 11546 "-" "-"
66.249.68.129 - - [17/Jul/2025:08:46:42 -0400] "GET /?n=4134867212203&channel=70be45&from=shop.php%3Fid%3D672122-6017%26name%3D%E3%83%9C%E3%83%B3%E3%83%8D%E3%83%83%E3%83%88%E3%83%95%E3%83%AD%E3%83%B3%E3%83%88%E3%82%AC%E3%82%B9%E3%82%B9%E3%83%88%E3%83%A9%E3%83%83%E3%83%88+%E3%83%95%E3%83%AD%E3%83%B3%E3%83%88%E3%83%95%E3%83%BC%E3%83%89%E3%83%9C%E3%83%B3%E3%83%8D%E3%83%83%E3%83%88%E3%82%AC%E3%82%B9%E3%82%B9%E3%83%88%E3%83%A9%E3%83%83%E3%83%88%E3%83%AA%E3%83%95%E3%83%88%E3%82%B5%E3%83%9D%E3%83%BC%E3%83%88+%E3%83%95%E3%83%AD%E3%83%B3%E3%83%86%E3%82%A3%E3%82%A2%E7%94%A8+%E3%83%8A%E3%83%90%E3%83%A9%E7%94%A8+D40%E7%94%A8+%E3%83%95%E3%83%AD%E3%83%B3%E3%83%86 HTTP/1.1" 301 0 "-" "Mozilla/5.0 (Linux; Android 6.0.1; Nexus 5X Build/MMB29P) AppleWebKit/537.36 (KHTML, like Gecko) Chrome/137.0.7151.103 Mobile Safari/537.36 (compatible; Googlebot/2.1; +http://www.google.com/bot.html)"
13.74.85.151 - - [17/Jul/2025:08:46:42 -0400] "GET /gecko.php HTTP/1.1" 404 11546 "-" "-"
13.74.85.151 - - [17/Jul/2025:08:46:48 -0400] "GET /wp-includes/css/admin.php HTTP/1.1" 404 11546 "-" "-"
66.249.79.2 - - [17/Jul/2025:08:46:46 -0400] "GET /?n=4134867212203&channel=70be45&from=shop.php%3Fid%3D672122-6017%26name%3D%E3%83%9C%E3%83%B3%E3%83%8D%E3%83%83%E3%83%88%E3%83%95%E3%83%AD%E3%83%B3%E3%83%88%E3%82%AC%E3%82%B9%E3%82%B9%E3%83%88%E3%83%A9%E3%83%83%E3%83%88%20%E3%83%95%E3%83%AD%E3%83%B3%E3%83%88%E3%83%95%E3%83%BC%E3%83%89%E3%83%9C%E3%83%B3%E3%83%8D%E3%83%83%E3%83%88%E3%82%AC%E3%82%B9%E3%82%B9%E3%83%88%E3%83%A9%E3%83%83%E3%83%88%E3%83%AA%E3%83%95%E3%83%88%E3%82%B5%E3%83%9D%E3%83%BC%E3%83%88%20%E3%83%95%E3%83%AD%E3%83%B3%E3%83%86%E3%82%A3%E3%82%A2%E7%94%A8%20%E3%83%8A%E3%83%90%E3%83%A9%E7%94%A8%20D40%E7%94%A8%20%E3%83%95%E3%83%AD%E3%83%B3%E3%83%86 HTTP/1.1" 200 29836 "-" "Mozilla/5.0 (Linux; Android 6.0.1; Nexus 5X Build/MMB29P) AppleWebKit/537.36 (KHTML, like Gecko) Chrome/137.0.7151.103 Mobile Safari/537.36 (compatible; Googlebot/2.1; +http://www.google.com/bot.html)"
217.113.194.24 - - [17/Jul/2025:08:46:50 -0400] "GET /2025/06/24/mostbet-apk-for-google-android-ios-official-download-2025/ HTTP/1.1" 200 28050 "-" "Mozilla/5.0 (compatible; Barkrowler/0.9; +https://babbar.tech/crawler)"
13.74.85.151 - - [17/Jul/2025:08:47:00 -0400] "GET /feedback.php HTTP/1.1" 404 11546 "-" "-"
66.249.79.4 - - [17/Jul/2025:08:47:06 -0400] "GET /?n=88696153858203&channel=871d67&from=product.php%3Fid%3D1538582-5694%26name%3D%E3%83%9A%E3%83%B3%E3%83%80%E3%83%B3%E3%83%88%E3%83%A9%E3%82%A4%E3%83%88+%E3%82%B3%E3%83%B3%E3%82%BB%E3%83%B3%E3%83%88%E5%BC%8F+%E5%90%8A%E3%82%8A%E4%B8%8B%E3%81%92%E3%83%A9%E3%82%A4%E3%83%88+E26%E5%AF%BE%E5%BF%9C+%E9%9B%BB%E7%90%83%E4%BB%98%E5%B1%9E%E3%81%97%E3%81%AA%E3%81%84+%E3%82%B9%E3%82%BF%E3%82%A4%E3%83%AA%E3%83%83%E3%82%B7%E3%83%A5+%E3%81%8A%E3%81%97%E3%82%83%E3%82%8C+%E3%82%BD%E3%82%B1%E3%83%83%E3%83%88+%E5%A5%BD%E3%81%8D%E3%81%AA%E3%82%B7%E3%82%A7%E3%83%BC%E3%83%89%E3%82%92%E5%9B%BA%E5%AE%9A%E3%81%A7%E3%81%8D+%E3%82%B3%E3%83%BC%E3%83%89%E9%95%B7%E3%81%956M+%E3%82%B9%E3%82%A4%E3%83%83%E3%83%81%E3%81%AA%E3%81%97+%E7%8E%84%E9%96%A2%E7%85%A7%E6%98%8E%E3%83%A9%E3%82%A4%E3%83%88+%E3%82%A4%E3%83%B3%E3%83%86%E3%83%AA%E3%82%A2%E3%83%A9%E3%82%A4%E3%83%88 HTTP/1.1" 301 0 "-" "Mozilla/5.0 (Linux; Android 6.0.1; Nexus 5X Build/MMB29P) AppleWebKit/537.36 (KHTML, like Gecko) Chrome/137.0.7151.103 Mobile Safari/537.36 (compatible; Googlebot/2.1; +http://www.google.com/bot.html)"
13.74.85.151 - - [17/Jul/2025:08:47:10 -0400] "GET /wp-includes/IXR/admin.php HTTP/1.1" 404 11546 "-" "-"
66.249.79.2 - - [17/Jul/2025:08:47:09 -0400] "GET /?n=88696153858203&channel=871d67&from=product.php%3Fid%3D1538582-5694%26name%3D%E3%83%9A%E3%83%B3%E3%83%80%E3%83%B3%E3%83%88%E3%83%A9%E3%82%A4%E3%83%88%20%E3%82%B3%E3%83%B3%E3%82%BB%E3%83%B3%E3%83%88%E5%BC%8F%20%E5%90%8A%E3%82%8A%E4%B8%8B%E3%81%92%E3%83%A9%E3%82%A4%E3%83%88%20E26%E5%AF%BE%E5%BF%9C%20%E9%9B%BB%E7%90%83%E4%BB%98%E5%B1%9E%E3%81%97%E3%81%AA%E3%81%84%20%E3%82%B9%E3%82%BF%E3%82%A4%E3%83%AA%E3%83%83%E3%82%B7%E3%83%A5%20%E3%81%8A%E3%81%97%E3%82%83%E3%82%8C%20%E3%82%BD%E3%82%B1%E3%83%83%E3%83%88%20%E5%A5%BD%E3%81%8D%E3%81%AA%E3%82%B7%E3%82%A7%E3%83%BC%E3%83%89%E3%82%92%E5%9B%BA%E5%AE%9A%E3%81%A7%E3%81%8D%20%E3%82%B3%E3%83%BC%E3%83%89%E9%95%B7%E3%81%956M%20%E3%82%B9%E3%82%A4%E3%83%83%E3%83%81%E3%81%AA%E3%81%97%20%E7%8E%84%E9%96%A2%E7%85%A7%E6%98%8E%E3%83%A9%E3%82%A4%E3%83%88%20%E3%82%A4%E3%83%B3%E3%83%86%E3%83%AA%E3%82%A2%E3%83%A9%E3%82%A4%E3%83%88 HTTP/1.1" 200 29829 "-" "Mozilla/5.0 (Linux; Android 6.0.1; Nexus 5X Build/MMB29P) AppleWebKit/537.36 (KHTML, like Gecko) Chrome/137.0.7151.103 Mobile Safari/537.36 (compatible; Googlebot/2.1; +http://www.google.com/bot.html)"
13.74.85.151 - - [17/Jul/2025:08:47:13 -0400] "GET /plugins.php HTTP/1.1" 404 11546 "-" "-"
217.113.194.243 - - [17/Jul/2025:08:47:14 -0400] "GET /2025/07/08/guide-to-be-able-to-playing-russian-different-roulette-games-in-casinos/ HTTP/1.1" 200 29687 "-" "Mozilla/5.0 (compatible; Barkrowler/0.9; +https://babbar.tech/crawler)"
13.74.85.151 - - [17/Jul/2025:08:47:16 -0400] "GET /wp-content/upgrade-temp-backup/about.php HTTP/1.1" 404 11546 "-" "-"
13.74.85.151 - - [17/Jul/2025:08:47:19 -0400] "GET /wp-content/upgrade/index.php HTTP/1.1" 301 0 "-" "-"
13.74.85.151 - - [17/Jul/2025:08:47:21 -0400] "GET /wp-content/upgrade/ HTTP/1.1" 200 546 "-" "-"
13.74.85.151 - - [17/Jul/2025:08:47:21 -0400] "GET /sxx.php HTTP/1.1" 404 11546 "-" "-"
13.74.85.151 - - [17/Jul/2025:08:47:22 -0400] "GET /wp-content/file.php HTTP/1.1" 404 11546 "-" "-"
13.74.85.151 - - [17/Jul/2025:08:47:25 -0400] "GET /classwithtostring.php HTTP/1.1" 404 11546 "-" "-"
13.74.85.151 - - [17/Jul/2025:08:47:27 -0400] "GET /.well-known/pki-validation/install.php HTTP/1.1" 404 1251 "-" "-"
13.74.85.151 - - [17/Jul/2025:08:47:28 -0400] "GET /jp.php HTTP/1.1" 404 11546 "-" "-"
13.74.85.151 - - [17/Jul/2025:08:47:30 -0400] "GET /wp-includes/404.php HTTP/1.1" 404 11546 "-" "-"
63.250.38.117 - - [17/Jul/2025:08:47:35 -0400] "POST /wp-cron.php?doing_wp_cron=1752756455.2790389060974121093750 HTTP/1.1" 403 1242 "-" "WordPress/6.8.1; https://fnf.group"
13.74.85.151 - - [17/Jul/2025:08:47:33 -0400] "GET /wp-admin/file.php HTTP/1.1" 404 11546 "-" "-"
63.250.38.117 - - [17/Jul/2025:08:47:35 -0400] "POST /wp-cron.php?doing_wp_cron=1752756455.7922101020812988281250 HTTP/1.1" 403 1242 "-" "WordPress/6.8.1; https://fnf.group"
217.113.194.26 - - [17/Jul/2025:08:47:34 -0400] "GET /2025/07/04/the-ultimate-guide-to-settlement-approaches-in-online-gambling-establishments/feed/ HTTP/1.1" 200 559 "-" "Mozilla/5.0 (compatible; Barkrowler/0.9; +https://babbar.tech/crawler)"
13.74.85.151 - - [17/Jul/2025:08:47:36 -0400] "GET /thumbs.php HTTP/1.1" 404 11546 "-" "-"
114.119.154.189 - - [17/Jul/2025:08:47:37 -0400] "GET /2025/07/10/1xbet-app-download-apk-compatibility-issues-with-android-versions/ HTTP/1.1" 200 20433 "https://fnf.group/2025/07/10/1xbet-app-download-apk-compatibility-issues-with-android-versions/" "Mozilla/5.0 (Linux; Android 7.0;) AppleWebKit/537.36 (KHTML, like Gecko) Mobile Safari/537.36 (compatible; PetalBot;+https://webmaster.petalsearch.com/site/petalbot)"
66.249.68.130 - - [17/Jul/2025:08:47:37 -0400] "GET /?n=27212102453600&channel=3cf219&from=form.php%3Fid%3D1024536-20382%26name%3D%E3%83%91%E3%82%A4%E3%83%AD%E3%83%83%E3%83%88+PILOT+%E6%9B%BF%E8%8A%AF+%E3%83%95%E3%83%AA%E3%82%AF%E3%82%B7%E3%83%A7%E3%83%B3%E3%83%9C%E3%83%BC%E3%83%AB+%E3%82%B9%E3%83%AA%E3%83%A0%E3%83%BB%E5%A4%9A%E8%89%B2%E3%82%BF%E3%82%A4%E3%83%97%E7%94%A8%E3%80%80%E9%BB%92%E3%83%BB%E8%B5%A4%E3%83%BB%E9%9D%92%E3%83%BB%E7%B7%91+%E5%90%84%EF%BC%91%E6%9C%AC%E3%81%9A%E3%81%A4+0.5mm+4%E8%89%B2+4%E6%9C%AC+LFBTRF30EF3C%2BLFBTRF12EF-G HTTP/1.1" 301 0 "-" "Mozilla/5.0 (Linux; Android 6.0.1; Nexus 5X Build/MMB29P) AppleWebKit/537.36 (KHTML, like Gecko) Chrome/137.0.7151.103 Mobile Safari/537.36 (compatible; Googlebot/2.1; +http://www.google.com/bot.html)"
13.74.85.151 - - [17/Jul/2025:08:47:38 -0400] "GET /atomlib.php HTTP/1.1" 404 11546 "-" "-"
13.74.85.151 - - [17/Jul/2025:08:47:41 -0400] "GET /info.php HTTP/1.1" 404 11546 "-" "-"
66.249.79.3 - - [17/Jul/2025:08:47:41 -0400] "GET /?n=27212102453600&channel=3cf219&from=form.php%3Fid%3D1024536-20382%26name%3D%E3%83%91%E3%82%A4%E3%83%AD%E3%83%83%E3%83%88%20PILOT%20%E6%9B%BF%E8%8A%AF%20%E3%83%95%E3%83%AA%E3%82%AF%E3%82%B7%E3%83%A7%E3%83%B3%E3%83%9C%E3%83%BC%E3%83%AB%20%E3%82%B9%E3%83%AA%E3%83%A0%E3%83%BB%E5%A4%9A%E8%89%B2%E3%82%BF%E3%82%A4%E3%83%97%E7%94%A8%E3%80%80%E9%BB%92%E3%83%BB%E8%B5%A4%E3%83%BB%E9%9D%92%E3%83%BB%E7%B7%91%20%E5%90%84%EF%BC%91%E6%9C%AC%E3%81%9A%E3%81%A4%200.5mm%204%E8%89%B2%204%E6%9C%AC%20LFBTRF30EF3C%2BLFBTRF12EF-G HTTP/1.1" 200 29828 "-" "Mozilla/5.0 (Linux; Android 6.0.1; Nexus 5X Build/MMB29P) AppleWebKit/537.36 (KHTML, like Gecko) Chrome/137.0.7151.103 Mobile Safari/537.36 (compatible; Googlebot/2.1; +http://www.google.com/bot.html)"
13.74.85.151 - - [17/Jul/2025:08:47:45 -0400] "GET /config.php HTTP/1.1" 404 11546 "-" "-"
13.74.85.151 - - [17/Jul/2025:08:47:47 -0400] "GET /wp-signup.php HTTP/1.1" 403 1242 "-" "-"
13.74.85.151 - - [17/Jul/2025:08:47:47 -0400] "GET /wp-admin/css/colors/blue/blkqvmih.php HTTP/1.1" 404 11546 "-" "-"
66.249.79.2 - - [17/Jul/2025:08:47:46 -0400] "GET /?n=3473136260302&channel=190a2d&from=product.php%3Fid%3D362603-2554%26name%3D%E3%83%9E%E3%82%AD%E3%82%BF%E3%80%80%E3%83%AF%E3%83%BC%E3%82%AF%E3%83%A9%E3%82%A4%E3%83%88%E3%80%80ML809 HTTP/1.1" 200 29829 "-" "Mozilla/5.0 (Linux; Android 6.0.1; Nexus 5X Build/MMB29P) AppleWebKit/537.36 (KHTML, like Gecko) Chrome/137.0.7151.103 Mobile Safari/537.36 (compatible; Googlebot/2.1; +http://www.google.com/bot.html)"
66.249.68.129 - - [17/Jul/2025:08:47:52 -0400] "GET /?n=60972192850904&channel=773c0a&from=shared.php%3Fid%3D1928509-3033%26name%3D2X+%E3%83%AA%E3%82%A2%E3%82%A8%E3%82%A2%E3%82%B5%E3%82%B9%E3%83%9A%E3%83%B3%E3%82%B7%E3%83%A7%E3%83%B3%E3%82%B7%E3%83%A7%E3%83%83%E3%82%AF%E3%82%AD%E3%83%83%E3%83%88+EDC+%E4%BB%98%E3%81%8D+BMW+E60+M5+S85+%E3%82%B7%E3%83%A7%E3%83%83%E3%82%AF%E3%81%A8%E3%82%B9%E3%83%88%E3%83%A9%E3%83%83%E3%83%88%E3%82%A2%E3%82%BB%E3%83%B3%E3%83%96%E3%83%AA%E3%82%A2%E3%83%96%E3%82%BD%E3%83%BC%E3%83%90%E3%83%BC HTTP/1.1" 301 0 "-" "Mozilla/5.0 (Linux; Android 6.0.1; Nexus 5X Build/MMB29P) AppleWebKit/537.36 (KHTML, like Gecko) Chrome/137.0.7151.103 Mobile Safari/537.36 (compatible; Googlebot/2.1; +http://www.google.com/bot.html)"
13.74.85.151 - - [17/Jul/2025:08:47:51 -0400] "GET /wp-admin/js/autoload_classmap.php HTTP/1.1" 404 11546 "-" "-"
