Current Path : /proc/self/root/proc/self/root/home/theafprt/access-logs/ |
Current File : //proc/self/root/proc/self/root/home/theafprt/access-logs/fnfgroup.thealtruisthuman.com-ssl_log |
66.249.68.136 - - [17/Jul/2025:08:10:53 -0400] "GET /?n=28016114387000&channel=939508&from=pin.php%3Fid%3D1143870-20268%26name%3D%E2%98%85%E2%98%85%E2%98%85%E7%99%BD%2FU-S59%2FBB3%2F%E3%82%B9%E3%83%88%E3%83%A9%E3%82%A4%E3%82%AF%E3%82%AC%E3%83%B3%E3%83%80%E3%83%A0%E2%98%85%E2%98%85%E2%98%85 HTTP/1.1" 301 0 "-" "Mozilla/5.0 (Linux; Android 6.0.1; Nexus 5X Build/MMB29P) AppleWebKit/537.36 (KHTML, like Gecko) Chrome/137.0.7151.103 Mobile Safari/537.36 (compatible; Googlebot/2.1; +http://www.google.com/bot.html)"
66.249.79.4 - - [17/Jul/2025:08:10:53 -0400] "GET /?n=8011644433803&channel=eef451&from=jp.php%3Fid%3D444338-5890%26name%3DAP01+%E3%82%B9%E3%83%AD%E3%83%83%E3%83%88%E3%83%AB%E3%83%9C%E3%83%87%E3%82%A3%E3%82%A8%E3%83%B3%E3%82%B8%E3%83%B3+03L128063A%E3%80%8103L128063B%E3%80%81A3+A4+A6+C6+Q5+TT+VW+%E3%82%B4%E3%83%AB%E3%83%95%E3%81%A8%E4%BA%92 HTTP/1.1" 301 0 "-" "Mozilla/5.0 (Linux; Android 6.0.1; Nexus 5X Build/MMB29P) AppleWebKit/537.36 (KHTML, like Gecko) Chrome/137.0.7151.103 Mobile Safari/537.36 (compatible; Googlebot/2.1; +http://www.google.com/bot.html)"
66.249.79.3 - - [17/Jul/2025:08:10:59 -0400] "GET /?n=28016114387000&channel=939508&from=pin.php%3Fid%3D1143870-20268%26name%3D%E2%98%85%E2%98%85%E2%98%85%E7%99%BD%2FU-S59%2FBB3%2F%E3%82%B9%E3%83%88%E3%83%A9%E3%82%A4%E3%82%AF%E3%82%AC%E3%83%B3%E3%83%80%E3%83%A0%E2%98%85%E2%98%85%E2%98%85 HTTP/1.1" 200 29835 "-" "Mozilla/5.0 (Linux; Android 6.0.1; Nexus 5X Build/MMB29P) AppleWebKit/537.36 (KHTML, like Gecko) Chrome/137.0.7151.103 Mobile Safari/537.36 (compatible; Googlebot/2.1; +http://www.google.com/bot.html)"
66.249.79.3 - - [17/Jul/2025:08:10:59 -0400] "GET /?n=8011644433803&channel=eef451&from=jp.php%3Fid%3D444338-5890%26name%3DAP01%20%E3%82%B9%E3%83%AD%E3%83%83%E3%83%88%E3%83%AB%E3%83%9C%E3%83%87%E3%82%A3%E3%82%A8%E3%83%B3%E3%82%B8%E3%83%B3%2003L128063A%E3%80%8103L128063B%E3%80%81A3%20A4%20A6%20C6%20Q5%20TT%20VW%20%E3%82%B4%E3%83%AB%E3%83%95%E3%81%A8%E4%BA%92 HTTP/1.1" 200 29834 "-" "Mozilla/5.0 (Linux; Android 6.0.1; Nexus 5X Build/MMB29P) AppleWebKit/537.36 (KHTML, like Gecko) Chrome/137.0.7151.103 Mobile Safari/537.36 (compatible; Googlebot/2.1; +http://www.google.com/bot.html)"
66.249.79.3 - - [17/Jul/2025:08:11:06 -0400] "GET /?n=220484981612&channel=a20384&from=shop.php%3Fid%3D49816-5015%26name%3Dikkuna+suzuki+takayuki++%E3%83%AD%E3%83%B3%E3%82%B0%E3%83%AF%E3%83%B3%E3%83%94%E3%83%BC%E3%82%B9%E3%80%80%E7%99%BD%E3%80%80%E9%95%B7%E8%A2%96%E3%80%80%E8%A5%9F%E4%BB%98 HTTP/1.1" 301 0 "-" "Mozilla/5.0 (Linux; Android 6.0.1; Nexus 5X Build/MMB29P) AppleWebKit/537.36 (KHTML, like Gecko) Chrome/137.0.7151.103 Mobile Safari/537.36 (compatible; Googlebot/2.1; +http://www.google.com/bot.html)"
217.113.194.27 - - [17/Jul/2025:08:11:02 -0400] "GET /2020/09/10/colorful-cake-jars-by-shahzadi-waqar/ HTTP/1.1" 200 18374 "-" "Mozilla/5.0 (compatible; Barkrowler/0.9; +https://babbar.tech/crawler)"
66.249.68.135 - - [17/Jul/2025:08:11:08 -0400] "GET /?n=2913151381905&channel=20033b&from=shop.php%3Fid%3D513819-8655%26name%3D%E8%BB%8A%E7%94%A8%E3%83%AA%E3%82%A2%E3%83%93%E3%83%A5%E3%83%BC%E3%82%AB%E3%83%A1%E3%83%A9+%E3%83%AA%E3%83%90%E3%83%BC%E3%82%B9+%E3%83%91%E3%83%BC%E3%82%AD%E3%83%B3%E3%82%B0+%E3%83%90%E3%83%83%E3%82%AF%E3%82%A2%E3%83%83%E3%83%97+%E3%82%AB%E3%83%A1%E3%83%A9+95760C8001X3U+95760-C8001-X3U+%E7%94%A8+%E3%83%92 HTTP/1.1" 301 0 "-" "Mozilla/5.0 (Linux; Android 6.0.1; Nexus 5X Build/MMB29P) AppleWebKit/537.36 (KHTML, like Gecko) Chrome/137.0.7151.103 Mobile Safari/537.36 (compatible; Googlebot/2.1; +http://www.google.com/bot.html)"
66.249.79.3 - - [17/Jul/2025:08:11:08 -0400] "GET /?n=64499155561200&channel=c6577a&from=form.php%3Fid%3D1555612-2752%26name%3D%E3%83%8D%E3%83%83%E3%82%AF%E3%83%AC%E3%82%B9 HTTP/1.1" 200 29835 "-" "Mozilla/5.0 (Linux; Android 6.0.1; Nexus 5X Build/MMB29P) AppleWebKit/537.36 (KHTML, like Gecko) Chrome/137.0.7151.103 Mobile Safari/537.36 (compatible; Googlebot/2.1; +http://www.google.com/bot.html)"
66.249.79.3 - - [17/Jul/2025:08:11:11 -0400] "GET /?n=220484981612&channel=a20384&from=shop.php%3Fid%3D49816-5015%26name%3Dikkuna%20suzuki%20takayuki%20%20%E3%83%AD%E3%83%B3%E3%82%B0%E3%83%AF%E3%83%B3%E3%83%94%E3%83%BC%E3%82%B9%E3%80%80%E7%99%BD%E3%80%80%E9%95%B7%E8%A2%96%E3%80%80%E8%A5%9F%E4%BB%98 HTTP/1.1" 200 29837 "-" "Mozilla/5.0 (Linux; Android 6.0.1; Nexus 5X Build/MMB29P) AppleWebKit/537.36 (KHTML, like Gecko) Chrome/137.0.7151.103 Mobile Safari/537.36 (compatible; Googlebot/2.1; +http://www.google.com/bot.html)"
66.249.79.3 - - [17/Jul/2025:08:11:14 -0400] "GET /?n=2913151381905&channel=20033b&from=shop.php%3Fid%3D513819-8655%26name%3D%E8%BB%8A%E7%94%A8%E3%83%AA%E3%82%A2%E3%83%93%E3%83%A5%E3%83%BC%E3%82%AB%E3%83%A1%E3%83%A9%20%E3%83%AA%E3%83%90%E3%83%BC%E3%82%B9%20%E3%83%91%E3%83%BC%E3%82%AD%E3%83%B3%E3%82%B0%20%E3%83%90%E3%83%83%E3%82%AF%E3%82%A2%E3%83%83%E3%83%97%20%E3%82%AB%E3%83%A1%E3%83%A9%2095760C8001X3U%2095760-C8001-X3U%20%E7%94%A8%20%E3%83%92 HTTP/1.1" 200 29830 "-" "Mozilla/5.0 (Linux; Android 6.0.1; Nexus 5X Build/MMB29P) AppleWebKit/537.36 (KHTML, like Gecko) Chrome/137.0.7151.103 Mobile Safari/537.36 (compatible; Googlebot/2.1; +http://www.google.com/bot.html)"
63.250.38.117 - - [17/Jul/2025:08:11:25 -0400] "POST /wp-cron.php?doing_wp_cron=1752754285.4074900150299072265625 HTTP/1.1" 403 1242 "-" "WordPress/6.8.1; https://fnf.group"
66.249.79.3 - - [17/Jul/2025:08:11:23 -0400] "GET /?n=41402133724803&channel=b7058e&from=form.php%3Fid%3D1337248-11876%26name%3D%E9%9B%BB%E5%8B%95%E3%83%AB%E3%82%A2%E3%83%BC+%E3%82%B8%E3%83%A7%E3%82%A4%E3%83%B3%E3%83%88%E3%83%AB%E3%82%A2%E3%83%BC+%E9%87%A3%E3%82%8A+%E3%83%AB%E3%82%A2%E3%83%BC+%E3%83%9F%E3%83%8E%E3%83%BC%E3%83%97%E3%83%A9%E3%82%B0+%E9%9D%A2%E7%99%BD%E3%83%AB%E3%82%A2%E3%83%BC+%E9%87%A3%E3%82%8A%E9%A4%8C+%E3%83%AA%E3%82%A2%E3%83%AB+%E3%82%B7%E3%83%A7%E3%82%A2%E3%82%B8%E3%82%B0+%E3%83%96%E3%83%A9%E3%83%83%E3%82%AF%E3%83%90%E3%82%B9+%E3%82%B7%E3%83%BC%E3%83%90%E3%82%B9+%E9%87%A3%E3%82%8A%E9%81%93%E5%85%B7+%E3%82%86%E3%81%86%E3%83%91%E3%82%B1%E3%83%83%E3%83%883 HTTP/1.1" 301 0 "-" "Mozilla/5.0 (Linux; Android 6.0.1; Nexus 5X Build/MMB29P) AppleWebKit/537.36 (KHTML, like Gecko) Chrome/137.0.7151.103 Mobile Safari/537.36 (compatible; Googlebot/2.1; +http://www.google.com/bot.html)"
66.249.79.3 - - [17/Jul/2025:08:11:25 -0400] "GET /?n=41402133724803&channel=b7058e&from=form.php%3Fid%3D1337248-11876%26name%3D%E9%9B%BB%E5%8B%95%E3%83%AB%E3%82%A2%E3%83%BC%20%E3%82%B8%E3%83%A7%E3%82%A4%E3%83%B3%E3%83%88%E3%83%AB%E3%82%A2%E3%83%BC%20%E9%87%A3%E3%82%8A%20%E3%83%AB%E3%82%A2%E3%83%BC%20%E3%83%9F%E3%83%8E%E3%83%BC%E3%83%97%E3%83%A9%E3%82%B0%20%E9%9D%A2%E7%99%BD%E3%83%AB%E3%82%A2%E3%83%BC%20%E9%87%A3%E3%82%8A%E9%A4%8C%20%E3%83%AA%E3%82%A2%E3%83%AB%20%E3%82%B7%E3%83%A7%E3%82%A2%E3%82%B8%E3%82%B0%20%E3%83%96%E3%83%A9%E3%83%83%E3%82%AF%E3%83%90%E3%82%B9%20%E3%82%B7%E3%83%BC%E3%83%90%E3%82%B9%20%E9%87%A3%E3%82%8A%E9%81%93%E5%85%B7%20%E3%82%86%E3%81%86%E3%83%91%E3%82%B1%E3%83%83%E3%83%883 HTTP/1.1" 200 29830 "-" "Mozilla/5.0 (Linux; Android 6.0.1; Nexus 5X Build/MMB29P) AppleWebKit/537.36 (KHTML, like Gecko) Chrome/137.0.7151.103 Mobile Safari/537.36 (compatible; Googlebot/2.1; +http://www.google.com/bot.html)"
217.113.194.27 - - [17/Jul/2025:08:11:27 -0400] "GET /2020/12/15/khalifa-naan-khatai-by-rubina-naim/ HTTP/1.1" 200 18070 "-" "Mozilla/5.0 (compatible; Barkrowler/0.9; +https://babbar.tech/crawler)"
217.113.194.27 - - [17/Jul/2025:08:11:46 -0400] "GET /2020/09/01/aaloo-chicken-cutlets-by-fariha-bilal/ HTTP/1.1" 200 18112 "-" "Mozilla/5.0 (compatible; Barkrowler/0.9; +https://babbar.tech/crawler)"
66.249.79.3 - - [17/Jul/2025:08:11:52 -0400] "GET /?n=88570154421813&channel=aac08c&from=pin.php%3Fid%3D1544218-9101%26name%3D%E5%BA%A7%E5%B8%83%E5%9B%A3+%E3%82%B7%E3%83%BC%E3%83%88%E3%82%AF%E3%83%83%E3%82%B7%E3%83%A7%E3%83%B3+%E5%8C%97%E6%AC%A7+%E3%82%B9%E3%82%A6%E3%82%A7%E3%83%83%E3%83%88+%E3%83%95%E3%83%AD%E3%82%A2%E3%82%AF%E3%83%83%E3%82%B7%E3%83%A7%E3%83%B3+%E6%AD%A3%E6%96%B9%E5%BD%A2%E3%82%BF%E3%82%A4%E3%83%97+%E3%82%AF%E3%83%83%E3%82%B7%E3%83%A7%E3%83%B3+%E3%83%81%E3%82%A7%E3%82%A2%E3%83%91%E3%83%83%E3%83%89+%E9%AB%98%E5%8F%8D%E7%99%BA+%E5%BA%A7%E3%82%8A%E4%BB%95%E4%BA%8B+%E5%8E%9A%E3%81%84+%E6%9F%94%E3%82%89%E3%81%8B%E3%81%84+%E6%A4%85%E5%AD%90 HTTP/1.1" 301 0 "-" "Mozilla/5.0 (Linux; Android 6.0.1; Nexus 5X Build/MMB29P) AppleWebKit/537.36 (KHTML, like Gecko) Chrome/137.0.7151.103 Mobile Safari/537.36 (compatible; Googlebot/2.1; +http://www.google.com/bot.html)"
66.249.79.3 - - [17/Jul/2025:08:11:56 -0400] "GET /?n=88570154421813&channel=aac08c&from=pin.php%3Fid%3D1544218-9101%26name%3D%E5%BA%A7%E5%B8%83%E5%9B%A3%20%E3%82%B7%E3%83%BC%E3%83%88%E3%82%AF%E3%83%83%E3%82%B7%E3%83%A7%E3%83%B3%20%E5%8C%97%E6%AC%A7%20%E3%82%B9%E3%82%A6%E3%82%A7%E3%83%83%E3%83%88%20%E3%83%95%E3%83%AD%E3%82%A2%E3%82%AF%E3%83%83%E3%82%B7%E3%83%A7%E3%83%B3%20%E6%AD%A3%E6%96%B9%E5%BD%A2%E3%82%BF%E3%82%A4%E3%83%97%20%E3%82%AF%E3%83%83%E3%82%B7%E3%83%A7%E3%83%B3%20%E3%83%81%E3%82%A7%E3%82%A2%E3%83%91%E3%83%83%E3%83%89%20%E9%AB%98%E5%8F%8D%E7%99%BA%20%E5%BA%A7%E3%82%8A%E4%BB%95%E4%BA%8B%20%E5%8E%9A%E3%81%84%20%E6%9F%94%E3%82%89%E3%81%8B%E3%81%84%20%E6%A4%85%E5%AD%90 HTTP/1.1" 200 29825 "-" "Mozilla/5.0 (Linux; Android 6.0.1; Nexus 5X Build/MMB29P) AppleWebKit/537.36 (KHTML, like Gecko) Chrome/137.0.7151.103 Mobile Safari/537.36 (compatible; Googlebot/2.1; +http://www.google.com/bot.html)"
217.113.194.22 - - [17/Jul/2025:08:12:09 -0400] "GET /2020/12/18/laasi-wala-saag-by-shahzadi-waqar/ HTTP/1.1" 200 18101 "-" "Mozilla/5.0 (compatible; Barkrowler/0.9; +https://babbar.tech/crawler)"
66.249.68.136 - - [17/Jul/2025:08:12:22 -0400] "GET /?n=77957121405200&channel=119150&from=article.php%3Fid%3D1214052-25413%26name%3D%E5%A4%9A%E6%A9%9F%E7%A8%AE%E5%AF%BE%E5%BF%9C+%E6%89%8B%E5%B8%B3%E5%9E%8B+%E3%82%B9%E3%83%9E%E3%83%9B+%E3%82%B1%E3%83%BC%E3%82%B9+%E3%82%AB%E3%83%90%E3%83%BC+iPhone16+AQUOS+Galaxy+Xperia+%E7%B4%AB%E7%B7%9A+%E3%82%B7%E3%83%B3%E3%83%97%E3%83%AB+%E3%83%94%E3%83%B3%E3%82%AF HTTP/1.1" 301 0 "-" "Mozilla/5.0 (Linux; Android 6.0.1; Nexus 5X Build/MMB29P) AppleWebKit/537.36 (KHTML, like Gecko) Chrome/137.0.7151.103 Mobile Safari/537.36 (compatible; Googlebot/2.1; +http://www.google.com/bot.html)"
63.250.38.117 - - [17/Jul/2025:08:12:26 -0400] "POST /wp-cron.php?doing_wp_cron=1752754346.7000660896301269531250 HTTP/1.1" 403 1242 "-" "WordPress/6.8.1; https://fnf.group"
66.249.79.3 - - [17/Jul/2025:08:12:24 -0400] "GET /?n=77957121405200&channel=119150&from=article.php%3Fid%3D1214052-25413%26name%3D%E5%A4%9A%E6%A9%9F%E7%A8%AE%E5%AF%BE%E5%BF%9C%20%E6%89%8B%E5%B8%B3%E5%9E%8B%20%E3%82%B9%E3%83%9E%E3%83%9B%20%E3%82%B1%E3%83%BC%E3%82%B9%20%E3%82%AB%E3%83%90%E3%83%BC%20iPhone16%20AQUOS%20Galaxy%20Xperia%20%E7%B4%AB%E7%B7%9A%20%E3%82%B7%E3%83%B3%E3%83%97%E3%83%AB%20%E3%83%94%E3%83%B3%E3%82%AF HTTP/1.1" 200 29834 "-" "Mozilla/5.0 (Linux; Android 6.0.1; Nexus 5X Build/MMB29P) AppleWebKit/537.36 (KHTML, like Gecko) Chrome/137.0.7151.103 Mobile Safari/537.36 (compatible; Googlebot/2.1; +http://www.google.com/bot.html)"
66.249.79.5 - - [17/Jul/2025:08:12:28 -0400] "GET /?n=9808054843400&channel=41ac16&from=news.php%3Fid%3D548434-15724%26name%3D%E3%82%B7%E3%83%BC%E3%83%94%E3%83%BC%E5%8C%96%E6%88%90%28CP+Chemical%29+%E4%BD%BF%E3%81%84%E6%8D%A8%E3%81%A6%E5%AF%BF%E5%8F%B8%E5%AE%B9%E5%99%A8+%EF%BC%B3%EF%BC%A6%E5%BC%93%E6%A1%B6%EF%BC%93%EF%BC%88%E7%A3%AF%E9%A2%A8%EF%BC%89%E6%9C%AC%E4%BD%93+%E3%80%90200%E6%9E%9A%E3%80%91+%E3%82%B7%E3%83%BC%E3%83%94%E3%83%BC%E5%8C%96%E6%88%90+%E6%A5%AD%E5%8B%99%E7%94%A8+%E3%83%86%E3%82%A4%E3%82%AF%E3%82%A2%E3%82%A6%E3%83%88 HTTP/1.1" 301 0 "-" "Mozilla/5.0 (Linux; Android 6.0.1; Nexus 5X Build/MMB29P) AppleWebKit/537.36 (KHTML, like Gecko) Chrome/137.0.7151.103 Mobile Safari/537.36 (compatible; Googlebot/2.1; +http://www.google.com/bot.html)"
217.113.194.22 - - [17/Jul/2025:08:12:28 -0400] "GET /2020/12/18/chicken-tikka-karahi-by-shahzadi-waqar/ HTTP/1.1" 200 18103 "-" "Mozilla/5.0 (compatible; Barkrowler/0.9; +https://babbar.tech/crawler)"
114.119.154.189 - - [17/Jul/2025:08:12:33 -0400] "GET /tag/turkish-pide HTTP/1.1" 301 0 "https://fnf.group/2020/08/04/turkish-pide-by-zoha-omer" "Mozilla/5.0 (Linux; Android 7.0;) AppleWebKit/537.36 (KHTML, like Gecko) Mobile Safari/537.36 (compatible; PetalBot;+https://webmaster.petalsearch.com/site/petalbot)"
66.249.79.3 - - [17/Jul/2025:08:12:31 -0400] "GET /?n=9808054843400&channel=41ac16&from=news.php%3Fid%3D548434-15724%26name%3D%E3%82%B7%E3%83%BC%E3%83%94%E3%83%BC%E5%8C%96%E6%88%90%28CP%20Chemical%29%20%E4%BD%BF%E3%81%84%E6%8D%A8%E3%81%A6%E5%AF%BF%E5%8F%B8%E5%AE%B9%E5%99%A8%20%EF%BC%B3%EF%BC%A6%E5%BC%93%E6%A1%B6%EF%BC%93%EF%BC%88%E7%A3%AF%E9%A2%A8%EF%BC%89%E6%9C%AC%E4%BD%93%20%E3%80%90200%E6%9E%9A%E3%80%91%20%E3%82%B7%E3%83%BC%E3%83%94%E3%83%BC%E5%8C%96%E6%88%90%20%E6%A5%AD%E5%8B%99%E7%94%A8%20%E3%83%86%E3%82%A4%E3%82%AF%E3%82%A2%E3%82%A6%E3%83%88 HTTP/1.1" 200 29830 "-" "Mozilla/5.0 (Linux; Android 6.0.1; Nexus 5X Build/MMB29P) AppleWebKit/537.36 (KHTML, like Gecko) Chrome/137.0.7151.103 Mobile Safari/537.36 (compatible; Googlebot/2.1; +http://www.google.com/bot.html)"
114.119.154.189 - - [17/Jul/2025:08:12:38 -0400] "GET /tag/turkish-pide/ HTTP/1.1" 200 14147 "https://fnf.group/2020/08/04/turkish-pide-by-zoha-omer" "Mozilla/5.0 (Linux; Android 7.0;) AppleWebKit/537.36 (KHTML, like Gecko) Mobile Safari/537.36 (compatible; PetalBot;+https://webmaster.petalsearch.com/site/petalbot)"
217.113.194.22 - - [17/Jul/2025:08:12:50 -0400] "GET /2025/07/07/lucky-bush-tusentals-spel-3000-freespins-2025/ HTTP/1.1" 200 27546 "-" "Mozilla/5.0 (compatible; Barkrowler/0.9; +https://babbar.tech/crawler)"
217.113.194.26 - - [17/Jul/2025:08:13:10 -0400] "GET /2025/06/25/glory-casino-bangladesh-a-premier-system-with-a-100-bonus-2/ HTTP/1.1" 200 27475 "-" "Mozilla/5.0 (compatible; Barkrowler/0.9; +https://babbar.tech/crawler)"
66.249.79.5 - - [17/Jul/2025:08:13:24 -0400] "GET /?n=7278533971206&channel=0e3900&from=shared.php%3Fid%3D339712-1452%26name%3D%E3%83%A1%E3%83%B3%E3%82%BA%EF%BC%86%E3%82%A6%E3%82%A3%E3%83%A1%E3%83%B3%E3%82%BA%E3%83%88%E3%82%A4%E3%83%AC%E3%82%B5%E3%82%A4%E3%83%B3%E3%80%81%E3%83%90%E3%82%B9%E3%83%AB%E3%83%BC%E3%83%A0%E3%83%89%E3%82%A2%E3%82%B5%E3%82%A4%E3%83%B3%2F%E3%83%97%E3%83%A9%E3%82%AB%E3%83%BC%E3%83%89%E3%80%81%E3%83%9F%E3%83%8B%E3%83%9E%E3%83%AA%E3%82%B9%E3%83%88%E3%82%A2%E3%83%AB%E3%83%9F%E3%83%89%E3%82%A2%E3%82%B5%E3%82%A4%E3%83%B3%E3%80%81%E8%A9%A6%E7%9D%80%E5%AE%A4%E8%A1%A8%E7%A4%BA%E3%82%B5%E3%82%A4%E3%83%B3%E3%80%81%E5%96%B6%E6%A5%AD%E6%89%80%EF%BC%86%E3%83%AC%E3%82%B9%E3%83%88%E3%83%A9%E3%83%B3 HTTP/1.1" 200 29832 "-" "Mozilla/5.0 (Linux; Android 6.0.1; Nexus 5X Build/MMB29P) AppleWebKit/537.36 (KHTML, like Gecko) Chrome/137.0.7151.103 Mobile Safari/537.36 (compatible; Googlebot/2.1; +http://www.google.com/bot.html)"
63.250.38.117 - - [17/Jul/2025:08:13:30 -0400] "POST /wp-cron.php?doing_wp_cron=1752754410.0917589664459228515625 HTTP/1.1" 403 1242 "-" "WordPress/6.8.1; https://fnf.group"
66.249.79.3 - - [17/Jul/2025:08:13:27 -0400] "GET /?n=8848944094105&channel=c1a653&from=shop.php%3Fid%3D440941-8399%26name%3D%E3%83%86%E3%83%BC%E3%83%AB%E3%83%A9%E3%82%A4%E3%83%88+MT09+%E3%82%AA%E3%83%BC%E3%83%88%E3%83%90%E3%82%A4%E3%83%96%E3%83%AC%E3%83%BC%E3%82%AD%E3%82%BF%E3%83%BC%E3%83%B3%E3%82%B7%E3%82%B0%E3%83%8A%E3%83%AB%E7%B5%B1%E5%90%88%E3%83%86%E3%83%BC%E3%83%AB%E3%83%A9%E3%82%A4%E3%83%88%E3%83%AA%E3%82%A2+LED+%E3%80%81%E3%83%A4%E3%83%9E%E3%83%8F+MT-09+MT+09+FZ09+F HTTP/1.1" 301 0 "-" "Mozilla/5.0 (Linux; Android 6.0.1; Nexus 5X Build/MMB29P) AppleWebKit/537.36 (KHTML, like Gecko) Chrome/137.0.7151.103 Mobile Safari/537.36 (compatible; Googlebot/2.1; +http://www.google.com/bot.html)"
66.249.79.3 - - [17/Jul/2025:08:13:30 -0400] "GET /?n=8848944094105&channel=c1a653&from=shop.php%3Fid%3D440941-8399%26name%3D%E3%83%86%E3%83%BC%E3%83%AB%E3%83%A9%E3%82%A4%E3%83%88%20MT09%20%E3%82%AA%E3%83%BC%E3%83%88%E3%83%90%E3%82%A4%E3%83%96%E3%83%AC%E3%83%BC%E3%82%AD%E3%82%BF%E3%83%BC%E3%83%B3%E3%82%B7%E3%82%B0%E3%83%8A%E3%83%AB%E7%B5%B1%E5%90%88%E3%83%86%E3%83%BC%E3%83%AB%E3%83%A9%E3%82%A4%E3%83%88%E3%83%AA%E3%82%A2%20LED%20%E3%80%81%E3%83%A4%E3%83%9E%E3%83%8F%20MT-09%20MT%2009%20FZ09%20F HTTP/1.1" 200 29833 "-" "Mozilla/5.0 (Linux; Android 6.0.1; Nexus 5X Build/MMB29P) AppleWebKit/537.36 (KHTML, like Gecko) Chrome/137.0.7151.103 Mobile Safari/537.36 (compatible; Googlebot/2.1; +http://www.google.com/bot.html)"
217.113.194.31 - - [17/Jul/2025:08:13:31 -0400] "GET /2025/06/24/mostbet-skachat-kak-izbezhat-moshennikov/ HTTP/1.1" 200 19522 "-" "Mozilla/5.0 (compatible; Barkrowler/0.9; +https://babbar.tech/crawler)"
66.249.79.3 - - [17/Jul/2025:08:13:42 -0400] "GET /?n=2323854965803&channel=4d9dce&from=article.php%3Fid%3D549658-4101%26name%3D%E3%83%90%E3%82%A4%E3%82%AF%E7%87%83%E6%96%99%E3%82%AD%E3%83%A3%E3%83%83%E3%83%97+%E5%B7%9D%E5%B4%8E%E7%94%A8+ER6N+ER6F+ER-6N+2009-2023+%E3%82%AD%E3%83%BC%E3%83%AC%E3%82%B9+%E3%82%AA%E3%83%BC%E3%83%88%E3%83%90%E3%82%A4%E7%87%83%E6%96%99%E3%82%AC%E3%82%B9%E3%82%BF%E3%83%B3%E3%82%AF%E3%82%AD%E3%83%A3%E3%83%83%E3%83%97%E3%82%AB%E3%83%90%E3%83%BC+%E3%82%AC HTTP/1.1" 301 0 "-" "Mozilla/5.0 (Linux; Android 6.0.1; Nexus 5X Build/MMB29P) AppleWebKit/537.36 (KHTML, like Gecko) Chrome/137.0.7151.103 Mobile Safari/537.36 (compatible; Googlebot/2.1; +http://www.google.com/bot.html)"
66.249.79.3 - - [17/Jul/2025:08:13:45 -0400] "GET /?n=2323854965803&channel=4d9dce&from=article.php%3Fid%3D549658-4101%26name%3D%E3%83%90%E3%82%A4%E3%82%AF%E7%87%83%E6%96%99%E3%82%AD%E3%83%A3%E3%83%83%E3%83%97%20%E5%B7%9D%E5%B4%8E%E7%94%A8%20ER6N%20ER6F%20ER-6N%202009-2023%20%E3%82%AD%E3%83%BC%E3%83%AC%E3%82%B9%20%E3%82%AA%E3%83%BC%E3%83%88%E3%83%90%E3%82%A4%E7%87%83%E6%96%99%E3%82%AC%E3%82%B9%E3%82%BF%E3%83%B3%E3%82%AF%E3%82%AD%E3%83%A3%E3%83%83%E3%83%97%E3%82%AB%E3%83%90%E3%83%BC%20%E3%82%AC HTTP/1.1" 200 29836 "-" "Mozilla/5.0 (Linux; Android 6.0.1; Nexus 5X Build/MMB29P) AppleWebKit/537.36 (KHTML, like Gecko) Chrome/137.0.7151.103 Mobile Safari/537.36 (compatible; Googlebot/2.1; +http://www.google.com/bot.html)"
217.113.194.243 - - [17/Jul/2025:08:13:53 -0400] "GET /2025/06/24/free-blackjack-games-the-ultimate-overview-to-playing-online/ HTTP/1.1" 200 19840 "-" "Mozilla/5.0 (compatible; Barkrowler/0.9; +https://babbar.tech/crawler)"
114.119.154.189 - - [17/Jul/2025:08:13:54 -0400] "GET /tag/murgh-handi HTTP/1.1" 301 0 "http://fnf.group/2020/12/13/malai-murgh-handi-by-hiba-imran/" "Mozilla/5.0 (Linux; Android 7.0;) AppleWebKit/537.36 (KHTML, like Gecko) Mobile Safari/537.36 (compatible; PetalBot;+https://webmaster.petalsearch.com/site/petalbot)"
66.249.79.3 - - [17/Jul/2025:08:13:57 -0400] "GET /?n=00972161880800&channel=5d21c8&from=product.php%3Fid%3D1618808-24496%26name%3D%E3%83%98%E3%82%A2%E3%82%B4%E3%83%A0%E2%98%85%E3%83%98%E3%82%A2%E3%83%9D%E3%83%8B%E3%83%BC+%E3%83%98%E3%82%A2%E3%82%A2%E3%82%AF%E3%82%BB%E3%82%B5%E3%83%AA%E3%83%BC+No.a801 HTTP/1.1" 301 0 "-" "Mozilla/5.0 (Linux; Android 6.0.1; Nexus 5X Build/MMB29P) AppleWebKit/537.36 (KHTML, like Gecko) Chrome/137.0.7151.103 Mobile Safari/537.36 (compatible; Googlebot/2.1; +http://www.google.com/bot.html)"
114.119.154.189 - - [17/Jul/2025:08:13:58 -0400] "GET /tag/murgh-handi/ HTTP/1.1" 200 14190 "http://fnf.group/2020/12/13/malai-murgh-handi-by-hiba-imran/" "Mozilla/5.0 (Linux; Android 7.0;) AppleWebKit/537.36 (KHTML, like Gecko) Mobile Safari/537.36 (compatible; PetalBot;+https://webmaster.petalsearch.com/site/petalbot)"
66.249.79.3 - - [17/Jul/2025:08:14:01 -0400] "GET /?n=00972161880800&channel=5d21c8&from=product.php%3Fid%3D1618808-24496%26name%3D%E3%83%98%E3%82%A2%E3%82%B4%E3%83%A0%E2%98%85%E3%83%98%E3%82%A2%E3%83%9D%E3%83%8B%E3%83%BC%20%E3%83%98%E3%82%A2%E3%82%A2%E3%82%AF%E3%82%BB%E3%82%B5%E3%83%AA%E3%83%BC%20No.a801 HTTP/1.1" 200 29833 "-" "Mozilla/5.0 (Linux; Android 6.0.1; Nexus 5X Build/MMB29P) AppleWebKit/537.36 (KHTML, like Gecko) Chrome/137.0.7151.103 Mobile Safari/537.36 (compatible; Googlebot/2.1; +http://www.google.com/bot.html)"
217.113.194.26 - - [17/Jul/2025:08:14:14 -0400] "GET /2025/07/08/hesabiniza-ve-kayit-ekranina-erisin/ HTTP/1.1" 200 27190 "-" "Mozilla/5.0 (compatible; Barkrowler/0.9; +https://babbar.tech/crawler)"
63.250.38.117 - - [17/Jul/2025:08:14:36 -0400] "POST /wp-cron.php?doing_wp_cron=1752754476.3138160705566406250000 HTTP/1.1" 403 1242 "-" "WordPress/6.8.1; https://fnf.group"
217.113.194.31 - - [17/Jul/2025:08:14:34 -0400] "GET /2025/06/30/betting-organization-mostbet-app-on-the-web-sports-betting/feed/ HTTP/1.1" 200 541 "-" "Mozilla/5.0 (compatible; Barkrowler/0.9; +https://babbar.tech/crawler)"
66.249.68.135 - - [17/Jul/2025:08:14:43 -0400] "GET /?n=0812415140502&channel=d1c4cd&from=product.php%3Fid%3D151405-7817%26name%3D%E3%82%A2%E3%82%A6%E3%83%87%E3%82%A3+Q5+2018-2022%EF%BD%9E%E7%8F%BE%E8%A1%8C%E3%81%AB%E9%81%A9%E7%94%A8%E8%BB%8A%E4%B8%AD%E6%B3%8A%E3%83%9E%E3%83%83%E3%83%88%E3%82%A8%E3%82%A2%E3%83%BC%E3%83%9E%E3%83%83%E3%83%88%E5%BE%8C%E9%83%A8%E5%BA%A7%E5%B8%AD+%E8%BB%8A%E8%BC%89%E3%82%A8%E3%82%A2%E3%83%BC%E3%83%99%E3%83%83%E3%83%89+%E8%BB%8A+%E3%83%99%E3%83%83%E3%83%89+%E3%82%A8%E3%82%A2%E3%83%BC%E3%83%9E%E3%83%83%E3%83%88+%E6%8A%98%E7%95%B3%E3%81%BF%E5%BC%8F HTTP/1.1" 301 0 "-" "Mozilla/5.0 (Linux; Android 6.0.1; Nexus 5X Build/MMB29P) AppleWebKit/537.36 (KHTML, like Gecko) Chrome/137.0.7151.103 Mobile Safari/537.36 (compatible; Googlebot/2.1; +http://www.google.com/bot.html)"
66.249.79.3 - - [17/Jul/2025:08:14:46 -0400] "GET /?n=0812415140502&channel=d1c4cd&from=product.php%3Fid%3D151405-7817%26name%3D%E3%82%A2%E3%82%A6%E3%83%87%E3%82%A3%20Q5%202018-2022%EF%BD%9E%E7%8F%BE%E8%A1%8C%E3%81%AB%E9%81%A9%E7%94%A8%E8%BB%8A%E4%B8%AD%E6%B3%8A%E3%83%9E%E3%83%83%E3%83%88%E3%82%A8%E3%82%A2%E3%83%BC%E3%83%9E%E3%83%83%E3%83%88%E5%BE%8C%E9%83%A8%E5%BA%A7%E5%B8%AD%20%E8%BB%8A%E8%BC%89%E3%82%A8%E3%82%A2%E3%83%BC%E3%83%99%E3%83%83%E3%83%89%20%E8%BB%8A%20%E3%83%99%E3%83%83%E3%83%89%20%E3%82%A8%E3%82%A2%E3%83%BC%E3%83%9E%E3%83%83%E3%83%88%20%E6%8A%98%E7%95%B3%E3%81%BF%E5%BC%8F HTTP/1.1" 200 29814 "-" "Mozilla/5.0 (Linux; Android 6.0.1; Nexus 5X Build/MMB29P) AppleWebKit/537.36 (KHTML, like Gecko) Chrome/137.0.7151.103 Mobile Safari/537.36 (compatible; Googlebot/2.1; +http://www.google.com/bot.html)"
217.113.194.28 - - [17/Jul/2025:08:14:53 -0400] "GET /2025/06/30/obtain-22bet-app-intended-for-android-ios/feed/ HTTP/1.1" 200 549 "-" "Mozilla/5.0 (compatible; Barkrowler/0.9; +https://babbar.tech/crawler)"
66.249.68.135 - - [17/Jul/2025:08:14:58 -0400] "GET /?n=7216817403602&channel=b32f98&from=blog.php%3Fid%3D174036-6364%26name%3D3PCS+GR%E3%82%B9%E3%82%BF%E3%82%A4%E3%83%AB+%E3%83%9B%E3%83%B3%E3%83%80%E3%82%B7%E3%83%93%E3%83%83%E3%82%AF+2016-2021+10%E4%B8%96%E4%BB%A3+FK7+%E3%83%8F%E3%83%83%E3%83%81%E3%83%90%E3%83%83%E3%82%AF+SI+2+4%E3%83%89%E3%82%A2+%E3%82%AB%E3%83%BC%E3%83%95%E3%83%AD%E3%83%B3%E3%83%88%E3%83%90%E3%83%B3%E3%83%91%E3%83%BC%E3%82%B9 HTTP/1.1" 301 0 "-" "Mozilla/5.0 (Linux; Android 6.0.1; Nexus 5X Build/MMB29P) AppleWebKit/537.36 (KHTML, like Gecko) Chrome/137.0.7151.103 Mobile Safari/537.36 (compatible; Googlebot/2.1; +http://www.google.com/bot.html)"
66.249.79.5 - - [17/Jul/2025:08:15:01 -0400] "GET /?n=7216817403602&channel=b32f98&from=blog.php%3Fid%3D174036-6364%26name%3D3PCS%20GR%E3%82%B9%E3%82%BF%E3%82%A4%E3%83%AB%20%E3%83%9B%E3%83%B3%E3%83%80%E3%82%B7%E3%83%93%E3%83%83%E3%82%AF%202016-2021%2010%E4%B8%96%E4%BB%A3%20FK7%20%E3%83%8F%E3%83%83%E3%83%81%E3%83%90%E3%83%83%E3%82%AF%20SI%202%204%E3%83%89%E3%82%A2%20%E3%82%AB%E3%83%BC%E3%83%95%E3%83%AD%E3%83%B3%E3%83%88%E3%83%90%E3%83%B3%E3%83%91%E3%83%BC%E3%82%B9 HTTP/1.1" 200 29830 "-" "Mozilla/5.0 (Linux; Android 6.0.1; Nexus 5X Build/MMB29P) AppleWebKit/537.36 (KHTML, like Gecko) Chrome/137.0.7151.103 Mobile Safari/537.36 (compatible; Googlebot/2.1; +http://www.google.com/bot.html)"
217.113.194.27 - - [17/Jul/2025:08:15:12 -0400] "GET /2025/07/02/ozwin-casino-down-under-play-aussie-pokies-win/feed/ HTTP/1.1" 200 561 "-" "Mozilla/5.0 (compatible; Barkrowler/0.9; +https://babbar.tech/crawler)"
114.119.137.28 - - [17/Jul/2025:08:15:17 -0400] "GET /tag/mandi/ HTTP/1.1" 200 14286 "http://fnf.group/tag/mandi" "Mozilla/5.0 (Linux; Android 7.0;) AppleWebKit/537.36 (KHTML, like Gecko) Mobile Safari/537.36 (compatible; PetalBot;+https://webmaster.petalsearch.com/site/petalbot)"
66.249.79.3 - - [17/Jul/2025:08:15:19 -0400] "GET /?n=3217170347203&channel=777f95&from=form.php%3Fid%3D703472-17572%26name%3D%E6%B5%B4%E5%AE%A4%E9%98%B2%E6%B0%B4%E3%82%B7%E3%83%A3%E3%83%AF%E3%83%BC%E3%82%AB%E3%83%BC%E3%83%86%E3%83%B3%E3%80%81%E6%B5%B4%E5%AE%A4%E5%90%8A%E3%82%8A%E4%B8%8B%E3%81%92%E3%82%AB%E3%83%BC%E3%83%86%E3%83%B3%E3%80%81%E3%83%91%E3%83%BC%E3%83%86%E3%82%A3%E3%82%B7%E3%83%A7%E3%83%B3%E3%83%89%E3%82%A2%E3%82%AB%E3%83%BC%E3%83%86%E3%83%B3%E3%80%81%E3%83%90%E3%82%B9%E3%83%AB%E3%83%BC%E3%83%A0%E3%82%84%E5%AF%9D%E5%AE%A4%E3%81%AB%E9%81%A9%E3%81%97%E3%81%A6%E3%81%84%E3%81%BE%E3%81%99%E3%80%82 HTTP/1.1" 200 29825 "-" "Mozilla/5.0 (Linux; Android 6.0.1; Nexus 5X Build/MMB29P) AppleWebKit/537.36 (KHTML, like Gecko) Chrome/137.0.7151.103 Mobile Safari/537.36 (compatible; Googlebot/2.1; +http://www.google.com/bot.html)"
63.250.38.117 - - [17/Jul/2025:08:15:36 -0400] "POST /wp-cron.php?doing_wp_cron=1752754536.3821299076080322265625 HTTP/1.1" 403 1242 "-" "WordPress/6.8.1; https://fnf.group"
217.113.194.28 - - [17/Jul/2025:08:15:31 -0400] "GET /2025/07/02/online-casino-24-beste-online-casinos-throughout-nederland-2025/ HTTP/1.1" 200 26132 "-" "Mozilla/5.0 (compatible; Barkrowler/0.9; +https://babbar.tech/crawler)"
66.249.79.3 - - [17/Jul/2025:08:15:41 -0400] "GET /?n=24670159713100&channel=0d79d6&from=news.php%3Fid%3D1597131-14273%26name%3D%E3%82%B3%E3%83%BC%E3%82%B8%E3%83%BC+%E3%82%B7%E3%83%BC%E3%83%88+CB400SF%2FSB%E7%94%A8+%E3%83%87%E3%82%A3%E3%83%B3%E3%83%97%E3%83%AB%E3%83%A1%E3%83%83%E3%82%B7%E3%83%A5+%E3%83%96%E3%83%A9%E3%83%83%E3%82%AF HTTP/1.1" 301 0 "-" "Mozilla/5.0 (Linux; Android 6.0.1; Nexus 5X Build/MMB29P) AppleWebKit/537.36 (KHTML, like Gecko) Chrome/137.0.7151.103 Mobile Safari/537.36 (compatible; Googlebot/2.1; +http://www.google.com/bot.html)"
213.209.150.137 - - [17/Jul/2025:08:15:40 -0400] "POST /wp-login.php?action=register HTTP/1.1" 302 0 "-" "-"
66.249.79.3 - - [17/Jul/2025:08:15:49 -0400] "GET /?n=9879988452702&channel=d43603&from=product.php%3Fid%3D884527-9201%26name%3D%E6%A5%BD%E5%99%A8%E3%82%A2%E3%82%AF%E3%82%BB%E3%82%B5%E3%83%AA%E3%83%BC+%E3%83%89%E3%83%A9%E3%83%A0%E3%83%9A%E3%83%80%E3%83%AB%E3%82%A6%E3%83%BC%E3%83%AB%E3%83%95%E3%82%A7%E3%83%AB%E3%83%88%E3%82%B9%E3%83%86%E3%83%B3%E3%83%AC%E3%82%B9%E9%8B%BC%E8%A3%BD%E3%83%8F%E3%83%B3%E3%83%89%E3%83%AB%E3%81%AE1pcs%E3%82%A4%E3%83%B3%E3%82%B9%E3%83%88%E3%82%A5%E3%83%AB%E3%83%A1%E3%83%B3%E3%83%88%E3%82%A2%E3%82%AF%E3%82%BB%E3%82%B5%E3%83%AA%E3%83%91%E3%83%BC%E3%83%88 HTTP/1.1" 301 0 "-" "Mozilla/5.0 (Linux; Android 6.0.1; Nexus 5X Build/MMB29P) AppleWebKit/537.36 (KHTML, like Gecko) Chrome/137.0.7151.103 Mobile Safari/537.36 (compatible; Googlebot/2.1; +http://www.google.com/bot.html)"
66.249.79.3 - - [17/Jul/2025:08:15:47 -0400] "GET /?n=24670159713100&channel=0d79d6&from=news.php%3Fid%3D1597131-14273%26name%3D%E3%82%B3%E3%83%BC%E3%82%B8%E3%83%BC%20%E3%82%B7%E3%83%BC%E3%83%88%20CB400SF%2FSB%E7%94%A8%20%E3%83%87%E3%82%A3%E3%83%B3%E3%83%97%E3%83%AB%E3%83%A1%E3%83%83%E3%82%B7%E3%83%A5%20%E3%83%96%E3%83%A9%E3%83%83%E3%82%AF HTTP/1.1" 200 29836 "-" "Mozilla/5.0 (Linux; Android 6.0.1; Nexus 5X Build/MMB29P) AppleWebKit/537.36 (KHTML, like Gecko) Chrome/137.0.7151.103 Mobile Safari/537.36 (compatible; Googlebot/2.1; +http://www.google.com/bot.html)"
66.249.79.3 - - [17/Jul/2025:08:15:55 -0400] "GET /?n=9879988452702&channel=d43603&from=product.php%3Fid%3D884527-9201%26name%3D%E6%A5%BD%E5%99%A8%E3%82%A2%E3%82%AF%E3%82%BB%E3%82%B5%E3%83%AA%E3%83%BC%20%E3%83%89%E3%83%A9%E3%83%A0%E3%83%9A%E3%83%80%E3%83%AB%E3%82%A6%E3%83%BC%E3%83%AB%E3%83%95%E3%82%A7%E3%83%AB%E3%83%88%E3%82%B9%E3%83%86%E3%83%B3%E3%83%AC%E3%82%B9%E9%8B%BC%E8%A3%BD%E3%83%8F%E3%83%B3%E3%83%89%E3%83%AB%E3%81%AE1pcs%E3%82%A4%E3%83%B3%E3%82%B9%E3%83%88%E3%82%A5%E3%83%AB%E3%83%A1%E3%83%B3%E3%83%88%E3%82%A2%E3%82%AF%E3%82%BB%E3%82%B5%E3%83%AA%E3%83%91%E3%83%BC%E3%83%88 HTTP/1.1" 200 29836 "-" "Mozilla/5.0 (Linux; Android 6.0.1; Nexus 5X Build/MMB29P) AppleWebKit/537.36 (KHTML, like Gecko) Chrome/137.0.7151.103 Mobile Safari/537.36 (compatible; Googlebot/2.1; +http://www.google.com/bot.html)"
217.113.194.31 - - [17/Jul/2025:08:15:55 -0400] "GET /2025/07/05/1win-giris-turkiye-1-succeed-bet-casino-2/ HTTP/1.1" 200 25775 "-" "Mozilla/5.0 (compatible; Barkrowler/0.9; +https://babbar.tech/crawler)"
213.209.150.137 - - [17/Jul/2025:08:15:56 -0400] "POST /wp-login.php?action=register HTTP/1.1" 302 0 "-" "-"
213.209.150.137 - - [17/Jul/2025:08:16:12 -0400] "POST /wp-login.php?action=register HTTP/1.1" 302 0 "-" "-"
66.249.79.2 - - [17/Jul/2025:08:16:19 -0400] "GET /?n=18261163528400&channel=f440cf&from=jp.php%3Fid%3D1635284-13601%26name%3D%E3%82%A4%E3%82%BF%E3%83%AA%E3%82%A2%E3%83%B3%E3%83%AC%E3%82%B6%E3%83%BC%E9%AB%98%E7%B4%9A%E3%82%B7%E3%83%A5%E3%83%AA%E3%83%B3%E3%82%AF%E7%89%9B%E9%9D%A9+%E3%83%AC%E3%83%87%E3%82%A3%E3%83%BC%E3%82%B9+%E3%81%8A%E6%B4%92%E8%90%BD+%E8%96%84%E5%9E%8B+%E4%BE%BF%E5%88%A9+%E5%90%8D%E5%88%BA%E5%85%A5%E3%82%8C HTTP/1.1" 301 0 "-" "Mozilla/5.0 (Linux; Android 6.0.1; Nexus 5X Build/MMB29P) AppleWebKit/537.36 (KHTML, like Gecko) Chrome/137.0.7151.103 Mobile Safari/537.36 (compatible; Googlebot/2.1; +http://www.google.com/bot.html)"
66.249.79.2 - - [17/Jul/2025:08:16:20 -0400] "GET /?n=18261163528400&channel=f440cf&from=jp.php%3Fid%3D1635284-13601%26name%3D%E3%82%A4%E3%82%BF%E3%83%AA%E3%82%A2%E3%83%B3%E3%83%AC%E3%82%B6%E3%83%BC%E9%AB%98%E7%B4%9A%E3%82%B7%E3%83%A5%E3%83%AA%E3%83%B3%E3%82%AF%E7%89%9B%E9%9D%A9%20%E3%83%AC%E3%83%87%E3%82%A3%E3%83%BC%E3%82%B9%20%E3%81%8A%E6%B4%92%E8%90%BD%20%E8%96%84%E5%9E%8B%20%E4%BE%BF%E5%88%A9%20%E5%90%8D%E5%88%BA%E5%85%A5%E3%82%8C HTTP/1.1" 200 29834 "-" "Mozilla/5.0 (Linux; Android 6.0.1; Nexus 5X Build/MMB29P) AppleWebKit/537.36 (KHTML, like Gecko) Chrome/137.0.7151.103 Mobile Safari/537.36 (compatible; Googlebot/2.1; +http://www.google.com/bot.html)"
213.209.150.137 - - [17/Jul/2025:08:16:21 -0400] "POST /wp-login.php?action=register HTTP/1.1" 302 0 "-" "-"
217.113.194.23 - - [17/Jul/2025:08:16:21 -0400] "GET /2025/07/05/official-website-for-sports-betting-on-line-casino-in-bangladesh-2025/ HTTP/1.1" 200 28039 "-" "Mozilla/5.0 (compatible; Barkrowler/0.9; +https://babbar.tech/crawler)"
213.209.150.137 - - [17/Jul/2025:08:16:30 -0400] "POST /wp-login.php?action=register HTTP/1.1" 302 0 "-" "-"
63.250.38.117 - - [17/Jul/2025:08:16:41 -0400] "POST /wp-cron.php?doing_wp_cron=1752754600.9295930862426757812500 HTTP/1.1" 403 1242 "-" "WordPress/6.8.1; https://fnf.group"
213.209.150.137 - - [17/Jul/2025:08:16:39 -0400] "POST /wp-login.php?action=register HTTP/1.1" 302 0 "-" "-"
114.119.137.28 - - [17/Jul/2025:08:16:42 -0400] "GET /tag/gulab-jamun/ HTTP/1.1" 200 14112 "https://fnf.group/2020/12/18/gulab-jamun-cheese-cake-by-sadia-kashif/" "Mozilla/5.0 (Linux; Android 7.0;) AppleWebKit/537.36 (KHTML, like Gecko) Mobile Safari/537.36 (compatible; PetalBot;+https://webmaster.petalsearch.com/site/petalbot)"
217.113.194.27 - - [17/Jul/2025:08:16:42 -0400] "GET /2025/06/19/top-12-online-casino-real-cash-sites-in-the-usa-for-2025/ HTTP/1.1" 200 28423 "-" "Mozilla/5.0 (compatible; Barkrowler/0.9; +https://babbar.tech/crawler)"
66.249.68.135 - - [17/Jul/2025:08:16:49 -0400] "GET /?n=1682476403604&channel=a48a35&from=category-info.php%3Fid%3D764036-5555%26name%3D%E5%86%B7%E8%94%B5%E5%BA%AB%E3%82%B3%E3%83%B3%E3%83%88%E3%83%AD%E3%83%BC%E3%83%AB%E3%83%9C%E3%83%BC%E3%83%891%E5%80%8B%E3%80%81Homa%E5%AF%BE%E5%BF%9C%E3%80%81W19-54+W19-54B+W19-54C+W19-54D+W19-54E+W19-5 HTTP/1.1" 301 0 "-" "Mozilla/5.0 (Linux; Android 6.0.1; Nexus 5X Build/MMB29P) AppleWebKit/537.36 (KHTML, like Gecko) Chrome/137.0.7151.103 Mobile Safari/537.36 (compatible; Googlebot/2.1; +http://www.google.com/bot.html)"
66.249.79.2 - - [17/Jul/2025:08:16:51 -0400] "GET /?n=1682476403604&channel=a48a35&from=category-info.php%3Fid%3D764036-5555%26name%3D%E5%86%B7%E8%94%B5%E5%BA%AB%E3%82%B3%E3%83%B3%E3%83%88%E3%83%AD%E3%83%BC%E3%83%AB%E3%83%9C%E3%83%BC%E3%83%891%E5%80%8B%E3%80%81Homa%E5%AF%BE%E5%BF%9C%E3%80%81W19-54%20W19-54B%20W19-54C%20W19-54D%20W19-54E%20W19-5 HTTP/1.1" 200 29826 "-" "Mozilla/5.0 (Linux; Android 6.0.1; Nexus 5X Build/MMB29P) AppleWebKit/537.36 (KHTML, like Gecko) Chrome/137.0.7151.103 Mobile Safari/537.36 (compatible; Googlebot/2.1; +http://www.google.com/bot.html)"
217.113.194.243 - - [17/Jul/2025:08:17:05 -0400] "GET /2025/06/19/login-and-enjoy-online-at-recognized-site-in-bangladesh/feed/ HTTP/1.1" 200 551 "-" "Mozilla/5.0 (compatible; Barkrowler/0.9; +https://babbar.tech/crawler)"
66.249.79.3 - - [17/Jul/2025:08:17:19 -0400] "GET /?n=32370103365705&channel=1c692c&from=form.php%3Fid%3D1033657-17219%26name%3D%E3%82%82%E3%81%A3%E3%81%A8%EF%BC%81%E3%81%A8%E3%81%8D%E3%82%81%E3%81%8D%E3%83%A1%E3%83%A2%E3%83%AA%E3%82%A2%E3%83%AB%E3%82%B7%E3%83%AA%E3%83%BC%E3%82%BA+CD%E3%83%89%E3%83%A9%E3%83%9E%E3%80%80%EF%BC%94%E6%9E%9A%E3%82%BB%E3%83%83%E3%83%88 HTTP/1.1" 301 0 "-" "Mozilla/5.0 (Linux; Android 6.0.1; Nexus 5X Build/MMB29P) AppleWebKit/537.36 (KHTML, like Gecko) Chrome/137.0.7151.103 Mobile Safari/537.36 (compatible; Googlebot/2.1; +http://www.google.com/bot.html)"
66.249.79.2 - - [17/Jul/2025:08:17:21 -0400] "GET /?n=32370103365705&channel=1c692c&from=form.php%3Fid%3D1033657-17219%26name%3D%E3%82%82%E3%81%A3%E3%81%A8%EF%BC%81%E3%81%A8%E3%81%8D%E3%82%81%E3%81%8D%E3%83%A1%E3%83%A2%E3%83%AA%E3%82%A2%E3%83%AB%E3%82%B7%E3%83%AA%E3%83%BC%E3%82%BA%20CD%E3%83%89%E3%83%A9%E3%83%9E%E3%80%80%EF%BC%94%E6%9E%9A%E3%82%BB%E3%83%83%E3%83%88 HTTP/1.1" 200 29825 "-" "Mozilla/5.0 (Linux; Android 6.0.1; Nexus 5X Build/MMB29P) AppleWebKit/537.36 (KHTML, like Gecko) Chrome/137.0.7151.103 Mobile Safari/537.36 (compatible; Googlebot/2.1; +http://www.google.com/bot.html)"
217.113.194.22 - - [17/Jul/2025:08:17:22 -0400] "GET /2025/06/19/casino-crypto-autentico-meilleurs-sites-bonus-speciaux-2022/ HTTP/1.1" 200 29207 "-" "Mozilla/5.0 (compatible; Barkrowler/0.9; +https://babbar.tech/crawler)"
63.250.38.117 - - [17/Jul/2025:08:17:45 -0400] "POST /wp-cron.php?doing_wp_cron=1752754665.1809880733489990234375 HTTP/1.1" 403 1242 "-" "WordPress/6.8.1; https://fnf.group"
217.113.194.24 - - [17/Jul/2025:08:17:42 -0400] "GET /2025/06/19/le-migliori-slot-machine-gratis-senza-scaricare/ HTTP/1.1" 200 29632 "-" "Mozilla/5.0 (compatible; Barkrowler/0.9; +https://babbar.tech/crawler)"
66.249.68.137 - - [17/Jul/2025:08:17:49 -0400] "GET /?n=27809145870907&channel=5699b0&from=shop.php%3Fid%3D1458709-5601%26name%3D%E9%9B%BB%E5%8B%95%E3%82%B5%E3%83%BC%E3%83%95%E3%83%9C%E3%83%BC%E3%83%89%E3%80%81%E3%83%9F%E3%83%8B%E5%A4%A7%E4%BA%BA%E7%94%A8%E6%B0%B4%E4%B8%AD%E3%82%B7%E3%83%BC%E3%82%B9%E3%82%AF%E3%83%BC%E3%82%BF%E3%83%BC%E3%80%81%E6%B0%B4%E4%B8%AD%E3%82%B9%E3%82%AF%E3%83%BC%E3%82%BF%E3%83%BC%E3%80%81%E9%9B%BB%E5%8B%95%E3%82%AD%E3%83%83%E3%82%AF%E3%83%9C%E3%83%BC%E3%83%89%E3%80%81%E6%9C%80%E5%A4%A7%E6%B0%B4%E4%B8%AD%E6%B7%B1%E5%BA%A630m%E3%80%81%E3%83%80%E3%82%A4%E3%83%93%E3%83%B3%E3%82%B0%E3%80%81%E6%B0%B4%E6%B3%B3%E3%80%81%E3%82%B7%E3%83%A5%E3%83%8E%E3%83%BC%E3%82%B1%E3%83%AA HTTP/1.1" 301 0 "-" "Mozilla/5.0 (Linux; Android 6.0.1; Nexus 5X Build/MMB29P) AppleWebKit/537.36 (KHTML, like Gecko) Chrome/137.0.7151.103 Mobile Safari/537.36 (compatible; Googlebot/2.1; +http://www.google.com/bot.html)"
66.249.79.3 - - [17/Jul/2025:08:17:52 -0400] "GET /?n=27809145870907&channel=5699b0&from=shop.php%3Fid%3D1458709-5601%26name%3D%E9%9B%BB%E5%8B%95%E3%82%B5%E3%83%BC%E3%83%95%E3%83%9C%E3%83%BC%E3%83%89%E3%80%81%E3%83%9F%E3%83%8B%E5%A4%A7%E4%BA%BA%E7%94%A8%E6%B0%B4%E4%B8%AD%E3%82%B7%E3%83%BC%E3%82%B9%E3%82%AF%E3%83%BC%E3%82%BF%E3%83%BC%E3%80%81%E6%B0%B4%E4%B8%AD%E3%82%B9%E3%82%AF%E3%83%BC%E3%82%BF%E3%83%BC%E3%80%81%E9%9B%BB%E5%8B%95%E3%82%AD%E3%83%83%E3%82%AF%E3%83%9C%E3%83%BC%E3%83%89%E3%80%81%E6%9C%80%E5%A4%A7%E6%B0%B4%E4%B8%AD%E6%B7%B1%E5%BA%A630m%E3%80%81%E3%83%80%E3%82%A4%E3%83%93%E3%83%B3%E3%82%B0%E3%80%81%E6%B0%B4%E6%B3%B3%E3%80%81%E3%82%B7%E3%83%A5%E3%83%8E%E3%83%BC%E3%82%B1%E3%83%AA HTTP/1.1" 200 29830 "-" "Mozilla/5.0 (Linux; Android 6.0.1; Nexus 5X Build/MMB29P) AppleWebKit/537.36 (KHTML, like Gecko) Chrome/137.0.7151.103 Mobile Safari/537.36 (compatible; Googlebot/2.1; +http://www.google.com/bot.html)"
217.113.194.29 - - [17/Jul/2025:08:18:02 -0400] "GET /2025/06/20/ramenbet-kazino-vkhod-i-aktualnoe-zerkalo/ HTTP/1.1" 200 29755 "-" "Mozilla/5.0 (compatible; Barkrowler/0.9; +https://babbar.tech/crawler)"
114.119.135.196 - - [17/Jul/2025:08:18:04 -0400] "GET /recipes/page/11/ HTTP/1.1" 200 14547 "https://fnf.group/recipes/page/11/" "Mozilla/5.0 (Linux; Android 7.0;) AppleWebKit/537.36 (KHTML, like Gecko) Mobile Safari/537.36 (compatible; PetalBot;+https://webmaster.petalsearch.com/site/petalbot)"
66.249.68.137 - - [17/Jul/2025:08:18:24 -0400] "GET /?n=21468169341904&channel=49d135&from=category-info.php%3Fid%3D1693419-6917%26name%3D%E3%82%AE%E3%82%BF%E3%83%BC%E3%83%95%E3%83%AC%E3%83%83%E3%83%88%E3%83%99%E3%83%BC%E3%83%AA%E3%83%B3%E3%82%B0%E3%83%95%E3%82%A1%E3%82%A4%E3%83%AB%E3%82%B5%E3%83%B3%E3%83%87%E3%82%A3%E3%83%B3%E3%82%B0%E3%82%AE%E3%82%BF%E3%83%BC%E3%83%95%E3%83%AC%E3%83%83%E3%83%88%E3%83%95%E3%82%A1%E3%82%A4%E3%83%AB%E3%83%99%E3%83%BC%E3%82%B9%E3%83%90%E3%83%B3%E3%82%B8%E3%83%A7%E3%83%BC%E3%83%9E%E3%83%B3%E3%83%89%E3%83%AA%E3%83%B3 HTTP/1.1" 301 0 "-" "Mozilla/5.0 (Linux; Android 6.0.1; Nexus 5X Build/MMB29P) AppleWebKit/537.36 (KHTML, like Gecko) Chrome/137.0.7151.103 Mobile Safari/537.36 (compatible; Googlebot/2.1; +http://www.google.com/bot.html)"
217.113.194.28 - - [17/Jul/2025:08:18:23 -0400] "GET /2025/06/16/the-enjoyment-of-free-live-roulette-game-play-and-find-out/ HTTP/1.1" 200 19810 "-" "Mozilla/5.0 (compatible; Barkrowler/0.9; +https://babbar.tech/crawler)"
66.249.79.2 - - [17/Jul/2025:08:18:35 -0400] "GET /?n=2002874948902&channel=9d7dac&from=shared.php%3Fid%3D749489-9164%26name%3D%E5%AE%B6%E5%BA%AD%E7%94%A8%E5%85%A5%E3%82%8A%E5%8F%A3%E3%81%AE%E3%83%AA%E3%83%A2%E3%82%B3%E3%83%B3%E3%82%92%E5%82%99%E3%81%88%E3%81%9FLED%E3%82%A6%E3%82%A9%E3%83%BC%E3%83%AB%E3%83%A9%E3%83%B3%E3%83%97%E5%B1%8B%E5%A4%96%E3%83%A9%E3%83%B3%E3%83%97%E7%85%A7%E6%98%8E%E9%98%B2%E6%B0%B4%E3%83%96%E3%83%A9%E3%83%83%E3%82%AF%E3%82%B4%E3%83%BC%E3%83%AB%E3%83%89%E5%A1%97%E8%A3%85%E5%BC%8F%E8%AA%BF%E5%85%89%E7%89%A9%E8%B3%AA%E3%81%AE%E5%82%99%E5%93%81%EF%BC%88%E8%89%B2%EF%BC%9ASquare8x40c HTTP/1.1" 200 29836 "-" "Mozilla/5.0 (Linux; Android 6.0.1; Nexus 5X Build/MMB29P) AppleWebKit/537.36 (KHTML, like Gecko) Chrome/137.0.7151.103 Mobile Safari/537.36 (compatible; Googlebot/2.1; +http://www.google.com/bot.html)"
63.250.38.117 - - [17/Jul/2025:08:18:50 -0400] "POST /wp-cron.php?doing_wp_cron=1752754730.0881490707397460937500 HTTP/1.1" 403 1242 "-" "WordPress/6.8.1; https://fnf.group"
63.250.38.117 - - [17/Jul/2025:08:18:50 -0400] "POST /wp-cron.php?doing_wp_cron=1752754730.2835459709167480468750 HTTP/1.1" 403 1242 "-" "WordPress/6.8.1; https://fnf.group"
217.113.194.30 - - [17/Jul/2025:08:18:45 -0400] "GET /2025/06/16/top-benefits-of-signing-up-to-a-newsletter-from-an-online-casino/ HTTP/1.1" 200 19457 "-" "Mozilla/5.0 (compatible; Barkrowler/0.9; +https://babbar.tech/crawler)"
63.250.38.117 - - [17/Jul/2025:08:18:56 -0400] "POST /wp-cron.php?doing_wp_cron=1752754735.3822751045227050781250 HTTP/1.1" 403 1242 "-" "WordPress/6.8.1; https://fnf.group"
66.249.79.2 - - [17/Jul/2025:08:18:45 -0400] "GET /?n=59411176688500&channel=50e9bc&from=news.php%3Fid%3D1766885-9811%26name%3D%E5%90%89%E6%BE%A4%E3%80%80%E6%97%A5%E6%9C%AC%E8%A3%BD%E3%80%80%E3%83%94%E3%82%A2%E3%83%8E%E3%82%A2%E3%82%B7%E3%82%B9%E3%83%88%E3%83%9A%E3%83%80%E3%83%AB%E3%80%80%E8%A3%9C%E5%8A%A9%E3%83%9A%E3%83%80%E3%83%AB%E3%80%80%E3%83%8F%E3%82%A4%E3%83%84%E3%83%BC%E3%83%AB%E3%80%80%E3%82%BB%E3%83%83%E3%83%88%E3%80%80%E7%BE%8E%E5%93%81 HTTP/1.1" 200 29834 "-" "Mozilla/5.0 (Linux; Android 6.0.1; Nexus 5X Build/MMB29P) AppleWebKit/537.36 (KHTML, like Gecko) Chrome/137.0.7151.103 Mobile Safari/537.36 (compatible; Googlebot/2.1; +http://www.google.com/bot.html)"
66.249.68.135 - - [17/Jul/2025:08:18:48 -0400] "GET /?n=23502141272600&channel=5091b1&from=news.php%3Fid%3D1412726-27274%26name%3D%E9%81%B8%E3%81%B9%E3%82%8B4%E8%89%B2%EF%BC%81%E3%80%80Fire+TV+Stick%E7%94%A8%E3%80%80%E8%93%84%E5%85%89%E3%82%B7%E3%83%AA%E3%82%B3%E3%83%B3%E3%82%AB%E3%83%90%E3%83%BC HTTP/1.1" 301 0 "-" "Mozilla/5.0 (Linux; Android 6.0.1; Nexus 5X Build/MMB29P) AppleWebKit/537.36 (KHTML, like Gecko) Chrome/137.0.7151.103 Mobile Safari/537.36 (compatible; Googlebot/2.1; +http://www.google.com/bot.html)"
66.249.79.2 - - [17/Jul/2025:08:18:56 -0400] "GET /?n=9386291181501&channel=ddcf5b&from=product.php%3Fid%3D911815-489%26name%3D%E6%8E%92%E6%B0%97%E7%B3%BB%E3%83%9E%E3%83%95%E3%83%A9%E3%83%BC+51+%E3%83%9F%E3%83%AA%E3%83%A1%E3%83%BC%E3%83%88%E3%83%AB%E3%83%A6%E3%83%8B%E3%83%90%E3%83%BC%E3%82%B5%E3%83%AB%E3%82%AA%E3%83%BC%E3%83%88%E3%83%90%E3%82%A4%E3%83%80%E3%83%96%E3%83%AB%E3%83%80%E3%82%A6%E3%83%B3%E6%8E%92%E6%B0%97%E3%83%9E%E3%83%95%E3%83%A9%E3%83%BC%E3%83%91%E3%82%A4%E3%83%97%E3%82%A8%E3%82%B9%E3%82%B1%E3%83%BC%E3%83%97+Db+%E3%82%AD%E3%83%A9%E3%83%BC+Z900+R6+R3 HTTP/1.1" 301 0 "-" "Mozilla/5.0 (Linux; Android 6.0.1; Nexus 5X Build/MMB29P) AppleWebKit/537.36 (KHTML, like Gecko) Chrome/137.0.7151.103 Mobile Safari/537.36 (compatible; Googlebot/2.1; +http://www.google.com/bot.html)"
66.249.79.2 - - [17/Jul/2025:08:18:56 -0400] "GET /?n=23502141272600&channel=5091b1&from=news.php%3Fid%3D1412726-27274%26name%3D%E9%81%B8%E3%81%B9%E3%82%8B4%E8%89%B2%EF%BC%81%E3%80%80Fire%20TV%20Stick%E7%94%A8%E3%80%80%E8%93%84%E5%85%89%E3%82%B7%E3%83%AA%E3%82%B3%E3%83%B3%E3%82%AB%E3%83%90%E3%83%BC HTTP/1.1" 200 29832 "-" "Mozilla/5.0 (Linux; Android 6.0.1; Nexus 5X Build/MMB29P) AppleWebKit/537.36 (KHTML, like Gecko) Chrome/137.0.7151.103 Mobile Safari/537.36 (compatible; Googlebot/2.1; +http://www.google.com/bot.html)"
66.249.79.2 - - [17/Jul/2025:08:19:01 -0400] "GET /?n=9386291181501&channel=ddcf5b&from=product.php%3Fid%3D911815-489%26name%3D%E6%8E%92%E6%B0%97%E7%B3%BB%E3%83%9E%E3%83%95%E3%83%A9%E3%83%BC%2051%20%E3%83%9F%E3%83%AA%E3%83%A1%E3%83%BC%E3%83%88%E3%83%AB%E3%83%A6%E3%83%8B%E3%83%90%E3%83%BC%E3%82%B5%E3%83%AB%E3%82%AA%E3%83%BC%E3%83%88%E3%83%90%E3%82%A4%E3%83%80%E3%83%96%E3%83%AB%E3%83%80%E3%82%A6%E3%83%B3%E6%8E%92%E6%B0%97%E3%83%9E%E3%83%95%E3%83%A9%E3%83%BC%E3%83%91%E3%82%A4%E3%83%97%E3%82%A8%E3%82%B9%E3%82%B1%E3%83%BC%E3%83%97%20Db%20%E3%82%AD%E3%83%A9%E3%83%BC%20Z900%20R6%20R3 HTTP/1.1" 200 29829 "-" "Mozilla/5.0 (Linux; Android 6.0.1; Nexus 5X Build/MMB29P) AppleWebKit/537.36 (KHTML, like Gecko) Chrome/137.0.7151.103 Mobile Safari/537.36 (compatible; Googlebot/2.1; +http://www.google.com/bot.html)"
217.113.194.30 - - [17/Jul/2025:08:19:09 -0400] "GET /2025/06/23/mostbet-otzyvy-igrokov-no-o-bukmekere/ HTTP/1.1" 200 29568 "-" "Mozilla/5.0 (compatible; Barkrowler/0.9; +https://babbar.tech/crawler)"
66.249.79.2 - - [17/Jul/2025:08:19:18 -0400] "GET /?n=3828130800400&channel=a42373&from=article.php%3Fid%3D308004-461%26name%3D%E5%85%A5%E5%8A%9B%E3%82%BF%E3%82%A4%E3%83%97+24V+5Vdc+%E3%83%91%E3%83%AF%E3%83%BC%E3%83%AC%E3%83%99%E3%83%AB%E3%83%88%E3%83%A9%E3%83%B3%E3%82%B9%E3%83%9F%E3%83%83%E3%82%BF%E3%83%BC+RS485+%E5%87%BA%E5%8A%9B%E3%80%810.5-4.5V+OEM+%E6%B0%B4%E3%82%BF%E3%83%B3%E3%82%AF%E6%B6%B2%E4%BD%93%E5%9C%A7%E5%8A%9B%E3%82%BB%E3%83%B3%E3%82%B5%E3%83%BC%280 HTTP/1.1" 301 0 "-" "Mozilla/5.0 (Linux; Android 6.0.1; Nexus 5X Build/MMB29P) AppleWebKit/537.36 (KHTML, like Gecko) Chrome/137.0.7151.103 Mobile Safari/537.36 (compatible; Googlebot/2.1; +http://www.google.com/bot.html)"
66.249.79.2 - - [17/Jul/2025:08:19:19 -0400] "GET /?n=3828130800400&channel=a42373&from=article.php%3Fid%3D308004-461%26name%3D%E5%85%A5%E5%8A%9B%E3%82%BF%E3%82%A4%E3%83%97%2024V%205Vdc%20%E3%83%91%E3%83%AF%E3%83%BC%E3%83%AC%E3%83%99%E3%83%AB%E3%83%88%E3%83%A9%E3%83%B3%E3%82%B9%E3%83%9F%E3%83%83%E3%82%BF%E3%83%BC%20RS485%20%E5%87%BA%E5%8A%9B%E3%80%810.5-4.5V%20OEM%20%E6%B0%B4%E3%82%BF%E3%83%B3%E3%82%AF%E6%B6%B2%E4%BD%93%E5%9C%A7%E5%8A%9B%E3%82%BB%E3%83%B3%E3%82%B5%E3%83%BC%280 HTTP/1.1" 200 29830 "-" "Mozilla/5.0 (Linux; Android 6.0.1; Nexus 5X Build/MMB29P) AppleWebKit/537.36 (KHTML, like Gecko) Chrome/137.0.7151.103 Mobile Safari/537.36 (compatible; Googlebot/2.1; +http://www.google.com/bot.html)"
114.119.128.253 - - [17/Jul/2025:08:19:28 -0400] "GET /category/recipes/page/43/ HTTP/1.1" 200 15291 "https://fnf.group/category/recipes/page/41/" "Mozilla/5.0 (Linux; Android 7.0;) AppleWebKit/537.36 (KHTML, like Gecko) Mobile Safari/537.36 (compatible; PetalBot;+https://webmaster.petalsearch.com/site/petalbot)"
217.113.194.23 - - [17/Jul/2025:08:19:29 -0400] "GET /2025/06/13/ideal-mastercard-gambling-enterprises-a-comprehensive-overview/ HTTP/1.1" 200 19529 "-" "Mozilla/5.0 (compatible; Barkrowler/0.9; +https://babbar.tech/crawler)"
66.249.68.137 - - [17/Jul/2025:08:19:48 -0400] "GET /?n=6111737492000&channel=d5abda&from=pin.php%3Fid%3D374920-7570%26name%3D%E5%A5%B3%E6%80%A7%E7%94%A8%E3%83%A2%E3%82%A2%E3%83%83%E3%82%B5%E3%83%8A%E3%82%A4%E3%83%88%E3%83%95%E3%83%BC%E3%83%97%E3%82%A4%E3%83%A4%E3%83%AA%E3%83%B3%E3%82%B0+2.76%E3%82%AB%E3%83%A9%E3%83%83%E3%83%88+D+%E3%82%AB%E3%83%A9%E3%83%BC+VVS1%E3%82%AF%E3%83%A9%E3%83%AA%E3%83%86%E3%82%A3+%E3%83%A9%E3%82%A6%E3%83%B3%E3%83%89%E3%82%AB%E3%83%83%E3%83%88+S925%E3%82%B9%E3%82%BF%E3%83%BC%E3%83%AA%E3%83%B3%E3%82%B0%E3%82%B7%E3%83%AB%E3%83%90%E3%83%BC HTTP/1.1" 301 0 "-" "Mozilla/5.0 (Linux; Android 6.0.1; Nexus 5X Build/MMB29P) AppleWebKit/537.36 (KHTML, like Gecko) Chrome/137.0.7151.103 Mobile Safari/537.36 (compatible; Googlebot/2.1; +http://www.google.com/bot.html)"
2a03:2880:f800:9:: - - [17/Jul/2025:08:19:48 -0400] "GET /wp-json/oembed/1.0/embed?url=https%3A%2F%2Ffnf.group%2F2025%2F07%2F10%2Fhl-skrbt-ltyr-1xbet-mhkr-qnwny-wkyf-thmy-nfsk%2F HTTP/1.1" 200 3636 "-" "meta-externalagent/1.1 (+https://developers.facebook.com/docs/sharing/webmasters/crawler)"
63.250.38.117 - - [17/Jul/2025:08:19:55 -0400] "POST /wp-cron.php?doing_wp_cron=1752754795.5921390056610107421875 HTTP/1.1" 403 1242 "-" "WordPress/6.8.1; https://fnf.group"
217.113.194.22 - - [17/Jul/2025:08:19:50 -0400] "GET /2025/06/29/komanda-ofitsialnyi-sait-pokerdom-com/feed/ HTTP/1.1" 200 569 "-" "Mozilla/5.0 (compatible; Barkrowler/0.9; +https://babbar.tech/crawler)"
63.250.38.117 - - [17/Jul/2025:08:19:56 -0400] "POST /wp-cron.php?doing_wp_cron=1752754796.2878060340881347656250 HTTP/1.1" 403 1242 "-" "WordPress/6.8.1; https://fnf.group"
66.249.79.2 - - [17/Jul/2025:08:19:52 -0400] "GET /?n=6111737492000&channel=d5abda&from=pin.php%3Fid%3D374920-7570%26name%3D%E5%A5%B3%E6%80%A7%E7%94%A8%E3%83%A2%E3%82%A2%E3%83%83%E3%82%B5%E3%83%8A%E3%82%A4%E3%83%88%E3%83%95%E3%83%BC%E3%83%97%E3%82%A4%E3%83%A4%E3%83%AA%E3%83%B3%E3%82%B0%202.76%E3%82%AB%E3%83%A9%E3%83%83%E3%83%88%20D%20%E3%82%AB%E3%83%A9%E3%83%BC%20VVS1%E3%82%AF%E3%83%A9%E3%83%AA%E3%83%86%E3%82%A3%20%E3%83%A9%E3%82%A6%E3%83%B3%E3%83%89%E3%82%AB%E3%83%83%E3%83%88%20S925%E3%82%B9%E3%82%BF%E3%83%BC%E3%83%AA%E3%83%B3%E3%82%B0%E3%82%B7%E3%83%AB%E3%83%90%E3%83%BC HTTP/1.1" 200 29836 "-" "Mozilla/5.0 (Linux; Android 6.0.1; Nexus 5X Build/MMB29P) AppleWebKit/537.36 (KHTML, like Gecko) Chrome/137.0.7151.103 Mobile Safari/537.36 (compatible; Googlebot/2.1; +http://www.google.com/bot.html)"
217.113.194.24 - - [17/Jul/2025:08:20:14 -0400] "GET /2025/06/29/legalny-bukmacher-on-the-internet-i-kasyno/feed/ HTTP/1.1" 200 530 "-" "Mozilla/5.0 (compatible; Barkrowler/0.9; +https://babbar.tech/crawler)"
66.249.68.137 - - [17/Jul/2025:08:20:18 -0400] "GET /?n=4122150198205&channel=b8e365&from=brands.php%3Fid%3D501982-7247%26name%3D%E5%8C%97%E6%AC%A7%E3%82%AB%E3%82%B9%E3%83%9F%E3%82%BD%E3%82%A6%E5%B1%8B%E5%86%85%E5%A3%81%E3%83%A9%E3%83%B3%E3%83%97%E3%80%81%E6%9E%9D%E8%A7%92%E8%A3%85%E9%A3%BE%E3%80%81%E3%82%AF%E3%83%AA%E3%82%A8%E3%82%A4%E3%83%86%E3%82%A3%E3%83%96%E3%82%B9%E3%83%88%E3%83%A9%E3%82%A4%E3%83%97%E3%82%AF%E3%83%AA%E3%82%A2%E3%82%AC%E3%83%A9%E3%82%B9%E3%83%A9%E3%83%B3%E3%83%97%E3%82%B7%E3%82%A7%E3%83%BC%E3%83%89%E5%A3%81%E5%8F%96%E3%82%8A%E4%BB%98%E3%81%91%E7%94%A8%E7%87%AD%E5%8F%B0%E3%80%81%E3%82%B7%E3%83%B3%E3%83%97%E3%83%AB%E3%81%AA%E3%82%B4%E3%83%BC%E3%83%AB%E3%83%87%E3%83%B3%E4%BB%95%E4%B8%8A%E3%81%92 HTTP/1.1" 301 0 "-" "Mozilla/5.0 (Linux; Android 6.0.1; Nexus 5X Build/MMB29P) AppleWebKit/537.36 (KHTML, like Gecko) Chrome/137.0.7151.103 Mobile Safari/537.36 (compatible; Googlebot/2.1; +http://www.google.com/bot.html)"
217.113.194.29 - - [17/Jul/2025:08:20:33 -0400] "GET /2025/06/29/best-online-casinos-sydney-2025-trusted-safe-au-sites/feed/ HTTP/1.1" 200 546 "-" "Mozilla/5.0 (compatible; Barkrowler/0.9; +https://babbar.tech/crawler)"
66.249.68.136 - - [17/Jul/2025:08:20:48 -0400] "GET /?n=9219731299301&channel=4f7c25&from=form.php%3Fid%3D312993-6687%26name%3D%E3%82%B5%E3%82%A4%E3%83%89%E3%83%9F%E3%83%A9%E3%83%BC+2+%E5%80%8B%E3%83%A6%E3%83%8B%E3%83%90%E3%83%BC%E3%82%B5%E3%83%AB%E3%83%96%E3%83%AB%E3%83%BC%E3%82%AC%E3%83%A9%E3%82%B9%E8%BB%8A%E3%81%AE%E3%82%B5%E3%82%A4%E3%83%89%E3%83%9F%E3%83%A9%E3%83%BC%E3%82%A6%E3%82%A4%E3%83%B3%E3%82%B0%E3%83%9F%E3%83%A9%E3%83%BC%E8%87%AA%E5%8B%95%E3%82%AF%E3%83%A9%E3%82%B7%E3%83%83%E3%82%AF%E3%83%AC%E3%83%88%E3%83%AD%E3%83%89%E3%82%A2%E3%82%A6%E3%82%A4%E3%83%B3%E3%82%B0%E3%83%90%E3%83%83%E3%82%AF%E3%83%9F%E3%83%A9%E3%83%BC+%E8%BB%8A+%E3%83%90%E3%83%83%E3%82%AF%E3%83%9F HTTP/1.1" 301 0 "-" "Mozilla/5.0 (Linux; Android 6.0.1; Nexus 5X Build/MMB29P) AppleWebKit/537.36 (KHTML, like Gecko) Chrome/137.0.7151.103 Mobile Safari/537.36 (compatible; Googlebot/2.1; +http://www.google.com/bot.html)"
