66.249.68.130 - - [17/Jul/2025:09:46:35 -0400] "GET /?n=00221135534800&channel=b8a470&from=blog.php%3Fid%3D1355348-4205%26name%3D%E5%89%B2%E3%82%8C%E7%84%A1+CB250R+MC52+%E7%B4%94%E6%AD%A3%E3%82%BF%E3%83%B3%E3%82%AF%E3%82%AB%E3%83%90%E3%83%BC%E5%8F%B3+%E3%82%BF%E3%83%B3%E3%82%AF%E3%82%AB%E3%82%A6%E3%83%AB+%E3%83%91%E3%83%8D%E3%83%AB+%E5%88%BB%E5%8D%B0K0A+18%E5%B9%B4-+%E3%82%B9%E3%83%88%E3%83%83%E3%82%AF%E3%81%AB HTTP/1.1" 301 0 "-" "Mozilla/5.0 (Linux; Android 6.0.1; Nexus 5X Build/MMB29P) AppleWebKit/537.36 (KHTML, like Gecko) Chrome/137.0.7151.103 Mobile Safari/537.36 (compatible; Googlebot/2.1; +http://www.google.com/bot.html)"
66.249.79.2 - - [17/Jul/2025:09:46:39 -0400] "GET /?n=00221135534800&channel=b8a470&from=blog.php%3Fid%3D1355348-4205%26name%3D%E5%89%B2%E3%82%8C%E7%84%A1%20CB250R%20MC52%20%E7%B4%94%E6%AD%A3%E3%82%BF%E3%83%B3%E3%82%AF%E3%82%AB%E3%83%90%E3%83%BC%E5%8F%B3%20%E3%82%BF%E3%83%B3%E3%82%AF%E3%82%AB%E3%82%A6%E3%83%AB%20%E3%83%91%E3%83%8D%E3%83%AB%20%E5%88%BB%E5%8D%B0K0A%2018%E5%B9%B4-%20%E3%82%B9%E3%83%88%E3%83%83%E3%82%AF%E3%81%AB HTTP/1.1" 200 29834 "-" "Mozilla/5.0 (Linux; Android 6.0.1; Nexus 5X Build/MMB29P) AppleWebKit/537.36 (KHTML, like Gecko) Chrome/137.0.7151.103 Mobile Safari/537.36 (compatible; Googlebot/2.1; +http://www.google.com/bot.html)"
66.249.68.129 - - [17/Jul/2025:09:46:50 -0400] "GET /?n=07483183244306&channel=83ee55&from=article.php%3Fid%3D1832443-13712%26name%3D%5BXshm%5D+%E3%83%A1%E3%83%B3%E3%82%BA+%E5%B9%B3%E8%A7%92%E3%83%91%E3%83%B3%E3%83%84+%E5%B1%B1%E6%9C%AC%E5%BD%A9+%281%29+%E7%94%B7%E6%80%A7%E7%94%A8+%E4%B8%8B%E7%9D%80+%E3%82%AB%E3%82%B9%E3%82%BF%E3%83%A0%E5%8D%B0%E5%88%B7+%E7%AB%8B%E4%BD%93%E8%A8%AD%E8%A8%88%E3%81%AE%E3%81%8A%E3%81%97%E3%82%83%E3%82%8C+%E3%83%AC%E3%82%AE%E3%83%A5%E3%83%A9%E3%83%BC%E3%82%B7%E3%83%A7%E3%83%BC%E3%83%84+%E3%83%A1%E3%83%B3%E3%82%BA+%E5%90%B8%E6%B1%97%E9%80%9F HTTP/1.1" 301 0 "-" "Mozilla/5.0 (Linux; Android 6.0.1; Nexus 5X Build/MMB29P) AppleWebKit/537.36 (KHTML, like Gecko) Chrome/137.0.7151.103 Mobile Safari/537.36 (compatible; Googlebot/2.1; +http://www.google.com/bot.html)"
66.249.79.2 - - [17/Jul/2025:09:46:53 -0400] "GET /?n=07483183244306&channel=83ee55&from=article.php%3Fid%3D1832443-13712%26name%3D%5BXshm%5D%20%E3%83%A1%E3%83%B3%E3%82%BA%20%E5%B9%B3%E8%A7%92%E3%83%91%E3%83%B3%E3%83%84%20%E5%B1%B1%E6%9C%AC%E5%BD%A9%20%281%29%20%E7%94%B7%E6%80%A7%E7%94%A8%20%E4%B8%8B%E7%9D%80%20%E3%82%AB%E3%82%B9%E3%82%BF%E3%83%A0%E5%8D%B0%E5%88%B7%20%E7%AB%8B%E4%BD%93%E8%A8%AD%E8%A8%88%E3%81%AE%E3%81%8A%E3%81%97%E3%82%83%E3%82%8C%20%E3%83%AC%E3%82%AE%E3%83%A5%E3%83%A9%E3%83%BC%E3%82%B7%E3%83%A7%E3%83%BC%E3%83%84%20%E3%83%A1%E3%83%B3%E3%82%BA%20%E5%90%B8%E6%B1%97%E9%80%9F HTTP/1.1" 200 29827 "-" "Mozilla/5.0 (Linux; Android 6.0.1; Nexus 5X Build/MMB29P) AppleWebKit/537.36 (KHTML, like Gecko) Chrome/137.0.7151.103 Mobile Safari/537.36 (compatible; Googlebot/2.1; +http://www.google.com/bot.html)"
66.249.68.131 - - [17/Jul/2025:09:47:16 -0400] "GET /eabf_tag/00019a.xml HTTP/1.1" 200 2766 "-" "Mozilla/5.0 (compatible; Googlebot/2.1; +http://www.google.com/bot.html)"
113.45.227.187 - - [17/Jul/2025:09:47:20 -0400] "POST /xmlrpc.php HTTP/1.1" 403 1242 "https://fnf.group" "Mozilla/5.0 (Windows NT 10.0; Win64; x64; rv:125.0.1) Gecko/20100101 Firefox/125.0.1"
63.250.38.117 - - [17/Jul/2025:09:47:30 -0400] "POST /wp-cron.php?doing_wp_cron=1752760050.2840769290924072265625 HTTP/1.1" 403 1242 "-" "WordPress/6.8.1; https://fnf.group"
66.249.68.130 - - [17/Jul/2025:09:47:28 -0400] "GET /?n=27007189152200&channel=60d2d6&from=product.php%3Fid%3D1891522-17169%26name%3D%E3%82%B7%E3%83%BC%E3%82%B0%E3%83%A9%E3%82%B91678+%E2%99%A1%E3%83%8F%E3%83%BC%E3%83%88%E2%99%A1%E3%80%80%E3%82%A2%E3%83%BC%E3%83%88%E3%80%80%E5%B7%A5%E4%BD%9C HTTP/1.1" 301 0 "-" "Mozilla/5.0 (Linux; Android 6.0.1; Nexus 5X Build/MMB29P) AppleWebKit/537.36 (KHTML, like Gecko) Chrome/137.0.7151.103 Mobile Safari/537.36 (compatible; Googlebot/2.1; +http://www.google.com/bot.html)"
66.249.79.4 - - [17/Jul/2025:09:47:30 -0400] "GET /?n=27007189152200&channel=60d2d6&from=product.php%3Fid%3D1891522-17169%26name%3D%E3%82%B7%E3%83%BC%E3%82%B0%E3%83%A9%E3%82%B91678%20%E2%99%A1%E3%83%8F%E3%83%BC%E3%83%88%E2%99%A1%E3%80%80%E3%82%A2%E3%83%BC%E3%83%88%E3%80%80%E5%B7%A5%E4%BD%9C HTTP/1.1" 200 29830 "-" "Mozilla/5.0 (Linux; Android 6.0.1; Nexus 5X Build/MMB29P) AppleWebKit/537.36 (KHTML, like Gecko) Chrome/137.0.7151.103 Mobile Safari/537.36 (compatible; Googlebot/2.1; +http://www.google.com/bot.html)"
2.58.56.113 - - [17/Jul/2025:09:47:35 -0400] "GET /wp-admin/setup-config.php HTTP/1.1" 409 1041 "-" "Mozilla/5.0 (Windows NT 10.0; Win64; x64)"
66.249.68.129 - - [17/Jul/2025:09:47:43 -0400] "GET /?n=4099922499902&channel=8d6122&from=goods.php%3Fid%3D224999-5805%26name%3D%E3%83%91%E3%83%AF%E3%83%BC%E3%82%B9%E3%83%86%E3%82%A2%E3%83%AA%E3%83%B3%E3%82%B0%E3%82%AE%E3%82%A2+%E3%82%B9%E3%83%86%E3%82%A2%E3%83%AA%E3%83%B3%E3%82%B0%E3%83%A9%E3%83%83%E3%82%AF+%E3%82%B7%E3%83%9C%E3%83%AC%E3%83%BC+%E3%82%AD%E3%83%A3%E3%83%97%E3%83%86%E3%82%A3%E3%83%90+2.0L+2.4L+3.2L+AWD+AT+2006-2010 HTTP/1.1" 301 0 "-" "Mozilla/5.0 (Linux; Android 6.0.1; Nexus 5X Build/MMB29P) AppleWebKit/537.36 (KHTML, like Gecko) Chrome/137.0.7151.103 Mobile Safari/537.36 (compatible; Googlebot/2.1; +http://www.google.com/bot.html)"
66.249.79.3 - - [17/Jul/2025:09:47:46 -0400] "GET /?n=4099922499902&channel=8d6122&from=goods.php%3Fid%3D224999-5805%26name%3D%E3%83%91%E3%83%AF%E3%83%BC%E3%82%B9%E3%83%86%E3%82%A2%E3%83%AA%E3%83%B3%E3%82%B0%E3%82%AE%E3%82%A2%20%E3%82%B9%E3%83%86%E3%82%A2%E3%83%AA%E3%83%B3%E3%82%B0%E3%83%A9%E3%83%83%E3%82%AF%20%E3%82%B7%E3%83%9C%E3%83%AC%E3%83%BC%20%E3%82%AD%E3%83%A3%E3%83%97%E3%83%86%E3%82%A3%E3%83%90%202.0L%202.4L%203.2L%20AWD%20AT%202006-2010 HTTP/1.1" 200 29836 "-" "Mozilla/5.0 (Linux; Android 6.0.1; Nexus 5X Build/MMB29P) AppleWebKit/537.36 (KHTML, like Gecko) Chrome/137.0.7151.103 Mobile Safari/537.36 (compatible; Googlebot/2.1; +http://www.google.com/bot.html)"
66.249.68.129 - - [17/Jul/2025:09:48:01 -0400] "GET /?n=52271122529700&channel=081bf3&from=article.php%3Fid%3D1225297-11692%26name%3DKITEN+%E3%82%AD%E3%83%86%E3%83%B3+%E3%83%AA%E3%83%9D%E3%82%BD%E3%83%BC%E3%83%A0%E3%83%93%E3%82%BF%E3%83%9F%E3%83%B3C+%E3%82%B5%E3%83%97%E3%83%AA%E3%83%A1%E3%83%B3%E3%83%88120%E7%B2%92%E2%91%A2%E2%9D%A4%EF%B8%8F%E6%96%B0%E5%93%81%E3%80%80%E6%9C%AA%E9%96%8B%E5%B0%81%E2%9D%A4%EF%B8%8F HTTP/1.1" 301 0 "-" "Mozilla/5.0 (Linux; Android 6.0.1; Nexus 5X Build/MMB29P) AppleWebKit/537.36 (KHTML, like Gecko) Chrome/137.0.7151.103 Mobile Safari/537.36 (compatible; Googlebot/2.1; +http://www.google.com/bot.html)"
66.249.79.5 - - [17/Jul/2025:09:48:03 -0400] "GET /?n=52271122529700&channel=081bf3&from=article.php%3Fid%3D1225297-11692%26name%3DKITEN%20%E3%82%AD%E3%83%86%E3%83%B3%20%E3%83%AA%E3%83%9D%E3%82%BD%E3%83%BC%E3%83%A0%E3%83%93%E3%82%BF%E3%83%9F%E3%83%B3C%20%E3%82%B5%E3%83%97%E3%83%AA%E3%83%A1%E3%83%B3%E3%83%88120%E7%B2%92%E2%91%A2%E2%9D%A4%EF%B8%8F%E6%96%B0%E5%93%81%E3%80%80%E6%9C%AA%E9%96%8B%E5%B0%81%E2%9D%A4%EF%B8%8F HTTP/1.1" 200 29836 "-" "Mozilla/5.0 (Linux; Android 6.0.1; Nexus 5X Build/MMB29P) AppleWebKit/537.36 (KHTML, like Gecko) Chrome/137.0.7151.103 Mobile Safari/537.36 (compatible; Googlebot/2.1; +http://www.google.com/bot.html)"
66.249.79.4 - - [17/Jul/2025:09:48:11 -0400] "GET /wp-content/plugins/nextend-smart-slider3-pro/library/media/smartslider.min.css?1587163183 HTTP/1.1" 200 2966 "https://fnf.group/?n=52271122529700&channel=081bf3&from=article.php%3Fid%3D1225297-11692%26name%3DKITEN%20%E3%82%AD%E3%83%86%E3%83%B3%20%E3%83%AA%E3%83%9D%E3%82%BD%E3%83%BC%E3%83%A0%E3%83%93%E3%82%BF%E3%83%9F%E3%83%B3C%20%E3%82%B5%E3%83%97%E3%83%AA%E3%83%A1%E3%83%B3%E3%83%88120%E7%B2%92%E2%91%A2%E2%9D%A4%EF%B8%8F%E6%96%B0%E5%93%81%E3%80%80%E6%9C%AA%E9%96%8B%E5%B0%81%E2%9D%A4%EF%B8%8F" "Mozilla/5.0 (Linux; Android 6.0.1; Nexus 5X Build/MMB29P) AppleWebKit/537.36 (KHTML, like Gecko) Chrome/137.0.7151.119 Mobile Safari/537.36 (compatible; Googlebot/2.1; +http://www.google.com/bot.html)"
63.250.38.117 - - [17/Jul/2025:09:48:32 -0400] "POST /wp-cron.php?doing_wp_cron=1752760111.9110200405120849609375 HTTP/1.1" 403 1242 "-" "WordPress/6.8.1; https://fnf.group"
66.249.68.129 - - [17/Jul/2025:09:48:31 -0400] "GET /?n=27836160215200&channel=c684fd&from=form.php%3Fid%3D1602152-13588%26name%3D%E3%83%87%E3%82%A3%E3%82%BA%E3%83%8B%E3%83%BC+%E3%82%B7%E3%83%A5%E3%82%AC%E3%83%BC%E3%83%A9%E3%83%83%E3%82%B7%E3%83%A5+%E3%83%B4%E3%82%A1%E3%83%8D%E3%83%AD%E3%83%9A+%E3%83%98%E3%82%A2%E3%82%AF%E3%83%AA%E3%83%83%E3%83%97+14%E5%80%8B%E3%82%BB%E3%83%83%E3%83%88 HTTP/1.1" 301 0 "-" "Mozilla/5.0 (Linux; Android 6.0.1; Nexus 5X Build/MMB29P) AppleWebKit/537.36 (KHTML, like Gecko) Chrome/137.0.7151.103 Mobile Safari/537.36 (compatible; Googlebot/2.1; +http://www.google.com/bot.html)"
66.249.79.3 - - [17/Jul/2025:09:48:32 -0400] "GET /?n=27836160215200&channel=c684fd&from=form.php%3Fid%3D1602152-13588%26name%3D%E3%83%87%E3%82%A3%E3%82%BA%E3%83%8B%E3%83%BC%20%E3%82%B7%E3%83%A5%E3%82%AC%E3%83%BC%E3%83%A9%E3%83%83%E3%82%B7%E3%83%A5%20%E3%83%B4%E3%82%A1%E3%83%8D%E3%83%AD%E3%83%9A%20%E3%83%98%E3%82%A2%E3%82%AF%E3%83%AA%E3%83%83%E3%83%97%2014%E5%80%8B%E3%82%BB%E3%83%83%E3%83%88 HTTP/1.1" 200 29825 "-" "Mozilla/5.0 (Linux; Android 6.0.1; Nexus 5X Build/MMB29P) AppleWebKit/537.36 (KHTML, like Gecko) Chrome/137.0.7151.103 Mobile Safari/537.36 (compatible; Googlebot/2.1; +http://www.google.com/bot.html)"
20.244.25.192 - - [17/Jul/2025:09:48:42 -0400] "POST /wp-login.php HTTP/1.1" 200 3938 "-" "Mozilla/5.0"
2a03:2880:f800:e:: - - [17/Jul/2025:09:48:53 -0400] "GET /category/mini-reviews/feed/ HTTP/1.1" 200 46788 "-" "meta-externalagent/1.1 (+https://developers.facebook.com/docs/sharing/webmasters/crawler)"
213.209.150.137 - - [17/Jul/2025:09:48:54 -0400] "POST /wp-login.php?action=register HTTP/1.1" 302 0 "-" "-"
66.249.68.130 - - [17/Jul/2025:09:49:00 -0400] "GET /?n=4920863554900&channel=408e58&from=brands.php%3Fid%3D635549-4851%26name%3D%5B%E3%82%AF%E3%83%A9%E3%83%B3%E3%82%AF%E3%83%96%E3%83%A9%E3%82%B6%E3%83%BC%E3%82%BA%5D+CRANKBROTHERS+%E3%82%B7%E3%83%A5%E3%83%BC%E3%82%BA+%E3%83%9E%E3%83%AC%E3%83%83%E3%83%88+BOA+28cm%2810in%29+%E3%83%96%E3%83%A9%E3%83%83%E3%82%AF%2F%E3%82%B4%E3%83%BC%E3%83%AB%E3%83%89 HTTP/1.1" 301 0 "-" "Mozilla/5.0 (Linux; Android 6.0.1; Nexus 5X Build/MMB29P) AppleWebKit/537.36 (KHTML, like Gecko) Chrome/137.0.7151.103 Mobile Safari/537.36 (compatible; Googlebot/2.1; +http://www.google.com/bot.html)"
66.249.79.3 - - [17/Jul/2025:09:49:05 -0400] "GET /?n=4920863554900&channel=408e58&from=brands.php%3Fid%3D635549-4851%26name%3D%5B%E3%82%AF%E3%83%A9%E3%83%B3%E3%82%AF%E3%83%96%E3%83%A9%E3%82%B6%E3%83%BC%E3%82%BA%5D%20CRANKBROTHERS%20%E3%82%B7%E3%83%A5%E3%83%BC%E3%82%BA%20%E3%83%9E%E3%83%AC%E3%83%83%E3%83%88%20BOA%2028cm%2810in%29%20%E3%83%96%E3%83%A9%E3%83%83%E3%82%AF%2F%E3%82%B4%E3%83%BC%E3%83%AB%E3%83%89 HTTP/1.1" 200 29833 "-" "Mozilla/5.0 (Linux; Android 6.0.1; Nexus 5X Build/MMB29P) AppleWebKit/537.36 (KHTML, like Gecko) Chrome/137.0.7151.103 Mobile Safari/537.36 (compatible; Googlebot/2.1; +http://www.google.com/bot.html)"
213.209.150.137 - - [17/Jul/2025:09:49:07 -0400] "POST /wp-login.php?action=register HTTP/1.1" 302 0 "-" "-"
213.209.150.137 - - [17/Jul/2025:09:49:22 -0400] "POST /wp-login.php?action=register HTTP/1.1" 302 0 "-" "-"
63.250.38.117 - - [17/Jul/2025:09:49:36 -0400] "POST /wp-cron.php?doing_wp_cron=1752760176.2065138816833496093750 HTTP/1.1" 403 1242 "-" "WordPress/6.8.1; https://fnf.group"
213.209.150.137 - - [17/Jul/2025:09:49:34 -0400] "POST /wp-login.php?action=register HTTP/1.1" 302 0 "-" "-"
213.209.150.137 - - [17/Jul/2025:09:49:45 -0400] "POST /wp-login.php?action=register HTTP/1.1" 302 0 "-" "-"
213.209.150.137 - - [17/Jul/2025:09:49:57 -0400] "POST /wp-login.php?action=register HTTP/1.1" 302 0 "-" "-"
213.209.150.137 - - [17/Jul/2025:09:50:10 -0400] "POST /wp-login.php?action=register HTTP/1.1" 302 0 "-" "-"
213.209.150.137 - - [17/Jul/2025:09:50:24 -0400] "POST /wp-login.php?action=register HTTP/1.1" 302 0 "-" "-"
63.250.38.117 - - [17/Jul/2025:09:50:38 -0400] "POST /wp-cron.php?doing_wp_cron=1752760238.7953510284423828125000 HTTP/1.1" 403 1242 "-" "WordPress/6.8.1; https://fnf.group"
213.209.150.137 - - [17/Jul/2025:09:50:37 -0400] "POST /wp-login.php?action=register HTTP/1.1" 302 0 "-" "-"
66.249.68.131 - - [17/Jul/2025:09:50:40 -0400] "GET /?n=87211157856201&channel=ec65b9&from=shop.php%3Fid%3D1578562-1749%26name%3D%E3%82%B6%E3%83%83%E3%83%97ZAPPU%E3%80%80%E3%83%96%E3%83%AC%E3%83%87%E3%82%A3Bredy+%E3%82%B3%E3%83%AD%E3%83%A9%E3%83%89%E3%82%B7%E3%83%AB%E3%83%90%E3%83%BC%E3%83%96%E3%83%AC%E3%83%BC%E3%83%89 HTTP/1.1" 301 0 "-" "Mozilla/5.0 (Linux; Android 6.0.1; Nexus 5X Build/MMB29P) AppleWebKit/537.36 (KHTML, like Gecko) Chrome/137.0.7151.103 Mobile Safari/537.36 (compatible; Googlebot/2.1; +http://www.google.com/bot.html)"
66.249.79.4 - - [17/Jul/2025:09:50:44 -0400] "GET /?n=87211157856201&channel=ec65b9&from=shop.php%3Fid%3D1578562-1749%26name%3D%E3%82%B6%E3%83%83%E3%83%97ZAPPU%E3%80%80%E3%83%96%E3%83%AC%E3%83%87%E3%82%A3Bredy%20%E3%82%B3%E3%83%AD%E3%83%A9%E3%83%89%E3%82%B7%E3%83%AB%E3%83%90%E3%83%BC%E3%83%96%E3%83%AC%E3%83%BC%E3%83%89 HTTP/1.1" 200 29816 "-" "Mozilla/5.0 (Linux; Android 6.0.1; Nexus 5X Build/MMB29P) AppleWebKit/537.36 (KHTML, like Gecko) Chrome/137.0.7151.103 Mobile Safari/537.36 (compatible; Googlebot/2.1; +http://www.google.com/bot.html)"
66.249.68.130 - - [17/Jul/2025:09:50:55 -0400] "GET /?n=86002177223201&channel=b623a1&from=article.php%3Fid%3D1772232-24708%26name%3D%E5%90%88%E9%87%91%E4%B8%AD%E7%A9%BA%E9%87%91%E5%B1%9E%E3%83%81%E3%82%BF%E3%83%B3%E3%83%91%E3%82%A4%E3%83%97%E3%80%81%E4%B8%B8%E7%AE%A1%E5%A4%96%E5%BE%8410-89mm%E3%80%81%E6%B5%B7%E6%B4%8B%E5%B7%A5%E5%AD%A6%E7%94%A8%E3%83%81%E3%82%BF%E3%83%B3%E3%82%B7%E3%83%BC%E3%83%A0%E3%83%AC%E3%82%B9%E3%83%91%E3%82%A4%E3%83%97%28500MM%2A38MM%2A34MM%29 HTTP/1.1" 301 0 "-" "Mozilla/5.0 (Linux; Android 6.0.1; Nexus 5X Build/MMB29P) AppleWebKit/537.36 (KHTML, like Gecko) Chrome/137.0.7151.103 Mobile Safari/537.36 (compatible; Googlebot/2.1; +http://www.google.com/bot.html)"
66.249.79.3 - - [17/Jul/2025:09:50:58 -0400] "GET /?n=86002177223201&channel=b623a1&from=article.php%3Fid%3D1772232-24708%26name%3D%E5%90%88%E9%87%91%E4%B8%AD%E7%A9%BA%E9%87%91%E5%B1%9E%E3%83%81%E3%82%BF%E3%83%B3%E3%83%91%E3%82%A4%E3%83%97%E3%80%81%E4%B8%B8%E7%AE%A1%E5%A4%96%E5%BE%8410-89mm%E3%80%81%E6%B5%B7%E6%B4%8B%E5%B7%A5%E5%AD%A6%E7%94%A8%E3%83%81%E3%82%BF%E3%83%B3%E3%82%B7%E3%83%BC%E3%83%A0%E3%83%AC%E3%82%B9%E3%83%91%E3%82%A4%E3%83%97%28500MM%2A38MM%2A34MM%29 HTTP/1.1" 200 29828 "-" "Mozilla/5.0 (Linux; Android 6.0.1; Nexus 5X Build/MMB29P) AppleWebKit/537.36 (KHTML, like Gecko) Chrome/137.0.7151.103 Mobile Safari/537.36 (compatible; Googlebot/2.1; +http://www.google.com/bot.html)"
66.249.68.131 - - [17/Jul/2025:09:51:10 -0400] "GET /?n=93120129670301&channel=7c1b2e&from=form.php%3Fid%3D1296703-24041%26name%3D%E3%81%8A%E3%82%82%E3%81%A1%E3%82%83%E3%80%80%E6%96%B0%E5%93%81%E6%9C%AA%E4%BD%BF%E7%94%A8%E3%80%80%E5%AD%90%E4%BE%9B HTTP/1.1" 301 0 "-" "Mozilla/5.0 (Linux; Android 6.0.1; Nexus 5X Build/MMB29P) AppleWebKit/537.36 (KHTML, like Gecko) Chrome/137.0.7151.103 Mobile Safari/537.36 (compatible; Googlebot/2.1; +http://www.google.com/bot.html)"
66.249.79.3 - - [17/Jul/2025:09:51:13 -0400] "GET /?n=93120129670301&channel=7c1b2e&from=form.php%3Fid%3D1296703-24041%26name%3D%E3%81%8A%E3%82%82%E3%81%A1%E3%82%83%E3%80%80%E6%96%B0%E5%93%81%E6%9C%AA%E4%BD%BF%E7%94%A8%E3%80%80%E5%AD%90%E4%BE%9B HTTP/1.1" 200 29830 "-" "Mozilla/5.0 (Linux; Android 6.0.1; Nexus 5X Build/MMB29P) AppleWebKit/537.36 (KHTML, like Gecko) Chrome/137.0.7151.103 Mobile Safari/537.36 (compatible; Googlebot/2.1; +http://www.google.com/bot.html)"
63.250.38.117 - - [17/Jul/2025:09:51:50 -0400] "POST /wp-cron.php?doing_wp_cron=1752760310.7854030132293701171875 HTTP/1.1" 403 1242 "-" "WordPress/6.8.1; https://fnf.group"
66.249.68.129 - - [17/Jul/2025:09:51:49 -0400] "GET /?n=0219858956801&channel=7ddb37&from=form.php%3Fid%3D589568-12082%26name%3D%E3%83%9C%E3%82%B9%E3%83%81%E3%82%A7%E3%82%A2%E3%83%96%E3%83%A9%E3%83%83%E3%82%AF%E3%82%AA%E3%83%95%E3%82%A3%E3%82%B9%E5%AE%B6%E5%85%B7%E3%83%AC%E3%82%B6%E3%83%BC%E3%83%81%E3%82%A7%E3%82%A2%E3%82%A8%E3%82%B0%E3%82%BC%E3%82%AF%E3%83%86%E3%82%A3%E3%83%96%E3%83%81%E3%82%A7%E3%82%A2%E3%83%9E%E3%83%8D%E3%83%BC%E3%82%B8%E3%83%A3%E3%83%BC%E3%83%81%E3%82%A7%E3%82%A2%E3%82%B3%E3%83%B3%E3%83%94%E3%83%A5%E3%83%BC%E3%82%BF%E3%83%AA%E3%83%95%E3%83%88%E5%9B%9E%E8%BB%A2%E6%A4%85%E5%AD%90%E7%A4%BE%E9%95%B7%E6%A4%85%E5%AD%90%E8%88%88%E5%91%B3%E6%B7%B1%E3%81%84+To+p HTTP/1.1" 301 0 "-" "Mozilla/5.0 (Linux; Android 6.0.1; Nexus 5X Build/MMB29P) AppleWebKit/537.36 (KHTML, like Gecko) Chrome/137.0.7151.103 Mobile Safari/537.36 (compatible; Googlebot/2.1; +http://www.google.com/bot.html)"
66.249.79.3 - - [17/Jul/2025:09:51:51 -0400] "GET /?n=0219858956801&channel=7ddb37&from=form.php%3Fid%3D589568-12082%26name%3D%E3%83%9C%E3%82%B9%E3%83%81%E3%82%A7%E3%82%A2%E3%83%96%E3%83%A9%E3%83%83%E3%82%AF%E3%82%AA%E3%83%95%E3%82%A3%E3%82%B9%E5%AE%B6%E5%85%B7%E3%83%AC%E3%82%B6%E3%83%BC%E3%83%81%E3%82%A7%E3%82%A2%E3%82%A8%E3%82%B0%E3%82%BC%E3%82%AF%E3%83%86%E3%82%A3%E3%83%96%E3%83%81%E3%82%A7%E3%82%A2%E3%83%9E%E3%83%8D%E3%83%BC%E3%82%B8%E3%83%A3%E3%83%BC%E3%83%81%E3%82%A7%E3%82%A2%E3%82%B3%E3%83%B3%E3%83%94%E3%83%A5%E3%83%BC%E3%82%BF%E3%83%AA%E3%83%95%E3%83%88%E5%9B%9E%E8%BB%A2%E6%A4%85%E5%AD%90%E7%A4%BE%E9%95%B7%E6%A4%85%E5%AD%90%E8%88%88%E5%91%B3%E6%B7%B1%E3%81%84%20To%20p HTTP/1.1" 200 29836 "-" "Mozilla/5.0 (Linux; Android 6.0.1; Nexus 5X Build/MMB29P) AppleWebKit/537.36 (KHTML, like Gecko) Chrome/137.0.7151.103 Mobile Safari/537.36 (compatible; Googlebot/2.1; +http://www.google.com/bot.html)"
66.249.68.131 - - [17/Jul/2025:09:52:03 -0400] "GET /?n=1929134283501&channel=cd146c&from=pin.php%3Fid%3D342835-5706%26name%3DVuzmode+%E3%82%A6%E3%82%A3%E3%83%B3%E3%83%89%E3%82%A6%E3%83%90%E3%82%A4%E3%82%B6%E3%83%BC%E3%83%99%E3%83%B3%E3%83%88%E3%82%B7%E3%82%A7%E3%83%BC%E3%83%89%E3%82%B5%E3%83%B3%E3%83%AC%E3%82%A4%E3%83%B3%E3%82%AC%E3%83%BC%E3%83%89%E3%82%B5%E3%82%A4%E3%83%89%E3%83%89%E3%82%A2%E3%83%87%E3%82%A3%E3%83%95%E3%83%AC%E3%82%AF%E3%82%BF%E3%83%BC%E3%82%A6%E3%82%A4%E3%83%B3%E3%83%89%E3%83%97%E3%83%AD%E3%83%86%E3%82%AF%E3%82%BF%E3%83%BC%E3%80%81%E3%83%88%E3%83%A8%E3%82%BF%E7%94%A8%E3%80%81Innova HTTP/1.1" 301 0 "-" "Mozilla/5.0 (Linux; Android 6.0.1; Nexus 5X Build/MMB29P) AppleWebKit/537.36 (KHTML, like Gecko) Chrome/137.0.7151.103 Mobile Safari/537.36 (compatible; Googlebot/2.1; +http://www.google.com/bot.html)"
66.249.79.5 - - [17/Jul/2025:09:52:06 -0400] "GET /?n=1929134283501&channel=cd146c&from=pin.php%3Fid%3D342835-5706%26name%3DVuzmode%20%E3%82%A6%E3%82%A3%E3%83%B3%E3%83%89%E3%82%A6%E3%83%90%E3%82%A4%E3%82%B6%E3%83%BC%E3%83%99%E3%83%B3%E3%83%88%E3%82%B7%E3%82%A7%E3%83%BC%E3%83%89%E3%82%B5%E3%83%B3%E3%83%AC%E3%82%A4%E3%83%B3%E3%82%AC%E3%83%BC%E3%83%89%E3%82%B5%E3%82%A4%E3%83%89%E3%83%89%E3%82%A2%E3%83%87%E3%82%A3%E3%83%95%E3%83%AC%E3%82%AF%E3%82%BF%E3%83%BC%E3%82%A6%E3%82%A4%E3%83%B3%E3%83%89%E3%83%97%E3%83%AD%E3%83%86%E3%82%AF%E3%82%BF%E3%83%BC%E3%80%81%E3%83%88%E3%83%A8%E3%82%BF%E7%94%A8%E3%80%81Innova HTTP/1.1" 200 29833 "-" "Mozilla/5.0 (Linux; Android 6.0.1; Nexus 5X Build/MMB29P) AppleWebKit/537.36 (KHTML, like Gecko) Chrome/137.0.7151.103 Mobile Safari/537.36 (compatible; Googlebot/2.1; +http://www.google.com/bot.html)"
66.249.68.130 - - [17/Jul/2025:09:52:18 -0400] "GET /?n=2751744454305&channel=b9745b&from=pin.php%3Fid%3D444543-5890%26name%3D03C128063B+03C128063A+A2C59511700+%E3%82%B9%E3%83%AD%E3%83%83%E3%83%88%E3%83%AB%E3%83%9C%E3%83%87%E3%82%A3%E3%83%90%E3%83%AB%E3%83%96%E3%82%B3%E3%83%B3%E3%83%88%E3%83%AD%E3%83%BC%E3%83%AB%E3%83%95%E3%83%A9%E3%83%83%E3%83%97%E3%80%81VW+%E3%82%B4%E3%83%AB%E3%83%95%E3%82%B7%E3%83%BC%E3%83%88%E3%82%B7 HTTP/1.1" 301 0 "-" "Mozilla/5.0 (Linux; Android 6.0.1; Nexus 5X Build/MMB29P) AppleWebKit/537.36 (KHTML, like Gecko) Chrome/137.0.7151.103 Mobile Safari/537.36 (compatible; Googlebot/2.1; +http://www.google.com/bot.html)"
66.249.79.4 - - [17/Jul/2025:09:52:21 -0400] "GET /?n=2751744454305&channel=b9745b&from=pin.php%3Fid%3D444543-5890%26name%3D03C128063B%2003C128063A%20A2C59511700%20%E3%82%B9%E3%83%AD%E3%83%83%E3%83%88%E3%83%AB%E3%83%9C%E3%83%87%E3%82%A3%E3%83%90%E3%83%AB%E3%83%96%E3%82%B3%E3%83%B3%E3%83%88%E3%83%AD%E3%83%BC%E3%83%AB%E3%83%95%E3%83%A9%E3%83%83%E3%83%97%E3%80%81VW%20%E3%82%B4%E3%83%AB%E3%83%95%E3%82%B7%E3%83%BC%E3%83%88%E3%82%B7 HTTP/1.1" 200 29831 "-" "Mozilla/5.0 (Linux; Android 6.0.1; Nexus 5X Build/MMB29P) AppleWebKit/537.36 (KHTML, like Gecko) Chrome/137.0.7151.103 Mobile Safari/537.36 (compatible; Googlebot/2.1; +http://www.google.com/bot.html)"
66.249.68.129 - - [17/Jul/2025:09:52:33 -0400] "GET /?n=7098933381600&channel=37ec63&from=shared.php%3Fid%3D333816-14461%26name%3D%E6%B0%B4%E5%88%87%E3%82%8A%E3%83%A9%E3%83%83%E3%82%AF+%E6%97%A5%E6%9C%AC%E3%81%AE%E3%82%AF%E3%83%AA%E3%82%A8%E3%82%A4%E3%83%86%E3%82%A3%E3%83%96%E3%82%A2%E3%82%A4%E3%82%A2%E3%83%B3%E3%82%A2%E3%83%BC%E3%83%88%E3%82%B9%E3%83%88%E3%83%AC%E3%83%BC%E3%82%B8%E3%82%AB%E3%83%83%E3%83%97%E3%83%9B%E3%83%AB%E3%83%80%E3%83%BC%E3%82%AD%E3%83%83%E3%83%81%E3%83%B3%E3%82%AC%E3%83%A9%E3%82%B9%E3%82%B7%E3%83%B3%E3%83%97%E3%83%AB%E3%81%AA%E6%8E%92%E6%B0%B4%E5%8F%8E%E7%B4%8D6%E3%83%A9%E3%83%83%E3%82%AF%E4%B9%BE%E7%87%A5%E3%83%A9%E3%83%83%E3%82%AF+%E7%B0%A1%E6%BD%94%E9%A2%A8 HTTP/1.1" 301 0 "-" "Mozilla/5.0 (Linux; Android 6.0.1; Nexus 5X Build/MMB29P) AppleWebKit/537.36 (KHTML, like Gecko) Chrome/137.0.7151.103 Mobile Safari/537.36 (compatible; Googlebot/2.1; +http://www.google.com/bot.html)"
66.249.79.3 - - [17/Jul/2025:09:52:36 -0400] "GET /?n=7098933381600&channel=37ec63&from=shared.php%3Fid%3D333816-14461%26name%3D%E6%B0%B4%E5%88%87%E3%82%8A%E3%83%A9%E3%83%83%E3%82%AF%20%E6%97%A5%E6%9C%AC%E3%81%AE%E3%82%AF%E3%83%AA%E3%82%A8%E3%82%A4%E3%83%86%E3%82%A3%E3%83%96%E3%82%A2%E3%82%A4%E3%82%A2%E3%83%B3%E3%82%A2%E3%83%BC%E3%83%88%E3%82%B9%E3%83%88%E3%83%AC%E3%83%BC%E3%82%B8%E3%82%AB%E3%83%83%E3%83%97%E3%83%9B%E3%83%AB%E3%83%80%E3%83%BC%E3%82%AD%E3%83%83%E3%83%81%E3%83%B3%E3%82%AC%E3%83%A9%E3%82%B9%E3%82%B7%E3%83%B3%E3%83%97%E3%83%AB%E3%81%AA%E6%8E%92%E6%B0%B4%E5%8F%8E%E7%B4%8D6%E3%83%A9%E3%83%83%E3%82%AF%E4%B9%BE%E7%87%A5%E3%83%A9%E3%83%83%E3%82%AF%20%E7%B0%A1%E6%BD%94%E9%A2%A8 HTTP/1.1" 200 29829 "-" "Mozilla/5.0 (Linux; Android 6.0.1; Nexus 5X Build/MMB29P) AppleWebKit/537.36 (KHTML, like Gecko) Chrome/137.0.7151.103 Mobile Safari/537.36 (compatible; Googlebot/2.1; +http://www.google.com/bot.html)"
216.244.66.226 - - [17/Jul/2025:09:53:35 -0400] "GET /robots.txt HTTP/1.1" 500 1034 "-" "Mozilla/5.0 (compatible; DotBot/1.2; +https://opensiteexplorer.org/dotbot; help@moz.com)"
63.250.38.117 - - [17/Jul/2025:09:53:39 -0400] "POST /wp-cron.php?doing_wp_cron=1752760419.6999669075012207031250 HTTP/1.1" 403 1242 "-" "WordPress/6.8.1; https://fnf.group"
217.113.194.23 - - [17/Jul/2025:09:53:36 -0400] "GET /2025/06/20/masalbet-on-line-casino-turkiye-casino-sektorunun-en-iyisi/feed/ HTTP/1.1" 200 566 "-" "Mozilla/5.0 (compatible; Barkrowler/0.9; +https://babbar.tech/crawler)"
66.249.68.131 - - [17/Jul/2025:09:53:46 -0400] "GET /?n=10799150292600&channel=61a996&from=product.php%3Fid%3D1502926-16416%26name%3D%E3%80%90%E3%83%8F%E3%83%AF%E3%82%A4%E3%81%AE%E3%83%91%E3%83%AF%E3%83%BC%E3%82%B9%E3%83%88%E3%83%BC%E3%83%B3%E3%80%91%E3%82%B7%E3%82%A7%E3%83%A9%E3%83%88%E3%83%B3%E3%83%AF%E3%82%A4%E3%82%AD%E3%82%AD%E5%89%8D%E3%81%AE%E6%B5%B7%E3%81%AE%E7%9F%B3%EF%BC%81 HTTP/1.1" 301 0 "-" "Mozilla/5.0 (Linux; Android 6.0.1; Nexus 5X Build/MMB29P) AppleWebKit/537.36 (KHTML, like Gecko) Chrome/137.0.7151.103 Mobile Safari/537.36 (compatible; Googlebot/2.1; +http://www.google.com/bot.html)"
66.249.79.3 - - [17/Jul/2025:09:53:49 -0400] "GET /?n=10799150292600&channel=61a996&from=product.php%3Fid%3D1502926-16416%26name%3D%E3%80%90%E3%83%8F%E3%83%AF%E3%82%A4%E3%81%AE%E3%83%91%E3%83%AF%E3%83%BC%E3%82%B9%E3%83%88%E3%83%BC%E3%83%B3%E3%80%91%E3%82%B7%E3%82%A7%E3%83%A9%E3%83%88%E3%83%B3%E3%83%AF%E3%82%A4%E3%82%AD%E3%82%AD%E5%89%8D%E3%81%AE%E6%B5%B7%E3%81%AE%E7%9F%B3%EF%BC%81 HTTP/1.1" 200 29835 "-" "Mozilla/5.0 (Linux; Android 6.0.1; Nexus 5X Build/MMB29P) AppleWebKit/537.36 (KHTML, like Gecko) Chrome/137.0.7151.103 Mobile Safari/537.36 (compatible; Googlebot/2.1; +http://www.google.com/bot.html)"
72.14.199.98 - - [17/Jul/2025:09:53:56 -0400] "GET /shopdetail/98470918 HTTP/1.1" 404 11507 "-" "Mozilla/5.0 (Linux; Android 6.0.1; Nexus 5X Build/MMB29P) AppleWebKit/537.36 (KHTML, like Gecko) Chrome/137.0.7151.103 Mobile Safari/537.36 (compatible; AdsBot-Google-Mobile; +http://www.google.com/mobile/adsbot.html)"
217.113.194.23 - - [17/Jul/2025:09:53:55 -0400] "GET /2025/06/26/pin-up-kazino-120-na-bank-i-250-fs-v-kazakhstane/ HTTP/1.1" 200 31019 "-" "Mozilla/5.0 (compatible; Barkrowler/0.9; +https://babbar.tech/crawler)"
66.249.68.130 - - [17/Jul/2025:09:54:01 -0400] "GET /?n=0384999683802&channel=517018&from=pin.php%3Fid%3D996838-2556%26name%3DJJZXD+%E3%83%91%E3%83%BC%E3%83%86%E3%82%A3%E3%83%BCDinnertea%E3%81%AE%E3%83%98%E3%83%83%E3%83%89%E3%83%94%E3%83%BC%E3%82%B9%E3%81%AE%E3%81%9F%E3%82%81%E3%81%AE%E3%82%A6%E3%82%A7%E3%83%87%E3%82%A3%E3%83%B3%E3%82%B0%E3%83%99%E3%83%BC%E3%83%AB%E3%82%BA%E3%83%91%E3%83%BC%E3%83%86%E3%82%A3%E3%83%BC%E3%81%AE%E5%B8%BD%E5%AD%90%E3%81%AE%E3%81%9F%E3%82%81%E3%81%AE%E3%82%A8%E3%83%AC%E3%82%AC%E3%83%B3%E3%83%88%E3%81%AA%E5%A5%B3%E6%80%A7%E3%81%AE%E3%83%98%E3%83%83%E3%83%89%E3%83%90 HTTP/1.1" 301 0 "-" "Mozilla/5.0 (Linux; Android 6.0.1; Nexus 5X Build/MMB29P) AppleWebKit/537.36 (KHTML, like Gecko) Chrome/137.0.7151.103 Mobile Safari/537.36 (compatible; Googlebot/2.1; +http://www.google.com/bot.html)"
66.249.79.3 - - [17/Jul/2025:09:54:05 -0400] "GET /?n=0384999683802&channel=517018&from=pin.php%3Fid%3D996838-2556%26name%3DJJZXD%20%E3%83%91%E3%83%BC%E3%83%86%E3%82%A3%E3%83%BCDinnertea%E3%81%AE%E3%83%98%E3%83%83%E3%83%89%E3%83%94%E3%83%BC%E3%82%B9%E3%81%AE%E3%81%9F%E3%82%81%E3%81%AE%E3%82%A6%E3%82%A7%E3%83%87%E3%82%A3%E3%83%B3%E3%82%B0%E3%83%99%E3%83%BC%E3%83%AB%E3%82%BA%E3%83%91%E3%83%BC%E3%83%86%E3%82%A3%E3%83%BC%E3%81%AE%E5%B8%BD%E5%AD%90%E3%81%AE%E3%81%9F%E3%82%81%E3%81%AE%E3%82%A8%E3%83%AC%E3%82%AC%E3%83%B3%E3%83%88%E3%81%AA%E5%A5%B3%E6%80%A7%E3%81%AE%E3%83%98%E3%83%83%E3%83%89%E3%83%90 HTTP/1.1" 200 29829 "-" "Mozilla/5.0 (Linux; Android 6.0.1; Nexus 5X Build/MMB29P) AppleWebKit/537.36 (KHTML, like Gecko) Chrome/137.0.7151.103 Mobile Safari/537.36 (compatible; Googlebot/2.1; +http://www.google.com/bot.html)"
66.249.68.130 - - [17/Jul/2025:09:54:16 -0400] "GET /?n=32765160112604&channel=4d54c8&from=info.php%3Fid%3D1601126-19748%26name%3D%E3%83%AC%E3%83%B3%E3%83%96%E3%83%A9%E3%83%B3%E3%83%88%E3%82%BD%E3%83%95%E3%83%88%E3%83%91%E3%82%B9%E3%83%86%E3%83%AB+%E3%83%91%E3%83%BC%E3%83%9E%E3%83%8D%E3%83%B3%E3%83%88%E3%83%AD%E3%83%BC%E3%82%BA+10+T3199-397-10 HTTP/1.1" 301 0 "-" "Mozilla/5.0 (Linux; Android 6.0.1; Nexus 5X Build/MMB29P) AppleWebKit/537.36 (KHTML, like Gecko) Chrome/137.0.7151.103 Mobile Safari/537.36 (compatible; Googlebot/2.1; +http://www.google.com/bot.html)"
66.249.79.3 - - [17/Jul/2025:09:54:17 -0400] "GET /?n=32765160112604&channel=4d54c8&from=info.php%3Fid%3D1601126-19748%26name%3D%E3%83%AC%E3%83%B3%E3%83%96%E3%83%A9%E3%83%B3%E3%83%88%E3%82%BD%E3%83%95%E3%83%88%E3%83%91%E3%82%B9%E3%83%86%E3%83%AB%20%E3%83%91%E3%83%BC%E3%83%9E%E3%83%8D%E3%83%B3%E3%83%88%E3%83%AD%E3%83%BC%E3%82%BA%2010%20T3199-397-10 HTTP/1.1" 200 29825 "-" "Mozilla/5.0 (Linux; Android 6.0.1; Nexus 5X Build/MMB29P) AppleWebKit/537.36 (KHTML, like Gecko) Chrome/137.0.7151.103 Mobile Safari/537.36 (compatible; Googlebot/2.1; +http://www.google.com/bot.html)"
217.113.194.31 - - [17/Jul/2025:09:54:19 -0400] "GET /2025/07/10/migliori-casino-non-aams-inside-italia-siti-sicuri-2025-2/ HTTP/1.1" 200 30456 "-" "Mozilla/5.0 (compatible; Barkrowler/0.9; +https://babbar.tech/crawler)"
66.249.68.129 - - [17/Jul/2025:09:54:31 -0400] "GET /?n=1950812314403&channel=4f7c25&from=info.php%3Fid%3D123144-6687%26name%3D%E3%82%AB%E3%83%BC%E3%83%9C%E3%83%B3%E3%83%95%E3%82%A1%E3%82%A4%E3%83%90%E3%83%BC%E3%83%9F%E3%83%A9%E3%83%BC%E3%82%AB%E3%83%90%E3%83%BC%E3%82%A2%E3%83%89%E3%82%AA%E3%83%B3%E8%BB%8A%E5%A4%96%E8%A3%85%E3%83%AA%E3%83%90%E3%83%BC%E3%82%B9%E3%82%AD%E3%83%A3%E3%83%83%E3%83%97%E3%83%AA%E3%82%A2%E3%83%93%E3%83%A5%E3%83%BC%E3%82%B1%E3%83%BC%E3%82%B9%E3%83%90%E3%83%83%E3%82%AF%E3%83%9F%E3%83%A9%E3%83%BC%E3%82%B7%E3%82%A7%E3%83%AB+BMW+E89+Z4+%E3%83%AD%E3%83%BC%E3%83%89%E3%82%B9%E3%82%BF%E3%83%BC HTTP/1.1" 301 0 "-" "Mozilla/5.0 (Linux; Android 6.0.1; Nexus 5X Build/MMB29P) AppleWebKit/537.36 (KHTML, like Gecko) Chrome/137.0.7151.103 Mobile Safari/537.36 (compatible; Googlebot/2.1; +http://www.google.com/bot.html)"
66.249.79.3 - - [17/Jul/2025:09:54:32 -0400] "GET /?n=1950812314403&channel=4f7c25&from=info.php%3Fid%3D123144-6687%26name%3D%E3%82%AB%E3%83%BC%E3%83%9C%E3%83%B3%E3%83%95%E3%82%A1%E3%82%A4%E3%83%90%E3%83%BC%E3%83%9F%E3%83%A9%E3%83%BC%E3%82%AB%E3%83%90%E3%83%BC%E3%82%A2%E3%83%89%E3%82%AA%E3%83%B3%E8%BB%8A%E5%A4%96%E8%A3%85%E3%83%AA%E3%83%90%E3%83%BC%E3%82%B9%E3%82%AD%E3%83%A3%E3%83%83%E3%83%97%E3%83%AA%E3%82%A2%E3%83%93%E3%83%A5%E3%83%BC%E3%82%B1%E3%83%BC%E3%82%B9%E3%83%90%E3%83%83%E3%82%AF%E3%83%9F%E3%83%A9%E3%83%BC%E3%82%B7%E3%82%A7%E3%83%AB%20BMW%20E89%20Z4%20%E3%83%AD%E3%83%BC%E3%83%89%E3%82%B9%E3%82%BF%E3%83%BC HTTP/1.1" 200 29829 "-" "Mozilla/5.0 (Linux; Android 6.0.1; Nexus 5X Build/MMB29P) AppleWebKit/537.36 (KHTML, like Gecko) Chrome/137.0.7151.103 Mobile Safari/537.36 (compatible; Googlebot/2.1; +http://www.google.com/bot.html)"
217.113.194.26 - - [17/Jul/2025:09:54:36 -0400] "GET /2025/07/10/pobierz-aplikacje-mostbet-polska-na-androida-i-ios-2/ HTTP/1.1" 200 27164 "-" "Mozilla/5.0 (compatible; Barkrowler/0.9; +https://babbar.tech/crawler)"
63.250.38.117 - - [17/Jul/2025:09:54:55 -0400] "POST /wp-cron.php?doing_wp_cron=1752760495.7847061157226562500000 HTTP/1.1" 403 1242 "-" "WordPress/6.8.1; https://fnf.group"
198.12.112.14 - - [17/Jul/2025:09:54:53 -0400] "GET /wp-login.php HTTP/1.1" 200 3798 "-" "Mozilla/5.0 (Macintosh; Intel Mac OS X 10_15_7) AppleWebKit/605.1.15 (KHTML, like Gecko) Version/18.0 Safari/605.1.15"
63.250.38.117 - - [17/Jul/2025:09:54:56 -0400] "POST /wp-cron.php?doing_wp_cron=1752760496.4179239273071289062500 HTTP/1.1" 403 1242 "-" "WordPress/6.8.1; https://fnf.group"
217.113.194.24 - - [17/Jul/2025:09:54:53 -0400] "GET /2025/07/10/parimatch-polskazaklady-na-zywo-we-wyjatkowe-bonusy/ HTTP/1.1" 200 26028 "-" "Mozilla/5.0 (compatible; Barkrowler/0.9; +https://babbar.tech/crawler)"
198.12.112.14 - - [17/Jul/2025:09:54:58 -0400] "GET /wp-login.php?wp_lang=en_US HTTP/1.1" 200 3800 "-" "Mozilla/5.0 (Macintosh; Intel Mac OS X 10_15_7) AppleWebKit/537.36 (KHTML, like Gecko) Chrome/131.0.0.0 Safari/537.36"
54.36.148.61 - - [17/Jul/2025:09:55:01 -0400] "GET /robots.txt HTTP/1.1" 500 1034 "-" "Mozilla/5.0 (compatible; AhrefsBot/7.0; +http://ahrefs.com/robot/)"
40.77.167.32 - - [17/Jul/2025:09:55:02 -0400] "GET /2020/10/14/karhi-pakora-by-arfa-ovais/ HTTP/1.1" 500 1034 "-" "Mozilla/5.0 AppleWebKit/537.36 (KHTML, like Gecko; compatible; bingbot/2.0; +http://www.bing.com/bingbot.htm) Chrome/116.0.1938.76 Safari/537.36"
198.12.112.14 - - [17/Jul/2025:09:55:03 -0400] "POST /wp-login.php?wp_lang=en_US HTTP/1.1" 302 0 "-" "Mozilla/5.0 (Macintosh; Intel Mac OS X 10_15_7) AppleWebKit/537.36 (KHTML, like Gecko) Chrome/131.0.0.0 Safari/537.36"
198.12.112.14 - - [17/Jul/2025:09:55:09 -0400] "GET /wp-login.php?redirect_to=https%3A%2F%2Ffnf.group%2Fwp-admin%2F&action=confirm_admin_email&wp_lang=en_US HTTP/1.1" 200 3817 "-" "Mozilla/5.0 (Macintosh; Intel Mac OS X 10_15_7) AppleWebKit/537.36 (KHTML, like Gecko) Chrome/131.0.0.0 Safari/537.36"
154.54.249.195 - - [17/Jul/2025:09:55:13 -0400] "GET /2025/07/03/no-download-and-install-online-casinos-a-hassle-free-method-to-play-online/ HTTP/1.1" 200 19816 "-" "Mozilla/5.0 (compatible; Barkrowler/0.9; +https://babbar.tech/crawler)"
198.12.112.14 - - [17/Jul/2025:09:55:14 -0400] "GET /wp-admin/theme-editor.php HTTP/1.1" 403 965 "-" "Mozilla/5.0 (Macintosh; Intel Mac OS X 10_15_7) AppleWebKit/537.36 (KHTML, like Gecko) Chrome/131.0.0.0 Safari/537.36"
66.249.79.3 - - [17/Jul/2025:09:55:22 -0400] "GET /?n=7770656817100&channel=b92363&from=form.php%3Fid%3D568171-10871%26name%3DSCA2%E3%82%B7%E3%83%AA%E3%83%BC%E3%82%BA+%E3%82%BB%E3%83%AC%E3%83%83%E3%82%AF%E3%82%B9%E3%82%B7%E3%83%AA%E3%83%B3%E3%83%80+%E3%83%98%E3%83%83%E3%83%89%E5%81%B4%E7%A9%B4%E5%BC%8F%E3%83%88%E3%83%A9%E3%83%8B%E3%82%AA%E3%83%B3%E5%BD%A2+SCA2-TE-63B-50-T2V3-R-IB2 HTTP/1.1" 301 0 "-" "Mozilla/5.0 (Linux; Android 6.0.1; Nexus 5X Build/MMB29P) AppleWebKit/537.36 (KHTML, like Gecko) Chrome/137.0.7151.103 Mobile Safari/537.36 (compatible; Googlebot/2.1; +http://www.google.com/bot.html)"
66.249.79.3 - - [17/Jul/2025:09:55:24 -0400] "GET /?n=7770656817100&channel=b92363&from=form.php%3Fid%3D568171-10871%26name%3DSCA2%E3%82%B7%E3%83%AA%E3%83%BC%E3%82%BA%20%E3%82%BB%E3%83%AC%E3%83%83%E3%82%AF%E3%82%B9%E3%82%B7%E3%83%AA%E3%83%B3%E3%83%80%20%E3%83%98%E3%83%83%E3%83%89%E5%81%B4%E7%A9%B4%E5%BC%8F%E3%83%88%E3%83%A9%E3%83%8B%E3%82%AA%E3%83%B3%E5%BD%A2%20SCA2-TE-63B-50-T2V3-R-IB2 HTTP/1.1" 200 29836 "-" "Mozilla/5.0 (Linux; Android 6.0.1; Nexus 5X Build/MMB29P) AppleWebKit/537.36 (KHTML, like Gecko) Chrome/137.0.7151.103 Mobile Safari/537.36 (compatible; Googlebot/2.1; +http://www.google.com/bot.html)"
66.249.68.130 - - [17/Jul/2025:09:55:32 -0400] "GET /?n=7712011131404&channel=0803c3&from=shop.php%3Fid%3D111314-353%26name%3D%E7%94%A8+CB500X+CB+500X+2012-2023+%E3%82%AA%E3%83%BC%E3%83%88%E3%83%90%E3%82%A4%E3%83%AA%E3%82%A2%E8%8D%B7%E7%89%A9%E3%83%A9%E3%83%83%E3%82%AF%E3%82%AB%E3%83%BC%E3%82%B4%E3%83%A9%E3%83%83%E3%82%AF%E8%8D%B7%E7%89%A9%E3%83%9B%E3%83%AB%E3%83%80%E3%83%BC%E3%83%96%E3%83%A9%E3%82%B1%E3%83%83%E3%83%88%E8%8D%B7%E7%89%A9%E3%83%A9%E3%83%83%E3%82%AF+%E3%83%90%E3%82%A4%E3%82%AF%E7%94%A8 HTTP/1.1" 301 0 "-" "Mozilla/5.0 (Linux; Android 6.0.1; Nexus 5X Build/MMB29P) AppleWebKit/537.36 (KHTML, like Gecko) Chrome/137.0.7151.103 Mobile Safari/537.36 (compatible; Googlebot/2.1; +http://www.google.com/bot.html)"
198.12.112.14 - - [17/Jul/2025:09:55:25 -0400] "GET /wp-admin/plugins.php HTTP/1.1" 200 68000 "-" "Mozilla/5.0 (Macintosh; Intel Mac OS X 10_15_7) AppleWebKit/537.36 (KHTML, like Gecko) Chrome/131.0.0.0 Safari/537.36"
217.113.194.243 - - [17/Jul/2025:09:55:35 -0400] "GET /2025/07/09/no-deposit-gambling-establishment-bonus-keep-precisely-what-you-win/ HTTP/1.1" 200 28226 "-" "Mozilla/5.0 (compatible; Barkrowler/0.9; +https://babbar.tech/crawler)"
66.249.79.4 - - [17/Jul/2025:09:55:38 -0400] "GET /?n=7572753702903&channel=b064aa&from=shared.php%3Fid%3D537029-6494%26name%3D%E3%82%B0%E3%83%A9%E3%83%B3%E3%83%89%E7%94%A8+Vitara+2006+2007+2008+2009+2010+2011+2012+2013+2014+2015+%E7%94%A8%E8%BB%8A%E3%81%AE HTTP/1.1" 301 0 "-" "Mozilla/5.0 (Linux; Android 6.0.1; Nexus 5X Build/MMB29P) AppleWebKit/537.36 (KHTML, like Gecko) Chrome/137.0.7151.103 Mobile Safari/537.36 (compatible; Googlebot/2.1; +http://www.google.com/bot.html)"
66.249.79.3 - - [17/Jul/2025:09:55:39 -0400] "GET /?n=27895179763902&channel=95e132&from=jp.php%3Fid%3D1797639-2681%26name%3D%E9%86%A4%E6%B2%B9%E9%8D%8B+%E3%82%AA%E3%82%A4%E3%83%AB%E5%99%B4%E9%9C%A7%E5%99%A8+%E6%B6%B2%E4%BD%93+%E5%A4%A7%E8%B1%86+%E3%83%90%E3%83%BC%E3%83%99%E3%82%AD%E3%83%A5%E3%83%BC%E7%94%A8%E3%81%AE%E3%82%AA%E3%82%A4%E3%83%AB%E3%83%9C%E3%83%88%E3%83%AB+%E5%A1%A9%E6%BC%AC%E3%81%91+%E3%82%AC%E3%83%AC%E3%83%BC+%E3%82%AE%E3%83%A3%E3%83%AC%E3%83%BC+bottle+olive+oil+%E3%82%BF%E3%83%AC+%E9%85%A2 HTTP/1.1" 301 0 "-" "Mozilla/5.0 (Linux; Android 6.0.1; Nexus 5X Build/MMB29P) AppleWebKit/537.36 (KHTML, like Gecko) Chrome/137.0.7151.103 Mobile Safari/537.36 (compatible; Googlebot/2.1; +http://www.google.com/bot.html)"
66.249.79.4 - - [17/Jul/2025:09:55:36 -0400] "GET /?n=7712011131404&channel=0803c3&from=shop.php%3Fid%3D111314-353%26name%3D%E7%94%A8%20CB500X%20CB%20500X%202012-2023%20%E3%82%AA%E3%83%BC%E3%83%88%E3%83%90%E3%82%A4%E3%83%AA%E3%82%A2%E8%8D%B7%E7%89%A9%E3%83%A9%E3%83%83%E3%82%AF%E3%82%AB%E3%83%BC%E3%82%B4%E3%83%A9%E3%83%83%E3%82%AF%E8%8D%B7%E7%89%A9%E3%83%9B%E3%83%AB%E3%83%80%E3%83%BC%E3%83%96%E3%83%A9%E3%82%B1%E3%83%83%E3%83%88%E8%8D%B7%E7%89%A9%E3%83%A9%E3%83%83%E3%82%AF%20%E3%83%90%E3%82%A4%E3%82%AF%E7%94%A8 HTTP/1.1" 200 29834 "-" "Mozilla/5.0 (Linux; Android 6.0.1; Nexus 5X Build/MMB29P) AppleWebKit/537.36 (KHTML, like Gecko) Chrome/137.0.7151.103 Mobile Safari/537.36 (compatible; Googlebot/2.1; +http://www.google.com/bot.html)"
198.12.112.14 - - [17/Jul/2025:09:55:40 -0400] "GET /wp-admin/plugin-editor.php?plugin=all-in-one-wp-migration%2Fall-in-one-wp-migration.php HTTP/1.1" 403 965 "-" "Mozilla/5.0 (Macintosh; Intel Mac OS X 10_15_7) AppleWebKit/537.36 (KHTML, like Gecko) Chrome/131.0.0.0 Safari/537.36"
114.119.131.93 - - [17/Jul/2025:09:55:41 -0400] "GET /2025/07/17/11727/ HTTP/1.1" 200 18587 "https://fnf.group/tag/broast" "Mozilla/5.0 (Linux; Android 7.0;) AppleWebKit/537.36 (KHTML, like Gecko) Mobile Safari/537.36 (compatible; PetalBot;+https://webmaster.petalsearch.com/site/petalbot)"
66.249.68.129 - - [17/Jul/2025:09:55:46 -0400] "GET /?n=1986012354201&channel=f36749&from=category-info.php%3Fid%3D123542-8399%26name%3D%E3%82%AA%E3%83%BC%E3%83%88%E3%83%90%E3%82%A4%E3%81%AE%E6%96%B9%E5%90%91%E6%8C%87%E7%A4%BA%E5%99%A8+%E3%83%8B%E3%83%B3%E3%82%B8%E3%83%A3+650%E7%94%A8+ER6N%E7%94%A8+ER6F%E7%94%A8+%E3%83%8B%E3%83%B3%E3%82%B8%E3%83%A3650%E7%94%A8+%E3%82%AA%E3%83%BC%E3%83%88%E3%83%90%E3%82%A4%E3%83%86%E3%83%BC%E3%83%AB%E3%83%A9%E3%82%A4%E3%83%88+%E3%83%96%E3%83%AC%E3%83%BC%E3%82%AD%E3%83%A9%E3%82%A4%E3%83%88+%E3%83%AA%E3%82%A2%E8%AD%A6 HTTP/1.1" 301 0 "-" "Mozilla/5.0 (Linux; Android 6.0.1; Nexus 5X Build/MMB29P) AppleWebKit/537.36 (KHTML, like Gecko) Chrome/137.0.7151.103 Mobile Safari/537.36 (compatible; Googlebot/2.1; +http://www.google.com/bot.html)"
66.249.79.3 - - [17/Jul/2025:09:55:45 -0400] "GET /?n=7572753702903&channel=b064aa&from=shared.php%3Fid%3D537029-6494%26name%3D%E3%82%B0%E3%83%A9%E3%83%B3%E3%83%89%E7%94%A8%20Vitara%202006%202007%202008%202009%202010%202011%202012%202013%202014%202015%20%E7%94%A8%E8%BB%8A%E3%81%AE HTTP/1.1" 200 29837 "-" "Mozilla/5.0 (Linux; Android 6.0.1; Nexus 5X Build/MMB29P) AppleWebKit/537.36 (KHTML, like Gecko) Chrome/137.0.7151.103 Mobile Safari/537.36 (compatible; Googlebot/2.1; +http://www.google.com/bot.html)"
66.249.79.3 - - [17/Jul/2025:09:55:47 -0400] "GET /?n=27895179763902&channel=95e132&from=jp.php%3Fid%3D1797639-2681%26name%3D%E9%86%A4%E6%B2%B9%E9%8D%8B%20%E3%82%AA%E3%82%A4%E3%83%AB%E5%99%B4%E9%9C%A7%E5%99%A8%20%E6%B6%B2%E4%BD%93%20%E5%A4%A7%E8%B1%86%20%E3%83%90%E3%83%BC%E3%83%99%E3%82%AD%E3%83%A5%E3%83%BC%E7%94%A8%E3%81%AE%E3%82%AA%E3%82%A4%E3%83%AB%E3%83%9C%E3%83%88%E3%83%AB%20%E5%A1%A9%E6%BC%AC%E3%81%91%20%E3%82%AC%E3%83%AC%E3%83%BC%20%E3%82%AE%E3%83%A3%E3%83%AC%E3%83%BC%20bottle%20olive%20oil%20%E3%82%BF%E3%83%AC%20%E9%85%A2 HTTP/1.1" 200 29830 "-" "Mozilla/5.0 (Linux; Android 6.0.1; Nexus 5X Build/MMB29P) AppleWebKit/537.36 (KHTML, like Gecko) Chrome/137.0.7151.103 Mobile Safari/537.36 (compatible; Googlebot/2.1; +http://www.google.com/bot.html)"
63.250.38.117 - - [17/Jul/2025:09:55:57 -0400] "POST /wp-cron.php?doing_wp_cron=1752760557.5885729789733886718750 HTTP/1.1" 403 1242 "-" "WordPress/6.8.1; https://fnf.group"
66.249.79.3 - - [17/Jul/2025:09:55:51 -0400] "GET /?n=1986012354201&channel=f36749&from=category-info.php%3Fid%3D123542-8399%26name%3D%E3%82%AA%E3%83%BC%E3%83%88%E3%83%90%E3%82%A4%E3%81%AE%E6%96%B9%E5%90%91%E6%8C%87%E7%A4%BA%E5%99%A8%20%E3%83%8B%E3%83%B3%E3%82%B8%E3%83%A3%20650%E7%94%A8%20ER6N%E7%94%A8%20ER6F%E7%94%A8%20%E3%83%8B%E3%83%B3%E3%82%B8%E3%83%A3650%E7%94%A8%20%E3%82%AA%E3%83%BC%E3%83%88%E3%83%90%E3%82%A4%E3%83%86%E3%83%BC%E3%83%AB%E3%83%A9%E3%82%A4%E3%83%88%20%E3%83%96%E3%83%AC%E3%83%BC%E3%82%AD%E3%83%A9%E3%82%A4%E3%83%88%20%E3%83%AA%E3%82%A2%E8%AD%A6 HTTP/1.1" 200 29829 "-" "Mozilla/5.0 (Linux; Android 6.0.1; Nexus 5X Build/MMB29P) AppleWebKit/537.36 (KHTML, like Gecko) Chrome/137.0.7151.103 Mobile Safari/537.36 (compatible; Googlebot/2.1; +http://www.google.com/bot.html)"
198.12.112.14 - - [17/Jul/2025:09:55:52 -0400] "GET /wp-admin/plugin-editor.php?plugin=classic-editor%2Fclassic-editor.php HTTP/1.1" 403 965 "-" "Mozilla/5.0 (Macintosh; Intel Mac OS X 10_15_7) AppleWebKit/537.36 (KHTML, like Gecko) Chrome/131.0.0.0 Safari/537.36"
217.113.194.243 - - [17/Jul/2025:09:55:59 -0400] "GET /2025/07/11/legalne-kasyna-online-przewodnik-po-kasynach-w-polsce-2025/ HTTP/1.1" 200 29044 "-" "Mozilla/5.0 (compatible; Barkrowler/0.9; +https://babbar.tech/crawler)"
198.12.112.14 - - [17/Jul/2025:09:56:00 -0400] "GET /wp-admin/plugin-editor.php?plugin=coming-soon%2Fcoming-soon.php HTTP/1.1" 403 965 "-" "Mozilla/5.0 (Macintosh; Intel Mac OS X 10_15_7) AppleWebKit/537.36 (KHTML, like Gecko) Chrome/131.0.0.0 Safari/537.36"
66.249.68.130 - - [17/Jul/2025:09:56:01 -0400] "GET /?n=46841164719112&channel=0c99a4&from=shop.php%3Fid%3D1647191-23347%26name%3D%E3%82%AA%E3%83%BC%E3%83%AB%E3%82%A4%E3%83%B3%E3%83%AF%E3%83%B3+%E3%82%B9%E3%82%A6%E3%82%A7%E3%83%83%E3%83%88%E3%82%AA%E3%83%BC%E3%83%AB%E3%82%A4%E3%83%B3%E3%83%AF%E3%83%B3+%E3%83%AC%E3%83%87%E3%82%A3%E3%83%BC%E3%82%B9 HTTP/1.1" 301 0 "-" "Mozilla/5.0 (Linux; Android 6.0.1; Nexus 5X Build/MMB29P) AppleWebKit/537.36 (KHTML, like Gecko) Chrome/137.0.7151.103 Mobile Safari/537.36 (compatible; Googlebot/2.1; +http://www.google.com/bot.html)"
198.12.112.14 - - [17/Jul/2025:09:56:04 -0400] "GET /wp-admin/plugin-editor.php?plugin=contact-form-7%2Fcontact-form-7.php HTTP/1.1" 403 965 "-" "Mozilla/5.0 (Macintosh; Intel Mac OS X 10_15_7) AppleWebKit/537.36 (KHTML, like Gecko) Chrome/131.0.0.0 Safari/537.36"
66.249.79.3 - - [17/Jul/2025:09:56:04 -0400] "GET /?n=46841164719112&channel=0c99a4&from=shop.php%3Fid%3D1647191-23347%26name%3D%E3%82%AA%E3%83%BC%E3%83%AB%E3%82%A4%E3%83%B3%E3%83%AF%E3%83%B3%20%E3%82%B9%E3%82%A6%E3%82%A7%E3%83%83%E3%83%88%E3%82%AA%E3%83%BC%E3%83%AB%E3%82%A4%E3%83%B3%E3%83%AF%E3%83%B3%20%E3%83%AC%E3%83%87%E3%82%A3%E3%83%BC%E3%82%B9 HTTP/1.1" 200 29836 "-" "Mozilla/5.0 (Linux; Android 6.0.1; Nexus 5X Build/MMB29P) AppleWebKit/537.36 (KHTML, like Gecko) Chrome/137.0.7151.103 Mobile Safari/537.36 (compatible; Googlebot/2.1; +http://www.google.com/bot.html)"
198.12.112.14 - - [17/Jul/2025:09:56:11 -0400] "GET /wp-admin/plugin-editor.php?plugin=delete-all-comments-of-website%2Fdelete-all-comments-of-website.php HTTP/1.1" 403 965 "-" "Mozilla/5.0 (Macintosh; Intel Mac OS X 10_15_7) AppleWebKit/537.36 (KHTML, like Gecko) Chrome/131.0.0.0 Safari/537.36"
198.12.112.14 - - [17/Jul/2025:09:56:14 -0400] "GET /wp-admin/plugin-editor.php?plugin=elfsight-instagram-feed-cc%2Felfsight-instagram-feed-cc.php HTTP/1.1" 403 965 "-" "Mozilla/5.0 (Macintosh; Intel Mac OS X 10_15_7) AppleWebKit/537.36 (KHTML, like Gecko) Chrome/131.0.0.0 Safari/537.36"
198.12.112.14 - - [17/Jul/2025:09:56:18 -0400] "GET /wp-admin/plugin-editor.php?plugin=litespeed-cache%2Flitespeed-cache.php HTTP/1.1" 403 965 "-" "Mozilla/5.0 (Macintosh; Intel Mac OS X 10_15_7) AppleWebKit/537.36 (KHTML, like Gecko) Chrome/131.0.0.0 Safari/537.36"
217.113.194.26 - - [17/Jul/2025:09:56:18 -0400] "GET /2025/07/11/basaribet-casino-turkey-guvenilir-casino-bahis-oyunlari/ HTTP/1.1" 200 26463 "-" "Mozilla/5.0 (compatible; Barkrowler/0.9; +https://babbar.tech/crawler)"
198.12.112.14 - - [17/Jul/2025:09:56:21 -0400] "GET /wp-admin/plugin-editor.php?plugin=ninja-forms%2Fninja-forms.php HTTP/1.1" 403 965 "-" "Mozilla/5.0 (Macintosh; Intel Mac OS X 10_15_7) AppleWebKit/537.36 (KHTML, like Gecko) Chrome/131.0.0.0 Safari/537.36"
198.12.112.14 - - [17/Jul/2025:09:56:26 -0400] "GET /wp-admin/plugin-editor.php?plugin=plus-gallery-shared-on-wplocker-com%2Fplus-gallery-shared-on-wplocker-com.php HTTP/1.1" 403 965 "-" "Mozilla/5.0 (Macintosh; Intel Mac OS X 10_15_7) AppleWebKit/537.36 (KHTML, like Gecko) Chrome/131.0.0.0 Safari/537.36"
66.249.79.3 - - [17/Jul/2025:09:56:29 -0400] "GET /?n=19383172602406&channel=eeb054&from=blog.php%3Fid%3D1726024-24362%26name%3D%E3%83%81%E3%83%A3%E3%82%A4%E3%83%8A%E3%83%89%E3%83%AC%E3%82%B9+%E3%83%AD%E3%83%B3%E3%82%B0%E4%B8%88+%E5%8D%8A%E8%A2%96+%E4%B8%AD%E8%8F%AF%E6%9C%8D+%E3%83%81%E3%83%A3%E3%82%A4%E3%83%8A%E6%9C%8D+%E8%8F%AF%E6%B5%81+%E3%82%B3%E3%82%B9%E3%83%97%E3%83%AC+%E8%A1%A3%E8%A3%85+%E3%83%AC%E3%83%87%E3%82%A3%E3%83%BC%E3%82%B9+%E5%A4%A7%E4%BA%BA+%E3%82%A8%E3%83%AC%E3%82%AC%E3%83%B3%E3%83%88+%E3%82%AD%E3%83%AB%E3%83%86%E3%82%A3%E3%83%B3+%E8%8A%B1%E6%9F%84+%E3%83%81%E3%83%A3%E3%82%A4%E3%83%8A+%E8%A1%A3%E8%A3%B3+%E7%BE%8E%E3%82%B7%E3%83%AB%E3%82%A8%E3%83%83%E3%83%88+%E3%82%B3%E3%82%B9%E3%83%81%E3%83%A5%E3%83%BC%E3%83%A0+%E3%83%81%E3%83%A3%E3%82%A4%E3%83%8A%E3%82%AB%E3%83%A9%E3%83%BC+%E3%83%AF%E3%83%B3%E3%83%94%E3%83%BC%E3%82%B9+%E6%BC%94%E5%A5%8F%E6%9C%8D+q210488 HTTP/1.1" 301 0 "-" "Mozilla/5.0 (Linux; Android 6.0.1; Nexus 5X Build/MMB29P) AppleWebKit/537.36 (KHTML, like Gecko) Chrome/137.0.7151.103 Mobile Safari/537.36 (compatible; Googlebot/2.1; +http://www.google.com/bot.html)"
198.12.112.14 - - [17/Jul/2025:09:56:28 -0400] "GET /wp-admin/plugin-editor.php?plugin=salient-core%2Fsalient-core.php HTTP/1.1" 403 965 "-" "Mozilla/5.0 (Macintosh; Intel Mac OS X 10_15_7) AppleWebKit/537.36 (KHTML, like Gecko) Chrome/131.0.0.0 Safari/537.36"
66.249.79.3 - - [17/Jul/2025:09:56:33 -0400] "GET /?n=19383172602406&channel=eeb054&from=blog.php%3Fid%3D1726024-24362%26name%3D%E3%83%81%E3%83%A3%E3%82%A4%E3%83%8A%E3%83%89%E3%83%AC%E3%82%B9%20%E3%83%AD%E3%83%B3%E3%82%B0%E4%B8%88%20%E5%8D%8A%E8%A2%96%20%E4%B8%AD%E8%8F%AF%E6%9C%8D%20%E3%83%81%E3%83%A3%E3%82%A4%E3%83%8A%E6%9C%8D%20%E8%8F%AF%E6%B5%81%20%E3%82%B3%E3%82%B9%E3%83%97%E3%83%AC%20%E8%A1%A3%E8%A3%85%20%E3%83%AC%E3%83%87%E3%82%A3%E3%83%BC%E3%82%B9%20%E5%A4%A7%E4%BA%BA%20%E3%82%A8%E3%83%AC%E3%82%AC%E3%83%B3%E3%83%88%20%E3%82%AD%E3%83%AB%E3%83%86%E3%82%A3%E3%83%B3%20%E8%8A%B1%E6%9F%84%20%E3%83%81%E3%83%A3%E3%82%A4%E3%83%8A%20%E8%A1%A3%E8%A3%B3%20%E7%BE%8E%E3%82%B7%E3%83%AB%E3%82%A8%E3%83%83%E3%83%88%20%E3%82%B3%E3%82%B9%E3%83%81%E3%83%A5%E3%83%BC%E3%83%A0%20%E3%83%81%E3%83%A3%E3%82%A4%E3%83%8A%E3%82%AB%E3%83%A9%E3%83%BC%20%E3%83%AF%E3%83%B3%E3%83%94%E3%83%BC%E3%82%B9%20%E6%BC%94%E5%A5%8F%E6%9C%8D%20q210488 HTTP/1.1" 200 29829 "-" "Mozilla/5.0 (Linux; Android 6.0.1; Nexus 5X Build/MMB29P) AppleWebKit/537.36 (KHTML, like Gecko) Chrome/137.0.7151.103 Mobile Safari/537.36 (compatible; Googlebot/2.1; +http://www.google.com/bot.html)"
198.12.112.14 - - [17/Jul/2025:09:56:35 -0400] "GET /wp-admin/plugin-editor.php?plugin=salient-demo-importer%2Fsalient-demo-importer.php HTTP/1.1" 403 965 "-" "Mozilla/5.0 (Macintosh; Intel Mac OS X 10_15_7) AppleWebKit/537.36 (KHTML, like Gecko) Chrome/131.0.0.0 Safari/537.36"
217.113.194.30 - - [17/Jul/2025:09:56:37 -0400] "GET /2025/06/23/1win-kazino-ofitsialnyi-sait-zerkalo-bk-1vin/ HTTP/1.1" 200 29789 "-" "Mozilla/5.0 (compatible; Barkrowler/0.9; +https://babbar.tech/crawler)"
198.12.112.14 - - [17/Jul/2025:09:56:43 -0400] "GET /wp-admin/plugin-editor.php?plugin=salient-home-slider%2Fsalient-home-slider.php HTTP/1.1" 403 965 "-" "Mozilla/5.0 (Macintosh; Intel Mac OS X 10_15_7) AppleWebKit/537.36 (KHTML, like Gecko) Chrome/131.0.0.0 Safari/537.36"
198.12.112.14 - - [17/Jul/2025:09:56:46 -0400] "GET /wp-admin/plugin-editor.php?plugin=salient-nectar-slider%2Fsalient-nectar-slider.php HTTP/1.1" 403 965 "-" "Mozilla/5.0 (Macintosh; Intel Mac OS X 10_15_7) AppleWebKit/537.36 (KHTML, like Gecko) Chrome/131.0.0.0 Safari/537.36"
198.12.112.14 - - [17/Jul/2025:09:56:52 -0400] "GET /wp-admin/plugin-editor.php?plugin=salient-portfolio%2Fsalient-portfolio.php HTTP/1.1" 403 965 "-" "Mozilla/5.0 (Macintosh; Intel Mac OS X 10_15_7) AppleWebKit/537.36 (KHTML, like Gecko) Chrome/131.0.0.0 Safari/537.36"
63.250.38.117 - - [17/Jul/2025:09:56:57 -0400] "POST /wp-cron.php?doing_wp_cron=1752760617.5992479324340820312500 HTTP/1.1" 403 1242 "-" "WordPress/6.8.1; https://fnf.group"
198.12.112.14 - - [17/Jul/2025:09:56:56 -0400] "GET /wp-admin/plugin-editor.php?plugin=salient-shortcodes%2Fsalient-shortcodes.php HTTP/1.1" 403 965 "-" "Mozilla/5.0 (Macintosh; Intel Mac OS X 10_15_7) AppleWebKit/537.36 (KHTML, like Gecko) Chrome/131.0.0.0 Safari/537.36"
66.249.68.129 - - [17/Jul/2025:09:56:59 -0400] "GET /?n=04741155168104&channel=a515b0&from=brands.php%3Fid%3D1551681-13993%26name%3DCCTV%E3%83%86%E3%82%B9%E3%82%BF%E3%83%BC%E3%80%81+4.5+%E3%82%A4%E3%83%B3%E3%83%81+IP+CCTV+%E3%83%86%E3%82%B9%E3%82%BF%E3%83%BC%E3%83%9D%E3%83%BC%E3%82%BF%E3%83%96%E3%83%AB+4K+IP+AHD+CVI+TVI+CVBS+%E3%83%9F%E3%83%8B%E3%82%BF%E3%83%83%E3%83%81%E3%82%B9%E3%82%AF HTTP/1.1" 301 0 "-" "Mozilla/5.0 (Linux; Android 6.0.1; Nexus 5X Build/MMB29P) AppleWebKit/537.36 (KHTML, like Gecko) Chrome/137.0.7151.103 Mobile Safari/537.36 (compatible; Googlebot/2.1; +http://www.google.com/bot.html)"
198.12.112.14 - - [17/Jul/2025:09:57:00 -0400] "GET /wp-admin/plugin-editor.php?plugin=salient-social%2Fsalient-social.php HTTP/1.1" 403 965 "-" "Mozilla/5.0 (Macintosh; Intel Mac OS X 10_15_7) AppleWebKit/537.36 (KHTML, like Gecko) Chrome/131.0.0.0 Safari/537.36"
217.113.194.31 - - [17/Jul/2025:09:57:00 -0400] "GET /2025/06/13/neteller-gambling-establishments-a-hassle-free-option-for-online-gamblers/ HTTP/1.1" 200 19437 "-" "Mozilla/5.0 (compatible; Barkrowler/0.9; +https://babbar.tech/crawler)"
66.249.79.5 - - [17/Jul/2025:09:57:01 -0400] "GET /?n=04741155168104&channel=a515b0&from=brands.php%3Fid%3D1551681-13993%26name%3DCCTV%E3%83%86%E3%82%B9%E3%82%BF%E3%83%BC%E3%80%81%204.5%20%E3%82%A4%E3%83%B3%E3%83%81%20IP%20CCTV%20%E3%83%86%E3%82%B9%E3%82%BF%E3%83%BC%E3%83%9D%E3%83%BC%E3%82%BF%E3%83%96%E3%83%AB%204K%20IP%20AHD%20CVI%20TVI%20CVBS%20%E3%83%9F%E3%83%8B%E3%82%BF%E3%83%83%E3%83%81%E3%82%B9%E3%82%AF HTTP/1.1" 200 29833 "-" "Mozilla/5.0 (Linux; Android 6.0.1; Nexus 5X Build/MMB29P) AppleWebKit/537.36 (KHTML, like Gecko) Chrome/137.0.7151.103 Mobile Safari/537.36 (compatible; Googlebot/2.1; +http://www.google.com/bot.html)"
