114.119.134.95 - - [17/Jul/2025:08:54:36 -0400] "GET /2020/09/04/hunter-beef-by-madiha-abdul-samad/ HTTP/1.1" 200 18137 "https://fnf.group/category/featured/page/13/" "Mozilla/5.0 (Linux; Android 7.0;) AppleWebKit/537.36 (KHTML, like Gecko) Mobile Safari/537.36 (compatible; PetalBot;+https://webmaster.petalsearch.com/site/petalbot)"
13.74.85.151 - - [17/Jul/2025:08:54:37 -0400] "GET /cgi-bin/xmrlpc.php HTTP/1.1" 404 11546 "-" "-"
13.74.85.151 - - [17/Jul/2025:08:54:41 -0400] "GET /wp-content/languages/index.php HTTP/1.1" 301 0 "-" "-"
217.113.194.29 - - [17/Jul/2025:08:54:41 -0400] "GET /2025/06/21/mostbet-trturkiyedeki-resmi-sitesi2500-250fs/ HTTP/1.1" 200 26425 "-" "Mozilla/5.0 (compatible; Barkrowler/0.9; +https://babbar.tech/crawler)"
13.74.85.151 - - [17/Jul/2025:08:54:44 -0400] "GET /wp-content/languages/ HTTP/1.1" 404 11546 "-" "-"
13.74.85.151 - - [17/Jul/2025:08:54:46 -0400] "GET /database.php HTTP/1.1" 404 11546 "-" "-"
66.249.68.129 - - [17/Jul/2025:08:54:46 -0400] "GET /?n=11203177859200&channel=de3cf0&from=goods.php%3Fid%3D1778592-25324%26name%3D%E6%9C%AA%E7%9D%80%E7%94%A8%E3%80%80%E8%89%B2%E7%84%A1%E5%9C%B0%E3%80%80%E7%B4%8B%E3%81%AA%E3%81%97%E3%80%80%E3%83%AF%E3%82%A4%E3%83%B3%E3%83%AC%E3%83%83%E3%83%89%E3%80%80%E3%83%91%E3%83%BC%E3%83%86%E3%82%A3%E3%80%80%E3%81%8A%E9%A3%9F%E4%BA%8B%E4%BC%9A%E3%80%80%E7%9D%80%E7%89%A9%E3%80%80023a+d HTTP/1.1" 301 0 "-" "Mozilla/5.0 (Linux; Android 6.0.1; Nexus 5X Build/MMB29P) AppleWebKit/537.36 (KHTML, like Gecko) Chrome/137.0.7151.103 Mobile Safari/537.36 (compatible; Googlebot/2.1; +http://www.google.com/bot.html)"
13.74.85.151 - - [17/Jul/2025:08:54:49 -0400] "GET /goat1.php HTTP/1.1" 404 11546 "-" "-"
66.249.79.2 - - [17/Jul/2025:08:54:49 -0400] "GET /?n=11203177859200&channel=de3cf0&from=goods.php%3Fid%3D1778592-25324%26name%3D%E6%9C%AA%E7%9D%80%E7%94%A8%E3%80%80%E8%89%B2%E7%84%A1%E5%9C%B0%E3%80%80%E7%B4%8B%E3%81%AA%E3%81%97%E3%80%80%E3%83%AF%E3%82%A4%E3%83%B3%E3%83%AC%E3%83%83%E3%83%89%E3%80%80%E3%83%91%E3%83%BC%E3%83%86%E3%82%A3%E3%80%80%E3%81%8A%E9%A3%9F%E4%BA%8B%E4%BC%9A%E3%80%80%E7%9D%80%E7%89%A9%E3%80%80023a%20d HTTP/1.1" 200 29830 "-" "Mozilla/5.0 (Linux; Android 6.0.1; Nexus 5X Build/MMB29P) AppleWebKit/537.36 (KHTML, like Gecko) Chrome/137.0.7151.103 Mobile Safari/537.36 (compatible; Googlebot/2.1; +http://www.google.com/bot.html)"
13.74.85.151 - - [17/Jul/2025:08:54:52 -0400] "GET /autoload_classmap.php HTTP/1.1" 404 11546 "-" "-"
63.250.38.117 - - [17/Jul/2025:08:54:58 -0400] "POST /wp-cron.php?doing_wp_cron=1752756898.4167609214782714843750 HTTP/1.1" 403 1242 "-" "WordPress/6.8.1; https://fnf.group"
13.74.85.151 - - [17/Jul/2025:08:54:55 -0400] "GET /makeasmtp.php HTTP/1.1" 404 11546 "-" "-"
13.74.85.151 - - [17/Jul/2025:08:54:58 -0400] "GET /.well-known/pki-validation/afnew.php HTTP/1.1" 404 1251 "-" "-"
13.74.85.151 - - [17/Jul/2025:08:54:59 -0400] "GET /wp-includes/widgets/about.php HTTP/1.1" 404 11546 "-" "-"
66.249.68.129 - - [17/Jul/2025:08:55:01 -0400] "GET /?n=37861189915100&channel=dc8122&from=blog.php%3Fid%3D1899151-17949%26name%3D%E3%81%8B%E3%82%8F%E3%81%84%E3%81%84%E6%A4%8D%E6%9C%A8%E9%89%A2+%E3%83%9F%E3%83%8B%E9%89%A2%E6%A4%8D%E3%81%88+%E3%83%95%E3%83%A9%E3%83%AF%E3%83%BC%E3%83%9D%E3%83%83%E3%83%88+%E3%83%97%E3%83%A9%E3%83%B3%E3%82%BF%E3%83%BC+%E6%A3%9A%E7%94%A8+%E5%AE%B6%E5%BA%AD%E7%94%A8+%E8%BE%B2%E5%AE%B6%E9%A2%A8+%E8%A3%85%E9%A3%BE%2C+%E3%82%B9%E3%82%BF%E3%82%A4%E3%83%ABc HTTP/1.1" 301 0 "-" "Mozilla/5.0 (Linux; Android 6.0.1; Nexus 5X Build/MMB29P) AppleWebKit/537.36 (KHTML, like Gecko) Chrome/137.0.7151.103 Mobile Safari/537.36 (compatible; Googlebot/2.1; +http://www.google.com/bot.html)"
217.113.194.22 - - [17/Jul/2025:08:55:00 -0400] "GET /2025/06/21/casino-slot-oyunlari-bonus-rounds-karsilastirmasi-3/ HTTP/1.1" 200 18953 "-" "Mozilla/5.0 (compatible; Barkrowler/0.9; +https://babbar.tech/crawler)"
13.74.85.151 - - [17/Jul/2025:08:55:05 -0400] "GET /wp-includes/rest-api/alfa-rex.php7 HTTP/1.1" 404 11546 "-" "-"
66.249.79.2 - - [17/Jul/2025:08:55:08 -0400] "GET /?n=37861189915100&channel=dc8122&from=blog.php%3Fid%3D1899151-17949%26name%3D%E3%81%8B%E3%82%8F%E3%81%84%E3%81%84%E6%A4%8D%E6%9C%A8%E9%89%A2%20%E3%83%9F%E3%83%8B%E9%89%A2%E6%A4%8D%E3%81%88%20%E3%83%95%E3%83%A9%E3%83%AF%E3%83%BC%E3%83%9D%E3%83%83%E3%83%88%20%E3%83%97%E3%83%A9%E3%83%B3%E3%82%BF%E3%83%BC%20%E6%A3%9A%E7%94%A8%20%E5%AE%B6%E5%BA%AD%E7%94%A8%20%E8%BE%B2%E5%AE%B6%E9%A2%A8%20%E8%A3%85%E9%A3%BE%2C%20%E3%82%B9%E3%82%BF%E3%82%A4%E3%83%ABc HTTP/1.1" 200 29833 "-" "Mozilla/5.0 (Linux; Android 6.0.1; Nexus 5X Build/MMB29P) AppleWebKit/537.36 (KHTML, like Gecko) Chrome/137.0.7151.103 Mobile Safari/537.36 (compatible; Googlebot/2.1; +http://www.google.com/bot.html)"
13.74.85.151 - - [17/Jul/2025:08:55:11 -0400] "GET /wp-includes/images/about.php HTTP/1.1" 404 11546 "-" "-"
13.74.85.151 - - [17/Jul/2025:08:55:16 -0400] "GET /db.php HTTP/1.1" 404 11546 "-" "-"
13.74.85.151 - - [17/Jul/2025:08:55:19 -0400] "GET /index_.php HTTP/1.1" 404 11546 "-" "-"
13.74.85.151 - - [17/Jul/2025:08:55:22 -0400] "GET /wp-admin/css/wp-login.php HTTP/1.1" 404 11546 "-" "-"
13.74.85.151 - - [17/Jul/2025:08:55:26 -0400] "GET /wp-content/index.php HTTP/1.1" 200 0 "-" "-"
217.113.194.31 - - [17/Jul/2025:08:55:24 -0400] "GET /2025/06/21/casino-zonder-cruks-veilig-gokken-zonder-cruks-in-2025/ HTTP/1.1" 200 26680 "-" "Mozilla/5.0 (compatible; Barkrowler/0.9; +https://babbar.tech/crawler)"
13.74.85.151 - - [17/Jul/2025:08:55:26 -0400] "GET /js/atomlib.php HTTP/1.1" 404 11546 "-" "-"
13.74.85.151 - - [17/Jul/2025:08:55:31 -0400] "GET /post.php HTTP/1.1" 404 11546 "-" "-"
13.74.85.151 - - [17/Jul/2025:08:55:36 -0400] "GET /.well-known/about.php HTTP/1.1" 404 11546 "-" "-"
2a03:2880:f800:: - - [17/Jul/2025:08:55:39 -0400] "GET /category/game/feed/ HTTP/1.1" 200 12422 "-" "meta-externalagent/1.1 (+https://developers.facebook.com/docs/sharing/webmasters/crawler)"
13.74.85.151 - - [17/Jul/2025:08:55:40 -0400] "GET /engine.php HTTP/1.1" 404 11546 "-" "-"
13.74.85.151 - - [17/Jul/2025:08:55:43 -0400] "GET /alfanew.php HTTP/1.1" 404 11548 "-" "-"
13.74.85.151 - - [17/Jul/2025:08:55:47 -0400] "GET /wp-admin/404.php HTTP/1.1" 404 11546 "-" "-"
217.113.194.23 - - [17/Jul/2025:08:55:46 -0400] "GET /2025/06/27/1xbet-app-2025-download-1xbet-apk-mobile-ios/ HTTP/1.1" 200 28236 "-" "Mozilla/5.0 (compatible; Barkrowler/0.9; +https://babbar.tech/crawler)"
13.74.85.151 - - [17/Jul/2025:08:55:51 -0400] "GET /class.php HTTP/1.1" 404 11546 "-" "-"
63.250.38.117 - - [17/Jul/2025:08:56:04 -0400] "POST /wp-cron.php?doing_wp_cron=1752756964.2925689220428466796875 HTTP/1.1" 403 1242 "-" "WordPress/6.8.1; https://fnf.group"
13.74.85.151 - - [17/Jul/2025:08:55:59 -0400] "GET /wp-admin/about.php HTTP/1.1" 302 0 "-" "-"
63.250.38.117 - - [17/Jul/2025:08:56:05 -0400] "POST /wp-cron.php?doing_wp_cron=1752756965.1864919662475585937500 HTTP/1.1" 403 1242 "-" "WordPress/6.8.1; https://fnf.group"
114.119.137.28 - - [17/Jul/2025:08:56:02 -0400] "GET /tag/laasi-wala-saag/ HTTP/1.1" 200 14092 "https://fnf.group/tag/laasi-wala-saag" "Mozilla/5.0 (Linux; Android 7.0;) AppleWebKit/537.36 (KHTML, like Gecko) Mobile Safari/537.36 (compatible; PetalBot;+https://webmaster.petalsearch.com/site/petalbot)"
13.74.85.151 - - [17/Jul/2025:08:56:05 -0400] "GET /wp-login.php?redirect_to=https%3A%2F%2Fmail.fnf.group%2Fwp-admin%2Fabout.php&reauth=1 HTTP/1.1" 200 3812 "-" "-"
217.113.194.243 - - [17/Jul/2025:08:56:09 -0400] "GET /2025/06/27/understanding-the-lingo-bukmekerskie-kontory-terminologies/feed/ HTTP/1.1" 200 582 "-" "Mozilla/5.0 (compatible; Barkrowler/0.9; +https://babbar.tech/crawler)"
13.74.85.151 - - [17/Jul/2025:08:56:12 -0400] "GET /adminer.php HTTP/1.1" 404 11546 "-" "-"
13.74.85.151 - - [17/Jul/2025:08:56:16 -0400] "GET /wp-content/plugins/pwnd/pwnd.php HTTP/1.1" 404 11546 "-" "-"
13.74.85.151 - - [17/Jul/2025:08:56:19 -0400] "GET /system.php HTTP/1.1" 404 11546 "-" "-"
13.74.85.151 - - [17/Jul/2025:08:56:23 -0400] "GET /m.php HTTP/1.1" 404 11546 "-" "-"
66.249.68.131 - - [17/Jul/2025:08:56:26 -0400] "GET /?n=19798172725708&channel=a762de&from=blog.php%3Fid%3D1727257-12441%26name%3DPM-002+%E3%83%9A%E3%83%B3%E3%83%9E%E3%83%B3%E3%83%89%E3%83%AC%E3%83%AB+%E3%83%9E%E3%83%B3%E3%83%89%E3%83%AC%E3%83%AB%E3%82%BB%E3%83%BC%E3%83%90%E3%83%BC%E5%BF%83%E6%8A%BC%E3%81%97%E3%82%A2%E3%82%BB%E3%83%B3%E3%83%96%E3%83%AA+%26amp%3B+7mm+%E3%83%89%E3%83%AA%E3%83%AB%E3%83%93%E3%83%83%E3%83%88%E6%9C%A8%E5%B7%A5%E3%83%84%E3%83%BC%E3%83%AB%E3%82%BB%E3%83%83%E3%83%88%E4%BB%98%E3%81%8D HTTP/1.1" 301 0 "-" "Mozilla/5.0 (Linux; Android 6.0.1; Nexus 5X Build/MMB29P) AppleWebKit/537.36 (KHTML, like Gecko) Chrome/137.0.7151.103 Mobile Safari/537.36 (compatible; Googlebot/2.1; +http://www.google.com/bot.html)"
13.74.85.151 - - [17/Jul/2025:08:56:27 -0400] "GET /.well-known/radio.php HTTP/1.1" 404 11546 "-" "-"
13.74.85.151 - - [17/Jul/2025:08:56:31 -0400] "GET /wp-includes/SimplePie/wp-login.php HTTP/1.1" 404 11546 "-" "-"
217.113.194.23 - - [17/Jul/2025:08:56:30 -0400] "GET /2020/10/30/vanilla-or-chocolate-cup-cakes-by-ameena-muhammad-usman/ HTTP/1.1" 200 18431 "-" "Mozilla/5.0 (compatible; Barkrowler/0.9; +https://babbar.tech/crawler)"
66.249.79.4 - - [17/Jul/2025:08:56:30 -0400] "GET /?n=19798172725708&channel=a762de&from=blog.php%3Fid%3D1727257-12441%26name%3DPM-002%20%E3%83%9A%E3%83%B3%E3%83%9E%E3%83%B3%E3%83%89%E3%83%AC%E3%83%AB%20%E3%83%9E%E3%83%B3%E3%83%89%E3%83%AC%E3%83%AB%E3%82%BB%E3%83%BC%E3%83%90%E3%83%BC%E5%BF%83%E6%8A%BC%E3%81%97%E3%82%A2%E3%82%BB%E3%83%B3%E3%83%96%E3%83%AA%20%26amp%3B%207mm%20%E3%83%89%E3%83%AA%E3%83%AB%E3%83%93%E3%83%83%E3%83%88%E6%9C%A8%E5%B7%A5%E3%83%84%E3%83%BC%E3%83%AB%E3%82%BB%E3%83%83%E3%83%88%E4%BB%98%E3%81%8D HTTP/1.1" 200 29834 "-" "Mozilla/5.0 (Linux; Android 6.0.1; Nexus 5X Build/MMB29P) AppleWebKit/537.36 (KHTML, like Gecko) Chrome/137.0.7151.103 Mobile Safari/537.36 (compatible; Googlebot/2.1; +http://www.google.com/bot.html)"
13.74.85.151 - - [17/Jul/2025:08:56:35 -0400] "GET /wp-admin/css/colors/index.php HTTP/1.1" 301 0 "-" "-"
13.74.85.151 - - [17/Jul/2025:08:56:40 -0400] "GET /wp-admin/css/colors/ HTTP/1.1" 200 1108 "-" "-"
66.249.68.130 - - [17/Jul/2025:08:56:42 -0400] "GET /?n=16862143332605&channel=6ddf12&from=news.php%3Fid%3D1433326-10106%26name%3D%E9%AB%98%E5%87%BA%E5%8A%9B%E3%83%87%E3%83%A5%E3%82%A2%E3%83%AB%E9%9B%BB%E5%9C%A7%E3%82%B9%E3%82%A4%E3%83%83%E3%83%81%E3%83%B3%E3%82%B0%E9%9B%BB%E6%BA%90%E3%83%9C%E3%83%BC%E3%83%89+24V%26amp%3B%E3%83%87%E3%83%A5%E3%82%A2%E3%83%AB+15V+%E5%87%BA%E5%8A%9B+%E5%8A%B9%E7%8E%87%E7%9A%84%E3%81%AA%E8%A3%9C%E5%8A%A9%E3%82%B9%E3%82%A4%E3%83%83%E3%83%81%E3%83%9C%E3%83%BC%E3%83%89+%E3%83%AF%E3%82%A4%E3%83%A4%E3%83%BC%E3%81%AA%E3%81%97 HTTP/1.1" 301 0 "-" "Mozilla/5.0 (Linux; Android 6.0.1; Nexus 5X Build/MMB29P) AppleWebKit/537.36 (KHTML, like Gecko) Chrome/137.0.7151.103 Mobile Safari/537.36 (compatible; Googlebot/2.1; +http://www.google.com/bot.html)"
13.74.85.151 - - [17/Jul/2025:08:56:45 -0400] "GET /xp.php HTTP/1.1" 404 11546 "-" "-"
66.249.79.3 - - [17/Jul/2025:08:56:46 -0400] "GET /?n=16862143332605&channel=6ddf12&from=news.php%3Fid%3D1433326-10106%26name%3D%E9%AB%98%E5%87%BA%E5%8A%9B%E3%83%87%E3%83%A5%E3%82%A2%E3%83%AB%E9%9B%BB%E5%9C%A7%E3%82%B9%E3%82%A4%E3%83%83%E3%83%81%E3%83%B3%E3%82%B0%E9%9B%BB%E6%BA%90%E3%83%9C%E3%83%BC%E3%83%89%2024V%26amp%3B%E3%83%87%E3%83%A5%E3%82%A2%E3%83%AB%2015V%20%E5%87%BA%E5%8A%9B%20%E5%8A%B9%E7%8E%87%E7%9A%84%E3%81%AA%E8%A3%9C%E5%8A%A9%E3%82%B9%E3%82%A4%E3%83%83%E3%83%81%E3%83%9C%E3%83%BC%E3%83%89%20%E3%83%AF%E3%82%A4%E3%83%A4%E3%83%BC%E3%81%AA%E3%81%97 HTTP/1.1" 200 29833 "-" "Mozilla/5.0 (Linux; Android 6.0.1; Nexus 5X Build/MMB29P) AppleWebKit/537.36 (KHTML, like Gecko) Chrome/137.0.7151.103 Mobile Safari/537.36 (compatible; Googlebot/2.1; +http://www.google.com/bot.html)"
13.74.85.151 - - [17/Jul/2025:08:56:52 -0400] "GET /wp-includes/style-engine/about.php HTTP/1.1" 404 11546 "-" "-"
217.113.194.22 - - [17/Jul/2025:08:56:52 -0400] "GET /2020/10/29/assorted-turkish-pides-instant-recipe-by-hiba-zaman/ HTTP/1.1" 200 18673 "-" "Mozilla/5.0 (compatible; Barkrowler/0.9; +https://babbar.tech/crawler)"
66.249.68.129 - - [17/Jul/2025:08:56:57 -0400] "GET /?n=38811185581200&channel=73fa1d&from=goods.php%3Fid%3D1855812-15249%26name%3D%E9%9D%92%E6%9E%97%E5%A0%82+1978%E5%B9%B4%28%E6%98%AD%E5%92%8C53%E5%B9%B4%29%E3%81%AE%E6%BC%AB%E7%94%BB%E9%9B%91%E8%AA%8C+%E6%9C%88%E5%88%8A%E3%82%AC%E3%83%AD1978%E5%B9%B4%28%E6%98%AD%E5%92%8C53%E5%B9%B4%2910%E6%9C%88%E5%8F%B7 HTTP/1.1" 301 0 "-" "Mozilla/5.0 (Linux; Android 6.0.1; Nexus 5X Build/MMB29P) AppleWebKit/537.36 (KHTML, like Gecko) Chrome/137.0.7151.103 Mobile Safari/537.36 (compatible; Googlebot/2.1; +http://www.google.com/bot.html)"
13.74.85.151 - - [17/Jul/2025:08:56:58 -0400] "GET /ccx/index.php HTTP/1.1" 301 0 "-" "-"
146.59.207.240 - - [17/Jul/2025:08:57:00 -0400] "HEAD /2022/03/01/powerlessness-examples-and-their-impact-on-life/ HTTP/1.1" 200 0 "-" "WordPress/6.8.2; https://boxersdebordeaux-amateur.fr"
63.250.38.117 - - [17/Jul/2025:08:57:06 -0400] "POST /wp-cron.php?doing_wp_cron=1752757026.0735020637512207031250 HTTP/1.1" 403 1242 "-" "WordPress/6.8.1; https://fnf.group"
63.250.38.117 - - [17/Jul/2025:08:57:06 -0400] "POST /wp-cron.php?doing_wp_cron=1752757026.1770880222320556640625 HTTP/1.1" 403 1242 "-" "WordPress/6.8.1; https://fnf.group"
63.250.38.117 - - [17/Jul/2025:08:57:06 -0400] "POST /wp-cron.php?doing_wp_cron=1752757026.3734569549560546875000 HTTP/1.1" 403 1242 "-" "WordPress/6.8.1; https://fnf.group"
146.59.207.240 - - [17/Jul/2025:08:57:03 -0400] "HEAD /2022/03/01/powerlessness-examples-and-their-impact-on-life/ HTTP/1.1" 200 0 "-" "WordPress/6.8.2; https://boxersdebordeaux-amateur.fr"
13.74.85.151 - - [17/Jul/2025:08:57:01 -0400] "GET /ccx/ HTTP/1.1" 404 11546 "-" "-"
66.249.79.2 - - [17/Jul/2025:08:57:02 -0400] "GET /?n=38811185581200&channel=73fa1d&from=goods.php%3Fid%3D1855812-15249%26name%3D%E9%9D%92%E6%9E%97%E5%A0%82%201978%E5%B9%B4%28%E6%98%AD%E5%92%8C53%E5%B9%B4%29%E3%81%AE%E6%BC%AB%E7%94%BB%E9%9B%91%E8%AA%8C%20%E6%9C%88%E5%88%8A%E3%82%AC%E3%83%AD1978%E5%B9%B4%28%E6%98%AD%E5%92%8C53%E5%B9%B4%2910%E6%9C%88%E5%8F%B7 HTTP/1.1" 200 29831 "-" "Mozilla/5.0 (Linux; Android 6.0.1; Nexus 5X Build/MMB29P) AppleWebKit/537.36 (KHTML, like Gecko) Chrome/137.0.7151.103 Mobile Safari/537.36 (compatible; Googlebot/2.1; +http://www.google.com/bot.html)"
13.74.85.151 - - [17/Jul/2025:08:57:07 -0400] "GET /wp-content/themes/pridmag/db.php HTTP/1.1" 404 11546 "-" "-"
13.74.85.151 - - [17/Jul/2025:08:57:11 -0400] "GET /.well-known/pki-validation/index.php HTTP/1.1" 404 1251 "-" "-"
13.74.85.151 - - [17/Jul/2025:08:57:11 -0400] "GET /uploads/upload.php HTTP/1.1" 404 11546 "-" "-"
13.74.85.151 - - [17/Jul/2025:08:57:14 -0400] "GET /vv.php HTTP/1.1" 404 11548 "-" "-"
13.74.85.151 - - [17/Jul/2025:08:57:18 -0400] "GET /upfile.php HTTP/1.1" 404 11546 "-" "-"
217.113.194.29 - - [17/Jul/2025:08:57:17 -0400] "GET /2020/10/28/grilled-fish-with-vegetables-masala-rice-by-ifrah-sohail/ HTTP/1.1" 200 18540 "-" "Mozilla/5.0 (compatible; Barkrowler/0.9; +https://babbar.tech/crawler)"
13.74.85.151 - - [17/Jul/2025:08:57:22 -0400] "GET /wp-configs.php HTTP/1.1" 404 11546 "-" "-"
114.119.131.93 - - [17/Jul/2025:08:57:23 -0400] "GET /2025/06/20/masalbet-on-line-casino-turkiye-casino-sektorunun-en-iyisi/ HTTP/1.1" 200 25006 "https://fnf.group/2025/06/20/osnovy-bezopasnykh-stavok-na-sport-saity-kak-vybrat-nadezhnuiu-platformu/" "Mozilla/5.0 (Linux; Android 7.0;) AppleWebKit/537.36 (KHTML, like Gecko) Mobile Safari/537.36 (compatible; PetalBot;+https://webmaster.petalsearch.com/site/petalbot)"
13.74.85.151 - - [17/Jul/2025:08:57:26 -0400] "GET /content.php HTTP/1.1" 404 11546 "-" "-"
13.74.85.151 - - [17/Jul/2025:08:57:29 -0400] "GET /randkeyword.php HTTP/1.1" 404 11546 "-" "-"
13.74.85.151 - - [17/Jul/2025:08:57:32 -0400] "GET /upload/duck.php HTTP/1.1" 404 11546 "-" "-"
13.74.85.151 - - [17/Jul/2025:08:57:35 -0400] "GET /wp-content/plugins/seoo/wsoyanz.php HTTP/1.1" 404 11546 "-" "-"
66.249.68.129 - - [17/Jul/2025:08:57:35 -0400] "GET /?n=22714139693100&channel=624f73&from=news.php%3Fid%3D1396931-9096%26name%3D%E3%82%AA%E3%83%B3%E3%83%AA%E3%83%BC%E3%83%9F%E3%83%8D%E3%83%A9%E3%83%AB+%E3%83%9F%E3%83%8D%E3%83%A9%E3%83%AB%E3%82%A8%E3%83%83%E3%82%BB%E3%83%B3%E3%82%B9+BB%E3%82%AF%E3%83%AA%E3%83%BC%E3%83%A0+%E3%83%A9%E3%82%A4%E3%83%88%E3%82%AA%E3%83%BC%E3%82%AF%E3%83%AB+%E3%82%B5%E3%83%B3%E3%83%97%E3%83%AB5%E5%8C%85 HTTP/1.1" 301 0 "-" "Mozilla/5.0 (Linux; Android 6.0.1; Nexus 5X Build/MMB29P) AppleWebKit/537.36 (KHTML, like Gecko) Chrome/137.0.7151.103 Mobile Safari/537.36 (compatible; Googlebot/2.1; +http://www.google.com/bot.html)"
13.74.85.151 - - [17/Jul/2025:08:57:40 -0400] "GET /wp-content/themes/index.php HTTP/1.1" 200 0 "-" "-"
13.74.85.151 - - [17/Jul/2025:08:57:40 -0400] "GET /wp-activate.php HTTP/1.1" 403 1242 "-" "-"
217.113.194.25 - - [17/Jul/2025:08:57:39 -0400] "GET /2020/08/04/spicy-qeema-kabab-pasta-by-mashwish-ahmed/ HTTP/1.1" 200 18166 "-" "Mozilla/5.0 (compatible; Barkrowler/0.9; +https://babbar.tech/crawler)"
66.249.79.3 - - [17/Jul/2025:08:57:40 -0400] "GET /?n=22714139693100&channel=624f73&from=news.php%3Fid%3D1396931-9096%26name%3D%E3%82%AA%E3%83%B3%E3%83%AA%E3%83%BC%E3%83%9F%E3%83%8D%E3%83%A9%E3%83%AB%20%E3%83%9F%E3%83%8D%E3%83%A9%E3%83%AB%E3%82%A8%E3%83%83%E3%82%BB%E3%83%B3%E3%82%B9%20BB%E3%82%AF%E3%83%AA%E3%83%BC%E3%83%A0%20%E3%83%A9%E3%82%A4%E3%83%88%E3%82%AA%E3%83%BC%E3%82%AF%E3%83%AB%20%E3%82%B5%E3%83%B3%E3%83%97%E3%83%AB5%E5%8C%85 HTTP/1.1" 200 29833 "-" "Mozilla/5.0 (Linux; Android 6.0.1; Nexus 5X Build/MMB29P) AppleWebKit/537.36 (KHTML, like Gecko) Chrome/137.0.7151.103 Mobile Safari/537.36 (compatible; Googlebot/2.1; +http://www.google.com/bot.html)"
13.74.85.151 - - [17/Jul/2025:08:57:46 -0400] "GET /.well-known/fierzashell.php HTTP/1.1" 404 11546 "-" "-"
66.249.68.129 - - [17/Jul/2025:08:57:50 -0400] "GET /?n=88081182441003&channel=ccb6ec&from=form.php%3Fid%3D1824410-17183%26name%3D%E3%82%A2%E3%83%A0%E3%82%A6%E3%82%A7%E3%82%A4%E3%80%80%E3%82%AF%E3%82%A3%E3%83%BC%E3%83%B3%E3%80%80%E3%82%BD%E3%83%BC%E3%82%B9%E3%83%91%E3%83%B3%E5%B0%8F HTTP/1.1" 301 0 "-" "Mozilla/5.0 (Linux; Android 6.0.1; Nexus 5X Build/MMB29P) AppleWebKit/537.36 (KHTML, like Gecko) Chrome/137.0.7151.103 Mobile Safari/537.36 (compatible; Googlebot/2.1; +http://www.google.com/bot.html)"
13.74.85.151 - - [17/Jul/2025:08:57:50 -0400] "GET /wp-content/about.php HTTP/1.1" 404 11546 "-" "-"
13.74.85.151 - - [17/Jul/2025:08:57:55 -0400] "GET /tiny.php HTTP/1.1" 404 11546 "-" "-"
66.249.79.2 - - [17/Jul/2025:08:57:54 -0400] "GET /?n=88081182441003&channel=ccb6ec&from=form.php%3Fid%3D1824410-17183%26name%3D%E3%82%A2%E3%83%A0%E3%82%A6%E3%82%A7%E3%82%A4%E3%80%80%E3%82%AF%E3%82%A3%E3%83%BC%E3%83%B3%E3%80%80%E3%82%BD%E3%83%BC%E3%82%B9%E3%83%91%E3%83%B3%E5%B0%8F HTTP/1.1" 200 29838 "-" "Mozilla/5.0 (Linux; Android 6.0.1; Nexus 5X Build/MMB29P) AppleWebKit/537.36 (KHTML, like Gecko) Chrome/137.0.7151.103 Mobile Safari/537.36 (compatible; Googlebot/2.1; +http://www.google.com/bot.html)"
63.250.38.117 - - [17/Jul/2025:08:58:07 -0400] "POST /wp-cron.php?doing_wp_cron=1752757086.9970839023590087890625 HTTP/1.1" 403 1242 "-" "WordPress/6.8.1; https://fnf.group"
63.250.38.117 - - [17/Jul/2025:08:58:08 -0400] "POST /wp-cron.php?doing_wp_cron=1752757087.7824079990386962890625 HTTP/1.1" 403 1242 "-" "WordPress/6.8.1; https://fnf.group"
13.74.85.151 - - [17/Jul/2025:08:58:01 -0400] "GET /wp-admin/css/colors/blue/admin.php HTTP/1.1" 404 11546 "-" "-"
63.250.38.117 - - [17/Jul/2025:08:58:09 -0400] "POST /wp-cron.php?doing_wp_cron=1752757089.6986858844757080078125 HTTP/1.1" 403 1242 "-" "WordPress/6.8.1; https://fnf.group"
66.249.68.130 - - [17/Jul/2025:08:58:05 -0400] "GET /?n=576708985716&channel=80b84c&from=category-info.php%3Fid%3D89857-7229%26name%3D%E3%83%87%E3%82%A3%E3%82%B8%E3%83%AA%E3%83%89%E3%82%A5%E3%83%BC HTTP/1.1" 301 0 "-" "Mozilla/5.0 (Linux; Android 6.0.1; Nexus 5X Build/MMB29P) AppleWebKit/537.36 (KHTML, like Gecko) Chrome/137.0.7151.103 Mobile Safari/537.36 (compatible; Googlebot/2.1; +http://www.google.com/bot.html)"
217.113.194.29 - - [17/Jul/2025:08:58:03 -0400] "GET /2020/08/04/kachori-with-aloo-ki-tarkari-by-rehana-tahir/ HTTP/1.1" 200 18071 "-" "Mozilla/5.0 (compatible; Barkrowler/0.9; +https://babbar.tech/crawler)"
13.74.85.151 - - [17/Jul/2025:08:58:09 -0400] "GET /ty.php HTTP/1.1" 404 11546 "-" "-"
66.249.79.2 - - [17/Jul/2025:08:58:10 -0400] "GET /?n=576708985716&channel=80b84c&from=category-info.php%3Fid%3D89857-7229%26name%3D%E3%83%87%E3%82%A3%E3%82%B8%E3%83%AA%E3%83%89%E3%82%A5%E3%83%BC HTTP/1.1" 200 29830 "-" "Mozilla/5.0 (Linux; Android 6.0.1; Nexus 5X Build/MMB29P) AppleWebKit/537.36 (KHTML, like Gecko) Chrome/137.0.7151.103 Mobile Safari/537.36 (compatible; Googlebot/2.1; +http://www.google.com/bot.html)"
13.74.85.151 - - [17/Jul/2025:08:58:13 -0400] "GET /class-bulk-skin.php HTTP/1.1" 404 11548 "-" "-"
13.74.85.151 - - [17/Jul/2025:08:58:17 -0400] "GET /item.php HTTP/1.1" 404 11546 "-" "-"
13.74.85.151 - - [17/Jul/2025:08:58:19 -0400] "GET /tinyfilemanager.php HTTP/1.1" 404 11546 "-" "-"
13.74.85.151 - - [17/Jul/2025:08:58:23 -0400] "GET /.well-known/file.php HTTP/1.1" 404 11546 "-" "-"
13.74.85.151 - - [17/Jul/2025:08:58:26 -0400] "GET /dirs.php HTTP/1.1" 404 11546 "-" "-"
217.113.194.28 - - [17/Jul/2025:08:58:27 -0400] "GET /2020/08/04/dhaba-style-daal-fry-by-tooba-chachia-umair/ HTTP/1.1" 200 18166 "-" "Mozilla/5.0 (compatible; Barkrowler/0.9; +https://babbar.tech/crawler)"
13.74.85.151 - - [17/Jul/2025:08:58:30 -0400] "GET /themes.php HTTP/1.1" 404 11546 "-" "-"
13.74.85.151 - - [17/Jul/2025:08:58:34 -0400] "GET /wp-admin/autoload_classmap.php HTTP/1.1" 404 11546 "-" "-"
13.74.85.151 - - [17/Jul/2025:08:58:38 -0400] "GET /wp-admin/network/index.php HTTP/1.1" 302 0 "-" "-"
13.74.85.151 - - [17/Jul/2025:08:58:41 -0400] "GET /wp-login.php?redirect_to=https%3A%2F%2Fmail.fnf.group%2Fwp-admin%2Fnetwork%2Findex.php&reauth=1 HTTP/1.1" 200 3816 "-" "-"
13.74.85.151 - - [17/Jul/2025:08:58:43 -0400] "GET /cong.php HTTP/1.1" 404 11546 "-" "-"
13.74.85.151 - - [17/Jul/2025:08:58:47 -0400] "GET /wp-config-sample.php HTTP/1.1" 403 1242 "-" "-"
13.74.85.151 - - [17/Jul/2025:08:58:47 -0400] "GET /home.php?xsec=team HTTP/1.1" 404 11546 "-" "-"
114.119.137.28 - - [17/Jul/2025:08:58:45 -0400] "GET /tag/fish-broast/ HTTP/1.1" 200 14189 "http://fnf.group/2020/12/13/fish-broast-by-madiha-abdul-samad" "Mozilla/5.0 (Linux; Android 7.0;) AppleWebKit/537.36 (KHTML, like Gecko) Mobile Safari/537.36 (compatible; PetalBot;+https://webmaster.petalsearch.com/site/petalbot)"
217.113.194.23 - - [17/Jul/2025:08:58:47 -0400] "GET /2020/08/04/paani-poori-shots-by-summaiya-kashif-ghaziani/ HTTP/1.1" 200 18089 "-" "Mozilla/5.0 (compatible; Barkrowler/0.9; +https://babbar.tech/crawler)"
213.209.150.137 - - [17/Jul/2025:08:58:46 -0400] "POST /wp-login.php?action=register HTTP/1.1" 302 0 "-" "-"
13.74.85.151 - - [17/Jul/2025:08:58:53 -0400] "GET /wp-admin/user/index.php HTTP/1.1" 302 0 "-" "-"
13.74.85.151 - - [17/Jul/2025:08:59:01 -0400] "GET /wp-login.php?redirect_to=https%3A%2F%2Fmail.fnf.group%2Fwp-admin%2Fuser%2Findex.php&reauth=1 HTTP/1.1" 200 3813 "-" "-"
213.209.150.137 - - [17/Jul/2025:08:59:03 -0400] "POST /wp-login.php?action=register HTTP/1.1" 302 0 "-" "-"
13.74.85.151 - - [17/Jul/2025:08:59:03 -0400] "GET /alfanew2.php7 HTTP/1.1" 404 11546 "-" "-"
63.250.38.117 - - [17/Jul/2025:08:59:10 -0400] "POST /wp-cron.php?doing_wp_cron=1752757150.3756198883056640625000 HTTP/1.1" 403 1242 "-" "WordPress/6.8.1; https://fnf.group"
66.249.68.131 - - [17/Jul/2025:08:59:07 -0400] "GET /?n=29483104706805&channel=ff6e75&from=jp.php%3Fid%3D1047068-10861%26name%3D%E3%81%AB%E9%81%A9%E5%90%88%E3%81%99%E3%82%8B%E3%82%B9%E3%82%BA%E3%82%AD+GSXR750+GSXR+750+2011+2012-2019+%E3%82%AA%E3%83%BC%E3%83%88%E3%83%90%E3%82%A4%E3%82%AF%E3%83%A9%E3%83%83%E3%83%81%E3%83%96%E3%83%AC%E3%83%BC%E3%82%AD%E3%83%AC%E3%83%90%E3%83%BC%E6%8B%A1%E5%BC%B5%E5%8F%AF%E8%83%BD%E3%81%AA%E8%AA%BF%E7%AF%80%E5%8F%AF%E8%83%BD HTTP/1.1" 301 0 "-" "Mozilla/5.0 (Linux; Android 6.0.1; Nexus 5X Build/MMB29P) AppleWebKit/537.36 (KHTML, like Gecko) Chrome/137.0.7151.103 Mobile Safari/537.36 (compatible; Googlebot/2.1; +http://www.google.com/bot.html)"
63.250.38.117 - - [17/Jul/2025:08:59:11 -0400] "POST /wp-cron.php?doing_wp_cron=1752757151.1844599246978759765625 HTTP/1.1" 403 1242 "-" "WordPress/6.8.1; https://fnf.group"
13.74.85.151 - - [17/Jul/2025:08:59:07 -0400] "GET /wp-content/plugins/seoo/alfa-ioxi.php HTTP/1.1" 404 11548 "-" "-"
66.249.79.2 - - [17/Jul/2025:08:59:10 -0400] "GET /?n=29483104706805&channel=ff6e75&from=jp.php%3Fid%3D1047068-10861%26name%3D%E3%81%AB%E9%81%A9%E5%90%88%E3%81%99%E3%82%8B%E3%82%B9%E3%82%BA%E3%82%AD%20GSXR750%20GSXR%20750%202011%202012-2019%20%E3%82%AA%E3%83%BC%E3%83%88%E3%83%90%E3%82%A4%E3%82%AF%E3%83%A9%E3%83%83%E3%83%81%E3%83%96%E3%83%AC%E3%83%BC%E3%82%AD%E3%83%AC%E3%83%90%E3%83%BC%E6%8B%A1%E5%BC%B5%E5%8F%AF%E8%83%BD%E3%81%AA%E8%AA%BF%E7%AF%80%E5%8F%AF%E8%83%BD HTTP/1.1" 200 29832 "-" "Mozilla/5.0 (Linux; Android 6.0.1; Nexus 5X Build/MMB29P) AppleWebKit/537.36 (KHTML, like Gecko) Chrome/137.0.7151.103 Mobile Safari/537.36 (compatible; Googlebot/2.1; +http://www.google.com/bot.html)"
217.113.194.22 - - [17/Jul/2025:08:59:11 -0400] "GET /2020/09/25/beef-sloppy-joe-hamburger-by-mahwish-ahmed/ HTTP/1.1" 200 18675 "-" "Mozilla/5.0 (compatible; Barkrowler/0.9; +https://babbar.tech/crawler)"
13.74.85.151 - - [17/Jul/2025:08:59:13 -0400] "GET /404.php HTTP/1.1" 404 11546 "-" "-"
213.209.150.137 - - [17/Jul/2025:08:59:13 -0400] "POST /wp-login.php?action=register HTTP/1.1" 302 0 "-" "-"
13.74.85.151 - - [17/Jul/2025:08:59:19 -0400] "GET /.well-known/admin.php HTTP/1.1" 404 11546 "-" "-"
13.74.85.151 - - [17/Jul/2025:08:59:24 -0400] "GET /max.php HTTP/1.1" 404 11546 "-" "-"
13.74.85.151 - - [17/Jul/2025:08:59:28 -0400] "GET /wp-atom.php HTTP/1.1" 301 0 "-" "-"
213.209.150.137 - - [17/Jul/2025:08:59:27 -0400] "POST /wp-login.php?action=register HTTP/1.1" 302 0 "-" "-"
13.74.85.151 - - [17/Jul/2025:08:59:32 -0400] "GET /feed/atom/ HTTP/1.1" 200 321729 "-" "-"
217.113.194.30 - - [17/Jul/2025:08:59:34 -0400] "GET /2020/09/25/karhi-chawal-with-crispy-pakoray-by-hira-naz/ HTTP/1.1" 200 18671 "-" "Mozilla/5.0 (compatible; Barkrowler/0.9; +https://babbar.tech/crawler)"
13.74.85.151 - - [17/Jul/2025:08:59:41 -0400] "GET /wp.php HTTP/1.1" 404 11548 "-" "-"
213.209.150.137 - - [17/Jul/2025:08:59:40 -0400] "POST /wp-login.php?action=register HTTP/1.1" 302 0 "-" "-"
66.249.68.130 - - [17/Jul/2025:08:59:45 -0400] "GET /?n=897706981307&channel=59ecbc&from=goods.php%3Fid%3D69813-4500%26name%3DYOURS%28%E3%83%A6%E3%82%A2%E3%83%BC%E3%82%BA%29%2C+%E3%82%AA%E3%83%BC%E3%83%A9+%E5%B0%82%E7%94%A8+%E3%82%AD%E3%83%83%E3%82%AF%E3%82%AC%E3%83%BC%E3%83%893%E7%82%B9%E3%82%BB%E3%83%83%E3%83%88+5PCS%5B%E3%82%AB%E3%83%BC%E3%83%9C%E3%83%B3%E8%AA%BF%2F%E3%82%B0%E3%83%AC%E3%83%BC%5D%E3%82%AD%E3%83%83%E3%82%AF%E3%82%AC%E3%83%BC%E3%83%89+%E3%83%87%E3%82%B6%E3%82%A4%E3%83%B3+%E7%B8%AB%E8%A3%BD+%E6%97%A5%E6%9C%AC%E8%A3%BD HTTP/1.1" 301 0 "-" "Mozilla/5.0 (Linux; Android 6.0.1; Nexus 5X Build/MMB29P) AppleWebKit/537.36 (KHTML, like Gecko) Chrome/137.0.7151.103 Mobile Safari/537.36 (compatible; Googlebot/2.1; +http://www.google.com/bot.html)"
13.74.85.151 - - [17/Jul/2025:08:59:46 -0400] "GET /tinyfilemanager/tinyfilemanager.php HTTP/1.1" 404 11546 "-" "-"
13.74.85.151 - - [17/Jul/2025:08:59:52 -0400] "GET /edit-tags.php HTTP/1.1" 404 11546 "-" "-"
66.249.79.2 - - [17/Jul/2025:08:59:50 -0400] "GET /?n=897706981307&channel=59ecbc&from=goods.php%3Fid%3D69813-4500%26name%3DYOURS%28%E3%83%A6%E3%82%A2%E3%83%BC%E3%82%BA%29%2C%20%E3%82%AA%E3%83%BC%E3%83%A9%20%E5%B0%82%E7%94%A8%20%E3%82%AD%E3%83%83%E3%82%AF%E3%82%AC%E3%83%BC%E3%83%893%E7%82%B9%E3%82%BB%E3%83%83%E3%83%88%205PCS%5B%E3%82%AB%E3%83%BC%E3%83%9C%E3%83%B3%E8%AA%BF%2F%E3%82%B0%E3%83%AC%E3%83%BC%5D%E3%82%AD%E3%83%83%E3%82%AF%E3%82%AC%E3%83%BC%E3%83%89%20%E3%83%87%E3%82%B6%E3%82%A4%E3%83%B3%20%E7%B8%AB%E8%A3%BD%20%E6%97%A5%E6%9C%AC%E8%A3%BD HTTP/1.1" 200 29841 "-" "Mozilla/5.0 (Linux; Android 6.0.1; Nexus 5X Build/MMB29P) AppleWebKit/537.36 (KHTML, like Gecko) Chrome/137.0.7151.103 Mobile Safari/537.36 (compatible; Googlebot/2.1; +http://www.google.com/bot.html)"
213.209.150.137 - - [17/Jul/2025:08:59:53 -0400] "POST /wp-login.php?action=register HTTP/1.1" 302 0 "-" "-"
13.74.85.151 - - [17/Jul/2025:08:59:59 -0400] "GET /wp-includes/customize/about.php HTTP/1.1" 404 11547 "-" "-"
63.250.38.117 - - [17/Jul/2025:09:00:12 -0400] "POST /wp-cron.php?doing_wp_cron=1752757211.2781429290771484375000 HTTP/1.1" 403 1242 "-" "WordPress/6.8.1; https://fnf.group"
66.249.68.130 - - [17/Jul/2025:09:00:01 -0400] "GET /?n=37982185128800&channel=7809b6&from=goods.php%3Fid%3D1851288-7143%26name%3D%E5%90%8A%E3%82%8A%E4%B8%8B%E3%81%92%E5%BC%8F%E3%83%AF%E3%82%A4%E3%83%B3%E3%83%A9%E3%83%83%E3%82%AF+%E5%A4%A9%E4%BA%95%E3%83%AF%E3%82%A4%E3%83%B3%E3%82%B0%E3%83%A9%E3%82%B9%E3%83%A9%E3%83%83%E3%82%AF%E3%80%81%E5%90%8A%E3%82%8A%E4%B8%8B%E3%81%92%E5%BC%8F%E3%83%AF%E3%82%A4%E3%83%B3%E3%83%A9%E3%83%83%E3%82%AF%E3%82%AD%E3%83%A3%E3%83%93%E3%83%8D%E3%83%83%E3%83%88%E3%80%81%E9%89%84%E8%A3%BD%E3%80%81%E5%A3%81%E6%8E%9B%E3%81%91%E5%BC%8F%E3%83%AF%E3%82%A4%E3%83%B3%E3%83%A9%E3%83%83%E3%82%AF+%E3%82%B0%E3%83%A9%E3%82%B9%E3%83%9B%E3%83%AB%E3%83%80%E3%83%BC%E4%BB%98%E3%81%8D%E3%80%81 HTTP/1.1" 301 0 "-" "Mozilla/5.0 (Linux; Android 6.0.1; Nexus 5X Build/MMB29P) AppleWebKit/537.36 (KHTML, like Gecko) Chrome/137.0.7151.103 Mobile Safari/537.36 (compatible; Googlebot/2.1; +http://www.google.com/bot.html)"
217.113.194.30 - - [17/Jul/2025:08:59:58 -0400] "GET /2020/09/03/street-style-kaleji-bun-by-madiha-abdul-samad/ HTTP/1.1" 200 18560 "-" "Mozilla/5.0 (compatible; Barkrowler/0.9; +https://babbar.tech/crawler)"
63.250.38.117 - - [17/Jul/2025:09:00:16 -0400] "POST /wp-cron.php?doing_wp_cron=1752757216.5856149196624755859375 HTTP/1.1" 403 1242 "-" "WordPress/6.8.1; https://fnf.group"
63.250.38.117 - - [17/Jul/2025:09:00:18 -0400] "POST /wp-cron.php?doing_wp_cron=1752757217.9050559997558593750000 HTTP/1.1" 403 1242 "-" "WordPress/6.8.1; https://fnf.group"
13.74.85.151 - - [17/Jul/2025:09:00:07 -0400] "GET /wp-admin/index.php HTTP/1.1" 302 0 "-" "-"
213.209.150.137 - - [17/Jul/2025:09:00:08 -0400] "POST /wp-login.php?action=register HTTP/1.1" 302 0 "-" "-"
114.119.155.200 - - [17/Jul/2025:09:00:12 -0400] "GET /tag/smoked-turkey-sandwiches/ HTTP/1.1" 200 14195 "https://fnf.group/2020/12/13/smoked-turkey-sandwiches-by-umaima-sameer" "Mozilla/5.0 (Linux; Android 7.0;) AppleWebKit/537.36 (KHTML, like Gecko) Mobile Safari/537.36 (compatible; PetalBot;+https://webmaster.petalsearch.com/site/petalbot)"
66.249.79.2 - - [17/Jul/2025:09:00:12 -0400] "GET /?n=37982185128800&channel=7809b6&from=goods.php%3Fid%3D1851288-7143%26name%3D%E5%90%8A%E3%82%8A%E4%B8%8B%E3%81%92%E5%BC%8F%E3%83%AF%E3%82%A4%E3%83%B3%E3%83%A9%E3%83%83%E3%82%AF%20%E5%A4%A9%E4%BA%95%E3%83%AF%E3%82%A4%E3%83%B3%E3%82%B0%E3%83%A9%E3%82%B9%E3%83%A9%E3%83%83%E3%82%AF%E3%80%81%E5%90%8A%E3%82%8A%E4%B8%8B%E3%81%92%E5%BC%8F%E3%83%AF%E3%82%A4%E3%83%B3%E3%83%A9%E3%83%83%E3%82%AF%E3%82%AD%E3%83%A3%E3%83%93%E3%83%8D%E3%83%83%E3%83%88%E3%80%81%E9%89%84%E8%A3%BD%E3%80%81%E5%A3%81%E6%8E%9B%E3%81%91%E5%BC%8F%E3%83%AF%E3%82%A4%E3%83%B3%E3%83%A9%E3%83%83%E3%82%AF%20%E3%82%B0%E3%83%A9%E3%82%B9%E3%83%9B%E3%83%AB%E3%83%80%E3%83%BC%E4%BB%98%E3%81%8D%E3%80%81 HTTP/1.1" 200 29833 "-" "Mozilla/5.0 (Linux; Android 6.0.1; Nexus 5X Build/MMB29P) AppleWebKit/537.36 (KHTML, like Gecko) Chrome/137.0.7151.103 Mobile Safari/537.36 (compatible; Googlebot/2.1; +http://www.google.com/bot.html)"
13.74.85.151 - - [17/Jul/2025:09:00:18 -0400] "GET /wp-login.php?redirect_to=https%3A%2F%2Fmail.fnf.group%2Fwp-admin%2Findex.php&reauth=1 HTTP/1.1" 200 3810 "-" "-"
13.74.85.151 - - [17/Jul/2025:09:00:23 -0400] "GET /wp-logout.php HTTP/1.1" 404 11547 "-" "-"
13.74.85.151 - - [17/Jul/2025:09:00:27 -0400] "GET /wp-includes/SimplePie/index.php HTTP/1.1" 301 0 "-" "-"
13.74.85.151 - - [17/Jul/2025:09:00:30 -0400] "GET /wp-includes/SimplePie/ HTTP/1.1" 200 690 "-" "-"
213.209.150.137 - - [17/Jul/2025:09:00:26 -0400] "POST /wp-login.php?action=register HTTP/1.1" 302 0 "-" "-"
217.113.194.28 - - [17/Jul/2025:09:00:29 -0400] "GET /2020/10/13/jhatpat-beef-biryani-by-shahzadi-waqar/ HTTP/1.1" 200 18333 "-" "Mozilla/5.0 (compatible; Barkrowler/0.9; +https://babbar.tech/crawler)"
13.74.85.151 - - [17/Jul/2025:09:00:32 -0400] "GET /media.php HTTP/1.1" 404 11547 "-" "-"
13.74.85.151 - - [17/Jul/2025:09:00:38 -0400] "GET /wp-includes/bak.php HTTP/1.1" 404 11547 "-" "-"
13.74.85.151 - - [17/Jul/2025:09:00:44 -0400] "GET /wp-signup.php?FoX=sQFLZ HTTP/1.1" 403 1242 "-" "-"
213.209.150.137 - - [17/Jul/2025:09:00:40 -0400] "POST /wp-login.php?action=register HTTP/1.1" 302 0 "-" "-"
13.74.85.151 - - [17/Jul/2025:09:00:45 -0400] "GET /wp-content/plugins/seoplugins/mar.php HTTP/1.1" 404 11547 "-" "-"
13.74.85.151 - - [17/Jul/2025:09:00:52 -0400] "GET /wp-content/item.php HTTP/1.1" 404 11547 "-" "-"
217.113.194.28 - - [17/Jul/2025:09:00:53 -0400] "GET /2025/07/07/top-gambling-enterprises-that-accept-bitcoin-deposits-a-comprehensive-guide/ HTTP/1.1" 200 19072 "-" "Mozilla/5.0 (compatible; Barkrowler/0.9; +https://babbar.tech/crawler)"
13.74.85.151 - - [17/Jul/2025:09:00:57 -0400] "GET /about/function.php HTTP/1.1" 404 11547 "-" "-"
13.74.85.151 - - [17/Jul/2025:09:01:02 -0400] "GET /link.php HTTP/1.1" 404 11548 "-" "-"
13.74.85.151 - - [17/Jul/2025:09:01:04 -0400] "GET /.well-known/pki-validation/parx.php HTTP/1.1" 404 1251 "-" "-"
13.74.85.151 - - [17/Jul/2025:09:01:05 -0400] "GET /.well-known/pki-validation/xmrlpc.php?p= HTTP/1.1" 404 1251 "-" "-"
13.74.85.151 - - [17/Jul/2025:09:01:05 -0400] "GET /app.php HTTP/1.1" 404 11547 "-" "-"
13.74.85.151 - - [17/Jul/2025:09:01:07 -0400] "GET /login.php HTTP/1.1" 302 0 "-" "-"
66.249.68.129 - - [17/Jul/2025:09:01:08 -0400] "GET /?n=27503131871900&channel=21a4ef&from=shop.php%3Fid%3D1318719-26340%26name%3D%E3%83%AD%E3%83%A1%E3%82%AA%E3%81%A8%E3%82%B8%E3%83%A5%E3%83%AA%E3%82%A8%E3%83%83%E3%83%88%2F%E6%A0%83%E5%B0%BE%E5%85%8B%E6%A8%B9%28bs%29%2C%E5%B1%B1%E7%94%B0%E6%AD%A6%E5%BD%A6%28p%E3%80%81arr%29 HTTP/1.1" 301 0 "-" "Mozilla/5.0 (Linux; Android 6.0.1; Nexus 5X Build/MMB29P) AppleWebKit/537.36 (KHTML, like Gecko) Chrome/137.0.7151.103 Mobile Safari/537.36 (compatible; Googlebot/2.1; +http://www.google.com/bot.html)"
13.74.85.151 - - [17/Jul/2025:09:01:10 -0400] "GET /wp-login.php HTTP/1.1" 200 3798 "-" "-"
13.74.85.151 - - [17/Jul/2025:09:01:13 -0400] "GET /randkeyword.PhP8 HTTP/1.1" 404 11546 "-" "-"
13.74.85.151 - - [17/Jul/2025:09:01:18 -0400] "GET /wp-cron.php HTTP/1.1" 403 1242 "-" "-"
66.249.79.2 - - [17/Jul/2025:09:01:12 -0400] "GET /?n=27503131871900&channel=21a4ef&from=shop.php%3Fid%3D1318719-26340%26name%3D%E3%83%AD%E3%83%A1%E3%82%AA%E3%81%A8%E3%82%B8%E3%83%A5%E3%83%AA%E3%82%A8%E3%83%83%E3%83%88%2F%E6%A0%83%E5%B0%BE%E5%85%8B%E6%A8%B9%28bs%29%2C%E5%B1%B1%E7%94%B0%E6%AD%A6%E5%BD%A6%28p%E3%80%81arr%29 HTTP/1.1" 200 29833 "-" "Mozilla/5.0 (Linux; Android 6.0.1; Nexus 5X Build/MMB29P) AppleWebKit/537.36 (KHTML, like Gecko) Chrome/137.0.7151.103 Mobile Safari/537.36 (compatible; Googlebot/2.1; +http://www.google.com/bot.html)"
63.250.38.117 - - [17/Jul/2025:09:01:20 -0400] "POST /wp-cron.php?doing_wp_cron=1752757280.3835790157318115234375 HTTP/1.1" 403 1242 "-" "WordPress/6.8.1; https://fnf.group"
63.250.38.117 - - [17/Jul/2025:09:01:22 -0400] "POST /wp-cron.php?doing_wp_cron=1752757281.8966910839080810546875 HTTP/1.1" 403 1242 "-" "WordPress/6.8.1; https://fnf.group"
13.74.85.151 - - [17/Jul/2025:09:01:18 -0400] "GET /wp-content/uploads/2023/05/404.php HTTP/1.1" 404 11546 "-" "-"
217.113.194.24 - - [17/Jul/2025:09:01:16 -0400] "GET /2025/06/25/kyfy-khtyr-mns-lb-1xbet-lmnsb-2/ HTTP/1.1" 200 19084 "-" "Mozilla/5.0 (compatible; Barkrowler/0.9; +https://babbar.tech/crawler)"
13.74.85.151 - - [17/Jul/2025:09:01:22 -0400] "GET /css.php HTTP/1.1" 404 11546 "-" "-"
13.74.85.151 - - [17/Jul/2025:09:01:25 -0400] "GET /img/img.php HTTP/1.1" 404 11546 "-" "-"
13.74.85.151 - - [17/Jul/2025:09:01:28 -0400] "GET /f.php HTTP/1.1" 404 11548 "-" "-"
13.74.85.151 - - [17/Jul/2025:09:01:31 -0400] "GET /wp-includes/customize/123.php HTTP/1.1" 404 11546 "-" "-"
114.119.128.253 - - [17/Jul/2025:09:01:33 -0400] "GET /category/recipes/page/3/ HTTP/1.1" 200 14976 "https://fnf.group/category/recipes/page/1/" "Mozilla/5.0 (Linux; Android 7.0;) AppleWebKit/537.36 (KHTML, like Gecko) Mobile Safari/537.36 (compatible; PetalBot;+https://webmaster.petalsearch.com/site/petalbot)"
13.74.85.151 - - [17/Jul/2025:09:01:34 -0400] "GET /priv.php HTTP/1.1" 404 11546 "-" "-"
13.74.85.151 - - [17/Jul/2025:09:01:38 -0400] "GET /.well-known/options.php HTTP/1.1" 404 11546 "-" "-"
217.113.194.27 - - [17/Jul/2025:09:01:38 -0400] "GET /2025/06/24/1xbet-apk-telecharger-lapplication-mobile-phone-gratuit-android-ios/ HTTP/1.1" 200 28559 "-" "Mozilla/5.0 (compatible; Barkrowler/0.9; +https://babbar.tech/crawler)"
13.74.85.151 - - [17/Jul/2025:09:01:41 -0400] "GET /wp-content/plugins/linkpreview/db.php?u HTTP/1.1" 404 11546 "-" "-"
13.74.85.151 - - [17/Jul/2025:09:01:44 -0400] "GET /text.php HTTP/1.1" 404 11546 "-" "-"
66.249.79.2 - - [17/Jul/2025:09:01:47 -0400] "GET /?n=4731892706402&channel=700100&from=goods.php%3Fid%3D927064-11094%26name%3DOPA277UA+%E3%83%90%E3%83%BC%E3%83%96%E3%83%A9%E3%82%A6%E3%83%B3%E9%AB%98%E7%B2%BE%E5%AF%86+%E3%82%AA%E3%83%9A%E3%82%A2%E3%83%B3%E3%83%97+2%E5%80%8B HTTP/1.1" 301 0 "-" "Mozilla/5.0 (Linux; Android 6.0.1; Nexus 5X Build/MMB29P) AppleWebKit/537.36 (KHTML, like Gecko) Chrome/137.0.7151.103 Mobile Safari/537.36 (compatible; Googlebot/2.1; +http://www.google.com/bot.html)"
66.249.68.130 - - [17/Jul/2025:09:01:47 -0400] "GET /?n=7508489634200&channel=5a9800&from=brands.php%3Fid%3D896342-12725%26name%3D%E3%80%90GW%E5%89%8D%E5%8D%8A4%2F26%E3%80%9C4%2F29%E3%83%9D%E3%82%A4%E3%83%B3%E3%83%885%E5%80%8D%E3%80%91%E5%B0%81%E7%AD%92+%E3%81%AD%E3%81%93%E3%82%8D%E3%81%B3+%E9%9B%A8%E3%81%95%E3%82%93%E3%81%BDA HTTP/1.1" 301 0 "-" "Mozilla/5.0 (Linux; Android 6.0.1; Nexus 5X Build/MMB29P) AppleWebKit/537.36 (KHTML, like Gecko) Chrome/137.0.7151.103 Mobile Safari/537.36 (compatible; Googlebot/2.1; +http://www.google.com/bot.html)"
13.74.85.151 - - [17/Jul/2025:09:01:46 -0400] "GET /wp-includes/install.php HTTP/1.1" 404 11546 "-" "-"
66.249.79.2 - - [17/Jul/2025:09:01:51 -0400] "GET /?n=4731892706402&channel=700100&from=goods.php%3Fid%3D927064-11094%26name%3DOPA277UA%20%E3%83%90%E3%83%BC%E3%83%96%E3%83%A9%E3%82%A6%E3%83%B3%E9%AB%98%E7%B2%BE%E5%AF%86%20%E3%82%AA%E3%83%9A%E3%82%A2%E3%83%B3%E3%83%97%202%E5%80%8B HTTP/1.1" 200 29831 "-" "Mozilla/5.0 (Linux; Android 6.0.1; Nexus 5X Build/MMB29P) AppleWebKit/537.36 (KHTML, like Gecko) Chrome/137.0.7151.103 Mobile Safari/537.36 (compatible; Googlebot/2.1; +http://www.google.com/bot.html)"
66.249.79.2 - - [17/Jul/2025:09:01:52 -0400] "GET /?n=7508489634200&channel=5a9800&from=brands.php%3Fid%3D896342-12725%26name%3D%E3%80%90GW%E5%89%8D%E5%8D%8A4%2F26%E3%80%9C4%2F29%E3%83%9D%E3%82%A4%E3%83%B3%E3%83%885%E5%80%8D%E3%80%91%E5%B0%81%E7%AD%92%20%E3%81%AD%E3%81%93%E3%82%8D%E3%81%B3%20%E9%9B%A8%E3%81%95%E3%82%93%E3%81%BDA HTTP/1.1" 200 29833 "-" "Mozilla/5.0 (Linux; Android 6.0.1; Nexus 5X Build/MMB29P) AppleWebKit/537.36 (KHTML, like Gecko) Chrome/137.0.7151.103 Mobile Safari/537.36 (compatible; Googlebot/2.1; +http://www.google.com/bot.html)"
13.74.85.151 - - [17/Jul/2025:09:01:52 -0400] "GET /index.php?3x=3x HTTP/1.1" 200 29857 "-" "-"
13.74.85.151 - - [17/Jul/2025:09:02:00 -0400] "GET /edit.php HTTP/1.1" 404 11547 "-" "-"
154.54.249.195 - - [17/Jul/2025:09:01:58 -0400] "GET /2025/06/25/ponimanie-promokodov-mostbet-gde-ikh-naiti/ HTTP/1.1" 200 29933 "-" "Mozilla/5.0 (compatible; Barkrowler/0.9; +https://babbar.tech/crawler)"
66.249.68.130 - - [17/Jul/2025:09:02:01 -0400] "GET /?n=4414850568006&channel=63c1c5&from=shop.php%3Fid%3D505680-7675%26name%3D%E5%BB%8A%E4%B8%8B%E7%94%A8%E3%83%A9%E3%82%B0%E3%80%81%E3%83%AC%E3%83%88%E3%83%AD%E3%82%AB%E3%83%BC%E3%83%9A%E3%83%83%E3%83%88%E3%83%A9%E3%83%B3%E3%83%8A%E3%83%BC%E3%83%9E%E3%83%83%E3%83%88%E3%80%81100cm+1.5m+2m+250cm+300cm+4m+5m+6m+%E3%83%8E%E3%83%B3%E3%82%B9%E3%83%AA%E3%83%83%E3%83%97%E3%83%AD%E3%83%B3%E3%82%B0 HTTP/1.1" 301 0 "-" "Mozilla/5.0 (Linux; Android 6.0.1; Nexus 5X Build/MMB29P) AppleWebKit/537.36 (KHTML, like Gecko) Chrome/137.0.7151.103 Mobile Safari/537.36 (compatible; Googlebot/2.1; +http://www.google.com/bot.html)"
13.74.85.151 - - [17/Jul/2025:09:02:03 -0400] "GET /install.php HTTP/1.1" 404 11547 "-" "-"
66.249.79.4 - - [17/Jul/2025:09:02:04 -0400] "GET /?n=4414850568006&channel=63c1c5&from=shop.php%3Fid%3D505680-7675%26name%3D%E5%BB%8A%E4%B8%8B%E7%94%A8%E3%83%A9%E3%82%B0%E3%80%81%E3%83%AC%E3%83%88%E3%83%AD%E3%82%AB%E3%83%BC%E3%83%9A%E3%83%83%E3%83%88%E3%83%A9%E3%83%B3%E3%83%8A%E3%83%BC%E3%83%9E%E3%83%83%E3%83%88%E3%80%81100cm%201.5m%202m%20250cm%20300cm%204m%205m%206m%20%E3%83%8E%E3%83%B3%E3%82%B9%E3%83%AA%E3%83%83%E3%83%97%E3%83%AD%E3%83%B3%E3%82%B0 HTTP/1.1" 200 29834 "-" "Mozilla/5.0 (Linux; Android 6.0.1; Nexus 5X Build/MMB29P) AppleWebKit/537.36 (KHTML, like Gecko) Chrome/137.0.7151.103 Mobile Safari/537.36 (compatible; Googlebot/2.1; +http://www.google.com/bot.html)"
13.74.85.151 - - [17/Jul/2025:09:02:07 -0400] "GET /wp-content/uploads/2014/was-wp.php HTTP/1.1" 404 11547 "-" "-"
13.74.85.151 - - [17/Jul/2025:09:02:09 -0400] "GET /wp-admin/xmrlpc.php?p= HTTP/1.1" 301 0 "-" "-"
13.74.85.151 - - [17/Jul/2025:09:02:12 -0400] "GET /wp-admin/xmrlpc.php HTTP/1.1" 404 11546 "-" "-"
13.74.85.151 - - [17/Jul/2025:09:02:15 -0400] "GET /wp-admin/js/widgets/xmrlpc.php?p= HTTP/1.1" 301 0 "-" "-"
66.249.68.130 - - [17/Jul/2025:09:02:16 -0400] "GET /?n=72788107843401&channel=4e8ff5&from=blog.php%3Fid%3D1078434-8199%26name%3D%E3%82%BC%E3%83%94%E3%83%BC%E3%83%AB+%E3%83%8F%E3%83%96%E3%83%A9%E3%82%B7Dry%E3%82%AB%E3%83%97%E3%82%BB%E3%83%AB+%E6%AD%AF%E3%83%96%E3%83%A9%E3%82%B7%E7%94%A8%E9%99%A4%E8%8F%8C%E3%83%9C%E3%83%83%E3%82%AF%E3%82%B9DVB-H20M-WH HTTP/1.1" 301 0 "-" "Mozilla/5.0 (Linux; Android 6.0.1; Nexus 5X Build/MMB29P) AppleWebKit/537.36 (KHTML, like Gecko) Chrome/137.0.7151.103 Mobile Safari/537.36 (compatible; Googlebot/2.1; +http://www.google.com/bot.html)"
63.250.38.117 - - [17/Jul/2025:09:02:22 -0400] "POST /wp-cron.php?doing_wp_cron=1752757342.1937348842620849609375 HTTP/1.1" 403 1242 "-" "WordPress/6.8.1; https://fnf.group"
63.250.38.117 - - [17/Jul/2025:09:02:23 -0400] "POST /wp-cron.php?doing_wp_cron=1752757342.8820569515228271484375 HTTP/1.1" 403 1242 "-" "WordPress/6.8.1; https://fnf.group"
13.74.85.151 - - [17/Jul/2025:09:02:18 -0400] "GET /wp-admin/js/widgets/xmrlpc.php HTTP/1.1" 404 11546 "-" "-"
63.250.38.117 - - [17/Jul/2025:09:02:24 -0400] "POST /wp-cron.php?doing_wp_cron=1752757344.4008839130401611328125 HTTP/1.1" 403 1242 "-" "WordPress/6.8.1; https://fnf.group"
66.249.79.3 - - [17/Jul/2025:09:02:20 -0400] "GET /?n=72788107843401&channel=4e8ff5&from=blog.php%3Fid%3D1078434-8199%26name%3D%E3%82%BC%E3%83%94%E3%83%BC%E3%83%AB%20%E3%83%8F%E3%83%96%E3%83%A9%E3%82%B7Dry%E3%82%AB%E3%83%97%E3%82%BB%E3%83%AB%20%E6%AD%AF%E3%83%96%E3%83%A9%E3%82%B7%E7%94%A8%E9%99%A4%E8%8F%8C%E3%83%9C%E3%83%83%E3%82%AF%E3%82%B9DVB-H20M-WH HTTP/1.1" 200 29808 "-" "Mozilla/5.0 (Linux; Android 6.0.1; Nexus 5X Build/MMB29P) AppleWebKit/537.36 (KHTML, like Gecko) Chrome/137.0.7151.103 Mobile Safari/537.36 (compatible; Googlebot/2.1; +http://www.google.com/bot.html)"
217.113.194.30 - - [17/Jul/2025:09:02:20 -0400] "GET /2025/06/25/mostbet-casino-turkiye-mostbet-spor-bahisleri-2025/ HTTP/1.1" 200 26905 "-" "Mozilla/5.0 (compatible; Barkrowler/0.9; +https://babbar.tech/crawler)"
13.74.85.151 - - [17/Jul/2025:09:02:24 -0400] "GET /wp-admin/images/index.php HTTP/1.1" 301 0 "-" "-"
13.74.85.151 - - [17/Jul/2025:09:02:26 -0400] "GET /wp-admin/images/ HTTP/1.1" 200 2402 "-" "-"
13.74.85.151 - - [17/Jul/2025:09:02:26 -0400] "GET /wp-includes/makeasmtp.php HTTP/1.1" 404 11546 "-" "-"
13.74.85.151 - - [17/Jul/2025:09:02:29 -0400] "GET /packed.php HTTP/1.1" 404 11546 "-" "-"
66.249.68.129 - - [17/Jul/2025:09:02:31 -0400] "GET /?n=039388943600&channel=5a376e&from=product.php%3Fid%3D89436-5392%26name%3DMAVIC%28%E3%83%9E%E3%83%B4%E3%82%A3%E3%83%83%E3%82%AF%29+%E3%82%AF%E3%82%A4%E3%83%83%E3%82%AF%E3%83%AA%E3%83%AA%E3%83%BC%E3%82%B9+%E5%89%8D%E5%BE%8C%E3%82%BB%E3%83%83%E3%83%88%28%E3%83%95%E3%83%AD%E3%83%B3%E3%83%88%E7%94%A8%2C%E3%83%AA%E3%82%A2%E7%94%A8%29+%5B%E4%B8%A6%E8%A1%8C%E8%BC%B8%E5%85%A5%E5%93%81%5D HTTP/1.1" 301 0 "-" "Mozilla/5.0 (Linux; Android 6.0.1; Nexus 5X Build/MMB29P) AppleWebKit/537.36 (KHTML, like Gecko) Chrome/137.0.7151.103 Mobile Safari/537.36 (compatible; Googlebot/2.1; +http://www.google.com/bot.html)"
13.74.85.151 - - [17/Jul/2025:09:02:33 -0400] "GET /wp-content/plugins/admin.php HTTP/1.1" 404 11546 "-" "-"
66.249.79.2 - - [17/Jul/2025:09:02:36 -0400] "GET /wp-content/plugins/js_composer_salient/assets/js/dist/js_composer_front.min.js?ver=6.1 HTTP/1.1" 200 5548 "https://fnf.group/?n=4731892706402&channel=700100&from=goods.php%3Fid%3D927064-11094%26name%3DOPA277UA%20%E3%83%90%E3%83%BC%E3%83%96%E3%83%A9%E3%82%A6%E3%83%B3%E9%AB%98%E7%B2%BE%E5%AF%86%20%E3%82%AA%E3%83%9A%E3%82%A2%E3%83%B3%E3%83%97%202%E5%80%8B" "Mozilla/5.0 (Linux; Android 6.0.1; Nexus 5X Build/MMB29P) AppleWebKit/537.36 (KHTML, like Gecko) Chrome/137.0.7151.119 Mobile Safari/537.36 (compatible; Googlebot/2.1; +http://www.google.com/bot.html)"
66.249.79.2 - - [17/Jul/2025:09:02:35 -0400] "GET /?n=039388943600&channel=5a376e&from=product.php%3Fid%3D89436-5392%26name%3DMAVIC%28%E3%83%9E%E3%83%B4%E3%82%A3%E3%83%83%E3%82%AF%29%20%E3%82%AF%E3%82%A4%E3%83%83%E3%82%AF%E3%83%AA%E3%83%AA%E3%83%BC%E3%82%B9%20%E5%89%8D%E5%BE%8C%E3%82%BB%E3%83%83%E3%83%88%28%E3%83%95%E3%83%AD%E3%83%B3%E3%83%88%E7%94%A8%2C%E3%83%AA%E3%82%A2%E7%94%A8%29%20%5B%E4%B8%A6%E8%A1%8C%E8%BC%B8%E5%85%A5%E5%93%81%5D HTTP/1.1" 200 29831 "-" "Mozilla/5.0 (Linux; Android 6.0.1; Nexus 5X Build/MMB29P) AppleWebKit/537.36 (KHTML, like Gecko) Chrome/137.0.7151.103 Mobile Safari/537.36 (compatible; Googlebot/2.1; +http://www.google.com/bot.html)"
13.74.85.151 - - [17/Jul/2025:09:02:36 -0400] "GET /mail.php HTTP/1.1" 404 11546 "-" "-"
13.74.85.151 - - [17/Jul/2025:09:02:38 -0400] "GET /wp-content/themes/astra/inc/ki1k.php HTTP/1.1" 404 11548 "-" "-"
13.74.85.151 - - [17/Jul/2025:09:02:40 -0400] "GET /wp-includes/qqzqflcv.php HTTP/1.1" 404 11548 "-" "-"
217.113.194.26 - - [17/Jul/2025:09:02:41 -0400] "GET /2025/06/24/skachat-mostbet-ofitsialnoe-mobilnoe-prilozhenie/ HTTP/1.1" 200 28872 "-" "Mozilla/5.0 (compatible; Barkrowler/0.9; +https://babbar.tech/crawler)"
13.74.85.151 - - [17/Jul/2025:09:02:42 -0400] "GET /function.php HTTP/1.1" 404 11548 "-" "-"
13.74.85.151 - - [17/Jul/2025:09:02:44 -0400] "GET /wp-includes/fonts/wp-login.php HTTP/1.1" 404 11546 "-" "-"
13.74.85.151 - - [17/Jul/2025:09:02:45 -0400] "GET /wp-cache.php HTTP/1.1" 404 11546 "-" "-"
66.249.68.129 - - [17/Jul/2025:09:02:46 -0400] "GET /?n=83718108187106&channel=9228bf&from=category-info.php%3Fid%3D1081871-5321%26name%3DOPPO+Reno7+A+%2F+Reno9+A+%E3%82%B1%E3%83%BC%E3%82%B9+%E6%89%8B%E5%B8%B3%E5%9E%8B+OPPO+Reno7A%2FReno9A%2FOPG04%2FA201OP%2FCPH HTTP/1.1" 301 0 "-" "Mozilla/5.0 (Linux; Android 6.0.1; Nexus 5X Build/MMB29P) AppleWebKit/537.36 (KHTML, like Gecko) Chrome/137.0.7151.103 Mobile Safari/537.36 (compatible; Googlebot/2.1; +http://www.google.com/bot.html)"
13.74.85.151 - - [17/Jul/2025:09:02:47 -0400] "GET /yanz.php/wp-admin/user/cloud.php HTTP/1.1" 404 11547 "-" "-"
66.249.79.2 - - [17/Jul/2025:09:02:48 -0400] "GET /?n=83718108187106&channel=9228bf&from=category-info.php%3Fid%3D1081871-5321%26name%3DOPPO%20Reno7%20A%20%2F%20Reno9%20A%20%E3%82%B1%E3%83%BC%E3%82%B9%20%E6%89%8B%E5%B8%B3%E5%9E%8B%20OPPO%20Reno7A%2FReno9A%2FOPG04%2FA201OP%2FCPH HTTP/1.1" 200 29834 "-" "Mozilla/5.0 (Linux; Android 6.0.1; Nexus 5X Build/MMB29P) AppleWebKit/537.36 (KHTML, like Gecko) Chrome/137.0.7151.103 Mobile Safari/537.36 (compatible; Googlebot/2.1; +http://www.google.com/bot.html)"
13.74.85.151 - - [17/Jul/2025:09:02:50 -0400] "GET /fm.php HTTP/1.1" 404 11546 "-" "-"
13.74.85.151 - - [17/Jul/2025:09:02:54 -0400] "GET /payment.php HTTP/1.1" 404 11546 "-" "-"
13.74.85.151 - - [17/Jul/2025:09:02:55 -0400] "GET /log.php HTTP/1.1" 404 11546 "-" "-"
114.119.137.28 - - [17/Jul/2025:09:02:57 -0400] "GET /2025/07/page/30/ HTTP/1.1" 200 15050 "https://fnf.group/2025/07/page/28/" "Mozilla/5.0 (Linux; Android 7.0;) AppleWebKit/537.36 (KHTML, like Gecko) Mobile Safari/537.36 (compatible; PetalBot;+https://webmaster.petalsearch.com/site/petalbot)"
217.113.194.29 - - [17/Jul/2025:09:02:59 -0400] "GET /2025/06/30/sweet-bonanza-avis-complet-check-2025-pragmatic-play/feed/ HTTP/1.1" 200 555 "-" "Mozilla/5.0 (compatible; Barkrowler/0.9; +https://babbar.tech/crawler)"
154.54.249.195 - - [17/Jul/2025:09:03:16 -0400] "GET /2025/07/02/casino-on-line-jamfor-basta-sveriges-casinon-pa-natet-2025/ HTTP/1.1" 200 28563 "-" "Mozilla/5.0 (compatible; Barkrowler/0.9; +https://babbar.tech/crawler)"
63.250.38.117 - - [17/Jul/2025:09:03:25 -0400] "POST /wp-cron.php?doing_wp_cron=1752757405.8824579715728759765625 HTTP/1.1" 403 1242 "-" "WordPress/6.8.1; https://fnf.group"
