20.244.26.188 - - [17/Jul/2025:09:22:51 -0400] "GET /wp-includes/class-wp-dependencies.php HTTP/1.1" 403 1242 "binance.com" "Mozilla/5.0 (Windows NT 10.0; Win64; x64) AppleWebKit/537.36 (KHTML, like Gecko) Chrome/90.0.4430.85 Safari/537.36"
20.244.26.188 - - [17/Jul/2025:09:22:59 -0400] "GET /wp-includes/class-wp-duotone.php HTTP/1.1" 403 1242 "binance.com" "Mozilla/5.0 (Windows NT 10.0; Win64; x64) AppleWebKit/537.36 (KHTML, like Gecko) Chrome/90.0.4430.85 Safari/537.36"
213.209.150.137 - - [17/Jul/2025:09:23:09 -0400] "POST /wp-login.php?action=register HTTP/1.1" 302 0 "-" "-"
20.244.26.188 - - [17/Jul/2025:09:23:14 -0400] "GET /wp-includes/class-wp-exception.php HTTP/1.1" 403 1242 "binance.com" "Mozilla/5.0 (Windows NT 10.0; Win64; x64) AppleWebKit/537.36 (KHTML, like Gecko) Chrome/90.0.4430.85 Safari/537.36"
66.249.68.129 - - [17/Jul/2025:09:23:15 -0400] "GET /?n=6167657765701&channel=bdd98e&from=news.php%3Fid%3D577657-5551%26name%3D%E5%BA%8A%E8%9B%87%E5%8F%A3+%E6%99%AE%E5%8F%8A%E5%9E%8B%E7%9C%9F%E9%8D%AE%E6%B5%B4%E6%A7%BD%E8%9B%87%E5%8F%A3+5+%E5%80%8B%E3%82%B4%E3%83%BC%E3%83%AB%E3%83%87%E3%83%B3%E3%82%BF%E3%83%96%E3%83%9F%E3%82%AD%E3%82%B5%E3%83%BC%E3%82%BF%E3%83%83%E3%83%97%E3%80%81%E3%83%8F%E3%83%B3%E3%83%89%E3%83%98%E3%83%AB%E3%83%89%E3%82%B7%E3%83%A3%E3%83%AF%E3%83%BC%E3%83%87%E3%83%83%E3%82%AD%E5%8F%96%E3%82%8A%E4%BB%98%E3%81%91%E4%BB%98%E3%81%8D%E3%80%81%E3%82%B4%E3%83%BC%E3%83%AB%E3%83%87%E3%83%B3%E3%82%BF%E3%83%96%E8%9B%87%E5%8F%A3+B+%28%E3%82%B4 HTTP/1.1" 301 0 "-" "Mozilla/5.0 (Linux; Android 6.0.1; Nexus 5X Build/MMB29P) AppleWebKit/537.36 (KHTML, like Gecko) Chrome/137.0.7151.103 Mobile Safari/537.36 (compatible; Googlebot/2.1; +http://www.google.com/bot.html)"
66.249.79.5 - - [17/Jul/2025:09:23:16 -0400] "GET /?n=6167657765701&channel=bdd98e&from=news.php%3Fid%3D577657-5551%26name%3D%E5%BA%8A%E8%9B%87%E5%8F%A3%20%E6%99%AE%E5%8F%8A%E5%9E%8B%E7%9C%9F%E9%8D%AE%E6%B5%B4%E6%A7%BD%E8%9B%87%E5%8F%A3%205%20%E5%80%8B%E3%82%B4%E3%83%BC%E3%83%AB%E3%83%87%E3%83%B3%E3%82%BF%E3%83%96%E3%83%9F%E3%82%AD%E3%82%B5%E3%83%BC%E3%82%BF%E3%83%83%E3%83%97%E3%80%81%E3%83%8F%E3%83%B3%E3%83%89%E3%83%98%E3%83%AB%E3%83%89%E3%82%B7%E3%83%A3%E3%83%AF%E3%83%BC%E3%83%87%E3%83%83%E3%82%AD%E5%8F%96%E3%82%8A%E4%BB%98%E3%81%91%E4%BB%98%E3%81%8D%E3%80%81%E3%82%B4%E3%83%BC%E3%83%AB%E3%83%87%E3%83%B3%E3%82%BF%E3%83%96%E8%9B%87%E5%8F%A3%20B%20%28%E3%82%B4 HTTP/1.1" 200 29828 "-" "Mozilla/5.0 (Linux; Android 6.0.1; Nexus 5X Build/MMB29P) AppleWebKit/537.36 (KHTML, like Gecko) Chrome/137.0.7151.103 Mobile Safari/537.36 (compatible; Googlebot/2.1; +http://www.google.com/bot.html)"
213.209.150.137 - - [17/Jul/2025:09:23:17 -0400] "POST /wp-login.php?action=register HTTP/1.1" 302 0 "-" "-"
20.244.26.188 - - [17/Jul/2025:09:23:24 -0400] "GET /wp-includes/class-wp-http.php HTTP/1.1" 403 1242 "binance.com" "Mozilla/5.0 (Windows NT 10.0; Win64; x64) AppleWebKit/537.36 (KHTML, like Gecko) Chrome/90.0.4430.85 Safari/537.36"
213.209.150.137 - - [17/Jul/2025:09:23:27 -0400] "POST /wp-login.php?action=register HTTP/1.1" 302 0 "-" "-"
20.244.26.188 - - [17/Jul/2025:09:23:34 -0400] "GET /wp-includes/class-wp-navigation-fallback.php HTTP/1.1" 403 1242 "binance.com" "Mozilla/5.0 (Windows NT 10.0; Win64; x64) AppleWebKit/537.36 (KHTML, like Gecko) Chrome/90.0.4430.85 Safari/537.36"
63.250.38.117 - - [17/Jul/2025:09:23:36 -0400] "POST /wp-cron.php?doing_wp_cron=1752758616.4054241180419921875000 HTTP/1.1" 403 1242 "-" "WordPress/6.8.1; https://fnf.group"
213.209.150.137 - - [17/Jul/2025:09:23:35 -0400] "POST /wp-login.php?action=register HTTP/1.1" 302 0 "-" "-"
20.244.26.188 - - [17/Jul/2025:09:23:44 -0400] "GET /wp-includes/class-wp-phpmailer.php HTTP/1.1" 403 1242 "binance.com" "Mozilla/5.0 (Windows NT 10.0; Win64; x64) AppleWebKit/537.36 (KHTML, like Gecko) Chrome/90.0.4430.85 Safari/537.36"
114.119.148.60 - - [17/Jul/2025:09:23:48 -0400] "GET /tag/pockets HTTP/1.1" 301 0 "http://fnf.group/2020/08/04/chicken-and-veg-bread-pockets-by-nida-sheikh" "Mozilla/5.0 (Linux; Android 7.0;) AppleWebKit/537.36 (KHTML, like Gecko) Mobile Safari/537.36 (compatible; PetalBot;+https://webmaster.petalsearch.com/site/petalbot)"
20.244.26.188 - - [17/Jul/2025:09:23:51 -0400] "GET /wp-includes/class-wp-plugin-dependencies.php HTTP/1.1" 403 1242 "binance.com" "Mozilla/5.0 (Windows NT 10.0; Win64; x64) AppleWebKit/537.36 (KHTML, like Gecko) Chrome/90.0.4430.85 Safari/537.36"
66.249.68.130 - - [17/Jul/2025:09:23:49 -0400] "GET /?n=2246513326504&channel=6d5776&from=form.php%3Fid%3D133265-8790%26name%3D%E3%80%90%E4%BB%98%E5%B1%9E%E4%BB%98%E3%80%91HERMES+%E6%99%82%E8%A8%88%E3%80%80%E3%82%AF%E3%83%AA%E3%83%83%E3%83%91%E3%83%BC%E3%80%80%E3%82%A8%E3%83%AB%E3%83%A1%E3%82%B9%E3%80%80%E3%83%AC%E3%83%87%E3%82%A3%E3%83%BC%E3%82%B9%E3%80%80%E8%85%95%E6%99%82%E8%A8%88 HTTP/1.1" 301 0 "-" "Mozilla/5.0 (Linux; Android 6.0.1; Nexus 5X Build/MMB29P) AppleWebKit/537.36 (KHTML, like Gecko) Chrome/137.0.7151.103 Mobile Safari/537.36 (compatible; Googlebot/2.1; +http://www.google.com/bot.html)"
114.119.148.60 - - [17/Jul/2025:09:23:50 -0400] "GET /tag/pockets/ HTTP/1.1" 200 14163 "http://fnf.group/2020/08/04/chicken-and-veg-bread-pockets-by-nida-sheikh" "Mozilla/5.0 (Linux; Android 7.0;) AppleWebKit/537.36 (KHTML, like Gecko) Mobile Safari/537.36 (compatible; PetalBot;+https://webmaster.petalsearch.com/site/petalbot)"
66.249.79.4 - - [17/Jul/2025:09:23:51 -0400] "GET /?n=2246513326504&channel=6d5776&from=form.php%3Fid%3D133265-8790%26name%3D%E3%80%90%E4%BB%98%E5%B1%9E%E4%BB%98%E3%80%91HERMES%20%E6%99%82%E8%A8%88%E3%80%80%E3%82%AF%E3%83%AA%E3%83%83%E3%83%91%E3%83%BC%E3%80%80%E3%82%A8%E3%83%AB%E3%83%A1%E3%82%B9%E3%80%80%E3%83%AC%E3%83%87%E3%82%A3%E3%83%BC%E3%82%B9%E3%80%80%E8%85%95%E6%99%82%E8%A8%88 HTTP/1.1" 200 29826 "-" "Mozilla/5.0 (Linux; Android 6.0.1; Nexus 5X Build/MMB29P) AppleWebKit/537.36 (KHTML, like Gecko) Chrome/137.0.7151.103 Mobile Safari/537.36 (compatible; Googlebot/2.1; +http://www.google.com/bot.html)"
66.249.79.4 - - [17/Jul/2025:09:23:53 -0400] "GET /?n=87211168495101&channel=08b5b5&from=product.php%3Fid%3D1684951-16445%26name%3D%E3%82%A4%E3%82%BF%E3%83%AA%E3%82%A2%EF%BC%9F+%E4%B8%8D%E6%98%8E+%E6%B5%B7%E8%BB%8D+%E6%B0%B4%E5%85%B5+%E3%83%9B%E3%83%AF%E3%82%A4%E3%83%88+%E3%82%BB%E3%83%BC%E3%83%A9%E3%83%BC%E3%83%8F%E3%83%83%E3%83%88+88%E5%B9%B4+%E3%83%87%E3%83%83%E3%83%89%E3%82%B9%E3%83%88%E3%83%83%E3%82%AF HTTP/1.1" 301 0 "-" "Mozilla/5.0 (Linux; Android 6.0.1; Nexus 5X Build/MMB29P) AppleWebKit/537.36 (KHTML, like Gecko) Chrome/137.0.7151.103 Mobile Safari/537.36 (compatible; Googlebot/2.1; +http://www.google.com/bot.html)"
66.249.79.3 - - [17/Jul/2025:09:23:55 -0400] "GET /?n=87211168495101&channel=08b5b5&from=product.php%3Fid%3D1684951-16445%26name%3D%E3%82%A4%E3%82%BF%E3%83%AA%E3%82%A2%EF%BC%9F%20%E4%B8%8D%E6%98%8E%20%E6%B5%B7%E8%BB%8D%20%E6%B0%B4%E5%85%B5%20%E3%83%9B%E3%83%AF%E3%82%A4%E3%83%88%20%E3%82%BB%E3%83%BC%E3%83%A9%E3%83%BC%E3%83%8F%E3%83%83%E3%83%88%2088%E5%B9%B4%20%E3%83%87%E3%83%83%E3%83%89%E3%82%B9%E3%83%88%E3%83%83%E3%82%AF HTTP/1.1" 200 29825 "-" "Mozilla/5.0 (Linux; Android 6.0.1; Nexus 5X Build/MMB29P) AppleWebKit/537.36 (KHTML, like Gecko) Chrome/137.0.7151.103 Mobile Safari/537.36 (compatible; Googlebot/2.1; +http://www.google.com/bot.html)"
20.244.26.188 - - [17/Jul/2025:09:24:02 -0400] "GET /wp-includes/class-wp-script-modules.php HTTP/1.1" 403 1242 "binance.com" "Mozilla/5.0 (Windows NT 10.0; Win64; x64) AppleWebKit/537.36 (KHTML, like Gecko) Chrome/90.0.4430.85 Safari/537.36"
66.249.68.130 - - [17/Jul/2025:09:24:04 -0400] "GET /?n=8878044835201&channel=18460f&from=product.php%3Fid%3D448352-6338%26name%3D%E3%80%90%E7%BE%8E%E5%93%81%E3%80%91iPod+touch+%E7%AC%AC6%E4%B8%96%E4%BB%A3+MKWU2J%2FA+%E3%83%90%E3%83%83%E3%83%86%E3%83%AA%E3%83%BC%E8%89%AF%E5%A5%BD+%E6%9C%AC%E4%BD%93 HTTP/1.1" 301 0 "-" "Mozilla/5.0 (Linux; Android 6.0.1; Nexus 5X Build/MMB29P) AppleWebKit/537.36 (KHTML, like Gecko) Chrome/137.0.7151.103 Mobile Safari/537.36 (compatible; Googlebot/2.1; +http://www.google.com/bot.html)"
66.249.79.5 - - [17/Jul/2025:09:24:05 -0400] "GET /?n=8878044835201&channel=18460f&from=product.php%3Fid%3D448352-6338%26name%3D%E3%80%90%E7%BE%8E%E5%93%81%E3%80%91iPod%20touch%20%E7%AC%AC6%E4%B8%96%E4%BB%A3%20MKWU2J%2FA%20%E3%83%90%E3%83%83%E3%83%86%E3%83%AA%E3%83%BC%E8%89%AF%E5%A5%BD%20%E6%9C%AC%E4%BD%93 HTTP/1.1" 200 29831 "-" "Mozilla/5.0 (Linux; Android 6.0.1; Nexus 5X Build/MMB29P) AppleWebKit/537.36 (KHTML, like Gecko) Chrome/137.0.7151.103 Mobile Safari/537.36 (compatible; Googlebot/2.1; +http://www.google.com/bot.html)"
20.244.26.188 - - [17/Jul/2025:09:24:12 -0400] "GET /wp-includes/class-wp-scripts.php HTTP/1.1" 403 1242 "binance.com" "Mozilla/5.0 (Windows NT 10.0; Win64; x64) AppleWebKit/537.36 (KHTML, like Gecko) Chrome/90.0.4430.85 Safari/537.36"
20.244.26.188 - - [17/Jul/2025:09:24:23 -0400] "GET /wp-includes/class-wp-speculation-rules.php HTTP/1.1" 403 1242 "binance.com" "Mozilla/5.0 (Windows NT 10.0; Win64; x64) AppleWebKit/537.36 (KHTML, like Gecko) Chrome/90.0.4430.85 Safari/537.36"
20.244.26.188 - - [17/Jul/2025:09:24:34 -0400] "GET /wp-includes/class-wp-styles.php HTTP/1.1" 403 1242 "binance.com" "Mozilla/5.0 (Windows NT 10.0; Win64; x64) AppleWebKit/537.36 (KHTML, like Gecko) Chrome/90.0.4430.85 Safari/537.36"
63.250.38.117 - - [17/Jul/2025:09:24:38 -0400] "POST /wp-cron.php?doing_wp_cron=1752758678.7857589721679687500000 HTTP/1.1" 403 1242 "-" "WordPress/6.8.1; https://fnf.group"
212.30.33.32 - - [17/Jul/2025:09:24:37 -0400] "GET / HTTP/1.1" 200 29827 "https://fnf.group/" "Mozilla/5.0 (Windows NT 10.0; Win64; x64) AppleWebKit/537.36 (KHTML, like Gecko) Chrome/130.0.0.0 Safari/537.36"
20.244.26.188 - - [17/Jul/2025:09:24:48 -0400] "GET /wp-includes/class-wp-textdomain-registry.php HTTP/1.1" 403 1242 "binance.com" "Mozilla/5.0 (Windows NT 10.0; Win64; x64) AppleWebKit/537.36 (KHTML, like Gecko) Chrome/90.0.4430.85 Safari/537.36"
20.244.26.188 - - [17/Jul/2025:09:24:58 -0400] "GET /wp-includes/class-wp-theme-json-data.php HTTP/1.1" 403 1242 "binance.com" "Mozilla/5.0 (Windows NT 10.0; Win64; x64) AppleWebKit/537.36 (KHTML, like Gecko) Chrome/90.0.4430.85 Safari/537.36"
20.244.26.188 - - [17/Jul/2025:09:25:08 -0400] "GET /wp-includes/class-wp-theme-json-resolver.php HTTP/1.1" 403 1242 "binance.com" "Mozilla/5.0 (Windows NT 10.0; Win64; x64) AppleWebKit/537.36 (KHTML, like Gecko) Chrome/90.0.4430.85 Safari/537.36"
104.210.140.143 - - [17/Jul/2025:09:25:13 -0400] "GET /robots.txt HTTP/1.1" 301 0 "-" "Mozilla/5.0 (Macintosh; Intel Mac OS X 10_15_7) AppleWebKit/537.36 (KHTML, like Gecko) Chrome/131.0.0.0 Safari/537.36; compatible; OAI-SearchBot/1.0; +https://openai.com/searchbot"
114.119.148.60 - - [17/Jul/2025:09:25:14 -0400] "GET /tag/nawabi-siwayyan HTTP/1.1" 301 0 "https://fnf.group/2020/08/04/nawabi-siwayyan-by-hiba-imran" "Mozilla/5.0 (Linux; Android 7.0;) AppleWebKit/537.36 (KHTML, like Gecko) Mobile Safari/537.36 (compatible; PetalBot;+https://webmaster.petalsearch.com/site/petalbot)"
114.119.148.60 - - [17/Jul/2025:09:25:16 -0400] "GET /tag/nawabi-siwayyan/ HTTP/1.1" 200 14139 "https://fnf.group/2020/08/04/nawabi-siwayyan-by-hiba-imran" "Mozilla/5.0 (Linux; Android 7.0;) AppleWebKit/537.36 (KHTML, like Gecko) Mobile Safari/537.36 (compatible; PetalBot;+https://webmaster.petalsearch.com/site/petalbot)"
104.210.140.143 - - [17/Jul/2025:09:25:18 -0400] "GET /robots.txt HTTP/1.1" 200 84 "-" "Mozilla/5.0 (Macintosh; Intel Mac OS X 10_15_7) AppleWebKit/537.36 (KHTML, like Gecko) Chrome/131.0.0.0 Safari/537.36; compatible; OAI-SearchBot/1.0; +https://openai.com/searchbot"
20.244.26.188 - - [17/Jul/2025:09:25:20 -0400] "GET /wp-includes/class-wp-theme-json-schema.php HTTP/1.1" 403 1242 "binance.com" "Mozilla/5.0 (Windows NT 10.0; Win64; x64) AppleWebKit/537.36 (KHTML, like Gecko) Chrome/90.0.4430.85 Safari/537.36"
66.249.68.131 - - [17/Jul/2025:09:25:29 -0400] "GET /?n=09579176335800&channel=a3146f&from=shop.php%3Fid%3D1763358-27167%26name%3D%E5%B9%B3%E5%92%8C%E5%B1%8B%E6%9C%AC%E5%BA%97%E2%96%A0%E6%A5%B5%E4%B8%8A%E3%80%80%E6%9C%AC%E5%A0%B4%E5%A4%A7%E5%B3%B6%E7%B4%AC%E3%80%80%E6%B3%A5%E6%9F%93%E3%82%81%E3%80%809%E3%83%9E%E3%83%AB%E3%82%AD%E3%80%80%E6%96%B0%E7%B7%91%E3%81%AE%E8%88%9E%E3%80%80%E7%AA%AA%E7%94%B0%E7%B9%94%E7%89%A9%E8%AC%B9%E8%A3%BD%E3%80%80%E8%A8%BC%E7%B4%99%E4%BB%98%E3%81%8D%E3%80%80%E9%80%B8%E5%93%81%E3%80%80CYAA1927s5 HTTP/1.1" 301 0 "-" "Mozilla/5.0 (Linux; Android 6.0.1; Nexus 5X Build/MMB29P) AppleWebKit/537.36 (KHTML, like Gecko) Chrome/137.0.7151.103 Mobile Safari/537.36 (compatible; Googlebot/2.1; +http://www.google.com/bot.html)"
20.244.26.188 - - [17/Jul/2025:09:25:30 -0400] "GET /wp-includes/class-wp-theme-json.php HTTP/1.1" 403 1242 "binance.com" "Mozilla/5.0 (Windows NT 10.0; Win64; x64) AppleWebKit/537.36 (KHTML, like Gecko) Chrome/90.0.4430.85 Safari/537.36"
66.249.79.3 - - [17/Jul/2025:09:25:30 -0400] "GET /?n=09579176335800&channel=a3146f&from=shop.php%3Fid%3D1763358-27167%26name%3D%E5%B9%B3%E5%92%8C%E5%B1%8B%E6%9C%AC%E5%BA%97%E2%96%A0%E6%A5%B5%E4%B8%8A%E3%80%80%E6%9C%AC%E5%A0%B4%E5%A4%A7%E5%B3%B6%E7%B4%AC%E3%80%80%E6%B3%A5%E6%9F%93%E3%82%81%E3%80%809%E3%83%9E%E3%83%AB%E3%82%AD%E3%80%80%E6%96%B0%E7%B7%91%E3%81%AE%E8%88%9E%E3%80%80%E7%AA%AA%E7%94%B0%E7%B9%94%E7%89%A9%E8%AC%B9%E8%A3%BD%E3%80%80%E8%A8%BC%E7%B4%99%E4%BB%98%E3%81%8D%E3%80%80%E9%80%B8%E5%93%81%E3%80%80CYAA1927s5 HTTP/1.1" 200 29830 "-" "Mozilla/5.0 (Linux; Android 6.0.1; Nexus 5X Build/MMB29P) AppleWebKit/537.36 (KHTML, like Gecko) Chrome/137.0.7151.103 Mobile Safari/537.36 (compatible; Googlebot/2.1; +http://www.google.com/bot.html)"
51.161.172.247 - - [17/Jul/2025:09:25:38 -0400] "POST /xmlrpc.php HTTP/1.1" 403 1242 "https://fnf.group" "Mozilla/5.0 (Macintosh; Intel Mac OS X 10.15; rv:126.0) Gecko/20100101 Firefox/126.0"
20.244.26.188 - - [17/Jul/2025:09:25:40 -0400] "GET /wp-includes/class-wp-token-map.php HTTP/1.1" 403 1242 "binance.com" "Mozilla/5.0 (Windows NT 10.0; Win64; x64) AppleWebKit/537.36 (KHTML, like Gecko) Chrome/90.0.4430.85 Safari/537.36"
63.250.38.117 - - [17/Jul/2025:09:25:49 -0400] "POST /wp-cron.php?doing_wp_cron=1752758748.8902070522308349609375 HTTP/1.1" 403 1242 "-" "WordPress/6.8.1; https://fnf.group"
20.244.26.188 - - [17/Jul/2025:09:25:49 -0400] "GET /wp-includes/class-wp-url-pattern-prefixer.php HTTP/1.1" 403 1242 "binance.com" "Mozilla/5.0 (Windows NT 10.0; Win64; x64) AppleWebKit/537.36 (KHTML, like Gecko) Chrome/90.0.4430.85 Safari/537.36"
66.249.68.129 - - [17/Jul/2025:09:25:44 -0400] "GET /?n=30605171176400&channel=1914e4&from=shared.php%3Fid%3D1711764-11003%26name%3D%E5%B0%8F%E9%A1%94%E3%81%AB%E8%A6%8B%E3%81%88%E3%82%8B+%E6%97%A5%E7%84%BC%E3%81%91%E9%98%B2%E6%AD%A2+%E3%82%AB%E3%82%B8%E3%83%A5%E3%82%A2%E3%83%AB+%E6%97%A5%E7%84%BC%E3%81%91%E6%AD%A2%E3%82%81+%E3%82%AB%E3%83%90%E3%83%BC%E4%BB%98%E3%81%8D+%E3%82%AD%E3%83%A3%E3%83%83%E3%83%97+%E3%81%82%E3%81%A3%E3%81%9F%E3%81%8B+%E3%83%90%E3%82%B1%E3%83%83%E3%83%88+%E6%9A%96%E3%81%8B%E3%81%84+%E3%82%AB%E3%83%83%E3%83%88+%E3%83%8B%E3%83%83%E3%83%88+%E3%83%8F%E3%83%83%E3%83%88+%E3%83%AF%E3%83%BC%E3%82%AF HTTP/1.1" 301 0 "-" "Mozilla/5.0 (Linux; Android 6.0.1; Nexus 5X Build/MMB29P) AppleWebKit/537.36 (KHTML, like Gecko) Chrome/137.0.7151.103 Mobile Safari/537.36 (compatible; Googlebot/2.1; +http://www.google.com/bot.html)"
66.249.79.3 - - [17/Jul/2025:09:25:49 -0400] "GET /?n=30605171176400&channel=1914e4&from=shared.php%3Fid%3D1711764-11003%26name%3D%E5%B0%8F%E9%A1%94%E3%81%AB%E8%A6%8B%E3%81%88%E3%82%8B%20%E6%97%A5%E7%84%BC%E3%81%91%E9%98%B2%E6%AD%A2%20%E3%82%AB%E3%82%B8%E3%83%A5%E3%82%A2%E3%83%AB%20%E6%97%A5%E7%84%BC%E3%81%91%E6%AD%A2%E3%82%81%20%E3%82%AB%E3%83%90%E3%83%BC%E4%BB%98%E3%81%8D%20%E3%82%AD%E3%83%A3%E3%83%83%E3%83%97%20%E3%81%82%E3%81%A3%E3%81%9F%E3%81%8B%20%E3%83%90%E3%82%B1%E3%83%83%E3%83%88%20%E6%9A%96%E3%81%8B%E3%81%84%20%E3%82%AB%E3%83%83%E3%83%88%20%E3%83%8B%E3%83%83%E3%83%88%20%E3%83%8F%E3%83%83%E3%83%88%20%E3%83%AF%E3%83%BC%E3%82%AF HTTP/1.1" 200 29825 "-" "Mozilla/5.0 (Linux; Android 6.0.1; Nexus 5X Build/MMB29P) AppleWebKit/537.36 (KHTML, like Gecko) Chrome/137.0.7151.103 Mobile Safari/537.36 (compatible; Googlebot/2.1; +http://www.google.com/bot.html)"
20.244.26.188 - - [17/Jul/2025:09:26:00 -0400] "GET /wp-includes/class-wpdb.php HTTP/1.1" 403 1242 "binance.com" "Mozilla/5.0 (Windows NT 10.0; Win64; x64) AppleWebKit/537.36 (KHTML, like Gecko) Chrome/90.0.4430.85 Safari/537.36"
66.249.68.129 - - [17/Jul/2025:09:25:59 -0400] "GET /?n=89287123589200&channel=081bf3&from=article.php%3Fid%3D1235892-11692%26name%3D4%2F14%E3%81%BE%E3%81%A7%E3%82%BB%E3%83%BC%E3%83%AB%EF%BC%81%E3%80%80%E3%83%8B%E3%83%A5%E3%83%BC%E3%83%88%E3%83%AA%E3%83%A9%E3%82%A4%E3%83%88%E3%80%80%E3%83%93%E3%82%BF%E3%83%9F%E3%83%B3B%E3%83%97%E3%83%A9%E3%82%B9%E3%80%80%E3%82%AA%E3%83%BC%E3%83%AB%E3%83%87%E3%83%BC%E3%82%BF%E3%82%A4%E3%83%97%E3%80%802%E5%80%8B HTTP/1.1" 301 0 "-" "Mozilla/5.0 (Linux; Android 6.0.1; Nexus 5X Build/MMB29P) AppleWebKit/537.36 (KHTML, like Gecko) Chrome/137.0.7151.103 Mobile Safari/537.36 (compatible; Googlebot/2.1; +http://www.google.com/bot.html)"
66.249.79.4 - - [17/Jul/2025:09:26:01 -0400] "GET /?n=89287123589200&channel=081bf3&from=article.php%3Fid%3D1235892-11692%26name%3D4%2F14%E3%81%BE%E3%81%A7%E3%82%BB%E3%83%BC%E3%83%AB%EF%BC%81%E3%80%80%E3%83%8B%E3%83%A5%E3%83%BC%E3%83%88%E3%83%AA%E3%83%A9%E3%82%A4%E3%83%88%E3%80%80%E3%83%93%E3%82%BF%E3%83%9F%E3%83%B3B%E3%83%97%E3%83%A9%E3%82%B9%E3%80%80%E3%82%AA%E3%83%BC%E3%83%AB%E3%83%87%E3%83%BC%E3%82%BF%E3%82%A4%E3%83%97%E3%80%802%E5%80%8B HTTP/1.1" 200 29828 "-" "Mozilla/5.0 (Linux; Android 6.0.1; Nexus 5X Build/MMB29P) AppleWebKit/537.36 (KHTML, like Gecko) Chrome/137.0.7151.103 Mobile Safari/537.36 (compatible; Googlebot/2.1; +http://www.google.com/bot.html)"
20.244.26.188 - - [17/Jul/2025:09:26:08 -0400] "GET /wp-includes/fonts.php HTTP/1.1" 403 1242 "binance.com" "Mozilla/5.0 (Windows NT 10.0; Win64; x64) AppleWebKit/537.36 (KHTML, like Gecko) Chrome/90.0.4430.85 Safari/537.36"
20.244.26.188 - - [17/Jul/2025:09:26:17 -0400] "GET /wp-includes/global-styles-and-settings.php HTTP/1.1" 403 1242 "binance.com" "Mozilla/5.0 (Windows NT 10.0; Win64; x64) AppleWebKit/537.36 (KHTML, like Gecko) Chrome/90.0.4430.85 Safari/537.36"
20.244.26.188 - - [17/Jul/2025:09:26:28 -0400] "GET /wp-includes/https-detection.php HTTP/1.1" 403 1242 "binance.com" "Mozilla/5.0 (Windows NT 10.0; Win64; x64) AppleWebKit/537.36 (KHTML, like Gecko) Chrome/90.0.4430.85 Safari/537.36"
114.119.137.28 - - [17/Jul/2025:09:26:36 -0400] "GET /tag/mini-pavlovas HTTP/1.1" 301 0 "http://fnf.group/2013/01/10/a-new-office-location" "Mozilla/5.0 (Linux; Android 7.0;) AppleWebKit/537.36 (KHTML, like Gecko) Mobile Safari/537.36 (compatible; PetalBot;+https://webmaster.petalsearch.com/site/petalbot)"
66.249.68.129 - - [17/Jul/2025:09:26:37 -0400] "GET /?n=12407168213402&channel=5685db&from=jp.php%3Fid%3D1682134-17309%26name%3D%E6%AF%9B%E5%B8%83+%E3%82%82%E3%81%93%E3%82%82%E3%81%93%E6%AF%9B%E5%B8%83+%E3%81%B5%E3%82%8F%E3%82%82%E3%81%93+%E3%81%B2%E3%81%96%E6%8E%9B%E3%81%91+%E6%8E%9B%E3%81%91%E6%AF%9B%E5%B8%83+%E3%83%A9%E3%82%B0%E3%82%B8%E3%83%A5%E3%82%A2%E3%83%AA%E3%83%BC+%E3%82%A6%E3%82%A9%E3%83%BC%E3%83%A0+%E3%83%96%E3%83%A9%E3%83%B3%E3%82%B1%E3%83%83%E3%83%88+2%E6%9E%9A%E5%90%88%E3%82%8F%E3%81%9B+%E3%82%82%E3%81%86%E3%81%B5+%E3%81%8A%E3%81%97%E3%82%83%E3%82%8C+%E3%83%9E%E3%82%A4%E3%82%AF%E3%83%AD%E3%83%95%E3%82%A1%E3%82%A4%E3%83%90%E3%83%BC+%E3%83%95%E3%83%A9%E3%83%B3%E3%83%8D%E3%83%AB+%E3%81%82%E3%81%A3%E3%81%9F%E3%81%8B+%E6%9A%96%E3%81%8B%E3%81%84+%E6%AF%9B%E5%B8%83%E5%8E%9A%E6%89%8B+%E3%81%B5%E3%82%8F%E3%81%B5%E3%82%8F+%E3%82%82%E3%81%93%E3%82%82%E3%81%93+%E8%BB%BD%E9%87%8F+%E6%B4%97%E3%81%88%E3%82%8B+%E6%B4%97%E6%BF%AF%E5%8F%AF+%E7%A7%8B%E5%86%AC+CA6g534 HTTP/1.1" 301 0 "-" "Mozilla/5.0 (Linux; Android 6.0.1; Nexus 5X Build/MMB29P) AppleWebKit/537.36 (KHTML, like Gecko) Chrome/137.0.7151.103 Mobile Safari/537.36 (compatible; Googlebot/2.1; +http://www.google.com/bot.html)"
20.244.26.188 - - [17/Jul/2025:09:26:41 -0400] "GET /wp-includes/https-migration.php HTTP/1.1" 403 1242 "binance.com" "Mozilla/5.0 (Windows NT 10.0; Win64; x64) AppleWebKit/537.36 (KHTML, like Gecko) Chrome/90.0.4430.85 Safari/537.36"
66.249.79.2 - - [17/Jul/2025:09:26:39 -0400] "GET /?n=12407168213402&channel=5685db&from=jp.php%3Fid%3D1682134-17309%26name%3D%E6%AF%9B%E5%B8%83%20%E3%82%82%E3%81%93%E3%82%82%E3%81%93%E6%AF%9B%E5%B8%83%20%E3%81%B5%E3%82%8F%E3%82%82%E3%81%93%20%E3%81%B2%E3%81%96%E6%8E%9B%E3%81%91%20%E6%8E%9B%E3%81%91%E6%AF%9B%E5%B8%83%20%E3%83%A9%E3%82%B0%E3%82%B8%E3%83%A5%E3%82%A2%E3%83%AA%E3%83%BC%20%E3%82%A6%E3%82%A9%E3%83%BC%E3%83%A0%20%E3%83%96%E3%83%A9%E3%83%B3%E3%82%B1%E3%83%83%E3%83%88%202%E6%9E%9A%E5%90%88%E3%82%8F%E3%81%9B%20%E3%82%82%E3%81%86%E3%81%B5%20%E3%81%8A%E3%81%97%E3%82%83%E3%82%8C%20%E3%83%9E%E3%82%A4%E3%82%AF%E3%83%AD%E3%83%95%E3%82%A1%E3%82%A4%E3%83%90%E3%83%BC%20%E3%83%95%E3%83%A9%E3%83%B3%E3%83%8D%E3%83%AB%20%E3%81%82%E3%81%A3%E3%81%9F%E3%81%8B%20%E6%9A%96%E3%81%8B%E3%81%84%20%E6%AF%9B%E5%B8%83%E5%8E%9A%E6%89%8B%20%E3%81%B5%E3%82%8F%E3%81%B5%E3%82%8F%20%E3%82%82%E3%81%93%E3%82%82%E3%81%93%20%E8%BB%BD%E9%87%8F%20%E6%B4%97%E3%81%88%E3%82%8B%20%E6%B4%97%E6%BF%AF%E5%8F%AF%20%E7%A7%8B%E5%86%AC%20CA6g534 HTTP/1.1" 200 29829 "-" "Mozilla/5.0 (Linux; Android 6.0.1; Nexus 5X Build/MMB29P) AppleWebKit/537.36 (KHTML, like Gecko) Chrome/137.0.7151.103 Mobile Safari/537.36 (compatible; Googlebot/2.1; +http://www.google.com/bot.html)"
114.119.137.28 - - [17/Jul/2025:09:26:40 -0400] "GET /tag/mini-pavlovas/ HTTP/1.1" 200 14160 "http://fnf.group/2013/01/10/a-new-office-location" "Mozilla/5.0 (Linux; Android 7.0;) AppleWebKit/537.36 (KHTML, like Gecko) Mobile Safari/537.36 (compatible; PetalBot;+https://webmaster.petalsearch.com/site/petalbot)"
20.244.26.188 - - [17/Jul/2025:09:26:49 -0400] "GET /wp-includes/robots-template.php HTTP/1.1" 403 1242 "binance.com" "Mozilla/5.0 (Windows NT 10.0; Win64; x64) AppleWebKit/537.36 (KHTML, like Gecko) Chrome/90.0.4430.85 Safari/537.36"
20.244.26.188 - - [17/Jul/2025:09:26:58 -0400] "GET /wp-includes/script-modules.php HTTP/1.1" 403 1242 "binance.com" "Mozilla/5.0 (Windows NT 10.0; Win64; x64) AppleWebKit/537.36 (KHTML, like Gecko) Chrome/90.0.4430.85 Safari/537.36"
20.244.26.188 - - [17/Jul/2025:09:27:09 -0400] "GET /wp-includes/speculative-loading.php HTTP/1.1" 403 1242 "binance.com" "Mozilla/5.0 (Windows NT 10.0; Win64; x64) AppleWebKit/537.36 (KHTML, like Gecko) Chrome/90.0.4430.85 Safari/537.36"
63.250.38.117 - - [17/Jul/2025:09:27:18 -0400] "POST /wp-cron.php?doing_wp_cron=1752758838.2969279289245605468750 HTTP/1.1" 403 1242 "-" "WordPress/6.8.1; https://fnf.group"
66.249.68.130 - - [17/Jul/2025:09:27:15 -0400] "GET /?n=9227668997304&channel=f7d55b&from=shared.php%3Fid%3D689973-5045%26name%3D%E3%82%AA%E3%83%BC%E3%83%88%E3%83%90%E3%82%A4%E3%83%95%E3%83%AC%E3%83%BC%E3%83%A0%E4%BF%9D%E8%AD%B7%E3%83%90%E3%83%B3%E3%83%91%E3%83%BC%E3%82%A8%E3%83%B3%E3%82%B8%E3%83%B3%E3%82%AC%E3%83%BC%E3%83%89%E3%83%8F%E3%82%A4%E3%82%A6%E3%82%A7%E3%82%A4%E3%82%AF%E3%83%A9%E3%83%83%E3%82%B7%E3%83%A5%E3%83%90%E3%83%BC+%E3%82%AB%E3%83%AF%E3%82%B5%E3%82%AD+%E3%83%B4%E3%82%A7%E3%83%AB%E3%82%B7%E3%82%B9+650+2022+2023%E7%94%A8 HTTP/1.1" 301 0 "-" "Mozilla/5.0 (Linux; Android 6.0.1; Nexus 5X Build/MMB29P) AppleWebKit/537.36 (KHTML, like Gecko) Chrome/137.0.7151.103 Mobile Safari/537.36 (compatible; Googlebot/2.1; +http://www.google.com/bot.html)"
20.244.26.188 - - [17/Jul/2025:09:27:19 -0400] "GET /wp-includes/style-engine.php HTTP/1.1" 403 1242 "binance.com" "Mozilla/5.0 (Windows NT 10.0; Win64; x64) AppleWebKit/537.36 (KHTML, like Gecko) Chrome/90.0.4430.85 Safari/537.36"
66.249.79.4 - - [17/Jul/2025:09:27:19 -0400] "GET /?n=9227668997304&channel=f7d55b&from=shared.php%3Fid%3D689973-5045%26name%3D%E3%82%AA%E3%83%BC%E3%83%88%E3%83%90%E3%82%A4%E3%83%95%E3%83%AC%E3%83%BC%E3%83%A0%E4%BF%9D%E8%AD%B7%E3%83%90%E3%83%B3%E3%83%91%E3%83%BC%E3%82%A8%E3%83%B3%E3%82%B8%E3%83%B3%E3%82%AC%E3%83%BC%E3%83%89%E3%83%8F%E3%82%A4%E3%82%A6%E3%82%A7%E3%82%A4%E3%82%AF%E3%83%A9%E3%83%83%E3%82%B7%E3%83%A5%E3%83%90%E3%83%BC%20%E3%82%AB%E3%83%AF%E3%82%B5%E3%82%AD%20%E3%83%B4%E3%82%A7%E3%83%AB%E3%82%B7%E3%82%B9%20650%202022%202023%E7%94%A8 HTTP/1.1" 200 29829 "-" "Mozilla/5.0 (Linux; Android 6.0.1; Nexus 5X Build/MMB29P) AppleWebKit/537.36 (KHTML, like Gecko) Chrome/137.0.7151.103 Mobile Safari/537.36 (compatible; Googlebot/2.1; +http://www.google.com/bot.html)"
20.244.26.188 - - [17/Jul/2025:09:27:28 -0400] "GET /wp-includes/template-canvas.php HTTP/1.1" 403 1242 "binance.com" "Mozilla/5.0 (Windows NT 10.0; Win64; x64) AppleWebKit/537.36 (KHTML, like Gecko) Chrome/90.0.4430.85 Safari/537.36"
20.244.26.188 - - [17/Jul/2025:09:27:39 -0400] "GET /wp-includes/theme-previews.php HTTP/1.1" 403 1242 "binance.com" "Mozilla/5.0 (Windows NT 10.0; Win64; x64) AppleWebKit/537.36 (KHTML, like Gecko) Chrome/90.0.4430.85 Safari/537.36"
20.244.26.188 - - [17/Jul/2025:09:27:49 -0400] "GET /wp-includes/theme-templates.php HTTP/1.1" 403 1242 "binance.com" "Mozilla/5.0 (Windows NT 10.0; Win64; x64) AppleWebKit/537.36 (KHTML, like Gecko) Chrome/90.0.4430.85 Safari/537.36"
66.249.68.130 - - [17/Jul/2025:09:27:54 -0400] "GET /?n=64725151873400&channel=e77454&from=product.php%3Fid%3D1518734-9418%26name%3D6PCS%E4%BA%A4%E6%8F%9B%E7%94%A8%E3%82%AE%E3%82%BF%E3%83%BC%E3%83%81%E3%83%A5%E3%83%BC%E3%83%8A%E3%83%BC%E3%83%9E%E3%82%B7%E3%83%B3%E3%83%98%E3%83%83%E3%83%89%E3%83%9C%E3%82%BF%E3%83%B3%E3%81%AE%E3%83%81%E3%83%A5%E3%83%BC%E3%83%8B%E3%83%B3%E3%82%B0%E3%83%9A%E3%82%B0%E3%83%91%E3%83%BC%E3%83%84%E7%94%A8 HTTP/1.1" 301 0 "-" "Mozilla/5.0 (Linux; Android 6.0.1; Nexus 5X Build/MMB29P) AppleWebKit/537.36 (KHTML, like Gecko) Chrome/137.0.7151.103 Mobile Safari/537.36 (compatible; Googlebot/2.1; +http://www.google.com/bot.html)"
66.249.79.3 - - [17/Jul/2025:09:27:55 -0400] "GET /?n=64725151873400&channel=e77454&from=product.php%3Fid%3D1518734-9418%26name%3D6PCS%E4%BA%A4%E6%8F%9B%E7%94%A8%E3%82%AE%E3%82%BF%E3%83%BC%E3%83%81%E3%83%A5%E3%83%BC%E3%83%8A%E3%83%BC%E3%83%9E%E3%82%B7%E3%83%B3%E3%83%98%E3%83%83%E3%83%89%E3%83%9C%E3%82%BF%E3%83%B3%E3%81%AE%E3%83%81%E3%83%A5%E3%83%BC%E3%83%8B%E3%83%B3%E3%82%B0%E3%83%9A%E3%82%B0%E3%83%91%E3%83%BC%E3%83%84%E7%94%A8 HTTP/1.1" 200 29831 "-" "Mozilla/5.0 (Linux; Android 6.0.1; Nexus 5X Build/MMB29P) AppleWebKit/537.36 (KHTML, like Gecko) Chrome/137.0.7151.103 Mobile Safari/537.36 (compatible; Googlebot/2.1; +http://www.google.com/bot.html)"
20.244.26.188 - - [17/Jul/2025:09:27:58 -0400] "GET /wp-includes/ID3/ HTTP/1.1" 200 1337 "binance.com" "Mozilla/5.0 (Windows NT 10.0; Win64; x64) AppleWebKit/537.36 (KHTML, like Gecko) Chrome/90.0.4430.85 Safari/537.36"
114.119.155.200 - - [17/Jul/2025:09:28:01 -0400] "GET /category/recipes/page/4 HTTP/1.1" 301 0 "http://fnf.group/category/recipes/page/2" "Mozilla/5.0 (Linux; Android 7.0;) AppleWebKit/537.36 (KHTML, like Gecko) Mobile Safari/537.36 (compatible; PetalBot;+https://webmaster.petalsearch.com/site/petalbot)"
114.119.155.200 - - [17/Jul/2025:09:28:04 -0400] "GET /category/recipes/page/4/ HTTP/1.1" 200 14811 "http://fnf.group/category/recipes/page/2" "Mozilla/5.0 (Linux; Android 7.0;) AppleWebKit/537.36 (KHTML, like Gecko) Mobile Safari/537.36 (compatible; PetalBot;+https://webmaster.petalsearch.com/site/petalbot)"
20.244.26.188 - - [17/Jul/2025:09:28:08 -0400] "GET /wp-includes/ID3/ HTTP/1.1" 200 1337 "binance.com" "Mozilla/5.0 (Windows NT 10.0; Win64; x64) AppleWebKit/537.36 (KHTML, like Gecko) Chrome/90.0.4430.85 Safari/537.36"
66.249.68.131 - - [17/Jul/2025:09:28:09 -0400] "GET /?n=2691525533202&channel=8154c6&from=jp.php%3Fid%3D255332-6277%26name%3D%E3%83%A2%E3%83%80%E3%83%B3%E3%81%AA%E3%82%B7%E3%83%A3%E3%83%B3%E3%83%87%E3%83%AA%E3%82%A2%E3%83%A9%E3%83%B3%E3%83%97%2C+%E3%83%9E%E3%82%AB%E3%83%AD%E3%83%B3%E3%83%8F%E3%83%B3%E3%82%AE%E3%83%B3%E3%82%B0%E3%83%A9%E3%83%B3%E3%83%97%E5%8C%97%E6%AC%A7%E3%82%B9%E3%82%BF%E3%82%A4%E3%83%AB%E3%82%B7%E3%83%BC%E3%83%AA%E3%83%B3%E3%82%B0%E3%83%A9%E3%82%A4%E3%83%88%E8%A3%85%E9%A3%BE%E5%B1%8B%E5%86%85%E3%82%B7%E3%83%A3%E3%83%B3%E3%83%87%E3%83%AA%E3%82%A2%E3%80%81%E5%B9%BE%E4%BD%95%E5%AD%A6%E7%9A%84%E3%81%AA%E3%83%9A%E3%83%B3%E3%83%80%E3%83%B3%E3%83%88%E7%85%A7%E6%98%8E%E5%99%A8%E5%85%B7 HTTP/1.1" 301 0 "-" "Mozilla/5.0 (Linux; Android 6.0.1; Nexus 5X Build/MMB29P) AppleWebKit/537.36 (KHTML, like Gecko) Chrome/137.0.7151.103 Mobile Safari/537.36 (compatible; Googlebot/2.1; +http://www.google.com/bot.html)"
66.249.79.4 - - [17/Jul/2025:09:28:10 -0400] "GET /?n=2691525533202&channel=8154c6&from=jp.php%3Fid%3D255332-6277%26name%3D%E3%83%A2%E3%83%80%E3%83%B3%E3%81%AA%E3%82%B7%E3%83%A3%E3%83%B3%E3%83%87%E3%83%AA%E3%82%A2%E3%83%A9%E3%83%B3%E3%83%97%2C%20%E3%83%9E%E3%82%AB%E3%83%AD%E3%83%B3%E3%83%8F%E3%83%B3%E3%82%AE%E3%83%B3%E3%82%B0%E3%83%A9%E3%83%B3%E3%83%97%E5%8C%97%E6%AC%A7%E3%82%B9%E3%82%BF%E3%82%A4%E3%83%AB%E3%82%B7%E3%83%BC%E3%83%AA%E3%83%B3%E3%82%B0%E3%83%A9%E3%82%A4%E3%83%88%E8%A3%85%E9%A3%BE%E5%B1%8B%E5%86%85%E3%82%B7%E3%83%A3%E3%83%B3%E3%83%87%E3%83%AA%E3%82%A2%E3%80%81%E5%B9%BE%E4%BD%95%E5%AD%A6%E7%9A%84%E3%81%AA%E3%83%9A%E3%83%B3%E3%83%80%E3%83%B3%E3%83%88%E7%85%A7%E6%98%8E%E5%99%A8%E5%85%B7 HTTP/1.1" 200 29828 "-" "Mozilla/5.0 (Linux; Android 6.0.1; Nexus 5X Build/MMB29P) AppleWebKit/537.36 (KHTML, like Gecko) Chrome/137.0.7151.103 Mobile Safari/537.36 (compatible; Googlebot/2.1; +http://www.google.com/bot.html)"
20.244.26.188 - - [17/Jul/2025:09:28:18 -0400] "GET /wp-includes/IXR/ HTTP/1.1" 200 1143 "binance.com" "Mozilla/5.0 (Windows NT 10.0; Win64; x64) AppleWebKit/537.36 (KHTML, like Gecko) Chrome/90.0.4430.85 Safari/537.36"
20.244.26.188 - - [17/Jul/2025:09:28:27 -0400] "GET /wp-includes/IXR/ HTTP/1.1" 200 1143 "binance.com" "Mozilla/5.0 (Windows NT 10.0; Win64; x64) AppleWebKit/537.36 (KHTML, like Gecko) Chrome/90.0.4430.85 Safari/537.36"
20.244.26.188 - - [17/Jul/2025:09:28:47 -0400] "GET /wp-includes/PHPMailer/ HTTP/1.1" 200 704 "binance.com" "Mozilla/5.0 (Windows NT 10.0; Win64; x64) AppleWebKit/537.36 (KHTML, like Gecko) Chrome/90.0.4430.85 Safari/537.36"
63.250.38.117 - - [17/Jul/2025:09:28:51 -0400] "POST /wp-cron.php?doing_wp_cron=1752758931.6850740909576416015625 HTTP/1.1" 403 1242 "-" "WordPress/6.8.1; https://fnf.group"
66.249.68.129 - - [17/Jul/2025:09:28:47 -0400] "GET /?n=3307075025200&channel=f612fd&from=product.php%3Fid%3D750252-6995%26name%3D%E3%83%A9%E3%82%B0++%E3%82%AB%E3%83%BC%E3%83%9A%E3%83%83%E3%83%88+%E3%82%A2%E3%82%B8%E3%82%A2%E3%83%B3+%E3%83%A9%E3%82%B0%E3%83%9E%E3%83%83%E3%83%88+%E3%82%B4%E3%83%96%E3%83%A9%E3%83%B3%E7%B9%94%E3%82%8A+%E5%BA%8A%E6%9A%96%E6%88%BF%E5%AF%BE%E5%BF%9C+%E6%8A%97%E8%8F%8C%E9%98%B2%E8%87%AD+%E6%89%8B%E6%B4%97%E3%81%84OK+%E3%82%B7%E3%82%A7%E3%83%8B%E3%83%BC%E3%83%AB+%E8%8A%B1%E6%9F%84+%E5%8C%97%E6%AC%A7%E9%A2%A8+%E6%B4%97%E3%81%88%E3%82%8B+%E3%83%AA%E3%83%93%E3%83%B3%E3%82%B0%EF%BC%88%E3%83%A9%E3%82%B0+%E3%82%B4%E3%83%96%E3%83%A9%E3%83%B3%E7%B9%94%E3%82%8A+130%C3%97190cm+%E6%B4%97%E3%81%88%E3%82%8B+%E9%AB%98%E7%B4%9A%E6%84%9F+%E3%82%A8%E3%82%B9%E3%83%8B%E3%83%83%E3%82%AF+%E3%83%A9%E3%82%B0%E3%83%9E%E3%83%83%E3%83%88+%E3%82%AB%E3%83%BC%E3%83%9A%E3%83%83%E3%83%88+%E5%BA%8A%E6%9A%96%E6%88%BF+%E3%83%9B%E3%83%83%E3%83%88%E3%82%AB%E3%83%BC%E3%83%9A%E3%83%83%E3%83%88%E5%AF%BE%E5%BF%9C+%E3%81%8A%E3%81%97%E3%82%83%E3%82%8C+%E3%83%80%E3%83%8B%E3%82%A8%E3%83%A9+%3A++rugoo+CARPET%26HOME+-+%E9%80%9A%E8%B2%A9+-+Yahoo%21%E3%82%B7%E3%83%A7%E3%83%83%E3%83%94%E3%83%B3%E3%82%B0%EF%BC%89 HTTP/1.1" 301 0 "-" "Mozilla/5.0 (Linux; Android 6.0.1; Nexus 5X Build/MMB29P) AppleWebKit/537.36 (KHTML, like Gecko) Chrome/137.0.7151.103 Mobile Safari/537.36 (compatible; Googlebot/2.1; +http://www.google.com/bot.html)"
20.244.26.188 - - [17/Jul/2025:09:28:58 -0400] "GET /wp-includes/PHPMailer/ HTTP/1.1" 200 704 "binance.com" "Mozilla/5.0 (Windows NT 10.0; Win64; x64) AppleWebKit/537.36 (KHTML, like Gecko) Chrome/90.0.4430.85 Safari/537.36"
66.249.79.2 - - [17/Jul/2025:09:28:52 -0400] "GET /?n=3307075025200&channel=f612fd&from=product.php%3Fid%3D750252-6995%26name%3D%E3%83%A9%E3%82%B0%20%20%E3%82%AB%E3%83%BC%E3%83%9A%E3%83%83%E3%83%88%20%E3%82%A2%E3%82%B8%E3%82%A2%E3%83%B3%20%E3%83%A9%E3%82%B0%E3%83%9E%E3%83%83%E3%83%88%20%E3%82%B4%E3%83%96%E3%83%A9%E3%83%B3%E7%B9%94%E3%82%8A%20%E5%BA%8A%E6%9A%96%E6%88%BF%E5%AF%BE%E5%BF%9C%20%E6%8A%97%E8%8F%8C%E9%98%B2%E8%87%AD%20%E6%89%8B%E6%B4%97%E3%81%84OK%20%E3%82%B7%E3%82%A7%E3%83%8B%E3%83%BC%E3%83%AB%20%E8%8A%B1%E6%9F%84%20%E5%8C%97%E6%AC%A7%E9%A2%A8%20%E6%B4%97%E3%81%88%E3%82%8B%20%E3%83%AA%E3%83%93%E3%83%B3%E3%82%B0%EF%BC%88%E3%83%A9%E3%82%B0%20%E3%82%B4%E3%83%96%E3%83%A9%E3%83%B3%E7%B9%94%E3%82%8A%20130%C3%97190cm%20%E6%B4%97%E3%81%88%E3%82%8B%20%E9%AB%98%E7%B4%9A%E6%84%9F%20%E3%82%A8%E3%82%B9%E3%83%8B%E3%83%83%E3%82%AF%20%E3%83%A9%E3%82%B0%E3%83%9E%E3%83%83%E3%83%88%20%E3%82%AB%E3%83%BC%E3%83%9A%E3%83%83%E3%83%88%20%E5%BA%8A%E6%9A%96%E6%88%BF%20%E3%83%9B%E3%83%83%E3%83%88%E3%82%AB%E3%83%BC%E3%83%9A%E3%83%83%E3%83%88%E5%AF%BE%E5%BF%9C%20%E3%81%8A%E3%81%97%E3%82%83%E3%82%8C%20%E3%83%80%E3%83%8B%E3%82%A8%E3%83%A9%20%3A%20%20rugoo%20CARPET%26HOME%20-%20%E9%80%9A%E8%B2%A9%20-%20Yahoo%21%E3%82%B7%E3%83%A7%E3%83%83%E3%83%94%E3%83%B3%E3%82%B0%EF%BC%89 HTTP/1.1" 200 29835 "-" "Mozilla/5.0 (Linux; Android 6.0.1; Nexus 5X Build/MMB29P) AppleWebKit/537.36 (KHTML, like Gecko) Chrome/137.0.7151.103 Mobile Safari/537.36 (compatible; Googlebot/2.1; +http://www.google.com/bot.html)"
20.244.26.188 - - [17/Jul/2025:09:29:06 -0400] "GET /wp-includes/Text/ HTTP/1.1" 200 706 "binance.com" "Mozilla/5.0 (Windows NT 10.0; Win64; x64) AppleWebKit/537.36 (KHTML, like Gecko) Chrome/90.0.4430.85 Safari/537.36"
20.244.26.188 - - [17/Jul/2025:09:29:14 -0400] "GET /wp-includes/Text/ HTTP/1.1" 200 706 "binance.com" "Mozilla/5.0 (Windows NT 10.0; Win64; x64) AppleWebKit/537.36 (KHTML, like Gecko) Chrome/90.0.4430.85 Safari/537.36"
20.244.26.188 - - [17/Jul/2025:09:29:23 -0400] "GET /wp-includes/Text/Diff/ HTTP/1.1" 200 695 "binance.com" "Mozilla/5.0 (Windows NT 10.0; Win64; x64) AppleWebKit/537.36 (KHTML, like Gecko) Chrome/90.0.4430.85 Safari/537.36"
114.119.148.60 - - [17/Jul/2025:09:29:23 -0400] "GET /2025/06/19/mejores-casinos-online-confiables-en-argentina-en-2025-2/ HTTP/1.1" 200 29763 "https://fnf.group/2025/06/19/mejores-casinos-online-confiables-en-argentina-en-2025-2/" "Mozilla/5.0 (Linux; Android 7.0;) AppleWebKit/537.36 (KHTML, like Gecko) Mobile Safari/537.36 (compatible; PetalBot;+https://webmaster.petalsearch.com/site/petalbot)"
66.249.68.129 - - [17/Jul/2025:09:29:25 -0400] "GET /?n=34863122909200&channel=71105e&from=blog.php%3Fid%3D1229092-25503%26name%3D%E4%BD%BF%E3%81%84%E6%8D%A8%E3%81%A6%E4%B8%8B%E7%9D%80+50%E6%9E%9A%E5%85%A5%E3%82%8A+%E3%83%9B%E3%83%AF%E3%82%A4%E3%83%88+%E8%84%B1%E6%AF%9B%E3%82%A8%E3%82%B9%E3%83%86 HTTP/1.1" 301 0 "-" "Mozilla/5.0 (Linux; Android 6.0.1; Nexus 5X Build/MMB29P) AppleWebKit/537.36 (KHTML, like Gecko) Chrome/137.0.7151.103 Mobile Safari/537.36 (compatible; Googlebot/2.1; +http://www.google.com/bot.html)"
66.249.79.2 - - [17/Jul/2025:09:29:29 -0400] "GET /?n=34863122909200&channel=71105e&from=blog.php%3Fid%3D1229092-25503%26name%3D%E4%BD%BF%E3%81%84%E6%8D%A8%E3%81%A6%E4%B8%8B%E7%9D%80%2050%E6%9E%9A%E5%85%A5%E3%82%8A%20%E3%83%9B%E3%83%AF%E3%82%A4%E3%83%88%20%E8%84%B1%E6%AF%9B%E3%82%A8%E3%82%B9%E3%83%86 HTTP/1.1" 200 29828 "-" "Mozilla/5.0 (Linux; Android 6.0.1; Nexus 5X Build/MMB29P) AppleWebKit/537.36 (KHTML, like Gecko) Chrome/137.0.7151.103 Mobile Safari/537.36 (compatible; Googlebot/2.1; +http://www.google.com/bot.html)"
20.244.26.188 - - [17/Jul/2025:09:29:31 -0400] "GET /wp-includes/Text/Diff/ HTTP/1.1" 200 695 "binance.com" "Mozilla/5.0 (Windows NT 10.0; Win64; x64) AppleWebKit/537.36 (KHTML, like Gecko) Chrome/90.0.4430.85 Safari/537.36"
20.244.26.188 - - [17/Jul/2025:09:29:41 -0400] "GET /wp-includes/Text/Diff/Engine/ HTTP/1.1" 200 692 "binance.com" "Mozilla/5.0 (Windows NT 10.0; Win64; x64) AppleWebKit/537.36 (KHTML, like Gecko) Chrome/90.0.4430.85 Safari/537.36"
52.22.87.224 - - [17/Jul/2025:09:29:43 -0400] "GET /wp-includes/pomo/plural-forms.php HTTP/1.1" 403 1242 "-" "Mozilla/5.0 AppleWebKit/537.36 (KHTML, like Gecko; compatible; Amazonbot/0.1; +https://developer.amazon.com/support/amazonbot) Chrome/119.0.6045.214 Safari/537.36"
20.244.26.188 - - [17/Jul/2025:09:29:49 -0400] "GET /wp-includes/Text/Diff/Engine/ HTTP/1.1" 200 692 "binance.com" "Mozilla/5.0 (Windows NT 10.0; Win64; x64) AppleWebKit/537.36 (KHTML, like Gecko) Chrome/90.0.4430.85 Safari/537.36"
20.244.26.188 - - [17/Jul/2025:09:29:57 -0400] "GET /wp-includes/Text/Diff/Renderer/ HTTP/1.1" 200 627 "binance.com" "Mozilla/5.0 (Windows NT 10.0; Win64; x64) AppleWebKit/537.36 (KHTML, like Gecko) Chrome/90.0.4430.85 Safari/537.36"
63.250.38.117 - - [17/Jul/2025:09:30:09 -0400] "POST /wp-cron.php?doing_wp_cron=1752759008.8855149745941162109375 HTTP/1.1" 403 1242 "-" "WordPress/6.8.1; https://fnf.group"
20.244.26.188 - - [17/Jul/2025:09:30:09 -0400] "GET /wp-includes/Text/Diff/Renderer/ HTTP/1.1" 200 627 "binance.com" "Mozilla/5.0 (Windows NT 10.0; Win64; x64) AppleWebKit/537.36 (KHTML, like Gecko) Chrome/90.0.4430.85 Safari/537.36"
66.249.79.4 - - [17/Jul/2025:09:30:03 -0400] "GET /safe_search/config?return_url=%2Fproduct%2Fdetail%2F61269380 HTTP/1.1" 404 11509 "-" "Mozilla/5.0 (Linux; Android 6.0.1; Nexus 5X Build/MMB29P) AppleWebKit/537.36 (KHTML, like Gecko) Chrome/137.0.7151.103 Mobile Safari/537.36 (compatible; Googlebot/2.1; +http://www.google.com/bot.html)"
20.244.26.188 - - [17/Jul/2025:09:30:19 -0400] "GET /wp-includes/blocks/ HTTP/1.1" 200 6 "binance.com" "Mozilla/5.0 (Windows NT 10.0; Win64; x64) AppleWebKit/537.36 (KHTML, like Gecko) Chrome/90.0.4430.85 Safari/537.36"
20.244.26.188 - - [17/Jul/2025:09:30:28 -0400] "GET /wp-includes/pomo/ HTTP/1.1" 200 1047 "binance.com" "Mozilla/5.0 (Windows NT 10.0; Win64; x64) AppleWebKit/537.36 (KHTML, like Gecko) Chrome/90.0.4430.85 Safari/537.36"
20.244.26.188 - - [17/Jul/2025:09:30:38 -0400] "GET /wp-includes/pomo/ HTTP/1.1" 200 1047 "binance.com" "Mozilla/5.0 (Windows NT 10.0; Win64; x64) AppleWebKit/537.36 (KHTML, like Gecko) Chrome/90.0.4430.85 Safari/537.36"
66.249.68.130 - - [17/Jul/2025:09:30:40 -0400] "GET /?n=0881877647703&channel=f023da&from=news.php%3Fid%3D776477-14914%26name%3D%E3%82%A2%E3%83%BC%E3%83%90%E3%83%B3%E3%83%AA%E3%82%B5%E3%83%BC%E3%83%81+%E3%83%96%E3%83%A9%E3%83%83%E3%82%AF%E3%83%AC%E3%82%B6%E3%83%BC%E3%83%AC%E3%83%BC%E3%82%B9%E3%82%A2%E3%83%83%E3%83%97%E3%82%B7%E3%83%A5%E3%83%BC%E3%82%BA HTTP/1.1" 301 0 "-" "Mozilla/5.0 (Linux; Android 6.0.1; Nexus 5X Build/MMB29P) AppleWebKit/537.36 (KHTML, like Gecko) Chrome/137.0.7151.103 Mobile Safari/537.36 (compatible; Googlebot/2.1; +http://www.google.com/bot.html)"
20.244.26.188 - - [17/Jul/2025:09:30:45 -0400] "GET /wp-includes/sitemaps/ HTTP/1.1" 200 1102 "binance.com" "Mozilla/5.0 (Windows NT 10.0; Win64; x64) AppleWebKit/537.36 (KHTML, like Gecko) Chrome/90.0.4430.85 Safari/537.36"
66.249.79.3 - - [17/Jul/2025:09:30:44 -0400] "GET /?n=0881877647703&channel=f023da&from=news.php%3Fid%3D776477-14914%26name%3D%E3%82%A2%E3%83%BC%E3%83%90%E3%83%B3%E3%83%AA%E3%82%B5%E3%83%BC%E3%83%81%20%E3%83%96%E3%83%A9%E3%83%83%E3%82%AF%E3%83%AC%E3%82%B6%E3%83%BC%E3%83%AC%E3%83%BC%E3%82%B9%E3%82%A2%E3%83%83%E3%83%97%E3%82%B7%E3%83%A5%E3%83%BC%E3%82%BA HTTP/1.1" 200 29826 "-" "Mozilla/5.0 (Linux; Android 6.0.1; Nexus 5X Build/MMB29P) AppleWebKit/537.36 (KHTML, like Gecko) Chrome/137.0.7151.103 Mobile Safari/537.36 (compatible; Googlebot/2.1; +http://www.google.com/bot.html)"
114.119.131.93 - - [17/Jul/2025:09:30:46 -0400] "GET /tag/pickles/ HTTP/1.1" 200 14168 "https://fnf.group/tag/pickles/" "Mozilla/5.0 (Linux; Android 7.0;) AppleWebKit/537.36 (KHTML, like Gecko) Mobile Safari/537.36 (compatible; PetalBot;+https://webmaster.petalsearch.com/site/petalbot)"
20.244.26.188 - - [17/Jul/2025:09:30:55 -0400] "GET /wp-includes/sitemaps/ HTTP/1.1" 200 1102 "binance.com" "Mozilla/5.0 (Windows NT 10.0; Win64; x64) AppleWebKit/537.36 (KHTML, like Gecko) Chrome/90.0.4430.85 Safari/537.36"
66.249.68.130 - - [17/Jul/2025:09:30:54 -0400] "GET /?n=7027155501805&channel=7b1bf2&from=jp.php%3Fid%3D555018-5709%26name%3D4x+%E7%87%83%E6%96%99%E3%82%A4%E3%83%B3%E3%82%B8%E3%82%A7%E3%82%AF%E3%82%BF%E3%83%BC+VW+%E3%83%93%E3%83%BC%E3%83%88%E3%83%AB%E3%82%B4%E3%83%AB%E3%83%95+A3+%E3%82%AC%E3%82%BD%E3%83%AA%E3%83%B3%E3%82%A4%E3%83%B3%E3%82%B8%E3%82%A7%E3%82%AF%E3%82%BF%E3%83%BC%E3%83%8E%E3%82%BA%E3%83%AB%E5%99%B4%E5%B0%84+037906031AL+%E8%BB%8A%E3%81%AE%E7%87%83%E6%96%99%E3%82%A8%E3%83%B3%E3%82%B8%E3%83%B3%E5%99%B4%E5%B0%84 HTTP/1.1" 301 0 "-" "Mozilla/5.0 (Linux; Android 6.0.1; Nexus 5X Build/MMB29P) AppleWebKit/537.36 (KHTML, like Gecko) Chrome/137.0.7151.103 Mobile Safari/537.36 (compatible; Googlebot/2.1; +http://www.google.com/bot.html)"
66.249.79.2 - - [17/Jul/2025:09:30:56 -0400] "GET /?n=7027155501805&channel=7b1bf2&from=jp.php%3Fid%3D555018-5709%26name%3D4x%20%E7%87%83%E6%96%99%E3%82%A4%E3%83%B3%E3%82%B8%E3%82%A7%E3%82%AF%E3%82%BF%E3%83%BC%20VW%20%E3%83%93%E3%83%BC%E3%83%88%E3%83%AB%E3%82%B4%E3%83%AB%E3%83%95%20A3%20%E3%82%AC%E3%82%BD%E3%83%AA%E3%83%B3%E3%82%A4%E3%83%B3%E3%82%B8%E3%82%A7%E3%82%AF%E3%82%BF%E3%83%BC%E3%83%8E%E3%82%BA%E3%83%AB%E5%99%B4%E5%B0%84%20037906031AL%20%E8%BB%8A%E3%81%AE%E7%87%83%E6%96%99%E3%82%A8%E3%83%B3%E3%82%B8%E3%83%B3%E5%99%B4%E5%B0%84 HTTP/1.1" 200 29826 "-" "Mozilla/5.0 (Linux; Android 6.0.1; Nexus 5X Build/MMB29P) AppleWebKit/537.36 (KHTML, like Gecko) Chrome/137.0.7151.103 Mobile Safari/537.36 (compatible; Googlebot/2.1; +http://www.google.com/bot.html)"
20.244.26.188 - - [17/Jul/2025:09:31:03 -0400] "GET /wp-includes/sitemaps/providers/ HTTP/1.1" 200 720 "binance.com" "Mozilla/5.0 (Windows NT 10.0; Win64; x64) AppleWebKit/537.36 (KHTML, like Gecko) Chrome/90.0.4430.85 Safari/537.36"
20.244.26.188 - - [17/Jul/2025:09:31:14 -0400] "GET /wp-includes/sitemaps/providers/ HTTP/1.1" 200 720 "binance.com" "Mozilla/5.0 (Windows NT 10.0; Win64; x64) AppleWebKit/537.36 (KHTML, like Gecko) Chrome/90.0.4430.85 Safari/537.36"
20.244.26.188 - - [17/Jul/2025:09:31:23 -0400] "GET /wp-includes/widgets/ HTTP/1.1" 200 1405 "binance.com" "Mozilla/5.0 (Windows NT 10.0; Win64; x64) AppleWebKit/537.36 (KHTML, like Gecko) Chrome/90.0.4430.85 Safari/537.36"
20.244.26.188 - - [17/Jul/2025:09:31:34 -0400] "GET /wp-includes/widgets/ HTTP/1.1" 200 1405 "binance.com" "Mozilla/5.0 (Windows NT 10.0; Win64; x64) AppleWebKit/537.36 (KHTML, like Gecko) Chrome/90.0.4430.85 Safari/537.36"
20.244.26.188 - - [17/Jul/2025:09:31:40 -0400] "GET /wp-includes/widgets/class-wp-widget-block.php HTTP/1.1" 403 1242 "binance.com" "Mozilla/5.0 (Windows NT 10.0; Win64; x64) AppleWebKit/537.36 (KHTML, like Gecko) Chrome/90.0.4430.85 Safari/537.36"
20.244.26.188 - - [17/Jul/2025:09:31:49 -0400] "GET /wp-includes/css/ HTTP/1.1" 200 1766 "binance.com" "Mozilla/5.0 (Windows NT 10.0; Win64; x64) AppleWebKit/537.36 (KHTML, like Gecko) Chrome/90.0.4430.85 Safari/537.36"
20.244.26.188 - - [17/Jul/2025:09:31:56 -0400] "GET /wp-includes/css/dist/ HTTP/1.1" 200 1190 "binance.com" "Mozilla/5.0 (Windows NT 10.0; Win64; x64) AppleWebKit/537.36 (KHTML, like Gecko) Chrome/90.0.4430.85 Safari/537.36"
63.250.38.117 - - [17/Jul/2025:09:31:58 -0400] "POST /wp-cron.php?doing_wp_cron=1752759118.3121500015258789062500 HTTP/1.1" 403 1242 "-" "WordPress/6.8.1; https://fnf.group"
66.249.68.137 - - [17/Jul/2025:09:31:56 -0400] "GET /?n=77108115930502&channel=1516ce&from=form.php%3Fid%3D1159305-14452%26name%3D%E3%83%A1%E3%83%87%E3%82%A3%E3%82%A2%E3%83%95%E3%83%A5%E3%83%BC%E3%83%81%E3%83%A3%E3%83%BC+%E6%B6%B2%E6%99%B6%E4%BF%9D%E8%AD%B7%E3%83%95%E3%82%A3%E3%83%AB%E3%83%A0+%E3%82%A2%E3%82%A4%E3%83%AA%E3%82%B9%E3%82%AA%E3%83%BC%E3%83%A4%E3%83%9E+LUCA+ILD-D23FHH-B+23.8%E3%82%A4%E3%83%B3%E3%83%81+%E3%81%AE%E3%81%9E%E3%81%8D%E8%A6%8B%E9%98%B2%E6%AD%A2+%E3%83%95%E3%82%A3%E3%83%AB%E3%82%BF HTTP/1.1" 301 0 "-" "Mozilla/5.0 (Linux; Android 6.0.1; Nexus 5X Build/MMB29P) AppleWebKit/537.36 (KHTML, like Gecko) Chrome/137.0.7151.103 Mobile Safari/537.36 (compatible; Googlebot/2.1; +http://www.google.com/bot.html)"
66.249.79.2 - - [17/Jul/2025:09:31:59 -0400] "GET /?n=77108115930502&channel=1516ce&from=form.php%3Fid%3D1159305-14452%26name%3D%E3%83%A1%E3%83%87%E3%82%A3%E3%82%A2%E3%83%95%E3%83%A5%E3%83%BC%E3%83%81%E3%83%A3%E3%83%BC%20%E6%B6%B2%E6%99%B6%E4%BF%9D%E8%AD%B7%E3%83%95%E3%82%A3%E3%83%AB%E3%83%A0%20%E3%82%A2%E3%82%A4%E3%83%AA%E3%82%B9%E3%82%AA%E3%83%BC%E3%83%A4%E3%83%9E%20LUCA%20ILD-D23FHH-B%2023.8%E3%82%A4%E3%83%B3%E3%83%81%20%E3%81%AE%E3%81%9E%E3%81%8D%E8%A6%8B%E9%98%B2%E6%AD%A2%20%E3%83%95%E3%82%A3%E3%83%AB%E3%82%BF HTTP/1.1" 200 29831 "-" "Mozilla/5.0 (Linux; Android 6.0.1; Nexus 5X Build/MMB29P) AppleWebKit/537.36 (KHTML, like Gecko) Chrome/137.0.7151.103 Mobile Safari/537.36 (compatible; Googlebot/2.1; +http://www.google.com/bot.html)"
20.244.26.188 - - [17/Jul/2025:09:32:06 -0400] "GET /wp-includes/fonts/ HTTP/1.1" 200 1173 "binance.com" "Mozilla/5.0 (Windows NT 10.0; Win64; x64) AppleWebKit/537.36 (KHTML, like Gecko) Chrome/90.0.4430.85 Safari/537.36"
114.119.135.196 - - [17/Jul/2025:09:32:11 -0400] "GET /2025/07/04/analiz-onlajn-kazino-vhod-bonusy-i-denezhnye-14-3/ HTTP/1.1" 200 27034 "https://fnf.group/2025/07/04/analiz-onlajn-kazino-vhod-bonusy-i-denezhnye-14-2/" "Mozilla/5.0 (Linux; Android 7.0;) AppleWebKit/537.36 (KHTML, like Gecko) Mobile Safari/537.36 (compatible; PetalBot;+https://webmaster.petalsearch.com/site/petalbot)"
20.244.26.188 - - [17/Jul/2025:09:32:16 -0400] "GET /wp-includes/fonts/ HTTP/1.1" 200 1173 "binance.com" "Mozilla/5.0 (Windows NT 10.0; Win64; x64) AppleWebKit/537.36 (KHTML, like Gecko) Chrome/90.0.4430.85 Safari/537.36"
66.249.68.135 - - [17/Jul/2025:09:32:34 -0400] "GET /?n=41908128924300&channel=245388&from=blog.php%3Fid%3D1289243-8654%26name%3Dneighborhood+carabiner+%E3%83%8D%E3%82%A4%E3%83%90%E3%83%BC%E3%83%95%E3%83%83%E3%83%89%E3%80%80%E3%82%AB%E3%83%A9%E3%83%93%E3%83%8A%E3%80%803%E8%89%B2 HTTP/1.1" 301 0 "-" "Mozilla/5.0 (Linux; Android 6.0.1; Nexus 5X Build/MMB29P) AppleWebKit/537.36 (KHTML, like Gecko) Chrome/137.0.7151.103 Mobile Safari/537.36 (compatible; Googlebot/2.1; +http://www.google.com/bot.html)"
20.244.26.188 - - [17/Jul/2025:09:32:37 -0400] "GET /wp-includes/fonts/class-wp-font-collection.php HTTP/1.1" 403 1242 "binance.com" "Mozilla/5.0 (Windows NT 10.0; Win64; x64) AppleWebKit/537.36 (KHTML, like Gecko) Chrome/90.0.4430.85 Safari/537.36"
66.249.79.3 - - [17/Jul/2025:09:32:37 -0400] "GET /?n=41908128924300&channel=245388&from=blog.php%3Fid%3D1289243-8654%26name%3Dneighborhood%20carabiner%20%E3%83%8D%E3%82%A4%E3%83%90%E3%83%BC%E3%83%95%E3%83%83%E3%83%89%E3%80%80%E3%82%AB%E3%83%A9%E3%83%93%E3%83%8A%E3%80%803%E8%89%B2 HTTP/1.1" 200 29828 "-" "Mozilla/5.0 (Linux; Android 6.0.1; Nexus 5X Build/MMB29P) AppleWebKit/537.36 (KHTML, like Gecko) Chrome/137.0.7151.103 Mobile Safari/537.36 (compatible; Googlebot/2.1; +http://www.google.com/bot.html)"
51.210.60.82 - - [17/Jul/2025:09:32:48 -0400] "POST /xmlrpc.php HTTP/1.1" 403 1242 "https://fnf.group" "Mozilla/5.0 (Windows NT 10.0; Win64; x64) AppleWebKit/537.36 (KHTML, like Gecko) Chrome/112.0.5615.138 Safari/537.36"
20.244.26.188 - - [17/Jul/2025:09:32:48 -0400] "GET /wp-includes/fonts/class-wp-font-face-resolver.php HTTP/1.1" 403 1242 "binance.com" "Mozilla/5.0 (Windows NT 10.0; Win64; x64) AppleWebKit/537.36 (KHTML, like Gecko) Chrome/90.0.4430.85 Safari/537.36"
66.249.68.135 - - [17/Jul/2025:09:32:49 -0400] "GET /?n=1555645698800&channel=c365f2&from=shop.php%3Fid%3D456988-12649%26name%3D%E3%80%90%E3%81%8A%E5%8F%96%E3%82%8A%E5%AF%84%E3%81%9B%E3%83%BB%EF%BC%92%EF%BD%9E%EF%BC%94%E9%80%B1%E9%96%93%E3%81%A7%E7%99%BA%E9%80%81%E3%80%91+%E3%83%9F%E3%83%AC%E3%83%BC+%E3%83%AF%E3%83%8A%E3%82%AB+%E3%83%8F%E3%82%A4%E3%82%AD%E3%83%B3%E3%82%B0+%E3%82%B7%E3%83%A5%E3%83%BC%E3%82%BA%EF%BC%88+Dorite+%EF%BC%89+MILLET+Wanaka+hiking+shoes+%5Bt%5D HTTP/1.1" 301 0 "-" "Mozilla/5.0 (Linux; Android 6.0.1; Nexus 5X Build/MMB29P) AppleWebKit/537.36 (KHTML, like Gecko) Chrome/137.0.7151.103 Mobile Safari/537.36 (compatible; Googlebot/2.1; +http://www.google.com/bot.html)"
66.249.79.2 - - [17/Jul/2025:09:32:51 -0400] "GET /?n=1555645698800&channel=c365f2&from=shop.php%3Fid%3D456988-12649%26name%3D%E3%80%90%E3%81%8A%E5%8F%96%E3%82%8A%E5%AF%84%E3%81%9B%E3%83%BB%EF%BC%92%EF%BD%9E%EF%BC%94%E9%80%B1%E9%96%93%E3%81%A7%E7%99%BA%E9%80%81%E3%80%91%20%E3%83%9F%E3%83%AC%E3%83%BC%20%E3%83%AF%E3%83%8A%E3%82%AB%20%E3%83%8F%E3%82%A4%E3%82%AD%E3%83%B3%E3%82%B0%20%E3%82%B7%E3%83%A5%E3%83%BC%E3%82%BA%EF%BC%88%20Dorite%20%EF%BC%89%20MILLET%20Wanaka%20hiking%20shoes%20%5Bt%5D HTTP/1.1" 200 29835 "-" "Mozilla/5.0 (Linux; Android 6.0.1; Nexus 5X Build/MMB29P) AppleWebKit/537.36 (KHTML, like Gecko) Chrome/137.0.7151.103 Mobile Safari/537.36 (compatible; Googlebot/2.1; +http://www.google.com/bot.html)"
63.250.38.117 - - [17/Jul/2025:09:33:05 -0400] "POST /wp-cron.php?doing_wp_cron=1752759185.7947010993957519531250 HTTP/1.1" 403 1242 "-" "WordPress/6.8.1; https://fnf.group"
66.249.68.135 - - [17/Jul/2025:09:33:04 -0400] "GET /?n=6000374150401&channel=0c6955&from=info.php%3Fid%3D741504-9785%26name%3D%E8%BB%8A%E7%94%A8%E3%83%88%E3%83%A9%E3%83%B3%E3%82%AF%E3%83%80%E3%83%B3%E3%83%91%E3%83%BC+AP03+X3+F25+18i+20i+28i+35i+2010-2017+%E3%83%AA%E3%82%A2%E5%B7%A6+%2B+%E5%8F%B3%E9%9B%BB%E5%8B%95%E3%83%86%E3%83%BC%E3%83%AB%E3%82%B2%E3%83%BC%E3%83%88%E3%82%AC%E3%82%B9 HTTP/1.1" 301 0 "-" "Mozilla/5.0 (Linux; Android 6.0.1; Nexus 5X Build/MMB29P) AppleWebKit/537.36 (KHTML, like Gecko) Chrome/137.0.7151.103 Mobile Safari/537.36 (compatible; Googlebot/2.1; +http://www.google.com/bot.html)"
20.244.26.188 - - [17/Jul/2025:09:33:06 -0400] "GET /wp-includes/fonts/class-wp-font-face.php HTTP/1.1" 403 1242 "binance.com" "Mozilla/5.0 (Windows NT 10.0; Win64; x64) AppleWebKit/537.36 (KHTML, like Gecko) Chrome/90.0.4430.85 Safari/537.36"
