66.249.68.136 - - [17/Jul/2025:08:31:47 -0400] "GET /?n=12787171136100&channel=fa52c4&from=shared.php%3Fid%3D1711361-19683%26name%3D%E3%80%90%E3%81%8A%E5%BE%97%E3%82%BB%E3%83%83%E3%83%88%E3%80%91HIT%27S%2F%E5%B1%B1%E5%86%85%E9%88%B4%E8%98%AD%E3%80%801of1%E3%80%80%E6%B0%B4%E7%9D%80%E3%82%AA%E3%83%95%E3%82%B7%E3%83%A7%E3%83%83%E3%83%88%E3%83%81%E3%82%A7%E3%82%AD2%E7%A8%AE+%2B+%E7%9B%B4%E7%AD%86%E3%82%B5%E3%82%A4%E3%83%B3%E5%85%A5%E3%82%8A%E7%89%B9%E5%85%B8%E3%82%AB%E3%83%BC%E3%83%89D%E3%80%80%E7%8F%BE%E5%A0%B4%E6%92%AE%E5%BD%B1+250212-203 HTTP/1.1" 301 0 "-" "Mozilla/5.0 (Linux; Android 6.0.1; Nexus 5X Build/MMB29P) AppleWebKit/537.36 (KHTML, like Gecko) Chrome/137.0.7151.103 Mobile Safari/537.36 (compatible; Googlebot/2.1; +http://www.google.com/bot.html)"
66.249.79.3 - - [17/Jul/2025:08:31:49 -0400] "GET /?n=12787171136100&channel=fa52c4&from=shared.php%3Fid%3D1711361-19683%26name%3D%E3%80%90%E3%81%8A%E5%BE%97%E3%82%BB%E3%83%83%E3%83%88%E3%80%91HIT%27S%2F%E5%B1%B1%E5%86%85%E9%88%B4%E8%98%AD%E3%80%801of1%E3%80%80%E6%B0%B4%E7%9D%80%E3%82%AA%E3%83%95%E3%82%B7%E3%83%A7%E3%83%83%E3%83%88%E3%83%81%E3%82%A7%E3%82%AD2%E7%A8%AE%20%2B%20%E7%9B%B4%E7%AD%86%E3%82%B5%E3%82%A4%E3%83%B3%E5%85%A5%E3%82%8A%E7%89%B9%E5%85%B8%E3%82%AB%E3%83%BC%E3%83%89D%E3%80%80%E7%8F%BE%E5%A0%B4%E6%92%AE%E5%BD%B1%20250212-203 HTTP/1.1" 200 29832 "-" "Mozilla/5.0 (Linux; Android 6.0.1; Nexus 5X Build/MMB29P) AppleWebKit/537.36 (KHTML, like Gecko) Chrome/137.0.7151.103 Mobile Safari/537.36 (compatible; Googlebot/2.1; +http://www.google.com/bot.html)"
154.54.249.195 - - [17/Jul/2025:08:31:52 -0400] "GET /2025/07/09/mostbet-giris-resmi-sitesi-kisisel-dolaba/ HTTP/1.1" 200 26032 "-" "Mozilla/5.0 (compatible; Barkrowler/0.9; +https://babbar.tech/crawler)"
114.119.137.28 - - [17/Jul/2025:08:32:00 -0400] "GET /author/admin123/page/104/ HTTP/1.1" 200 16012 "https://fnf.group/author/admin123/page/53/" "Mozilla/5.0 (Linux; Android 7.0;) AppleWebKit/537.36 (KHTML, like Gecko) Mobile Safari/537.36 (compatible; PetalBot;+https://webmaster.petalsearch.com/site/petalbot)"
66.249.68.137 - - [17/Jul/2025:08:32:02 -0400] "GET /?n=9495557124302&channel=ffde54&from=shop.php%3Fid%3D571243-6473%26name%3D%E8%BB%8A+%E3%83%95%E3%83%AD%E3%83%B3%E3%83%88%E3%83%90%E3%83%B3%E3%83%91%E3%83%BC%E3%82%B0%E3%83%AA%E3%83%AB+%E3%83%95%E3%83%AD%E3%83%B3%E3%83%88%E8%85%8E%E8%87%93%E4%BA%8C%E9%87%8D%E3%83%A9%E3%82%A4%E3%83%B3%E3%82%B0%E3%83%AA%E3%83%AB%E3%82%B0%E3%83%AA%E3%83%AB%E4%BA%A4%E6%8F%9B%E3%82%B0%E3%83%AA%E3%83%AB%E3%82%B0%E3%83%AA%E3%83%AB%E8%87%AA%E5%8B%95%E3%82%B0%E3%83%AA%E3%83%AB%E3%82%A2%E3%82%AF%E3%82%BB%E3%82%B5%E3%83%AA%E3%83%BC+X3+X4+F25+F26%E7%94%A8 HTTP/1.1" 301 0 "-" "Mozilla/5.0 (Linux; Android 6.0.1; Nexus 5X Build/MMB29P) AppleWebKit/537.36 (KHTML, like Gecko) Chrome/137.0.7151.103 Mobile Safari/537.36 (compatible; Googlebot/2.1; +http://www.google.com/bot.html)"
66.249.79.5 - - [17/Jul/2025:08:32:04 -0400] "GET /?n=9495557124302&channel=ffde54&from=shop.php%3Fid%3D571243-6473%26name%3D%E8%BB%8A%20%E3%83%95%E3%83%AD%E3%83%B3%E3%83%88%E3%83%90%E3%83%B3%E3%83%91%E3%83%BC%E3%82%B0%E3%83%AA%E3%83%AB%20%E3%83%95%E3%83%AD%E3%83%B3%E3%83%88%E8%85%8E%E8%87%93%E4%BA%8C%E9%87%8D%E3%83%A9%E3%82%A4%E3%83%B3%E3%82%B0%E3%83%AA%E3%83%AB%E3%82%B0%E3%83%AA%E3%83%AB%E4%BA%A4%E6%8F%9B%E3%82%B0%E3%83%AA%E3%83%AB%E3%82%B0%E3%83%AA%E3%83%AB%E8%87%AA%E5%8B%95%E3%82%B0%E3%83%AA%E3%83%AB%E3%82%A2%E3%82%AF%E3%82%BB%E3%82%B5%E3%83%AA%E3%83%BC%20X3%20X4%20F25%20F26%E7%94%A8 HTTP/1.1" 200 29827 "-" "Mozilla/5.0 (Linux; Android 6.0.1; Nexus 5X Build/MMB29P) AppleWebKit/537.36 (KHTML, like Gecko) Chrome/137.0.7151.103 Mobile Safari/537.36 (compatible; Googlebot/2.1; +http://www.google.com/bot.html)"
217.113.194.26 - - [17/Jul/2025:08:32:11 -0400] "GET /2025/07/09/ozwin-casino-australia-play-aussie-pokies-win/ HTTP/1.1" 200 27299 "-" "Mozilla/5.0 (compatible; Barkrowler/0.9; +https://babbar.tech/crawler)"
66.249.68.135 - - [17/Jul/2025:08:32:17 -0400] "GET /?n=8902872481004&channel=d59b1f&from=shop.php%3Fid%3D724810-6583%26name%3D%E3%82%B5%E3%82%A4%E3%83%89%E3%83%86%E3%83%BC%E3%83%96%E3%83%AB+%E3%83%99%E3%83%83%E3%83%89%E3%82%B5%E3%82%A4%E3%83%89%E3%83%86%E3%83%BC%E3%83%96%E3%83%AB+%E3%82%B3%E3%83%B3%E3%83%9D%E3%83%8B%E3%83%93%E3%83%AA+%E4%B8%B8%E5%9E%8B+%E5%A4%9A%E5%B1%A4%E5%8F%8E%E7%B4%8D%E3%83%90%E3%82%B1%E3%83%83%E3%83%88+%E3%81%8A%E3%81%97%E3%82%83%E3%82%8C+%E3%82%B5%E3%82%A4%E3%83%89%E3%82%AD%E3%83%A3%E3%83%93%E3%83%8D%E3%83%83%E3%83%88%E5%A4%9A%E6%A9%9F%E8%83%BD+%E3%83%97%E3%83%A9%E3%82%B9%E3%83%81%E3%83%83%E3%82%AF%E5%8F%8E%E7%B4%8D+%E5%8F%8E HTTP/1.1" 301 0 "-" "Mozilla/5.0 (Linux; Android 6.0.1; Nexus 5X Build/MMB29P) AppleWebKit/537.36 (KHTML, like Gecko) Chrome/137.0.7151.103 Mobile Safari/537.36 (compatible; Googlebot/2.1; +http://www.google.com/bot.html)"
66.249.79.4 - - [17/Jul/2025:08:32:20 -0400] "GET /?n=8902872481004&channel=d59b1f&from=shop.php%3Fid%3D724810-6583%26name%3D%E3%82%B5%E3%82%A4%E3%83%89%E3%83%86%E3%83%BC%E3%83%96%E3%83%AB%20%E3%83%99%E3%83%83%E3%83%89%E3%82%B5%E3%82%A4%E3%83%89%E3%83%86%E3%83%BC%E3%83%96%E3%83%AB%20%E3%82%B3%E3%83%B3%E3%83%9D%E3%83%8B%E3%83%93%E3%83%AA%20%E4%B8%B8%E5%9E%8B%20%E5%A4%9A%E5%B1%A4%E5%8F%8E%E7%B4%8D%E3%83%90%E3%82%B1%E3%83%83%E3%83%88%20%E3%81%8A%E3%81%97%E3%82%83%E3%82%8C%20%E3%82%B5%E3%82%A4%E3%83%89%E3%82%AD%E3%83%A3%E3%83%93%E3%83%8D%E3%83%83%E3%83%88%E5%A4%9A%E6%A9%9F%E8%83%BD%20%E3%83%97%E3%83%A9%E3%82%B9%E3%83%81%E3%83%83%E3%82%AF%E5%8F%8E%E7%B4%8D%20%E5%8F%8E HTTP/1.1" 200 29832 "-" "Mozilla/5.0 (Linux; Android 6.0.1; Nexus 5X Build/MMB29P) AppleWebKit/537.36 (KHTML, like Gecko) Chrome/137.0.7151.103 Mobile Safari/537.36 (compatible; Googlebot/2.1; +http://www.google.com/bot.html)"
66.249.79.4 - - [17/Jul/2025:08:32:23 -0400] "GET /?n=88827112195400&channel=510f85&from=shared.php%3Fid%3D1121954-21709%26name%3D%E5%B1%8B%E5%A4%96%E7%94%A8%E6%99%82%E8%A8%88+%E3%83%9F%E3%83%A9%E3%83%BC%E8%BB%8A%E6%99%82%E8%A8%88+USB+%E9%9B%BB%E6%BA%90%E9%9B%BB%E5%AD%90%E5%8D%93%E4%B8%8A%E6%99%82%E8%A8%88%E6%99%82%E8%A8%88%E7%9B%AE%E8%A6%9A%E3%81%BE%E3%81%97%E3%83%9F%E3%83%A9%E3%83%BC%E6%99%82%E8%A8%88%E9%9B%BB%E5%AD%90%E3%83%87%E3%82%B8%E3%82%BF%E3%83%AB%E6%97%85%E8%A1%8C%E6%99%82%E8%A8%88%E7%9B%AE%E8%A6%9A%E3%81%BE%E3%81%97%E6%99%82%E8%A8%88+%E3%83%AA%E3%83%93%E3%83%B3%E3%82%B0%E3%83%AB%E3%83%BC%E3%83%A0%E3%81%AE%E5%A3%81%E3%81%AE%E8%A3%85%E9%A3%BE HTTP/1.1" 301 0 "-" "Mozilla/5.0 (Linux; Android 6.0.1; Nexus 5X Build/MMB29P) AppleWebKit/537.36 (KHTML, like Gecko) Chrome/137.0.7151.103 Mobile Safari/537.36 (compatible; Googlebot/2.1; +http://www.google.com/bot.html)"
66.249.79.3 - - [17/Jul/2025:08:32:28 -0400] "GET /?n=88827112195400&channel=510f85&from=shared.php%3Fid%3D1121954-21709%26name%3D%E5%B1%8B%E5%A4%96%E7%94%A8%E6%99%82%E8%A8%88%20%E3%83%9F%E3%83%A9%E3%83%BC%E8%BB%8A%E6%99%82%E8%A8%88%20USB%20%E9%9B%BB%E6%BA%90%E9%9B%BB%E5%AD%90%E5%8D%93%E4%B8%8A%E6%99%82%E8%A8%88%E6%99%82%E8%A8%88%E7%9B%AE%E8%A6%9A%E3%81%BE%E3%81%97%E3%83%9F%E3%83%A9%E3%83%BC%E6%99%82%E8%A8%88%E9%9B%BB%E5%AD%90%E3%83%87%E3%82%B8%E3%82%BF%E3%83%AB%E6%97%85%E8%A1%8C%E6%99%82%E8%A8%88%E7%9B%AE%E8%A6%9A%E3%81%BE%E3%81%97%E6%99%82%E8%A8%88%20%E3%83%AA%E3%83%93%E3%83%B3%E3%82%B0%E3%83%AB%E3%83%BC%E3%83%A0%E3%81%AE%E5%A3%81%E3%81%AE%E8%A3%85%E9%A3%BE HTTP/1.1" 200 29823 "-" "Mozilla/5.0 (Linux; Android 6.0.1; Nexus 5X Build/MMB29P) AppleWebKit/537.36 (KHTML, like Gecko) Chrome/137.0.7151.103 Mobile Safari/537.36 (compatible; Googlebot/2.1; +http://www.google.com/bot.html)"
63.250.38.117 - - [17/Jul/2025:08:32:37 -0400] "POST /wp-cron.php?doing_wp_cron=1752755556.9975919723510742187500 HTTP/1.1" 403 1242 "-" "WordPress/6.8.1; https://fnf.group"
217.113.194.24 - - [17/Jul/2025:08:32:33 -0400] "GET /2025/07/09/apostas-desportivas-site-de-apostas-vave-online-bonus/ HTTP/1.1" 200 26920 "-" "Mozilla/5.0 (compatible; Barkrowler/0.9; +https://babbar.tech/crawler)"
66.249.68.135 - - [17/Jul/2025:08:32:45 -0400] "GET /?n=9126919593801&channel=d9b03b&from=news.php%3Fid%3D195938-3825%26name%3D2PC+%E3%83%95%E3%83%AD%E3%83%B3%E3%83%88%E3%83%AA%E3%82%A2%E3%82%B7%E3%83%A7%E3%83%83%E3%82%AF%E3%82%A2%E3%83%96%E3%82%BD%E3%83%BC%E3%83%90%E3%83%BC+500+188+ATV+X5+OEM+%E9%83%A8%E5%93%81+9010-050600+9010-060600 HTTP/1.1" 301 0 "-" "Mozilla/5.0 (Linux; Android 6.0.1; Nexus 5X Build/MMB29P) AppleWebKit/537.36 (KHTML, like Gecko) Chrome/137.0.7151.103 Mobile Safari/537.36 (compatible; Googlebot/2.1; +http://www.google.com/bot.html)"
66.249.79.3 - - [17/Jul/2025:08:32:48 -0400] "GET /?n=9126919593801&channel=d9b03b&from=news.php%3Fid%3D195938-3825%26name%3D2PC%20%E3%83%95%E3%83%AD%E3%83%B3%E3%83%88%E3%83%AA%E3%82%A2%E3%82%B7%E3%83%A7%E3%83%83%E3%82%AF%E3%82%A2%E3%83%96%E3%82%BD%E3%83%BC%E3%83%90%E3%83%BC%20500%20188%20ATV%20X5%20OEM%20%E9%83%A8%E5%93%81%209010-050600%209010-060600 HTTP/1.1" 200 29827 "-" "Mozilla/5.0 (Linux; Android 6.0.1; Nexus 5X Build/MMB29P) AppleWebKit/537.36 (KHTML, like Gecko) Chrome/137.0.7151.103 Mobile Safari/537.36 (compatible; Googlebot/2.1; +http://www.google.com/bot.html)"
217.113.194.243 - - [17/Jul/2025:08:32:54 -0400] "GET /2025/07/09/plinko-game-regras-tipos-electronic-opcoes-de-game-online/ HTTP/1.1" 200 28727 "-" "Mozilla/5.0 (compatible; Barkrowler/0.9; +https://babbar.tech/crawler)"
66.249.68.131 - - [17/Jul/2025:08:33:15 -0400] "GET /?n=3103945392200&channel=7132a2&from=jp.php%3Fid%3D453922-2533%26name%3D%E3%81%95%E3%81%BE%E3%81%96%E3%81%BE%E3%81%AA%E8%89%B2%E3%81%A8%E3%82%B9%E3%82%BF%E3%82%A4%E3%83%AB%E3%81%AE%E3%83%90%E3%83%BC%E3%82%B9%E3%83%84%E3%83%BC%E3%83%AB%E3%80%81%E3%83%8F%E3%82%A4%E3%82%B9%E3%83%84%E3%83%BC%E3%83%AB%E3%80%81%E3%83%90%E3%83%BC%E3%82%B9%E3%83%84%E3%83%BC%E3%83%AB%E3%80%81%E3%83%9B%E3%83%BC%E3%83%A0%E3%83%A2%E3%83%80%E3%83%B3%E3%83%90%E3%83%BC%E3%83%81%E3%82%A7%E3%82%A2%E3%80%81%E3%83%8F%E3%82%A4%E3%83%81%E3%82%A7%E3%82%A2%E3%80%81%E3%83%90%E3%83%BC%E3%82%B9%E3%83%84%E3%83%BC%E3%83%AB%E3%80%81%E3%83%8F%E3%82%A4%E3%82%B9%E3%83%84%E3%83%BC%E3%83%AB+C HTTP/1.1" 301 0 "-" "Mozilla/5.0 (Linux; Android 6.0.1; Nexus 5X Build/MMB29P) AppleWebKit/537.36 (KHTML, like Gecko) Chrome/137.0.7151.103 Mobile Safari/537.36 (compatible; Googlebot/2.1; +http://www.google.com/bot.html)"
154.54.249.195 - - [17/Jul/2025:08:33:15 -0400] "GET /2025/07/09/zaklady-sportowe-my-partner-and-i-kasyno-w-polsce/ HTTP/1.1" 200 27987 "-" "Mozilla/5.0 (compatible; Barkrowler/0.9; +https://babbar.tech/crawler)"
66.249.79.5 - - [17/Jul/2025:08:33:16 -0400] "GET /?n=3103945392200&channel=7132a2&from=jp.php%3Fid%3D453922-2533%26name%3D%E3%81%95%E3%81%BE%E3%81%96%E3%81%BE%E3%81%AA%E8%89%B2%E3%81%A8%E3%82%B9%E3%82%BF%E3%82%A4%E3%83%AB%E3%81%AE%E3%83%90%E3%83%BC%E3%82%B9%E3%83%84%E3%83%BC%E3%83%AB%E3%80%81%E3%83%8F%E3%82%A4%E3%82%B9%E3%83%84%E3%83%BC%E3%83%AB%E3%80%81%E3%83%90%E3%83%BC%E3%82%B9%E3%83%84%E3%83%BC%E3%83%AB%E3%80%81%E3%83%9B%E3%83%BC%E3%83%A0%E3%83%A2%E3%83%80%E3%83%B3%E3%83%90%E3%83%BC%E3%83%81%E3%82%A7%E3%82%A2%E3%80%81%E3%83%8F%E3%82%A4%E3%83%81%E3%82%A7%E3%82%A2%E3%80%81%E3%83%90%E3%83%BC%E3%82%B9%E3%83%84%E3%83%BC%E3%83%AB%E3%80%81%E3%83%8F%E3%82%A4%E3%82%B9%E3%83%84%E3%83%BC%E3%83%AB%20C HTTP/1.1" 200 29825 "-" "Mozilla/5.0 (Linux; Android 6.0.1; Nexus 5X Build/MMB29P) AppleWebKit/537.36 (KHTML, like Gecko) Chrome/137.0.7151.103 Mobile Safari/537.36 (compatible; Googlebot/2.1; +http://www.google.com/bot.html)"
114.119.155.200 - - [17/Jul/2025:08:33:24 -0400] "GET /2025/06/24/mostbet-official-website-in-bangladesh-bonus-upward-to-81000-bdt/ HTTP/1.1" 200 29757 "https://fnf.group/2025/06/page/24/" "Mozilla/5.0 (Linux; Android 7.0;) AppleWebKit/537.36 (KHTML, like Gecko) Mobile Safari/537.36 (compatible; PetalBot;+https://webmaster.petalsearch.com/site/petalbot)"
63.250.38.117 - - [17/Jul/2025:08:33:37 -0400] "POST /wp-cron.php?doing_wp_cron=1752755617.0780119895935058593750 HTTP/1.1" 403 1242 "-" "WordPress/6.8.1; https://fnf.group"
217.113.194.29 - - [17/Jul/2025:08:33:34 -0400] "GET /2025/07/09/online-gambling-establishment-nz-reviews-for-kiwi-players-summer-2025/ HTTP/1.1" 200 29253 "-" "Mozilla/5.0 (compatible; Barkrowler/0.9; +https://babbar.tech/crawler)"
217.113.194.29 - - [17/Jul/2025:08:33:54 -0400] "GET /2025/06/23/grandes-ganancias-y-bonos-para-pin-way-up-aviator/ HTTP/1.1" 200 26347 "-" "Mozilla/5.0 (compatible; Barkrowler/0.9; +https://babbar.tech/crawler)"
66.249.79.3 - - [17/Jul/2025:08:34:08 -0400] "GET /?n=1076750388804&channel=047d50&from=shop.php%3Fid%3D503888-1942%26name%3DSONY+%E3%83%8F%E3%83%B3%E3%83%87%E3%82%A3%E3%82%AB%E3%83%A0+HDR-XR500V+%E3%83%93%E3%83%87%E3%82%AA%E3%82%AB%E3%83%A1%E3%83%A9 HTTP/1.1" 301 0 "-" "Mozilla/5.0 (Linux; Android 6.0.1; Nexus 5X Build/MMB29P) AppleWebKit/537.36 (KHTML, like Gecko) Chrome/137.0.7151.103 Mobile Safari/537.36 (compatible; Googlebot/2.1; +http://www.google.com/bot.html)"
66.249.79.3 - - [17/Jul/2025:08:34:11 -0400] "GET /?n=1076750388804&channel=047d50&from=shop.php%3Fid%3D503888-1942%26name%3DSONY%20%E3%83%8F%E3%83%B3%E3%83%87%E3%82%A3%E3%82%AB%E3%83%A0%20HDR-XR500V%20%E3%83%93%E3%83%87%E3%82%AA%E3%82%AB%E3%83%A1%E3%83%A9 HTTP/1.1" 200 29834 "-" "Mozilla/5.0 (Linux; Android 6.0.1; Nexus 5X Build/MMB29P) AppleWebKit/537.36 (KHTML, like Gecko) Chrome/137.0.7151.103 Mobile Safari/537.36 (compatible; Googlebot/2.1; +http://www.google.com/bot.html)"
217.113.194.31 - - [17/Jul/2025:08:34:18 -0400] "GET /2025/06/23/turkce-casino-oyunlari-siteleri-ve-ozellikleri/ HTTP/1.1" 200 19231 "-" "Mozilla/5.0 (compatible; Barkrowler/0.9; +https://babbar.tech/crawler)"
40.77.167.32 - - [17/Jul/2025:08:34:24 -0400] "GET /?n=2710773620&channel=bfd95f&from=category-info.php%3Fid%3D7362-373%26name%3D%E8%BB%8A%E3%81%AE%E7%87%83%E6%96%99%E3%82%A4%E3%83%B3%E3%82%B8%E3%82%A7%E3%82%AF%E3%82%BF%E3%83%BC+4+%E5%80%8B++23250-28030+23209-29025+%E7%87%83%E6%96%99%E5%99%B4%E5%B0%84%E3%83%8E%E3%82%BA%E3%83%AB+%E3%82%A2%E3%83%99%E3%83%B3%E3%82%B7%E3%82%B9+%E7%94%A8+Rav4+%E3%82%AA%E3%83%91+00%EF%BC%888%E5%80%8B%E3%81%AE%E7%87%83%E6%96%99%E3%82%A4%E3%83%B3%E3%82%B8%E3%82%A7%E3%82%AF%E3%82%BF%E3%83%BC%E3%83%8E%E3%82%BA%E3%83%AB%E3%80%81%E3%83%88%E3%83%A8%E3%82%BF%E3%82%A2%E3%83%99%E3%83%B3%E3%82%B7%E3%82%B9%E3%81%A8%E4%BA%92%E6%8F%9B%E6%80%A7%E3%81%82%E3%82%8A%E3%80%81RAV4+Opa+00-03+2.0L+1AZFSE+23250-28%EF%BC%88%E8%92%B8%E6%B0%97%E3%82%AD%E3%83%A3%E3%83%8B%E3%82%B9%E3%82%BF%E3%83%BC%E3%83%91%E3%83%BC%E3%82%B8%E3%82%BD%E3%83%AC%E3%83%8E%E3%82%A4%E3%83%89%E3%83%90%E3%83%AB%E3%83%96Z504-18-741A++K5T48376+K005T48376+16102-AA260+16102-AA300+911-647+K5T4848486+K5T48290++K5T48279%EF%BC%89%EF%BC%89 HTTP/1.1" 500 1034 "-" "Mozilla/5.0 AppleWebKit/537.36 (KHTML, like Gecko; compatible; bingbot/2.0; +http://www.bing.com/bingbot.htm) Chrome/116.0.1938.76 Safari/537.36"
63.250.38.117 - - [17/Jul/2025:08:34:37 -0400] "POST /wp-cron.php?doing_wp_cron=1752755677.3111379146575927734375 HTTP/1.1" 403 1242 "-" "WordPress/6.8.1; https://fnf.group"
217.113.194.243 - - [17/Jul/2025:08:34:36 -0400] "GET /2025/06/29/kainourgia-online-casino-2025-new-casinos-in-greece/feed/ HTTP/1.1" 200 572 "-" "Mozilla/5.0 (compatible; Barkrowler/0.9; +https://babbar.tech/crawler)"
66.249.68.129 - - [17/Jul/2025:08:34:41 -0400] "GET /?n=57510196102401&channel=2417a9&from=jp.php%3Fid%3D1961024-18575%26name%3D%E3%82%A8%E3%83%AC%E3%82%AC%E3%83%B3%E3%83%88%E3%81%AA%E3%82%B9%E3%83%97%E3%83%BC%E3%83%B3%E3%83%95%E3%82%A9%E3%83%BC%E3%82%AF%E3%83%9B%E3%83%AB%E3%83%80%E3%83%BC%E3%83%9D%E3%83%AA%E3%83%83%E3%82%B7%E3%83%A5%E3%82%B9%E3%83%86%E3%83%B3%E3%83%AC%E3%82%B9%E9%8B%BC%E3%82%AB%E3%83%88%E3%83%A9%E3%83%AA%E3%83%BC%E7%AE%B8%E3%81%8A%E6%89%8B%E5%85%A5%E3%82%8C%E7%B0%A1%E5%8D%98%E5%AE%B6%E5%BA%AD%E7%94%A8%E3%83%A9%E3%83%83%E3%82%AF+%E9%BB%92 HTTP/1.1" 301 0 "-" "Mozilla/5.0 (Linux; Android 6.0.1; Nexus 5X Build/MMB29P) AppleWebKit/537.36 (KHTML, like Gecko) Chrome/137.0.7151.103 Mobile Safari/537.36 (compatible; Googlebot/2.1; +http://www.google.com/bot.html)"
66.249.79.3 - - [17/Jul/2025:08:34:43 -0400] "GET /?n=57510196102401&channel=2417a9&from=jp.php%3Fid%3D1961024-18575%26name%3D%E3%82%A8%E3%83%AC%E3%82%AC%E3%83%B3%E3%83%88%E3%81%AA%E3%82%B9%E3%83%97%E3%83%BC%E3%83%B3%E3%83%95%E3%82%A9%E3%83%BC%E3%82%AF%E3%83%9B%E3%83%AB%E3%83%80%E3%83%BC%E3%83%9D%E3%83%AA%E3%83%83%E3%82%B7%E3%83%A5%E3%82%B9%E3%83%86%E3%83%B3%E3%83%AC%E3%82%B9%E9%8B%BC%E3%82%AB%E3%83%88%E3%83%A9%E3%83%AA%E3%83%BC%E7%AE%B8%E3%81%8A%E6%89%8B%E5%85%A5%E3%82%8C%E7%B0%A1%E5%8D%98%E5%AE%B6%E5%BA%AD%E7%94%A8%E3%83%A9%E3%83%83%E3%82%AF%20%E9%BB%92 HTTP/1.1" 200 29825 "-" "Mozilla/5.0 (Linux; Android 6.0.1; Nexus 5X Build/MMB29P) AppleWebKit/537.36 (KHTML, like Gecko) Chrome/137.0.7151.103 Mobile Safari/537.36 (compatible; Googlebot/2.1; +http://www.google.com/bot.html)"
66.249.79.4 - - [17/Jul/2025:08:34:45 -0400] "GET /?n=20155163748303&channel=637512&from=form.php%3Fid%3D1637483-18526%26name%3D%E5%A5%B3%E5%AD%90%E9%AB%98%E7%94%9F+%E5%88%B6%E6%9C%8D+%E3%82%B3%E3%82%B9%E3%83%97%E3%83%AC+%E3%82%BB%E3%82%AF%E3%82%B7%E3%83%BC+%E3%82%B3%E3%82%B9%E3%83%81%E3%83%A5%E3%83%BC%E3%83%A0+5%E7%82%B9%E3%82%BB%E3%83%83%E3%83%88+%E5%8D%8A%E8%A2%96+%E3%82%B7%E3%83%95%E3%82%A9%E3%83%B3+%E9%80%8F%E3%81%91+%E3%82%B7%E3%83%BC%E3%82%B9%E3%83%AB%E3%83%BC+jk+%E3%82%B3%E3%82%B9+%E3%82%BB%E3%83%BC%E3%83%A9%E3%83%BC%E6%9C%8D+%E5%A5%B3%E5%AD%90%E6%A0%A1%E7%94%9F+%E3%83%9F%E3%83%8B%E3%82%B9%E3%82%AB+%E3%83%AA%E3%83%9C%E3%83%B3+%E3%83%81%E3%82%A7%E3%83%83%E3%82%AF%E6%9F%84+%E3%82%B3%E3%82%B9%E3%83%97%E3%83%AC%E8%A1%A3%E8%A3%85%E5%A4%A7%E4%BA%BA%E3%83%AC%E3%83%87%E3%82%A3%E3%83%BC%E3%82%B9+%E3%83%8F%E3%83%AD%E3%82%A6%E3%82%A3%E3%83%B3%E4%BB%AE%E8%A3%85keji01 HTTP/1.1" 301 0 "-" "Mozilla/5.0 (Linux; Android 6.0.1; Nexus 5X Build/MMB29P) AppleWebKit/537.36 (KHTML, like Gecko) Chrome/137.0.7151.103 Mobile Safari/537.36 (compatible; Googlebot/2.1; +http://www.google.com/bot.html)"
66.249.79.4 - - [17/Jul/2025:08:34:46 -0400] "GET /?n=20155163748303&channel=637512&from=form.php%3Fid%3D1637483-18526%26name%3D%E5%A5%B3%E5%AD%90%E9%AB%98%E7%94%9F%20%E5%88%B6%E6%9C%8D%20%E3%82%B3%E3%82%B9%E3%83%97%E3%83%AC%20%E3%82%BB%E3%82%AF%E3%82%B7%E3%83%BC%20%E3%82%B3%E3%82%B9%E3%83%81%E3%83%A5%E3%83%BC%E3%83%A0%205%E7%82%B9%E3%82%BB%E3%83%83%E3%83%88%20%E5%8D%8A%E8%A2%96%20%E3%82%B7%E3%83%95%E3%82%A9%E3%83%B3%20%E9%80%8F%E3%81%91%20%E3%82%B7%E3%83%BC%E3%82%B9%E3%83%AB%E3%83%BC%20jk%20%E3%82%B3%E3%82%B9%20%E3%82%BB%E3%83%BC%E3%83%A9%E3%83%BC%E6%9C%8D%20%E5%A5%B3%E5%AD%90%E6%A0%A1%E7%94%9F%20%E3%83%9F%E3%83%8B%E3%82%B9%E3%82%AB%20%E3%83%AA%E3%83%9C%E3%83%B3%20%E3%83%81%E3%82%A7%E3%83%83%E3%82%AF%E6%9F%84%20%E3%82%B3%E3%82%B9%E3%83%97%E3%83%AC%E8%A1%A3%E8%A3%85%E5%A4%A7%E4%BA%BA%E3%83%AC%E3%83%87%E3%82%A3%E3%83%BC%E3%82%B9%20%E3%83%8F%E3%83%AD%E3%82%A6%E3%82%A3%E3%83%B3%E4%BB%AE%E8%A3%85keji01 HTTP/1.1" 200 29833 "-" "Mozilla/5.0 (Linux; Android 6.0.1; Nexus 5X Build/MMB29P) AppleWebKit/537.36 (KHTML, like Gecko) Chrome/137.0.7151.103 Mobile Safari/537.36 (compatible; Googlebot/2.1; +http://www.google.com/bot.html)"
114.119.148.60 - - [17/Jul/2025:08:34:47 -0400] "GET /2025/06/23/turkce-casino-oyunlari-siteleri-ve-ozellikleri/ HTTP/1.1" 200 19231 "https://fnf.group/2025/06/page/25/" "Mozilla/5.0 (Linux; Android 7.0;) AppleWebKit/537.36 (KHTML, like Gecko) Mobile Safari/537.36 (compatible; PetalBot;+https://webmaster.petalsearch.com/site/petalbot)"
217.113.194.30 - - [17/Jul/2025:08:34:54 -0400] "GET /2020/08/04/naan-pakora-by-summaiya-kashif-ghaziani/ HTTP/1.1" 200 18079 "-" "Mozilla/5.0 (compatible; Barkrowler/0.9; +https://babbar.tech/crawler)"
66.249.68.129 - - [17/Jul/2025:08:34:56 -0400] "GET /?n=1217162204300&channel=0aa3df&from=form.php%3Fid%3D622043-395%26name%3D%5B%E3%83%8B%E3%83%A5%E3%83%BC%E3%83%90%E3%83%A9%E3%83%B3%E3%82%B9%5D+%E3%82%B9%E3%83%8B%E3%83%BC%E3%82%AB%E3%83%BC+ML725+CM%28White%2FGreen%29+23.5+cm+D+%5BCM%28WHITE%2FGREEN%29%5D+%5BFree+Size%5D HTTP/1.1" 301 0 "-" "Mozilla/5.0 (Linux; Android 6.0.1; Nexus 5X Build/MMB29P) AppleWebKit/537.36 (KHTML, like Gecko) Chrome/137.0.7151.103 Mobile Safari/537.36 (compatible; Googlebot/2.1; +http://www.google.com/bot.html)"
66.249.79.3 - - [17/Jul/2025:08:35:01 -0400] "GET /?n=1217162204300&channel=0aa3df&from=form.php%3Fid%3D622043-395%26name%3D%5B%E3%83%8B%E3%83%A5%E3%83%BC%E3%83%90%E3%83%A9%E3%83%B3%E3%82%B9%5D%20%E3%82%B9%E3%83%8B%E3%83%BC%E3%82%AB%E3%83%BC%20ML725%20CM%28White%2FGreen%29%2023.5%20cm%20D%20%5BCM%28WHITE%2FGREEN%29%5D%20%5BFree%20Size%5D HTTP/1.1" 200 29831 "-" "Mozilla/5.0 (Linux; Android 6.0.1; Nexus 5X Build/MMB29P) AppleWebKit/537.36 (KHTML, like Gecko) Chrome/137.0.7151.103 Mobile Safari/537.36 (compatible; Googlebot/2.1; +http://www.google.com/bot.html)"
217.113.194.22 - - [17/Jul/2025:08:35:14 -0400] "GET /2020/09/26/vanilla-icecream-fruit-custard-by-ambreen-khalid/ HTTP/1.1" 200 18444 "-" "Mozilla/5.0 (compatible; Barkrowler/0.9; +https://babbar.tech/crawler)"
63.250.38.117 - - [17/Jul/2025:08:35:37 -0400] "POST /wp-cron.php?doing_wp_cron=1752755737.6078820228576660156250 HTTP/1.1" 403 1242 "-" "WordPress/6.8.1; https://fnf.group"
63.250.38.117 - - [17/Jul/2025:08:35:39 -0400] "POST /wp-cron.php?doing_wp_cron=1752755739.0044279098510742187500 HTTP/1.1" 403 1242 "-" "WordPress/6.8.1; https://fnf.group"
66.249.68.130 - - [17/Jul/2025:08:35:35 -0400] "GET /?n=9270655216102&channel=62233b&from=jp.php%3Fid%3D552161-8954%26name%3D%E3%82%B5%E3%82%A4%E3%83%89%E3%83%91%E3%83%8D%E3%83%AB%E3%83%95%E3%82%A7%E3%82%A2%E3%83%AA%E3%83%B3%E3%82%B0+%E3%83%89%E3%82%A5%E3%82%AB%E3%83%86%E3%82%A3+%E3%83%91%E3%83%8B%E3%82%AC%E3%83%BC%E3%83%AC+V4+V4S+V4R+2018-2023+%E3%83%95%E3%83%AC%E3%83%BC%E3%83%A0%E3%82%AB%E3%83%90%E3%83%BC+%E7%87%83%E6%96%99%E3%82%BF%E3%83%B3%E3%82%AF+%E3%82%B5%E3%82%A4%E3%83%89%E3%83%91%E3%83%8D%E3%83%AB HTTP/1.1" 301 0 "-" "Mozilla/5.0 (Linux; Android 6.0.1; Nexus 5X Build/MMB29P) AppleWebKit/537.36 (KHTML, like Gecko) Chrome/137.0.7151.103 Mobile Safari/537.36 (compatible; Googlebot/2.1; +http://www.google.com/bot.html)"
217.113.194.24 - - [17/Jul/2025:08:35:34 -0400] "GET /2020/09/04/beef-nalli-nihari-by-madiha-abdul-samad/ HTTP/1.1" 200 18311 "-" "Mozilla/5.0 (compatible; Barkrowler/0.9; +https://babbar.tech/crawler)"
66.249.79.4 - - [17/Jul/2025:08:35:39 -0400] "GET /?n=9270655216102&channel=62233b&from=jp.php%3Fid%3D552161-8954%26name%3D%E3%82%B5%E3%82%A4%E3%83%89%E3%83%91%E3%83%8D%E3%83%AB%E3%83%95%E3%82%A7%E3%82%A2%E3%83%AA%E3%83%B3%E3%82%B0%20%E3%83%89%E3%82%A5%E3%82%AB%E3%83%86%E3%82%A3%20%E3%83%91%E3%83%8B%E3%82%AC%E3%83%BC%E3%83%AC%20V4%20V4S%20V4R%202018-2023%20%E3%83%95%E3%83%AC%E3%83%BC%E3%83%A0%E3%82%AB%E3%83%90%E3%83%BC%20%E7%87%83%E6%96%99%E3%82%BF%E3%83%B3%E3%82%AF%20%E3%82%B5%E3%82%A4%E3%83%89%E3%83%91%E3%83%8D%E3%83%AB HTTP/1.1" 200 29832 "-" "Mozilla/5.0 (Linux; Android 6.0.1; Nexus 5X Build/MMB29P) AppleWebKit/537.36 (KHTML, like Gecko) Chrome/137.0.7151.103 Mobile Safari/537.36 (compatible; Googlebot/2.1; +http://www.google.com/bot.html)"
217.113.194.29 - - [17/Jul/2025:08:35:56 -0400] "GET /2020/09/04/matka-kunna-paya-by-madiha-abdul-samad/ HTTP/1.1" 200 18396 "-" "Mozilla/5.0 (compatible; Barkrowler/0.9; +https://babbar.tech/crawler)"
66.249.79.5 - - [17/Jul/2025:08:36:17 -0400] "GET /?n=39196110900602&channel=5d23be&from=category-info.php%3Fid%3D1109006-17043%26name%3D%5BIcAsse%5D%20%E3%83%9D%E3%83%A0%E3%83%9D%E3%83%A0%E3%83%97%E3%83%AA%E3%83%B3%20%E3%82%B8%E3%83%A5%E3%83%8B%E3%82%A2%20%E3%82%B8%E3%83%A3%E3%83%BC%E3%82%B8%20%E5%AD%90%E4%BE%9B%20%E3%83%88%E3%83%AC%E3%83%BC%E3%83%8B%E3%83%B3%E3%82%B0%E3%82%B8%E3%83%A3%E3%83%BC%E3%82%B8%20%E3%83%95%E3%83%BC%E3%83%89%E4%BB%98%E3%81%8D%20%E9%95%B7%E3%82%BA%E3%83%9C%E3%83%B3%20%E3%83%97%E3%83%AB%E3%82%AA%E3%83%BC%E3%83%90%E3%83%BC%202%E7%82%B9%E3%82%BB%E3%83%83%E3%83%88%20%E3%83%95 HTTP/1.1" 200 29833 "-" "Mozilla/5.0 (Linux; Android 6.0.1; Nexus 5X Build/MMB29P) AppleWebKit/537.36 (KHTML, like Gecko) Chrome/137.0.7151.103 Mobile Safari/537.36 (compatible; Googlebot/2.1; +http://www.google.com/bot.html)"
114.119.137.28 - - [17/Jul/2025:08:36:18 -0400] "GET /2025/07/05/plinko-ontdek-het-populaire-spel-within-belgie/ HTTP/1.1" 200 28932 "https://fnf.group/2025/07/05/everything-you-need-to-understand-about-casino-free-rotates/" "Mozilla/5.0 (Linux; Android 7.0;) AppleWebKit/537.36 (KHTML, like Gecko) Mobile Safari/537.36 (compatible; PetalBot;+https://webmaster.petalsearch.com/site/petalbot)"
217.113.194.26 - - [17/Jul/2025:08:36:36 -0400] "GET /2025/06/25/gg-bet-zaklady-na-sport-i-esport-kasyno-gry/ HTTP/1.1" 200 27775 "-" "Mozilla/5.0 (compatible; Barkrowler/0.9; +https://babbar.tech/crawler)"
63.250.38.117 - - [17/Jul/2025:08:36:56 -0400] "POST /wp-cron.php?doing_wp_cron=1752755816.4193849563598632812500 HTTP/1.1" 403 1242 "-" "WordPress/6.8.1; https://fnf.group"
66.249.68.129 - - [17/Jul/2025:08:36:53 -0400] "GET /?n=75499159763100&channel=ca4c66&from=product.php%3Fid%3D1597631-28650%26name%3DUSB+%E3%82%B3%E3%83%8D%E3%82%AF%E3%82%BF%E3%82%AB%E3%83%90%E3%83%BC+%E3%82%BF%E3%82%A4%E3%83%97C+%E3%83%A1%E3%82%B9%E7%94%A8+20%E5%80%8B+%E3%82%B7%E3%83%AA%E3%82%B3%E3%83%B3%E8%A3%BD+%E5%8D%8A%E9%80%8F%E6%98%8E HTTP/1.1" 301 0 "-" "Mozilla/5.0 (Linux; Android 6.0.1; Nexus 5X Build/MMB29P) AppleWebKit/537.36 (KHTML, like Gecko) Chrome/137.0.7151.103 Mobile Safari/537.36 (compatible; Googlebot/2.1; +http://www.google.com/bot.html)"
63.250.38.117 - - [17/Jul/2025:08:37:00 -0400] "POST /wp-cron.php?doing_wp_cron=1752755820.5913310050964355468750 HTTP/1.1" 403 1242 "-" "WordPress/6.8.1; https://fnf.group"
217.113.194.28 - - [17/Jul/2025:08:36:56 -0400] "GET /2025/06/24/kumar-oynamak-icin-en-kaliteli-yerdir/ HTTP/1.1" 200 25415 "-" "Mozilla/5.0 (compatible; Barkrowler/0.9; +https://babbar.tech/crawler)"
66.249.79.2 - - [17/Jul/2025:08:36:57 -0400] "GET /?n=75499159763100&channel=ca4c66&from=product.php%3Fid%3D1597631-28650%26name%3DUSB%20%E3%82%B3%E3%83%8D%E3%82%AF%E3%82%BF%E3%82%AB%E3%83%90%E3%83%BC%20%E3%82%BF%E3%82%A4%E3%83%97C%20%E3%83%A1%E3%82%B9%E7%94%A8%2020%E5%80%8B%20%E3%82%B7%E3%83%AA%E3%82%B3%E3%83%B3%E8%A3%BD%20%E5%8D%8A%E9%80%8F%E6%98%8E HTTP/1.1" 200 29828 "-" "Mozilla/5.0 (Linux; Android 6.0.1; Nexus 5X Build/MMB29P) AppleWebKit/537.36 (KHTML, like Gecko) Chrome/137.0.7151.103 Mobile Safari/537.36 (compatible; Googlebot/2.1; +http://www.google.com/bot.html)"
66.249.68.131 - - [17/Jul/2025:08:37:08 -0400] "GET /?n=8800157856800&channel=255a90&from=news.php%3Fid%3D578568-8669%26name%3D%E3%82%AA%E3%83%BC%E3%83%88%E3%83%90%E3%82%A4%E3%81%AE%E3%82%B7%E3%83%A7%E3%83%83%E3%82%AF%E3%82%A2%E3%83%96%E3%82%BD%E3%83%BC%E3%83%90%E3%83%BC+250%2F270%2F290%2F320mm+%E3%82%AB%E3%83%AF%E3%82%B5%E3%82%AD%E3%83%90%E3%82%A4%E3%82%AF%E7%94%A8%E3%83%80%E3%83%B3%E3%83%94%E3%83%B3%E3%82%B0%E8%AA%BF%E6%95%B4%E3%83%AA%E3%82%A2%E3%82%B7%E3%83%A7%E3%83%83%E3%82%AF+%E3%83%9B%E3%83%B3%E3%83%80%E3%82%B9%E3%82%AF%E3%83%BC%E3%82%BF%E3%83%BCR HTTP/1.1" 301 0 "-" "Mozilla/5.0 (Linux; Android 6.0.1; Nexus 5X Build/MMB29P) AppleWebKit/537.36 (KHTML, like Gecko) Chrome/137.0.7151.103 Mobile Safari/537.36 (compatible; Googlebot/2.1; +http://www.google.com/bot.html)"
66.249.79.2 - - [17/Jul/2025:08:37:09 -0400] "GET /?n=8800157856800&channel=255a90&from=news.php%3Fid%3D578568-8669%26name%3D%E3%82%AA%E3%83%BC%E3%83%88%E3%83%90%E3%82%A4%E3%81%AE%E3%82%B7%E3%83%A7%E3%83%83%E3%82%AF%E3%82%A2%E3%83%96%E3%82%BD%E3%83%BC%E3%83%90%E3%83%BC%20250%2F270%2F290%2F320mm%20%E3%82%AB%E3%83%AF%E3%82%B5%E3%82%AD%E3%83%90%E3%82%A4%E3%82%AF%E7%94%A8%E3%83%80%E3%83%B3%E3%83%94%E3%83%B3%E3%82%B0%E8%AA%BF%E6%95%B4%E3%83%AA%E3%82%A2%E3%82%B7%E3%83%A7%E3%83%83%E3%82%AF%20%E3%83%9B%E3%83%B3%E3%83%80%E3%82%B9%E3%82%AF%E3%83%BC%E3%82%BF%E3%83%BCR HTTP/1.1" 200 29824 "-" "Mozilla/5.0 (Linux; Android 6.0.1; Nexus 5X Build/MMB29P) AppleWebKit/537.36 (KHTML, like Gecko) Chrome/137.0.7151.103 Mobile Safari/537.36 (compatible; Googlebot/2.1; +http://www.google.com/bot.html)"
217.113.194.29 - - [17/Jul/2025:08:37:20 -0400] "GET /2025/06/24/crazy-time-results-stats-historical-past-watch-live-2/ HTTP/1.1" 200 27709 "-" "Mozilla/5.0 (compatible; Barkrowler/0.9; +https://babbar.tech/crawler)"
66.249.68.129 - - [17/Jul/2025:08:37:23 -0400] "GET /?n=12285188283902&channel=973b8f&from=shop.php%3Fid%3D1882839-19902%26name%3D%E3%83%88%E3%83%AD%E3%83%9F%E3%82%92%E5%BC%95%E3%81%8D%E5%87%BA%E3%81%99%E3%82%B0%E3%83%AA%E3%82%BB%E3%83%AA%E3%83%B3%E7%B3%BB%E6%B0%B4%E6%BA%B6%E6%80%A7%E3%83%9E%E3%83%83%E3%82%B5%E3%83%BC%E3%82%B8%E3%82%AA%E3%82%A4%E3%83%AB%E3%81%AE%E6%B7%BB%E5%8A%A0%E5%89%A4%EF%BC%81%E3%80%80%E3%83%AD%E3%83%BC%E3%82%A4%E3%83%AB%E3%83%88%E3%83%AD%E3%83%88%E3%83%AD%E6%B7%BB%E5%8A%A0%E5%89%A4%E3%80%8012ml%E3%80%8020%E6%9C%AC%E3%80%80%E3%82%B0%E3%83%AA%E3%82%BB%E3%83%AA%E3%83%B3%E7%B3%BB HTTP/1.1" 301 0 "-" "Mozilla/5.0 (Linux; Android 6.0.1; Nexus 5X Build/MMB29P) AppleWebKit/537.36 (KHTML, like Gecko) Chrome/137.0.7151.103 Mobile Safari/537.36 (compatible; Googlebot/2.1; +http://www.google.com/bot.html)"
66.249.79.2 - - [17/Jul/2025:08:37:24 -0400] "GET /?n=12285188283902&channel=973b8f&from=shop.php%3Fid%3D1882839-19902%26name%3D%E3%83%88%E3%83%AD%E3%83%9F%E3%82%92%E5%BC%95%E3%81%8D%E5%87%BA%E3%81%99%E3%82%B0%E3%83%AA%E3%82%BB%E3%83%AA%E3%83%B3%E7%B3%BB%E6%B0%B4%E6%BA%B6%E6%80%A7%E3%83%9E%E3%83%83%E3%82%B5%E3%83%BC%E3%82%B8%E3%82%AA%E3%82%A4%E3%83%AB%E3%81%AE%E6%B7%BB%E5%8A%A0%E5%89%A4%EF%BC%81%E3%80%80%E3%83%AD%E3%83%BC%E3%82%A4%E3%83%AB%E3%83%88%E3%83%AD%E3%83%88%E3%83%AD%E6%B7%BB%E5%8A%A0%E5%89%A4%E3%80%8012ml%E3%80%8020%E6%9C%AC%E3%80%80%E3%82%B0%E3%83%AA%E3%82%BB%E3%83%AA%E3%83%B3%E7%B3%BB HTTP/1.1" 200 29823 "-" "Mozilla/5.0 (Linux; Android 6.0.1; Nexus 5X Build/MMB29P) AppleWebKit/537.36 (KHTML, like Gecko) Chrome/137.0.7151.103 Mobile Safari/537.36 (compatible; Googlebot/2.1; +http://www.google.com/bot.html)"
114.119.154.189 - - [17/Jul/2025:08:37:35 -0400] "GET /2022/03/ HTTP/1.1" 200 13871 "https://fnf.group/plus_wpgallery/qabeela-e-muhabbat-at-qabail/" "Mozilla/5.0 (Linux; Android 7.0;) AppleWebKit/537.36 (KHTML, like Gecko) Mobile Safari/537.36 (compatible; PetalBot;+https://webmaster.petalsearch.com/site/petalbot)"
66.249.68.129 - - [17/Jul/2025:08:37:38 -0400] "GET /?n=194423299303&channel=29708d&from=shared.php%3Fid%3D32993-3253%26name%3D%E3%83%89%E3%83%A9%E3%82%B4%E3%83%B3%E3%82%B7%E3%83%BC%E3%83%AB%E3%83%89+%E3%83%9E%E3%83%83%E3%83%88%E3%83%9F%E3%83%8B+%E6%97%A5%E6%9C%AC%E3%83%96%E3%83%A9%E3%83%83%E3%82%AF+60%E6%9E%9A+%E3%82%AB%E3%83%BC%E3%83%89%E3%82%B9%E3%83%AA%E3%83%BC%E3%83%96+%E3%83%87%E3%82%A3%E3%82%B9%E3%83%97%E3%83%AC%E3%82%A4%E3%82%B1%E3%83%BC%E3%82%B9+10%E6%9E%9A HTTP/1.1" 301 0 "-" "Mozilla/5.0 (Linux; Android 6.0.1; Nexus 5X Build/MMB29P) AppleWebKit/537.36 (KHTML, like Gecko) Chrome/137.0.7151.103 Mobile Safari/537.36 (compatible; Googlebot/2.1; +http://www.google.com/bot.html)"
217.113.194.26 - - [17/Jul/2025:08:37:38 -0400] "GET /2025/06/24/skachat-pin-up-na-mobilnyi-legko-i-provorno/ HTTP/1.1" 200 29932 "-" "Mozilla/5.0 (compatible; Barkrowler/0.9; +https://babbar.tech/crawler)"
66.249.68.130 - - [17/Jul/2025:08:36:13 -0400] "GET /?n=39196110900602&channel=5d23be&from=category-info.php%3Fid%3D1109006-17043%26name%3D%5BIcAsse%5D+%E3%83%9D%E3%83%A0%E3%83%9D%E3%83%A0%E3%83%97%E3%83%AA%E3%83%B3+%E3%82%B8%E3%83%A5%E3%83%8B%E3%82%A2+%E3%82%B8%E3%83%A3%E3%83%BC%E3%82%B8+%E5%AD%90%E4%BE%9B+%E3%83%88%E3%83%AC%E3%83%BC%E3%83%8B%E3%83%B3%E3%82%B0%E3%82%B8%E3%83%A3%E3%83%BC%E3%82%B8+%E3%83%95%E3%83%BC%E3%83%89%E4%BB%98%E3%81%8D+%E9%95%B7%E3%82%BA%E3%83%9C%E3%83%B3+%E3%83%97%E3%83%AB%E3%82%AA%E3%83%BC%E3%83%90%E3%83%BC+2%E7%82%B9%E3%82%BB%E3%83%83%E3%83%88+%E3%83%95 HTTP/1.1" 301 0 "-" "Mozilla/5.0 (Linux; Android 6.0.1; Nexus 5X Build/MMB29P) AppleWebKit/537.36 (KHTML, like Gecko) Chrome/137.0.7151.103 Mobile Safari/537.36 (compatible; Googlebot/2.1; +http://www.google.com/bot.html)"
217.113.194.30 - - [17/Jul/2025:08:36:14 -0400] "GET /2025/06/25/juega-en-bbrbet-su-casino-online-de-confianza/feed/ HTTP/1.1" 200 540 "-" "Mozilla/5.0 (compatible; Barkrowler/0.9; +https://babbar.tech/crawler)"
66.249.79.2 - - [17/Jul/2025:08:37:39 -0400] "GET /?n=194423299303&channel=29708d&from=shared.php%3Fid%3D32993-3253%26name%3D%E3%83%89%E3%83%A9%E3%82%B4%E3%83%B3%E3%82%B7%E3%83%BC%E3%83%AB%E3%83%89%20%E3%83%9E%E3%83%83%E3%83%88%E3%83%9F%E3%83%8B%20%E6%97%A5%E6%9C%AC%E3%83%96%E3%83%A9%E3%83%83%E3%82%AF%2060%E6%9E%9A%20%E3%82%AB%E3%83%BC%E3%83%89%E3%82%B9%E3%83%AA%E3%83%BC%E3%83%96%20%E3%83%87%E3%82%A3%E3%82%B9%E3%83%97%E3%83%AC%E3%82%A4%E3%82%B1%E3%83%BC%E3%82%B9%2010%E6%9E%9A HTTP/1.1" 200 29824 "-" "Mozilla/5.0 (Linux; Android 6.0.1; Nexus 5X Build/MMB29P) AppleWebKit/537.36 (KHTML, like Gecko) Chrome/137.0.7151.103 Mobile Safari/537.36 (compatible; Googlebot/2.1; +http://www.google.com/bot.html)"
66.249.68.129 - - [17/Jul/2025:08:37:53 -0400] "GET /?n=9977249550902&channel=84b08e&from=news.php%3Fid%3D495509-7855%26name%3D%E8%BB%8A%E7%94%A8%E3%82%A4%E3%82%B0%E3%83%8B%E3%83%83%E3%82%B7%E3%83%A7%E3%83%B3%E3%82%B3%E3%82%A4%E3%83%AB+%E3%81%AB%E9%81%A9%E5%90%88%E3%81%99%E3%82%8B+%E3%83%97%E3%82%B8%E3%83%A7%E3%83%BC+307+Sw+2002-2016+%E8%BB%8A%E7%94%A8%E3%82%A4%E3%82%B0%E3%83%8B%E3%83%83%E3%82%B7%E3%83%A7%E3%83%B3%E3%82%B3%E3%82%A4%E3%83%AB+%E3%82%B9%E3%83%88%E3%83%AC%E3%83%BC%E3%83%88%E3%82%A4%E3%82%B0%E3%83%8B%E3%83%83%E3%82%B7%E3%83%A7%E3%83%B3 HTTP/1.1" 301 0 "-" "Mozilla/5.0 (Linux; Android 6.0.1; Nexus 5X Build/MMB29P) AppleWebKit/537.36 (KHTML, like Gecko) Chrome/137.0.7151.103 Mobile Safari/537.36 (compatible; Googlebot/2.1; +http://www.google.com/bot.html)"
66.249.79.2 - - [17/Jul/2025:08:37:55 -0400] "GET /?n=9977249550902&channel=84b08e&from=news.php%3Fid%3D495509-7855%26name%3D%E8%BB%8A%E7%94%A8%E3%82%A4%E3%82%B0%E3%83%8B%E3%83%83%E3%82%B7%E3%83%A7%E3%83%B3%E3%82%B3%E3%82%A4%E3%83%AB%20%E3%81%AB%E9%81%A9%E5%90%88%E3%81%99%E3%82%8B%20%E3%83%97%E3%82%B8%E3%83%A7%E3%83%BC%20307%20Sw%202002-2016%20%E8%BB%8A%E7%94%A8%E3%82%A4%E3%82%B0%E3%83%8B%E3%83%83%E3%82%B7%E3%83%A7%E3%83%B3%E3%82%B3%E3%82%A4%E3%83%AB%20%E3%82%B9%E3%83%88%E3%83%AC%E3%83%BC%E3%83%88%E3%82%A4%E3%82%B0%E3%83%8B%E3%83%83%E3%82%B7%E3%83%A7%E3%83%B3 HTTP/1.1" 200 29833 "-" "Mozilla/5.0 (Linux; Android 6.0.1; Nexus 5X Build/MMB29P) AppleWebKit/537.36 (KHTML, like Gecko) Chrome/137.0.7151.103 Mobile Safari/537.36 (compatible; Googlebot/2.1; +http://www.google.com/bot.html)"
63.250.38.117 - - [17/Jul/2025:08:38:02 -0400] "POST /wp-cron.php?doing_wp_cron=1752755882.5729610919952392578125 HTTP/1.1" 403 1242 "-" "WordPress/6.8.1; https://fnf.group"
217.113.194.25 - - [17/Jul/2025:08:37:56 -0400] "GET /2025/06/30/mostbet-login-bangladesh-sign-in-to-your-bd-account-2/feed/ HTTP/1.1" 200 556 "-" "Mozilla/5.0 (compatible; Barkrowler/0.9; +https://babbar.tech/crawler)"
66.249.68.130 - - [17/Jul/2025:08:38:14 -0400] "GET /?n=15022155692503&channel=8cd1e3&from=product.php%3Fid%3D1556925-2916%26name%3DBARNEYS+NEWYORK+%E3%82%B4%E3%83%AB%E3%83%95%E3%83%86%E3%82%A3%E3%83%BC%E3%82%BB%E3%83%83%E3%83%88 HTTP/1.1" 301 0 "-" "Mozilla/5.0 (Linux; Android 6.0.1; Nexus 5X Build/MMB29P) AppleWebKit/537.36 (KHTML, like Gecko) Chrome/137.0.7151.103 Mobile Safari/537.36 (compatible; Googlebot/2.1; +http://www.google.com/bot.html)"
217.113.194.24 - - [17/Jul/2025:08:38:19 -0400] "GET /2025/06/30/mostbet-login-bangladesh-sign-in-to-your-bd-account/feed/ HTTP/1.1" 200 555 "-" "Mozilla/5.0 (compatible; Barkrowler/0.9; +https://babbar.tech/crawler)"
66.249.79.2 - - [17/Jul/2025:08:38:16 -0400] "GET /?n=15022155692503&channel=8cd1e3&from=product.php%3Fid%3D1556925-2916%26name%3DBARNEYS%20NEWYORK%20%E3%82%B4%E3%83%AB%E3%83%95%E3%83%86%E3%82%A3%E3%83%BC%E3%82%BB%E3%83%83%E3%83%88 HTTP/1.1" 200 29835 "-" "Mozilla/5.0 (Linux; Android 6.0.1; Nexus 5X Build/MMB29P) AppleWebKit/537.36 (KHTML, like Gecko) Chrome/137.0.7151.103 Mobile Safari/537.36 (compatible; Googlebot/2.1; +http://www.google.com/bot.html)"
217.113.194.23 - - [17/Jul/2025:08:38:39 -0400] "GET /2025/06/28/seupoceu-baeting-weonegseubes-koria-2025/ HTTP/1.1" 200 27279 "-" "Mozilla/5.0 (compatible; Barkrowler/0.9; +https://babbar.tech/crawler)"
66.249.68.130 - - [17/Jul/2025:08:38:44 -0400] "GET /?n=7701923392300&channel=124e90&from=jp.php%3Fid%3D233923-12243%26name%3D%E6%96%B0%E5%93%81%E3%80%80%E3%83%9E%E3%83%BC%E3%83%A1%E3%82%A4%E3%83%89%E3%80%80%E7%A4%BE%E4%BA%A4%E3%83%80%E3%83%B3%E3%82%B9%E3%80%80%E3%82%B9%E3%82%AB%E3%83%BC%E3%83%88%E3%80%80%E9%BB%92%E3%80%80%E7%99%BD%E3%80%80%E6%B0%B4%E7%8E%89%E3%80%80%E3%83%AC%E3%83%83%E3%82%B9%E3%83%B3%E3%80%801214 HTTP/1.1" 301 0 "-" "Mozilla/5.0 (Linux; Android 6.0.1; Nexus 5X Build/MMB29P) AppleWebKit/537.36 (KHTML, like Gecko) Chrome/137.0.7151.103 Mobile Safari/537.36 (compatible; Googlebot/2.1; +http://www.google.com/bot.html)"
66.249.79.2 - - [17/Jul/2025:08:38:45 -0400] "GET /?n=7701923392300&channel=124e90&from=jp.php%3Fid%3D233923-12243%26name%3D%E6%96%B0%E5%93%81%E3%80%80%E3%83%9E%E3%83%BC%E3%83%A1%E3%82%A4%E3%83%89%E3%80%80%E7%A4%BE%E4%BA%A4%E3%83%80%E3%83%B3%E3%82%B9%E3%80%80%E3%82%B9%E3%82%AB%E3%83%BC%E3%83%88%E3%80%80%E9%BB%92%E3%80%80%E7%99%BD%E3%80%80%E6%B0%B4%E7%8E%89%E3%80%80%E3%83%AC%E3%83%83%E3%82%B9%E3%83%B3%E3%80%801214 HTTP/1.1" 200 29825 "-" "Mozilla/5.0 (Linux; Android 6.0.1; Nexus 5X Build/MMB29P) AppleWebKit/537.36 (KHTML, like Gecko) Chrome/137.0.7151.103 Mobile Safari/537.36 (compatible; Googlebot/2.1; +http://www.google.com/bot.html)"
217.113.194.28 - - [17/Jul/2025:08:38:57 -0400] "GET /2025/07/02/online-casino-deutsche-lizenz-ggl-regulierte-casinos-2025/ HTTP/1.1" 200 28365 "-" "Mozilla/5.0 (compatible; Barkrowler/0.9; +https://babbar.tech/crawler)"
114.119.155.200 - - [17/Jul/2025:08:38:59 -0400] "GET /2021/09/ HTTP/1.1" 200 13936 "https://fnf.group/plus_wpgallery/qabeela-e-muhabbat-at-qabail/" "Mozilla/5.0 (Linux; Android 7.0;) AppleWebKit/537.36 (KHTML, like Gecko) Mobile Safari/537.36 (compatible; PetalBot;+https://webmaster.petalsearch.com/site/petalbot)"
63.250.38.117 - - [17/Jul/2025:08:39:18 -0400] "POST /wp-cron.php?doing_wp_cron=1752755958.5973579883575439453125 HTTP/1.1" 403 1242 "-" "WordPress/6.8.1; https://fnf.group"
217.113.194.31 - - [17/Jul/2025:08:39:16 -0400] "GET /2025/06/19/best-no-first-deposit-casino-bonuses-north-america-january-2025/ HTTP/1.1" 200 27832 "-" "Mozilla/5.0 (compatible; Barkrowler/0.9; +https://babbar.tech/crawler)"
217.113.194.23 - - [17/Jul/2025:08:39:36 -0400] "GET /2025/06/19/top-12-online-casino-real-cash-sites-in-the-usa-for-2025-2/feed/ HTTP/1.1" 200 549 "-" "Mozilla/5.0 (compatible; Barkrowler/0.9; +https://babbar.tech/crawler)"
66.249.68.131 - - [17/Jul/2025:08:39:37 -0400] "GET /?n=0914829136002&channel=0803c3&from=form.php%3Fid%3D291360-353%26name%3D%E3%83%90%E3%82%A4%E3%82%AF%E7%94%A8+%E3%83%AA%E3%82%A2%E3%82%AD%E3%83%A3%E3%83%AA%E3%82%A2+%E3%82%B4%E3%83%BC%E3%83%AB%E3%83%89%E3%82%A6%E3%82%A3%E3%83%B3%E3%82%B0+1800+GL1800+2021+2022+2023+%E3%82%AA%E3%83%BC%E3%83%88%E3%83%90%E3%82%A4%E3%83%AA%E3%82%A2%E3%83%91%E3%83%83%E3%82%AF%E3%83%88%E3%83%A9%E3%83%B3%E3%82%AF%E8%8D%B7%E7%89%A9%E3%83%A9%E3%83%83 HTTP/1.1" 301 0 "-" "Mozilla/5.0 (Linux; Android 6.0.1; Nexus 5X Build/MMB29P) AppleWebKit/537.36 (KHTML, like Gecko) Chrome/137.0.7151.103 Mobile Safari/537.36 (compatible; Googlebot/2.1; +http://www.google.com/bot.html)"
170.106.11.141 - - [17/Jul/2025:08:39:39 -0400] "GET / HTTP/1.1" 200 29834 "http://fnf.group" "Mozilla/5.0 (iPhone; CPU iPhone OS 13_2_3 like Mac OS X) AppleWebKit/605.1.15 (KHTML, like Gecko) Version/13.0.3 Mobile/15E148 Safari/604.1"
66.249.79.3 - - [17/Jul/2025:08:39:41 -0400] "GET /?n=0914829136002&channel=0803c3&from=form.php%3Fid%3D291360-353%26name%3D%E3%83%90%E3%82%A4%E3%82%AF%E7%94%A8%20%E3%83%AA%E3%82%A2%E3%82%AD%E3%83%A3%E3%83%AA%E3%82%A2%20%E3%82%B4%E3%83%BC%E3%83%AB%E3%83%89%E3%82%A6%E3%82%A3%E3%83%B3%E3%82%B0%201800%20GL1800%202021%202022%202023%20%E3%82%AA%E3%83%BC%E3%83%88%E3%83%90%E3%82%A4%E3%83%AA%E3%82%A2%E3%83%91%E3%83%83%E3%82%AF%E3%83%88%E3%83%A9%E3%83%B3%E3%82%AF%E8%8D%B7%E7%89%A9%E3%83%A9%E3%83%83 HTTP/1.1" 200 29833 "-" "Mozilla/5.0 (Linux; Android 6.0.1; Nexus 5X Build/MMB29P) AppleWebKit/537.36 (KHTML, like Gecko) Chrome/137.0.7151.103 Mobile Safari/537.36 (compatible; Googlebot/2.1; +http://www.google.com/bot.html)"
66.249.79.3 - - [17/Jul/2025:08:39:52 -0400] "GET /?n=91152103510900&channel=ab57a0&from=goods.php%3Fid%3D1035109-2714%26name%3D%5B%E3%83%93%E3%83%BC%E3%83%A0%E3%82%B9+%E3%83%87%E3%82%B6%E3%82%A4%E3%83%B3%5D+%E3%83%90%E3%83%83%E3%82%AF%E3%83%91%E3%83%83%E3%82%AF+%E3%80%90%E3%82%A8%E3%83%A9%E3%82%B9%E3%83%86%E3%82%A3%E3%83%83%E3%82%AF%E3%83%A1%E3%83%83%E3%82%B7%E3%83%A5%E3%80%91+%E3%83%A1%E3%83%B3%E3%82%BA+%E3%83%AC%E3%83%87%E3%82%A3%E3%82%B9+%E7%94%B7%E5%A5%B3%E5%85%BC%E7%94%A8+%E3%83%8A%E3%82%A4%E3%83%AD%E3%83%B3+%E6%92%A5%E6%B0%B4+%E3%83%95%E3%83%A9%E3%83%83%E3%83%97+%E4%BC%B8%E7%B8%AE%E6%80%A7+%E3%83%9D%E3%82%B1 HTTP/1.1" 301 0 "-" "Mozilla/5.0 (Linux; Android 6.0.1; Nexus 5X Build/MMB29P) AppleWebKit/537.36 (KHTML, like Gecko) Chrome/137.0.7151.103 Mobile Safari/537.36 (compatible; Googlebot/2.1; +http://www.google.com/bot.html)"
66.249.79.3 - - [17/Jul/2025:08:39:54 -0400] "GET /?n=91152103510900&channel=ab57a0&from=goods.php%3Fid%3D1035109-2714%26name%3D%5B%E3%83%93%E3%83%BC%E3%83%A0%E3%82%B9%20%E3%83%87%E3%82%B6%E3%82%A4%E3%83%B3%5D%20%E3%83%90%E3%83%83%E3%82%AF%E3%83%91%E3%83%83%E3%82%AF%20%E3%80%90%E3%82%A8%E3%83%A9%E3%82%B9%E3%83%86%E3%82%A3%E3%83%83%E3%82%AF%E3%83%A1%E3%83%83%E3%82%B7%E3%83%A5%E3%80%91%20%E3%83%A1%E3%83%B3%E3%82%BA%20%E3%83%AC%E3%83%87%E3%82%A3%E3%82%B9%20%E7%94%B7%E5%A5%B3%E5%85%BC%E7%94%A8%20%E3%83%8A%E3%82%A4%E3%83%AD%E3%83%B3%20%E6%92%A5%E6%B0%B4%20%E3%83%95%E3%83%A9%E3%83%83%E3%83%97%20%E4%BC%B8%E7%B8%AE%E6%80%A7%20%E3%83%9D%E3%82%B1 HTTP/1.1" 200 29828 "-" "Mozilla/5.0 (Linux; Android 6.0.1; Nexus 5X Build/MMB29P) AppleWebKit/537.36 (KHTML, like Gecko) Chrome/137.0.7151.103 Mobile Safari/537.36 (compatible; Googlebot/2.1; +http://www.google.com/bot.html)"
217.113.194.29 - - [17/Jul/2025:08:39:56 -0400] "GET /2025/06/26/exploring-1xbet-bds-vip-program-a-comprehensive-guide/ HTTP/1.1" 200 19383 "-" "Mozilla/5.0 (compatible; Barkrowler/0.9; +https://babbar.tech/crawler)"
217.113.194.27 - - [17/Jul/2025:08:40:17 -0400] "GET /2025/06/26/azart-i-vyigryshi-i-luchshem-kazino/ HTTP/1.1" 200 20024 "-" "Mozilla/5.0 (compatible; Barkrowler/0.9; +https://babbar.tech/crawler)"
63.250.38.117 - - [17/Jul/2025:08:40:24 -0400] "POST /wp-cron.php?doing_wp_cron=1752756024.1339340209960937500000 HTTP/1.1" 403 1242 "-" "WordPress/6.8.1; https://fnf.group"
114.119.128.253 - - [17/Jul/2025:08:40:23 -0400] "GET /category/it-obrazovanie-3/ HTTP/1.1" 200 14134 "https://fnf.group/plus_wpgallery/qabeela-e-muhabbat-at-qabail/" "Mozilla/5.0 (Linux; Android 7.0;) AppleWebKit/537.36 (KHTML, like Gecko) Mobile Safari/537.36 (compatible; PetalBot;+https://webmaster.petalsearch.com/site/petalbot)"
13.74.85.151 - - [17/Jul/2025:08:40:32 -0400] "GET /wp-includes/wp-load.php HTTP/1.1" 404 11546 "-" "-"
172.172.211.158 - - [17/Jul/2025:08:40:32 -0400] "GET / HTTP/1.1" 200 29830 "-" "Mozilla/5.0 (X11; Linux x86_64) AppleWebKit/537.36 (KHTML, like Gecko) Chrome/114.0.0.0 Safari/537.36"
217.113.194.24 - - [17/Jul/2025:08:40:34 -0400] "GET /2025/07/10/resmi-site-en-iyi-bonuslar-ve-mobil-uygulama/ HTTP/1.1" 200 27533 "-" "Mozilla/5.0 (compatible; Barkrowler/0.9; +https://babbar.tech/crawler)"
13.74.85.151 - - [17/Jul/2025:08:40:36 -0400] "GET /wp-includes/SimplePie/about.php HTTP/1.1" 404 11546 "-" "-"
13.74.85.151 - - [17/Jul/2025:08:40:40 -0400] "GET /wp-admin/includes/index.php HTTP/1.1" 301 0 "-" "-"
13.74.85.151 - - [17/Jul/2025:08:40:42 -0400] "GET /wp-admin/includes/ HTTP/1.1" 200 3459 "-" "-"
13.74.85.151 - - [17/Jul/2025:08:40:43 -0400] "GET /cgi-bin/wp-login.php HTTP/1.1" 404 11546 "-" "-"
13.74.85.151 - - [17/Jul/2025:08:40:46 -0400] "GET /options.php HTTP/1.1" 404 11546 "-" "-"
13.74.85.151 - - [17/Jul/2025:08:40:49 -0400] "GET /cgi-bin/themes.php HTTP/1.1" 404 11546 "-" "-"
13.74.85.151 - - [17/Jul/2025:08:40:53 -0400] "GET /wp-content/themes/admin.php HTTP/1.1" 404 11546 "-" "-"
217.113.194.27 - - [17/Jul/2025:08:40:56 -0400] "GET /2025/07/09/bbrbet-casino-mx-online-recibo-de-bienvenida-delete-100/ HTTP/1.1" 200 28306 "-" "Mozilla/5.0 (compatible; Barkrowler/0.9; +https://babbar.tech/crawler)"
66.249.68.130 - - [17/Jul/2025:08:41:01 -0400] "GET /?n=0122185069500&channel=2a9025&from=jp.php%3Fid%3D850695-9408%26name%3D%E3%82%B3%E3%83%94%E3%83%83%E3%82%AF+%E3%83%81%E3%83%A3%E3%82%AA+RV10%E3%80%90%E3%83%9A%E3%83%BC%E3%83%AB%E3%83%BB%E3%83%94%E3%83%B3%E3%82%AF%E3%80%91 HTTP/1.1" 301 0 "-" "Mozilla/5.0 (Linux; Android 6.0.1; Nexus 5X Build/MMB29P) AppleWebKit/537.36 (KHTML, like Gecko) Chrome/137.0.7151.103 Mobile Safari/537.36 (compatible; Googlebot/2.1; +http://www.google.com/bot.html)"
66.249.79.3 - - [17/Jul/2025:08:41:01 -0400] "GET /?n=2825018251601&channel=eb784d&from=goods.php%3Fid%3D182516-7514%26name%3DSciAza+%E3%83%AA%E3%83%95%E3%83%88%E3%82%A2%E3%83%83%E3%83%97%E3%83%86%E3%83%BC%E3%83%96%E3%83%AB+%E6%98%87%E9%99%8D%E5%BC%8F%E3%83%80%E3%82%A4%E3%83%8B%E3%83%B3%E3%82%B0%E3%83%86%E3%83%BC%E3%83%96%E3%83%AB+%E3%83%AD%E3%83%BC%E3%83%86%E3%83%BC%E3%83%96%E3%83%AB+%E5%8F%8E%E7%B4%8D%E4%BB%98%E3%81%8D++%E5%A4%A7%E3%81%8D%E3%81%AA%E5%8F%8E%E7%B4%8D%E3%82%B9%E3%83%9A%E3%83%BC%E3%82%B9%E3%82%92%E5%82%99%E3%81%88%E3%81%9F+4+%E3%81%A4%E3%81%AE%E3%82%B9%E3%82%BF%E3%82%A4%E3%83%AB%E3%81%AE%EF%BC%88%E3%83%AA%E3%83%95%E3%83%88%E3%82%A2%E3%83%83%E3%83%97%E3%83%86%E3%83%BC%E3%83%96%E3%83%AB+%E3%82%B0%E3%83%A9%E3%83%BC%E3%83%89+%E5%8F%8E%E7%B4%8D%E4%BB%98%E3%81%8D+%E6%98%87%E9%99%8D%E5%BC%8F%E3%83%86%E3%83%BC%E3%83%96%E3%83%AB+%E3%83%AD%E3%83%BC%E3%83%86%E3%83%BC%E3%83%96%E3%83%AB+%E6%9C%BA+%E3%83%87%E3%82%B9%E3%82%AF+%E6%9C%A8%E8%A3%BD+%E5%B9%8590cm+%E3%83%AA%E3%83%95%E3%83%86%E3%82%A3%E3%83%B3%E3%82%B0%E3%83%86%E3%83%BC%E3%83%96%E3%83%AB+%E6%98%87%E9%99%8D%E3%83%86%E3%83%BC%E3%83%96%E3%83%AB+%E3%83%AA%E3%83%95%E3%83%88%E3%83%86%E3%83%BC%E3%83%96%E3%83%AB++%E3%82%BB%E3%83%B3%E3%82%BF%E3%83%BC%E3%83%86%E3%83%BC%E3%83%96%E3%83%AB+%E3%82%AB%E3%83%95%E3%82%A7%E3%83%86%E3%83%BC%E3%83%96%E3%83%AB+%E3%83%AA%E3%83%93%E3%83%B3%E3%82%B0%E3%83%86%E3%83%BC%E3%83%96%E3%83%AB+%E9%AB%98%E3%81%95%E8%AA%BF%E7%AF%80+%E3%81%8A%E3%81%97%E3%82%83%E3%82%8C%E5%AE%B6%E5%85%B7+%E5%8C%97%E6%AC%A7+%E3%83%86%E3%82%A4%E3%82%B9%E3%83%88+%E4%B8%80%E4%BA%BA%E6%9A%AE%E3%82%89%E3%81%97+%E9%A3%9F%E4%BA%8B%EF%BC%89 HTTP/1.1" 301 0 "-" "Mozilla/5.0 (Linux; Android 6.0.1; Nexus 5X Build/MMB29P) AppleWebKit/537.36 (KHTML, like Gecko) Chrome/137.0.7151.103 Mobile Safari/537.36 (compatible; Googlebot/2.1; +http://www.google.com/bot.html)"
13.74.85.151 - - [17/Jul/2025:08:41:02 -0400] "GET /test.php HTTP/1.1" 404 11546 "-" "-"
66.249.79.4 - - [17/Jul/2025:08:41:06 -0400] "GET /?n=2825018251601&channel=eb784d&from=goods.php%3Fid%3D182516-7514%26name%3DSciAza%20%E3%83%AA%E3%83%95%E3%83%88%E3%82%A2%E3%83%83%E3%83%97%E3%83%86%E3%83%BC%E3%83%96%E3%83%AB%20%E6%98%87%E9%99%8D%E5%BC%8F%E3%83%80%E3%82%A4%E3%83%8B%E3%83%B3%E3%82%B0%E3%83%86%E3%83%BC%E3%83%96%E3%83%AB%20%E3%83%AD%E3%83%BC%E3%83%86%E3%83%BC%E3%83%96%E3%83%AB%20%E5%8F%8E%E7%B4%8D%E4%BB%98%E3%81%8D%20%20%E5%A4%A7%E3%81%8D%E3%81%AA%E5%8F%8E%E7%B4%8D%E3%82%B9%E3%83%9A%E3%83%BC%E3%82%B9%E3%82%92%E5%82%99%E3%81%88%E3%81%9F%204%20%E3%81%A4%E3%81%AE%E3%82%B9%E3%82%BF%E3%82%A4%E3%83%AB%E3%81%AE%EF%BC%88%E3%83%AA%E3%83%95%E3%83%88%E3%82%A2%E3%83%83%E3%83%97%E3%83%86%E3%83%BC%E3%83%96%E3%83%AB%20%E3%82%B0%E3%83%A9%E3%83%BC%E3%83%89%20%E5%8F%8E%E7%B4%8D%E4%BB%98%E3%81%8D%20%E6%98%87%E9%99%8D%E5%BC%8F%E3%83%86%E3%83%BC%E3%83%96%E3%83%AB%20%E3%83%AD%E3%83%BC%E3%83%86%E3%83%BC%E3%83%96%E3%83%AB%20%E6%9C%BA%20%E3%83%87%E3%82%B9%E3%82%AF%20%E6%9C%A8%E8%A3%BD%20%E5%B9%8590cm%20%E3%83%AA%E3%83%95%E3%83%86%E3%82%A3%E3%83%B3%E3%82%B0%E3%83%86%E3%83%BC%E3%83%96%E3%83%AB%20%E6%98%87%E9%99%8D%E3%83%86%E3%83%BC%E3%83%96%E3%83%AB%20%E3%83%AA%E3%83%95%E3%83%88%E3%83%86%E3%83%BC%E3%83%96%E3%83%AB%20%20%E3%82%BB%E3%83%B3%E3%82%BF%E3%83%BC%E3%83%86%E3%83%BC%E3%83%96%E3%83%AB%20%E3%82%AB%E3%83%95%E3%82%A7%E3%83%86%E3%83%BC%E3%83%96%E3%83%AB%20%E3%83%AA%E3%83%93%E3%83%B3%E3%82%B0%E3%83%86%E3%83%BC%E3%83%96%E3%83%AB%20%E9%AB%98%E3%81%95%E8%AA%BF%E7%AF%80%20%E3%81%8A%E3%81%97%E3%82%83%E3%82%8C%E5%AE%B6%E5%85%B7%20%E5%8C%97%E6%AC%A7%20%E3%83%86%E3%82%A4%E3%82%B9%E3%83%88%20%E4%B8%80%E4%BA%BA%E6%9A%AE%E3%82%89%E3%81%97%20%E9%A3%9F%E4%BA%8B%EF%BC%89 HTTP/1.1" 200 29832 "-" "Mozilla/5.0 (Linux; Android 6.0.1; Nexus 5X Build/MMB29P) AppleWebKit/537.36 (KHTML, like Gecko) Chrome/137.0.7151.103 Mobile Safari/537.36 (compatible; Googlebot/2.1; +http://www.google.com/bot.html)"
66.249.79.3 - - [17/Jul/2025:08:41:06 -0400] "GET /?n=0122185069500&channel=2a9025&from=jp.php%3Fid%3D850695-9408%26name%3D%E3%82%B3%E3%83%94%E3%83%83%E3%82%AF%20%E3%83%81%E3%83%A3%E3%82%AA%20RV10%E3%80%90%E3%83%9A%E3%83%BC%E3%83%AB%E3%83%BB%E3%83%94%E3%83%B3%E3%82%AF%E3%80%91 HTTP/1.1" 200 29823 "-" "Mozilla/5.0 (Linux; Android 6.0.1; Nexus 5X Build/MMB29P) AppleWebKit/537.36 (KHTML, like Gecko) Chrome/137.0.7151.103 Mobile Safari/537.36 (compatible; Googlebot/2.1; +http://www.google.com/bot.html)"
13.74.85.151 - - [17/Jul/2025:08:41:07 -0400] "GET /.well-known/plugins.php HTTP/1.1" 404 11546 "-" "-"
13.74.85.151 - - [17/Jul/2025:08:41:12 -0400] "GET /wp-includes/blocks/about.php HTTP/1.1" 404 11546 "-" "-"
13.74.85.151 - - [17/Jul/2025:08:41:14 -0400] "GET /wp-admin/includes/cloud.php HTTP/1.1" 404 11546 "-" "-"
13.74.85.151 - - [17/Jul/2025:08:41:16 -0400] "GET /.well-known/iwpairbj.php HTTP/1.1" 404 11546 "-" "-"
13.74.85.151 - - [17/Jul/2025:08:41:18 -0400] "GET /wp-admin/css/colors/blue/blkafewl.php HTTP/1.1" 404 11546 "-" "-"
217.113.194.26 - - [17/Jul/2025:08:41:17 -0400] "GET /2025/07/09/7-completely-accurate-events-the-video-casino-is-based-on/ HTTP/1.1" 200 29682 "-" "Mozilla/5.0 (compatible; Barkrowler/0.9; +https://babbar.tech/crawler)"
13.74.85.151 - - [17/Jul/2025:08:41:21 -0400] "GET /wp-admin/includes/xmrlpc.php?p= HTTP/1.1" 301 0 "-" "-"
63.250.38.117 - - [17/Jul/2025:08:41:25 -0400] "POST /wp-cron.php?doing_wp_cron=1752756085.2863008975982666015625 HTTP/1.1" 403 1242 "-" "WordPress/6.8.1; https://fnf.group"
13.74.85.151 - - [17/Jul/2025:08:41:23 -0400] "GET /wp-admin/includes/xmrlpc.php HTTP/1.1" 404 11546 "-" "-"
