66.249.79.2 - - [17/Jul/2025:09:33:06 -0400] "GET /?n=6000374150401&channel=0c6955&from=info.php%3Fid%3D741504-9785%26name%3D%E8%BB%8A%E7%94%A8%E3%83%88%E3%83%A9%E3%83%B3%E3%82%AF%E3%83%80%E3%83%B3%E3%83%91%E3%83%BC%20AP03%20X3%20F25%2018i%2020i%2028i%2035i%202010-2017%20%E3%83%AA%E3%82%A2%E5%B7%A6%20%2B%20%E5%8F%B3%E9%9B%BB%E5%8B%95%E3%83%86%E3%83%BC%E3%83%AB%E3%82%B2%E3%83%BC%E3%83%88%E3%82%AC%E3%82%B9 HTTP/1.1" 200 29829 "-" "Mozilla/5.0 (Linux; Android 6.0.1; Nexus 5X Build/MMB29P) AppleWebKit/537.36 (KHTML, like Gecko) Chrome/137.0.7151.103 Mobile Safari/537.36 (compatible; Googlebot/2.1; +http://www.google.com/bot.html)"
20.244.26.188 - - [17/Jul/2025:09:33:14 -0400] "GET /wp-includes/fonts/class-wp-font-library.php HTTP/1.1" 403 1242 "binance.com" "Mozilla/5.0 (Windows NT 10.0; Win64; x64) AppleWebKit/537.36 (KHTML, like Gecko) Chrome/90.0.4430.85 Safari/537.36"
66.249.68.135 - - [17/Jul/2025:09:33:19 -0400] "GET /?n=1038292262203&channel=8bffab&from=shared.php%3Fid%3D922622-11171%26name%3D%E3%83%9B%E3%82%A4%E3%83%BC%E3%83%AB%E3%83%95%E3%82%A7%E3%83%B3%E3%83%80%E3%83%BC+%E7%94%A8+%E3%82%B8%E3%83%BC%E3%83%97+%E7%94%A8+%E3%83%A9%E3%83%B3%E3%82%B0%E3%83%A9%E3%83%BC+JK+2007+2008+2009+2010+2011+2012-2017+%E8%BB%8A%E7%94%A8+%E3%83%95 HTTP/1.1" 301 0 "-" "Mozilla/5.0 (Linux; Android 6.0.1; Nexus 5X Build/MMB29P) AppleWebKit/537.36 (KHTML, like Gecko) Chrome/137.0.7151.103 Mobile Safari/537.36 (compatible; Googlebot/2.1; +http://www.google.com/bot.html)"
66.249.79.3 - - [17/Jul/2025:09:33:20 -0400] "GET /?n=1038292262203&channel=8bffab&from=shared.php%3Fid%3D922622-11171%26name%3D%E3%83%9B%E3%82%A4%E3%83%BC%E3%83%AB%E3%83%95%E3%82%A7%E3%83%B3%E3%83%80%E3%83%BC%20%E7%94%A8%20%E3%82%B8%E3%83%BC%E3%83%97%20%E7%94%A8%20%E3%83%A9%E3%83%B3%E3%82%B0%E3%83%A9%E3%83%BC%20JK%202007%202008%202009%202010%202011%202012-2017%20%E8%BB%8A%E7%94%A8%20%E3%83%95 HTTP/1.1" 200 29819 "-" "Mozilla/5.0 (Linux; Android 6.0.1; Nexus 5X Build/MMB29P) AppleWebKit/537.36 (KHTML, like Gecko) Chrome/137.0.7151.103 Mobile Safari/537.36 (compatible; Googlebot/2.1; +http://www.google.com/bot.html)"
20.244.26.188 - - [17/Jul/2025:09:33:23 -0400] "GET /wp-includes/fonts/class-wp-font-utils.php HTTP/1.1" 403 1242 "binance.com" "Mozilla/5.0 (Windows NT 10.0; Win64; x64) AppleWebKit/537.36 (KHTML, like Gecko) Chrome/90.0.4430.85 Safari/537.36"
20.244.26.188 - - [17/Jul/2025:09:33:33 -0400] "GET /wp-includes/images/ HTTP/1.1" 200 1496 "binance.com" "Mozilla/5.0 (Windows NT 10.0; Win64; x64) AppleWebKit/537.36 (KHTML, like Gecko) Chrome/90.0.4430.85 Safari/537.36"
114.119.154.189 - - [17/Jul/2025:09:33:35 -0400] "GET /tag/daal-fry HTTP/1.1" 301 0 "http://fnf.group/2020/08/04/dhaba-style-daal-fry-by-tooba-chachia-umair" "Mozilla/5.0 (Linux; Android 7.0;) AppleWebKit/537.36 (KHTML, like Gecko) Mobile Safari/537.36 (compatible; PetalBot;+https://webmaster.petalsearch.com/site/petalbot)"
114.119.154.189 - - [17/Jul/2025:09:33:37 -0400] "GET /tag/daal-fry/ HTTP/1.1" 200 14177 "http://fnf.group/2020/08/04/dhaba-style-daal-fry-by-tooba-chachia-umair" "Mozilla/5.0 (Linux; Android 7.0;) AppleWebKit/537.36 (KHTML, like Gecko) Mobile Safari/537.36 (compatible; PetalBot;+https://webmaster.petalsearch.com/site/petalbot)"
20.244.26.188 - - [17/Jul/2025:09:33:43 -0400] "GET /wp-includes/images/crystal/ HTTP/1.1" 200 1120 "binance.com" "Mozilla/5.0 (Windows NT 10.0; Win64; x64) AppleWebKit/537.36 (KHTML, like Gecko) Chrome/90.0.4430.85 Safari/537.36"
20.244.26.188 - - [17/Jul/2025:09:33:51 -0400] "GET /wp-includes/images/media/ HTTP/1.1" 200 1226 "binance.com" "Mozilla/5.0 (Windows NT 10.0; Win64; x64) AppleWebKit/537.36 (KHTML, like Gecko) Chrome/90.0.4430.85 Safari/537.36"
20.244.26.188 - - [17/Jul/2025:09:34:01 -0400] "GET /wp-includes/images/smilies/ HTTP/1.1" 200 1387 "binance.com" "Mozilla/5.0 (Windows NT 10.0; Win64; x64) AppleWebKit/537.36 (KHTML, like Gecko) Chrome/90.0.4430.85 Safari/537.36"
66.249.68.135 - - [17/Jul/2025:09:33:57 -0400] "GET /?n=8272825435901&channel=dacb67&from=shared.php%3Fid%3D254359-8478%26name%3D%E3%82%A8%E3%82%A2%E3%82%B3%E3%83%B3%E3%83%91%E3%83%89%E3%83%AB+%E3%83%95%E3%83%AD%E3%83%B3%E3%83%88%E7%A9%BA%E8%AA%BF%E5%87%BA%E5%8F%A3%E3%82%BF%E3%83%96%E3%82%AF%E3%83%AA%E3%83%83%E3%83%97%E3%83%99%E3%83%B3%E3%83%88%E3%83%91%E3%83%89%E3%83%AB%E3%82%AF%E3%83%AA%E3%83%83%E3%83%97+Fit+For+BMW+3+%E3%82%B7%E3%83%AA%E3%83%BC%E3%82%BA+G20+G21+4+%E3%82%B7%E3%83%AA%E3%83%BC%E3%82%BA HTTP/1.1" 301 0 "-" "Mozilla/5.0 (Linux; Android 6.0.1; Nexus 5X Build/MMB29P) AppleWebKit/537.36 (KHTML, like Gecko) Chrome/137.0.7151.103 Mobile Safari/537.36 (compatible; Googlebot/2.1; +http://www.google.com/bot.html)"
135.148.100.196 - - [17/Jul/2025:09:34:00 -0400] "GET / HTTP/1.1" 301 0 "-" "-"
63.250.38.117 - - [17/Jul/2025:09:34:06 -0400] "POST /wp-cron.php?doing_wp_cron=1752759246.0790979862213134765625 HTTP/1.1" 403 1242 "-" "WordPress/6.8.1; https://fnf.group"
63.250.38.117 - - [17/Jul/2025:09:34:09 -0400] "POST /wp-cron.php?doing_wp_cron=1752759249.5880470275878906250000 HTTP/1.1" 403 1242 "-" "WordPress/6.8.1; https://fnf.group"
66.249.79.2 - - [17/Jul/2025:09:34:02 -0400] "GET /?n=8272825435901&channel=dacb67&from=shared.php%3Fid%3D254359-8478%26name%3D%E3%82%A8%E3%82%A2%E3%82%B3%E3%83%B3%E3%83%91%E3%83%89%E3%83%AB%20%E3%83%95%E3%83%AD%E3%83%B3%E3%83%88%E7%A9%BA%E8%AA%BF%E5%87%BA%E5%8F%A3%E3%82%BF%E3%83%96%E3%82%AF%E3%83%AA%E3%83%83%E3%83%97%E3%83%99%E3%83%B3%E3%83%88%E3%83%91%E3%83%89%E3%83%AB%E3%82%AF%E3%83%AA%E3%83%83%E3%83%97%20Fit%20For%20BMW%203%20%E3%82%B7%E3%83%AA%E3%83%BC%E3%82%BA%20G20%20G21%204%20%E3%82%B7%E3%83%AA%E3%83%BC%E3%82%BA HTTP/1.1" 200 29835 "-" "Mozilla/5.0 (Linux; Android 6.0.1; Nexus 5X Build/MMB29P) AppleWebKit/537.36 (KHTML, like Gecko) Chrome/137.0.7151.103 Mobile Safari/537.36 (compatible; Googlebot/2.1; +http://www.google.com/bot.html)"
135.148.100.196 - - [17/Jul/2025:09:34:04 -0400] "GET / HTTP/1.1" 200 29833 "-" "-"
66.249.68.135 - - [17/Jul/2025:09:34:12 -0400] "GET /?n=72367186789901&channel=1f361d&from=article.php%3Fid%3D1867899-30472%26name%3D%E9%87%8E%E8%8F%9C%E3%81%AE%E8%8B%97%2F%E3%83%88%E3%82%A6%E3%82%AC%E3%83%A9%E3%82%B7%EF%BC%88%E5%94%90%E8%BE%9B%E5%AD%90%EF%BC%89%EF%BC%9A%E3%83%96%E3%83%BC%E3%83%88%E3%83%BB%E3%82%B8%E3%83%A7%E3%83%AD%E3%82%AD%E3%82%A2+%EF%BC%88%E8%B5%A4%EF%BC%893%E5%8F%B7%E3%83%9D%E3%83%83%E3%83%88 HTTP/1.1" 301 0 "-" "Mozilla/5.0 (Linux; Android 6.0.1; Nexus 5X Build/MMB29P) AppleWebKit/537.36 (KHTML, like Gecko) Chrome/137.0.7151.103 Mobile Safari/537.36 (compatible; Googlebot/2.1; +http://www.google.com/bot.html)"
20.244.26.188 - - [17/Jul/2025:09:34:11 -0400] "GET /wp-includes/images/wlw/ HTTP/1.1" 404 11507 "binance.com" "Mozilla/5.0 (Windows NT 10.0; Win64; x64) AppleWebKit/537.36 (KHTML, like Gecko) Chrome/90.0.4430.85 Safari/537.36"
66.249.79.3 - - [17/Jul/2025:09:34:16 -0400] "GET /?n=72367186789901&channel=1f361d&from=article.php%3Fid%3D1867899-30472%26name%3D%E9%87%8E%E8%8F%9C%E3%81%AE%E8%8B%97%2F%E3%83%88%E3%82%A6%E3%82%AC%E3%83%A9%E3%82%B7%EF%BC%88%E5%94%90%E8%BE%9B%E5%AD%90%EF%BC%89%EF%BC%9A%E3%83%96%E3%83%BC%E3%83%88%E3%83%BB%E3%82%B8%E3%83%A7%E3%83%AD%E3%82%AD%E3%82%A2%20%EF%BC%88%E8%B5%A4%EF%BC%893%E5%8F%B7%E3%83%9D%E3%83%83%E3%83%88 HTTP/1.1" 200 29833 "-" "Mozilla/5.0 (Linux; Android 6.0.1; Nexus 5X Build/MMB29P) AppleWebKit/537.36 (KHTML, like Gecko) Chrome/137.0.7151.103 Mobile Safari/537.36 (compatible; Googlebot/2.1; +http://www.google.com/bot.html)"
20.244.26.188 - - [17/Jul/2025:09:34:25 -0400] "GET /wp-includes/js/%20 HTTP/1.1" 301 0 "binance.com" "Mozilla/5.0 (Windows NT 10.0; Win64; x64) AppleWebKit/537.36 (KHTML, like Gecko) Chrome/90.0.4430.85 Safari/537.36"
20.244.26.188 - - [17/Jul/2025:09:34:28 -0400] "GET /wp-includes/js/ HTTP/1.1" 200 3329 "binance.com" "Mozilla/5.0 (Windows NT 10.0; Win64; x64) AppleWebKit/537.36 (KHTML, like Gecko) Chrome/90.0.4430.85 Safari/537.36"
66.249.68.135 - - [17/Jul/2025:09:34:27 -0400] "GET /?n=0799232402500&channel=00eaaa&from=pin.php%3Fid%3D324025-402%26name%3D%E3%82%A4%E3%83%96%E3%83%A9%E3%83%92%E3%83%A0+%E8%AA%95%E7%94%9F%E6%97%A5%E3%82%B0%E3%83%83%E3%82%BA%E3%83%95%E3%83%AB%E3%82%BB%E3%83%83%E3%83%882021+%E3%81%AB%E3%81%98%E3%81%95%E3%82%93%E3%81%98 HTTP/1.1" 301 0 "-" "Mozilla/5.0 (Linux; Android 6.0.1; Nexus 5X Build/MMB29P) AppleWebKit/537.36 (KHTML, like Gecko) Chrome/137.0.7151.103 Mobile Safari/537.36 (compatible; Googlebot/2.1; +http://www.google.com/bot.html)"
66.249.79.2 - - [17/Jul/2025:09:34:31 -0400] "GET /?n=0799232402500&channel=00eaaa&from=pin.php%3Fid%3D324025-402%26name%3D%E3%82%A4%E3%83%96%E3%83%A9%E3%83%92%E3%83%A0%20%E8%AA%95%E7%94%9F%E6%97%A5%E3%82%B0%E3%83%83%E3%82%BA%E3%83%95%E3%83%AB%E3%82%BB%E3%83%83%E3%83%882021%20%E3%81%AB%E3%81%98%E3%81%95%E3%82%93%E3%81%98 HTTP/1.1" 200 29832 "-" "Mozilla/5.0 (Linux; Android 6.0.1; Nexus 5X Build/MMB29P) AppleWebKit/537.36 (KHTML, like Gecko) Chrome/137.0.7151.103 Mobile Safari/537.36 (compatible; Googlebot/2.1; +http://www.google.com/bot.html)"
20.244.26.188 - - [17/Jul/2025:09:34:38 -0400] "GET /wp-includes/js/codemirror/ HTTP/1.1" 200 1083 "binance.com" "Mozilla/5.0 (Windows NT 10.0; Win64; x64) AppleWebKit/537.36 (KHTML, like Gecko) Chrome/90.0.4430.85 Safari/537.36"
20.244.26.188 - - [17/Jul/2025:09:34:54 -0400] "GET /wp-includes/js/plupload/ HTTP/1.1" 200 1138 "binance.com" "Mozilla/5.0 (Windows NT 10.0; Win64; x64) AppleWebKit/537.36 (KHTML, like Gecko) Chrome/90.0.4430.85 Safari/537.36"
114.119.135.196 - - [17/Jul/2025:09:34:59 -0400] "GET /category/recipes/page/20 HTTP/1.1" 301 0 "http://fnf.group/category/recipes/page/19" "Mozilla/5.0 (Linux; Android 7.0;) AppleWebKit/537.36 (KHTML, like Gecko) Mobile Safari/537.36 (compatible; PetalBot;+https://webmaster.petalsearch.com/site/petalbot)"
20.244.26.188 - - [17/Jul/2025:09:35:03 -0400] "GET /.well-known/ HTTP/1.1" 404 11507 "binance.com" "Mozilla/5.0 (Windows NT 10.0; Win64; x64) AppleWebKit/537.36 (KHTML, like Gecko) Chrome/90.0.4430.85 Safari/537.36"
114.119.135.196 - - [17/Jul/2025:09:35:02 -0400] "GET /category/recipes/page/20/ HTTP/1.1" 200 15005 "http://fnf.group/category/recipes/page/19" "Mozilla/5.0 (Linux; Android 7.0;) AppleWebKit/537.36 (KHTML, like Gecko) Mobile Safari/537.36 (compatible; PetalBot;+https://webmaster.petalsearch.com/site/petalbot)"
66.249.68.136 - - [17/Jul/2025:09:35:06 -0400] "GET /?n=9018410320100&channel=672fea&from=blog.php%3Fid%3D103201-3851%26name%3D%E3%82%AD%E3%83%83%E3%82%BA%E3%83%AB%E3%83%BC%E3%83%A0+%E3%82%BF%E3%82%A4%E3%83%AB%E5%BC%B5%E3%82%8A+%E3%83%91%E3%82%BA%E3%83%AB+%E9%81%8A%E3%81%B6+%E3%83%9E%E3%83%83%E3%83%88%E3%80%81+%E5%9B%BD%E5%A2%83%E3%81%A7%E3%80%81+%E3%81%B5%E3%82%8F%E3%81%B5%E3%82%8F+%E3%82%A8%E3%83%B4%E3%82%A1+%E3%83%95%E3%82%A9%E3%83%BC%E3%83%A0+%E3%83%9E%E3%83%83%E3%83%88%E3%80%81+%E3%82%AF%E3%83%A9%E3%82%A4%E3%83%9F%E3%83%B3%E3%82%B0+%E3%82%A8%E3%83%AA%E3%82%A2+%E3%82%AB%E3%83%BC%E3%83%9A%E3%83%83%E3%83%88 HTTP/1.1" 301 0 "-" "Mozilla/5.0 (Linux; Android 6.0.1; Nexus 5X Build/MMB29P) AppleWebKit/537.36 (KHTML, like Gecko) Chrome/137.0.7151.103 Mobile Safari/537.36 (compatible; Googlebot/2.1; +http://www.google.com/bot.html)"
63.250.38.117 - - [17/Jul/2025:09:35:10 -0400] "POST /wp-cron.php?doing_wp_cron=1752759309.6250960826873779296875 HTTP/1.1" 403 1242 "-" "WordPress/6.8.1; https://fnf.group"
66.249.79.3 - - [17/Jul/2025:09:35:08 -0400] "GET /?n=9018410320100&channel=672fea&from=blog.php%3Fid%3D103201-3851%26name%3D%E3%82%AD%E3%83%83%E3%82%BA%E3%83%AB%E3%83%BC%E3%83%A0%20%E3%82%BF%E3%82%A4%E3%83%AB%E5%BC%B5%E3%82%8A%20%E3%83%91%E3%82%BA%E3%83%AB%20%E9%81%8A%E3%81%B6%20%E3%83%9E%E3%83%83%E3%83%88%E3%80%81%20%E5%9B%BD%E5%A2%83%E3%81%A7%E3%80%81%20%E3%81%B5%E3%82%8F%E3%81%B5%E3%82%8F%20%E3%82%A8%E3%83%B4%E3%82%A1%20%E3%83%95%E3%82%A9%E3%83%BC%E3%83%A0%20%E3%83%9E%E3%83%83%E3%83%88%E3%80%81%20%E3%82%AF%E3%83%A9%E3%82%A4%E3%83%9F%E3%83%B3%E3%82%B0%20%E3%82%A8%E3%83%AA%E3%82%A2%20%E3%82%AB%E3%83%BC%E3%83%9A%E3%83%83%E3%83%88 HTTP/1.1" 200 29829 "-" "Mozilla/5.0 (Linux; Android 6.0.1; Nexus 5X Build/MMB29P) AppleWebKit/537.36 (KHTML, like Gecko) Chrome/137.0.7151.103 Mobile Safari/537.36 (compatible; Googlebot/2.1; +http://www.google.com/bot.html)"
66.249.68.136 - - [17/Jul/2025:09:35:20 -0400] "GET /?n=6846912265402&channel=09f0cd&from=jp.php%3Fid%3D122654-8355%26name%3D%E3%83%87%E3%82%A3%E3%82%BA%E3%83%8B%E3%83%BC%E3%80%80%E3%82%B3%E3%83%AC%E3%82%AF%E3%82%BF%E3%83%BC%E3%83%89%E3%83%BC%E3%83%AB%E3%80%80%E3%83%A0%E3%83%BC%E3%83%A9%E3%83%B3 HTTP/1.1" 301 0 "-" "Mozilla/5.0 (Linux; Android 6.0.1; Nexus 5X Build/MMB29P) AppleWebKit/537.36 (KHTML, like Gecko) Chrome/137.0.7151.103 Mobile Safari/537.36 (compatible; Googlebot/2.1; +http://www.google.com/bot.html)"
66.249.79.3 - - [17/Jul/2025:09:35:25 -0400] "GET /?n=6846912265402&channel=09f0cd&from=jp.php%3Fid%3D122654-8355%26name%3D%E3%83%87%E3%82%A3%E3%82%BA%E3%83%8B%E3%83%BC%E3%80%80%E3%82%B3%E3%83%AC%E3%82%AF%E3%82%BF%E3%83%BC%E3%83%89%E3%83%BC%E3%83%AB%E3%80%80%E3%83%A0%E3%83%BC%E3%83%A9%E3%83%B3 HTTP/1.1" 200 29834 "-" "Mozilla/5.0 (Linux; Android 6.0.1; Nexus 5X Build/MMB29P) AppleWebKit/537.36 (KHTML, like Gecko) Chrome/137.0.7151.103 Mobile Safari/537.36 (compatible; Googlebot/2.1; +http://www.google.com/bot.html)"
66.249.68.135 - - [17/Jul/2025:09:35:35 -0400] "GET /?n=99817143942701&channel=5cd7cb&from=news.php%3Fid%3D1439427-9488%26name%3DMSI+%E3%82%B0%E3%83%A9%E3%83%95%E3%82%A3%E3%83%83%E3%82%AF%E3%83%9C%E3%83%BC%E3%83%89+%E3%83%87%E3%83%A5%E3%82%A2%E3%83%AB%E3%83%95%E3%82%A1%E3%83%B3 HTTP/1.1" 301 0 "-" "Mozilla/5.0 (Linux; Android 6.0.1; Nexus 5X Build/MMB29P) AppleWebKit/537.36 (KHTML, like Gecko) Chrome/137.0.7151.103 Mobile Safari/537.36 (compatible; Googlebot/2.1; +http://www.google.com/bot.html)"
66.249.79.2 - - [17/Jul/2025:09:35:40 -0400] "GET /?n=99817143942701&channel=5cd7cb&from=news.php%3Fid%3D1439427-9488%26name%3DMSI%20%E3%82%B0%E3%83%A9%E3%83%95%E3%82%A3%E3%83%83%E3%82%AF%E3%83%9C%E3%83%BC%E3%83%89%20%E3%83%87%E3%83%A5%E3%82%A2%E3%83%AB%E3%83%95%E3%82%A1%E3%83%B3 HTTP/1.1" 200 29831 "-" "Mozilla/5.0 (Linux; Android 6.0.1; Nexus 5X Build/MMB29P) AppleWebKit/537.36 (KHTML, like Gecko) Chrome/137.0.7151.103 Mobile Safari/537.36 (compatible; Googlebot/2.1; +http://www.google.com/bot.html)"
66.249.68.135 - - [17/Jul/2025:09:36:03 -0400] "GET /?n=31206192326202&channel=e9a817&from=brands.php%3Fid%3D1923262-30847%26name%3D%E3%82%AF%E3%83%AA%E3%83%83%E3%82%AF+%E3%83%88%E3%83%AC%E3%83%BC%E3%83%8A%E3%83%BC+%E7%8A%AC%E7%94%A8+-+%E3%83%80%E3%83%96%E3%83%AB%E3%82%AB%E3%83%A9%E3%83%BC%E3%83%9A%E3%83%83%E3%83%88%E3%82%AF%E3%83%AA%E3%83%83%E3%82%AB%E3%83%BC+%E7%8A%AC%E3%81%AE%E8%A8%93%E7%B7%B4%E7%94%A8%2C%E5%B0%8F%E5%9E%8B%E4%B8%AD%E5%9E%8B%E5%A4%A7%E5%9E%8B%E5%8B%95%E7%89%A9%E7%94%A8%E3%83%9D%E3%83%BC%E3%82%BF%E3%83%96%E3%83%AB%E6%A5%95%E5%86%86%E5%BD%A2%E3%83%87%E3%82%B6%E3%82%A4%E3%83%B3 HTTP/1.1" 301 0 "-" "Mozilla/5.0 (Linux; Android 6.0.1; Nexus 5X Build/MMB29P) AppleWebKit/537.36 (KHTML, like Gecko) Chrome/137.0.7151.103 Mobile Safari/537.36 (compatible; Googlebot/2.1; +http://www.google.com/bot.html)"
63.250.38.117 - - [17/Jul/2025:09:36:14 -0400] "POST /wp-cron.php?doing_wp_cron=1752759373.8820080757141113281250 HTTP/1.1" 403 1242 "-" "WordPress/6.8.1; https://fnf.group"
66.249.79.4 - - [17/Jul/2025:09:36:08 -0400] "GET /?n=31206192326202&channel=e9a817&from=brands.php%3Fid%3D1923262-30847%26name%3D%E3%82%AF%E3%83%AA%E3%83%83%E3%82%AF%20%E3%83%88%E3%83%AC%E3%83%BC%E3%83%8A%E3%83%BC%20%E7%8A%AC%E7%94%A8%20-%20%E3%83%80%E3%83%96%E3%83%AB%E3%82%AB%E3%83%A9%E3%83%BC%E3%83%9A%E3%83%83%E3%83%88%E3%82%AF%E3%83%AA%E3%83%83%E3%82%AB%E3%83%BC%20%E7%8A%AC%E3%81%AE%E8%A8%93%E7%B7%B4%E7%94%A8%2C%E5%B0%8F%E5%9E%8B%E4%B8%AD%E5%9E%8B%E5%A4%A7%E5%9E%8B%E5%8B%95%E7%89%A9%E7%94%A8%E3%83%9D%E3%83%BC%E3%82%BF%E3%83%96%E3%83%AB%E6%A5%95%E5%86%86%E5%BD%A2%E3%83%87%E3%82%B6%E3%82%A4%E3%83%B3 HTTP/1.1" 200 29835 "-" "Mozilla/5.0 (Linux; Android 6.0.1; Nexus 5X Build/MMB29P) AppleWebKit/537.36 (KHTML, like Gecko) Chrome/137.0.7151.103 Mobile Safari/537.36 (compatible; Googlebot/2.1; +http://www.google.com/bot.html)"
114.119.148.60 - - [17/Jul/2025:09:36:21 -0400] "GET /2020/10/14/dhaga-seekh-kabab-by-wania-aamir HTTP/1.1" 301 0 "http://fnf.group/recipes/page/4" "Mozilla/5.0 (Linux; Android 7.0;) AppleWebKit/537.36 (KHTML, like Gecko) Mobile Safari/537.36 (compatible; PetalBot;+https://webmaster.petalsearch.com/site/petalbot)"
114.119.148.60 - - [17/Jul/2025:09:36:25 -0400] "GET /2020/10/14/dhaga-seekh-kabab-by-wania-aamir/ HTTP/1.1" 200 18109 "http://fnf.group/recipes/page/4" "Mozilla/5.0 (Linux; Android 7.0;) AppleWebKit/537.36 (KHTML, like Gecko) Mobile Safari/537.36 (compatible; PetalBot;+https://webmaster.petalsearch.com/site/petalbot)"
114.119.137.28 - - [17/Jul/2025:09:37:45 -0400] "GET /wp-content/uploads/2020/09/Hyderabadi-Dumm-ka-Qeema-Beef.jpg HTTP/1.1" 200 338525 "https://fnf.group/2020/09/12/hyderabadi-dumm-ka-qeema-beef-by-noushaba-shafique/" "Mozilla/5.0 (Linux; Android 7.0;) AppleWebKit/537.36 (KHTML, like Gecko) Mobile Safari/537.36 (compatible; PetalBot;+https://webmaster.petalsearch.com/site/petalbot)"
63.250.38.117 - - [17/Jul/2025:09:37:48 -0400] "POST /wp-cron.php?doing_wp_cron=1752759468.3333799839019775390625 HTTP/1.1" 403 1242 "-" "WordPress/6.8.1; https://fnf.group"
66.249.68.131 - - [17/Jul/2025:09:37:47 -0400] "GET /?n=49019167996001&channel=a07979&from=goods.php%3Fid%3D1679960-29127%26name%3D%E3%80%90%E3%81%8A%E3%81%BE%E3%81%91+%E3%83%A1%E3%83%AB%E3%81%A1%E3%82%83%E3%82%93%E3%83%96%E3%83%83%E3%82%AF%E4%BB%98%E3%80%91+%E3%83%A1%E3%83%AB%E3%81%A1%E3%82%83%E3%82%93+%E3%81%AA%E3%81%8B%E3%82%88%E3%81%97%E3%83%91%E3%83%BC%E3%83%84+%E3%81%8A%E3%81%8B%E3%81%9F%E3%81%A5%E3%81%91%E3%81%B0%E3%81%A3%E3%81%A1%E3%82%8A%21+%E3%81%8A%E3%81%97%E3%82%83%E3%82%8C%E3%82%AF%E3%83%AD%E3%83%BC%E3%82%BC%E3%83%83%E3%83%88 HTTP/1.1" 301 0 "-" "Mozilla/5.0 (Linux; Android 6.0.1; Nexus 5X Build/MMB29P) AppleWebKit/537.36 (KHTML, like Gecko) Chrome/137.0.7151.103 Mobile Safari/537.36 (compatible; Googlebot/2.1; +http://www.google.com/bot.html)"
66.249.79.3 - - [17/Jul/2025:09:37:48 -0400] "GET /?n=49019167996001&channel=a07979&from=goods.php%3Fid%3D1679960-29127%26name%3D%E3%80%90%E3%81%8A%E3%81%BE%E3%81%91%20%E3%83%A1%E3%83%AB%E3%81%A1%E3%82%83%E3%82%93%E3%83%96%E3%83%83%E3%82%AF%E4%BB%98%E3%80%91%20%E3%83%A1%E3%83%AB%E3%81%A1%E3%82%83%E3%82%93%20%E3%81%AA%E3%81%8B%E3%82%88%E3%81%97%E3%83%91%E3%83%BC%E3%83%84%20%E3%81%8A%E3%81%8B%E3%81%9F%E3%81%A5%E3%81%91%E3%81%B0%E3%81%A3%E3%81%A1%E3%82%8A%21%20%E3%81%8A%E3%81%97%E3%82%83%E3%82%8C%E3%82%AF%E3%83%AD%E3%83%BC%E3%82%BC%E3%83%83%E3%83%88 HTTP/1.1" 200 29833 "-" "Mozilla/5.0 (Linux; Android 6.0.1; Nexus 5X Build/MMB29P) AppleWebKit/537.36 (KHTML, like Gecko) Chrome/137.0.7151.103 Mobile Safari/537.36 (compatible; Googlebot/2.1; +http://www.google.com/bot.html)"
66.249.68.131 - - [17/Jul/2025:09:38:25 -0400] "GET /?n=8896247238202&channel=f034ef&from=news.php%3Fid%3D472382-11901%26name%3D%E8%BB%8A%E8%BC%89%E7%94%A8%E5%85%85%E9%9B%BB%E5%99%A8%2C+1500W%E3%81%AE%E9%9B%BB%E5%8A%9B%E3%82%A4%E3%83%B3%E3%83%90%E3%83%BC%E3%82%BF+DC+12V+%E3%81%AB+AC+220+300W%E5%A4%AA%E9%99%BD%E5%85%89%E9%9B%BB%E5%9C%A7%E3%82%B3%E3%83%B3%E3%83%90%E3%83%BC%E3%82%BF+EU%E3%82%BD%E3%82%B1%E3%83%83%E3%83%88%E3%82%AB%E3%83%BC%E3%82%BF%E3%83%90%E3%82%B3%E3%83%A9%E3%82%A4 HTTP/1.1" 301 0 "-" "Mozilla/5.0 (Linux; Android 6.0.1; Nexus 5X Build/MMB29P) AppleWebKit/537.36 (KHTML, like Gecko) Chrome/137.0.7151.103 Mobile Safari/537.36 (compatible; Googlebot/2.1; +http://www.google.com/bot.html)"
66.249.79.3 - - [17/Jul/2025:09:38:29 -0400] "GET /?n=8896247238202&channel=f034ef&from=news.php%3Fid%3D472382-11901%26name%3D%E8%BB%8A%E8%BC%89%E7%94%A8%E5%85%85%E9%9B%BB%E5%99%A8%2C%201500W%E3%81%AE%E9%9B%BB%E5%8A%9B%E3%82%A4%E3%83%B3%E3%83%90%E3%83%BC%E3%82%BF%20DC%2012V%20%E3%81%AB%20AC%20220%20300W%E5%A4%AA%E9%99%BD%E5%85%89%E9%9B%BB%E5%9C%A7%E3%82%B3%E3%83%B3%E3%83%90%E3%83%BC%E3%82%BF%20EU%E3%82%BD%E3%82%B1%E3%83%83%E3%83%88%E3%82%AB%E3%83%BC%E3%82%BF%E3%83%90%E3%82%B3%E3%83%A9%E3%82%A4 HTTP/1.1" 200 29828 "-" "Mozilla/5.0 (Linux; Android 6.0.1; Nexus 5X Build/MMB29P) AppleWebKit/537.36 (KHTML, like Gecko) Chrome/137.0.7151.103 Mobile Safari/537.36 (compatible; Googlebot/2.1; +http://www.google.com/bot.html)"
66.249.68.130 - - [17/Jul/2025:09:38:40 -0400] "GET /?n=3177052132500&channel=37df1e&from=shop.php%3Fid%3D521325-9033%26name%3D%E3%82%B9%E3%83%86%E3%83%B3%E3%83%AC%E3%82%B9+HA304+%E5%88%87%E6%9D%BF+%28800%E2%84%83%E7%84%BC%E9%88%8D%29+%E6%9D%BF%E5%8E%9A+75%EF%BD%8D%EF%BD%8D+30mm%C3%97570mm HTTP/1.1" 301 0 "-" "Mozilla/5.0 (Linux; Android 6.0.1; Nexus 5X Build/MMB29P) AppleWebKit/537.36 (KHTML, like Gecko) Chrome/137.0.7151.103 Mobile Safari/537.36 (compatible; Googlebot/2.1; +http://www.google.com/bot.html)"
66.249.79.3 - - [17/Jul/2025:09:38:43 -0400] "GET /?n=3177052132500&channel=37df1e&from=shop.php%3Fid%3D521325-9033%26name%3D%E3%82%B9%E3%83%86%E3%83%B3%E3%83%AC%E3%82%B9%20HA304%20%E5%88%87%E6%9D%BF%20%28800%E2%84%83%E7%84%BC%E9%88%8D%29%20%E6%9D%BF%E5%8E%9A%2075%EF%BD%8D%EF%BD%8D%2030mm%C3%97570mm HTTP/1.1" 200 29832 "-" "Mozilla/5.0 (Linux; Android 6.0.1; Nexus 5X Build/MMB29P) AppleWebKit/537.36 (KHTML, like Gecko) Chrome/137.0.7151.103 Mobile Safari/537.36 (compatible; Googlebot/2.1; +http://www.google.com/bot.html)"
63.250.38.117 - - [17/Jul/2025:09:38:58 -0400] "POST /wp-cron.php?doing_wp_cron=1752759537.9881730079650878906250 HTTP/1.1" 403 1242 "-" "WordPress/6.8.1; https://fnf.group"
66.249.68.129 - - [17/Jul/2025:09:38:55 -0400] "GET /?n=3817782724903&channel=aba6fd&from=goods.php%3Fid%3D827249-9061%26name%3D%E3%81%82%E3%82%84%E3%81%A8%E3%82%8A%E3%81%B2%E3%82%82+%E3%83%AC%E3%82%A4%E3%83%B3%E3%83%9C%E3%83%BC+%E3%82%AB%E3%83%A9%E3%83%95%E3%83%AB+%E3%81%82%E3%82%84%E3%81%A8%E3%82%8A%E7%B4%90+%E7%9F%A5%E8%82%B2%E7%8E%A9%E5%85%B7+%E3%83%AA%E3%83%8F%E3%83%93%E3%83%AA+%E6%89%8B%E9%81%8A%E3%81%B3+%E7%B4%90 HTTP/1.1" 301 0 "-" "Mozilla/5.0 (Linux; Android 6.0.1; Nexus 5X Build/MMB29P) AppleWebKit/537.36 (KHTML, like Gecko) Chrome/137.0.7151.103 Mobile Safari/537.36 (compatible; Googlebot/2.1; +http://www.google.com/bot.html)"
66.249.79.3 - - [17/Jul/2025:09:38:58 -0400] "GET /?n=3817782724903&channel=aba6fd&from=goods.php%3Fid%3D827249-9061%26name%3D%E3%81%82%E3%82%84%E3%81%A8%E3%82%8A%E3%81%B2%E3%82%82%20%E3%83%AC%E3%82%A4%E3%83%B3%E3%83%9C%E3%83%BC%20%E3%82%AB%E3%83%A9%E3%83%95%E3%83%AB%20%E3%81%82%E3%82%84%E3%81%A8%E3%82%8A%E7%B4%90%20%E7%9F%A5%E8%82%B2%E7%8E%A9%E5%85%B7%20%E3%83%AA%E3%83%8F%E3%83%93%E3%83%AA%20%E6%89%8B%E9%81%8A%E3%81%B3%20%E7%B4%90 HTTP/1.1" 200 29828 "-" "Mozilla/5.0 (Linux; Android 6.0.1; Nexus 5X Build/MMB29P) AppleWebKit/537.36 (KHTML, like Gecko) Chrome/137.0.7151.103 Mobile Safari/537.36 (compatible; Googlebot/2.1; +http://www.google.com/bot.html)"
114.119.148.60 - - [17/Jul/2025:09:39:10 -0400] "GET /2020/09/28/shahi-sultan-sheekh-parda-biryani-by-amina-nana HTTP/1.1" 301 0 "-" "Mozilla/5.0 (Linux; Android 7.0;) AppleWebKit/537.36 (KHTML, like Gecko) Mobile Safari/537.36 (compatible; PetalBot;+https://webmaster.petalsearch.com/site/petalbot)"
66.249.68.131 - - [17/Jul/2025:09:39:10 -0400] "GET /?n=36999132924404&channel=7275e8&from=info.php%3Fid%3D1329244-22855%26name%3D%E3%83%9F%E3%82%AB%E3%82%B5%28MIKASA%29+%E3%82%B5%E3%83%83%E3%82%AB%E3%83%BC%E3%83%9C%E3%83%BC%E3%83%AB+%E6%97%A5%E6%9C%AC%E3%82%B5%E3%83%83%E3%82%AB%E3%83%BC%E5%8D%94%E4%BC%9A+%E6%A4%9C%E5%AE%9A%E7%90%83+4%E5%8F%B7+%28%E5%B0%8F%E5%AD%A6%E7%94%9F%E7%94%A8%29+SVC402SBC+%E6%8E%A8%E5%A5%A8%E5%86%85%E5%9C%A70.8%28kgf%2F%3F%29 HTTP/1.1" 301 0 "-" "Mozilla/5.0 (Linux; Android 6.0.1; Nexus 5X Build/MMB29P) AppleWebKit/537.36 (KHTML, like Gecko) Chrome/137.0.7151.103 Mobile Safari/537.36 (compatible; Googlebot/2.1; +http://www.google.com/bot.html)"
66.249.79.3 - - [17/Jul/2025:09:39:14 -0400] "GET /?n=36999132924404&channel=7275e8&from=info.php%3Fid%3D1329244-22855%26name%3D%E3%83%9F%E3%82%AB%E3%82%B5%28MIKASA%29%20%E3%82%B5%E3%83%83%E3%82%AB%E3%83%BC%E3%83%9C%E3%83%BC%E3%83%AB%20%E6%97%A5%E6%9C%AC%E3%82%B5%E3%83%83%E3%82%AB%E3%83%BC%E5%8D%94%E4%BC%9A%20%E6%A4%9C%E5%AE%9A%E7%90%83%204%E5%8F%B7%20%28%E5%B0%8F%E5%AD%A6%E7%94%9F%E7%94%A8%29%20SVC402SBC%20%E6%8E%A8%E5%A5%A8%E5%86%85%E5%9C%A70.8%28kgf%2F%3F%29 HTTP/1.1" 200 29836 "-" "Mozilla/5.0 (Linux; Android 6.0.1; Nexus 5X Build/MMB29P) AppleWebKit/537.36 (KHTML, like Gecko) Chrome/137.0.7151.103 Mobile Safari/537.36 (compatible; Googlebot/2.1; +http://www.google.com/bot.html)"
66.249.79.3 - - [17/Jul/2025:09:39:15 -0400] "GET /?n=82270198908804&channel=80d3b8&from=jp.php%3Fid%3D1989088-5709%26name%3DSDIOHF+%E3%82%AC%E3%82%BD%E3%83%AA%E3%83%B3+4+%E5%80%8B+INP-784+%E7%87%83%E6%96%99%E5%99%B4%E5%B0%84%E3%83%8E%E3%82%BA%E3%83%AB+Bico+%E3%81%A8%E4%BA%92%E6%8F%9B%E6%80%A7%E3%81%8C%E3%81%82%E3%82%8B+Misubishi+%E3%83%9E%E3%83%84%E3%83%80+E2200+2 HTTP/1.1" 301 0 "-" "Mozilla/5.0 (Linux; Android 6.0.1; Nexus 5X Build/MMB29P) AppleWebKit/537.36 (KHTML, like Gecko) Chrome/137.0.7151.103 Mobile Safari/537.36 (compatible; Googlebot/2.1; +http://www.google.com/bot.html)"
114.119.148.60 - - [17/Jul/2025:09:39:15 -0400] "GET /2020/09/28/shahi-sultan-sheekh-parda-biryani-by-amina-nana/ HTTP/1.1" 200 18433 "-" "Mozilla/5.0 (Linux; Android 7.0;) AppleWebKit/537.36 (KHTML, like Gecko) Mobile Safari/537.36 (compatible; PetalBot;+https://webmaster.petalsearch.com/site/petalbot)"
66.249.79.3 - - [17/Jul/2025:09:39:18 -0400] "GET /?n=82270198908804&channel=80d3b8&from=jp.php%3Fid%3D1989088-5709%26name%3DSDIOHF%20%E3%82%AC%E3%82%BD%E3%83%AA%E3%83%B3%204%20%E5%80%8B%20INP-784%20%E7%87%83%E6%96%99%E5%99%B4%E5%B0%84%E3%83%8E%E3%82%BA%E3%83%AB%20Bico%20%E3%81%A8%E4%BA%92%E6%8F%9B%E6%80%A7%E3%81%8C%E3%81%82%E3%82%8B%20Misubishi%20%E3%83%9E%E3%83%84%E3%83%80%20E2200%202 HTTP/1.1" 200 29835 "-" "Mozilla/5.0 (Linux; Android 6.0.1; Nexus 5X Build/MMB29P) AppleWebKit/537.36 (KHTML, like Gecko) Chrome/137.0.7151.103 Mobile Safari/537.36 (compatible; Googlebot/2.1; +http://www.google.com/bot.html)"
66.249.68.130 - - [17/Jul/2025:09:39:48 -0400] "GET /?n=09935181200601&channel=7d6d74&from=shared.php%3Fid%3D1812006-1832%26name%3D%E3%81%A8%E4%BA%92%E6%8F%9B%E6%80%A7%E3%81%8C%E3%81%82%E3%82%8B+%E3%82%B8%E3%83%BC%E3%83%97%E3%83%BBJK%E3%81%AE%E3%83%95%E3%83%BC%E3%83%89%E3%82%A2%E3%82%AF%E3%82%BB%E3%82%B5%E3%83%AA%E3%83%BC%E3%81%AB%E9%81%A9%E5%90%88%E3%81%99%E3%82%8B%E8%BB%8A%E3%81%AE%E3%82%A8%E3%83%B3%E3%82%B8%E3%83%B3%E3%83%95%E3%83%BC%E3%83%89%E3%82%AB%E3%83%90%E3%83%BC HTTP/1.1" 301 0 "-" "Mozilla/5.0 (Linux; Android 6.0.1; Nexus 5X Build/MMB29P) AppleWebKit/537.36 (KHTML, like Gecko) Chrome/137.0.7151.103 Mobile Safari/537.36 (compatible; Googlebot/2.1; +http://www.google.com/bot.html)"
54.36.148.253 - - [17/Jul/2025:09:39:54 -0400] "GET /robots.txt HTTP/1.1" 500 1034 "-" "Mozilla/5.0 (compatible; AhrefsBot/7.0; +http://ahrefs.com/robot/)"
66.249.79.3 - - [17/Jul/2025:09:39:53 -0400] "GET /?n=09935181200601&channel=7d6d74&from=shared.php%3Fid%3D1812006-1832%26name%3D%E3%81%A8%E4%BA%92%E6%8F%9B%E6%80%A7%E3%81%8C%E3%81%82%E3%82%8B%20%E3%82%B8%E3%83%BC%E3%83%97%E3%83%BBJK%E3%81%AE%E3%83%95%E3%83%BC%E3%83%89%E3%82%A2%E3%82%AF%E3%82%BB%E3%82%B5%E3%83%AA%E3%83%BC%E3%81%AB%E9%81%A9%E5%90%88%E3%81%99%E3%82%8B%E8%BB%8A%E3%81%AE%E3%82%A8%E3%83%B3%E3%82%B8%E3%83%B3%E3%83%95%E3%83%BC%E3%83%89%E3%82%AB%E3%83%90%E3%83%BC HTTP/1.1" 200 29833 "-" "Mozilla/5.0 (Linux; Android 6.0.1; Nexus 5X Build/MMB29P) AppleWebKit/537.36 (KHTML, like Gecko) Chrome/137.0.7151.103 Mobile Safari/537.36 (compatible; Googlebot/2.1; +http://www.google.com/bot.html)"
63.250.38.117 - - [17/Jul/2025:09:40:06 -0400] "POST /wp-cron.php?doing_wp_cron=1752759606.7070970535278320312500 HTTP/1.1" 403 1242 "-" "WordPress/6.8.1; https://fnf.group"
66.249.68.129 - - [17/Jul/2025:09:40:03 -0400] "GET /?n=09991112969508&channel=0f1c40&from=news.php%3Fid%3D1129695-18150%26name%3D%E9%95%B7%E6%96%B9%E5%BD%A2+U%E5%9E%8B+%E3%83%93%E3%82%B9%E3%82%B1%E3%83%83%E3%83%88%E5%9E%8B+%E9%95%B7%E6%96%B9%E5%BD%A2%E3%83%93%E3%82%B9%E3%82%B1%E3%83%83%E3%83%88%E3%82%B7%E3%82%A7%E3%82%A4%E3%83%91%E3%83%BC+%E3%81%8A%E8%8F%93%E5%AD%90%E4%BD%9C%E3%82%8A+%E7%B2%98%E3%82%8A%E3%81%AB%E3%81%8F%E3%81%84%E3%82%B1%E3%83%BC%E3%82%AD%E5%9E%8B+%E3%82%AF%E3%83%A9%E3%83%B3%E3%83%99%E3%83%AA%E3%83%BC%E3%82%AF%E3%83%83%E3%82%AD%E3%83%BC%E5%9E%8B+%E8%A3%BD%E8%8F%93%E7%94%A8%E5%93%81+%E7%B5%90%E5%A9%9A%E5%BC%8F+%E3%82%AF%E3%83%AA%E3%82%B9%E3%83%9E%E3%82%B9+%E3%83%93%E3%82%B9%E3%82%B1%E3%83%83%E3%83%88%E5%9E%8B+%E3%83%95%E3%83%A9%E3%83%B3%E3%82%B9%E3%83%91%E3%83%B3%E5%9E%8B+%E8%80%90%E7%86%B1%E7%9A%BF+%E3%81%8A%E8%8F%93%E5%AD%90+daXI397 HTTP/1.1" 301 0 "-" "Mozilla/5.0 (Linux; Android 6.0.1; Nexus 5X Build/MMB29P) AppleWebKit/537.36 (KHTML, like Gecko) Chrome/137.0.7151.103 Mobile Safari/537.36 (compatible; Googlebot/2.1; +http://www.google.com/bot.html)"
186.209.113.104 - - [17/Jul/2025:09:40:08 -0400] "POST /xmlrpc.php HTTP/1.1" 403 1242 "https://fnf.group" "Mozilla/5.0 (Macintosh; Intel Mac OS X 10_15_7; rv:128.0) Gecko/20100101 Firefox/128.0"
66.249.79.3 - - [17/Jul/2025:09:40:07 -0400] "GET /?n=09991112969508&channel=0f1c40&from=news.php%3Fid%3D1129695-18150%26name%3D%E9%95%B7%E6%96%B9%E5%BD%A2%20U%E5%9E%8B%20%E3%83%93%E3%82%B9%E3%82%B1%E3%83%83%E3%83%88%E5%9E%8B%20%E9%95%B7%E6%96%B9%E5%BD%A2%E3%83%93%E3%82%B9%E3%82%B1%E3%83%83%E3%83%88%E3%82%B7%E3%82%A7%E3%82%A4%E3%83%91%E3%83%BC%20%E3%81%8A%E8%8F%93%E5%AD%90%E4%BD%9C%E3%82%8A%20%E7%B2%98%E3%82%8A%E3%81%AB%E3%81%8F%E3%81%84%E3%82%B1%E3%83%BC%E3%82%AD%E5%9E%8B%20%E3%82%AF%E3%83%A9%E3%83%B3%E3%83%99%E3%83%AA%E3%83%BC%E3%82%AF%E3%83%83%E3%82%AD%E3%83%BC%E5%9E%8B%20%E8%A3%BD%E8%8F%93%E7%94%A8%E5%93%81%20%E7%B5%90%E5%A9%9A%E5%BC%8F%20%E3%82%AF%E3%83%AA%E3%82%B9%E3%83%9E%E3%82%B9%20%E3%83%93%E3%82%B9%E3%82%B1%E3%83%83%E3%83%88%E5%9E%8B%20%E3%83%95%E3%83%A9%E3%83%B3%E3%82%B9%E3%83%91%E3%83%B3%E5%9E%8B%20%E8%80%90%E7%86%B1%E7%9A%BF%20%E3%81%8A%E8%8F%93%E5%AD%90%20daXI397 HTTP/1.1" 200 29834 "-" "Mozilla/5.0 (Linux; Android 6.0.1; Nexus 5X Build/MMB29P) AppleWebKit/537.36 (KHTML, like Gecko) Chrome/137.0.7151.103 Mobile Safari/537.36 (compatible; Googlebot/2.1; +http://www.google.com/bot.html)"
66.249.68.129 - - [17/Jul/2025:09:40:18 -0400] "GET /?n=0295219521301&channel=5d95f8&from=form.php%3Fid%3D195213-3276%26name%3DSSD+RC%E3%83%9D%E3%83%BC%E3%82%BF%E3%83%AB%E3%83%96%E3%83%A9%E3%82%B9%E3%82%A6%E3%82%A7%E3%82%A4%E3%83%88+SCX10+III%E3%81%A8Capra%E7%94%A8 HTTP/1.1" 301 0 "-" "Mozilla/5.0 (Linux; Android 6.0.1; Nexus 5X Build/MMB29P) AppleWebKit/537.36 (KHTML, like Gecko) Chrome/137.0.7151.103 Mobile Safari/537.36 (compatible; Googlebot/2.1; +http://www.google.com/bot.html)"
66.249.79.3 - - [17/Jul/2025:09:40:21 -0400] "GET /?n=0295219521301&channel=5d95f8&from=form.php%3Fid%3D195213-3276%26name%3DSSD%20RC%E3%83%9D%E3%83%BC%E3%82%BF%E3%83%AB%E3%83%96%E3%83%A9%E3%82%B9%E3%82%A6%E3%82%A7%E3%82%A4%E3%83%88%20SCX10%20III%E3%81%A8Capra%E7%94%A8 HTTP/1.1" 200 29830 "-" "Mozilla/5.0 (Linux; Android 6.0.1; Nexus 5X Build/MMB29P) AppleWebKit/537.36 (KHTML, like Gecko) Chrome/137.0.7151.103 Mobile Safari/537.36 (compatible; Googlebot/2.1; +http://www.google.com/bot.html)"
66.249.79.3 - - [17/Jul/2025:09:40:26 -0400] "GET /?n=71379160864101&channel=686266&from=product.php%3Fid%3D1608641-21562%26name%3D%E3%82%B9%E3%82%AB%E3%83%BC%E3%83%88%E3%80%80%E3%83%AD%E3%83%B3%E3%82%B0%E3%80%80%E9%BB%92%E3%80%80%E6%B6%BC%E6%84%9F%E3%80%80%E3%83%95%E3%83%AC%E3%82%A2%E3%82%B9%E3%82%AB%E3%83%BC%E3%83%88%E3%80%80M%E3%82%B5%E3%82%A4%E3%82%BA%E3%80%80%E3%83%9D%E3%82%B1%E3%83%83%E3%83%88%E4%BB%98%E3%81%8D%E3%80%80%E6%98%A5%E3%80%80%E5%A4%8F HTTP/1.1" 200 29827 "-" "Mozilla/5.0 (Linux; Android 6.0.1; Nexus 5X Build/MMB29P) AppleWebKit/537.36 (KHTML, like Gecko) Chrome/137.0.7151.103 Mobile Safari/537.36 (compatible; Googlebot/2.1; +http://www.google.com/bot.html)"
66.249.68.129 - - [17/Jul/2025:09:40:33 -0400] "GET /?n=5154044164405&channel=ab7f08&from=pin.php%3Fid%3D441644-6546%26name%3DCLIFFS+BY+WHITE+MOUNTAIN+%E3%83%AC%E3%83%87%E3%82%A3%E3%83%BC%E3%82%B9+%E3%83%8F%E3%83%B3%E3%83%88%E3%83%B3+%E3%82%AF%E3%83%83%E3%82%B7%E3%83%A7%E3%83%B3%E3%83%92%E3%83%BC%E3%83%AB+%E3%82%B7%E3%83%A5%E3%83%BC%E3%83%86%E3%82%A3%E3%83%BC%2C+Dk+Brown%2FSued HTTP/1.1" 301 0 "-" "Mozilla/5.0 (Linux; Android 6.0.1; Nexus 5X Build/MMB29P) AppleWebKit/537.36 (KHTML, like Gecko) Chrome/137.0.7151.103 Mobile Safari/537.36 (compatible; Googlebot/2.1; +http://www.google.com/bot.html)"
66.249.79.3 - - [17/Jul/2025:09:40:34 -0400] "GET /?n=5154044164405&channel=ab7f08&from=pin.php%3Fid%3D441644-6546%26name%3DCLIFFS%20BY%20WHITE%20MOUNTAIN%20%E3%83%AC%E3%83%87%E3%82%A3%E3%83%BC%E3%82%B9%20%E3%83%8F%E3%83%B3%E3%83%88%E3%83%B3%20%E3%82%AF%E3%83%83%E3%82%B7%E3%83%A7%E3%83%B3%E3%83%92%E3%83%BC%E3%83%AB%20%E3%82%B7%E3%83%A5%E3%83%BC%E3%83%86%E3%82%A3%E3%83%BC%2C%20Dk%20Brown%2FSued HTTP/1.1" 200 29831 "-" "Mozilla/5.0 (Linux; Android 6.0.1; Nexus 5X Build/MMB29P) AppleWebKit/537.36 (KHTML, like Gecko) Chrome/137.0.7151.103 Mobile Safari/537.36 (compatible; Googlebot/2.1; +http://www.google.com/bot.html)"
66.249.79.3 - - [17/Jul/2025:09:40:52 -0400] "GET /?n=9762190539201&channel=e88308&from=article.php%3Fid%3D905392-22019%26name%3D%E3%83%98%E3%83%83%E3%83%89%E3%82%A2%E3%82%AF%E3%82%BB%E3%82%B5%E3%83%AA%E3%83%BC+%E3%82%B3%E3%82%B5%E3%83%BC%E3%82%B8%E3%83%A5 HTTP/1.1" 301 0 "-" "Mozilla/5.0 (Linux; Android 6.0.1; Nexus 5X Build/MMB29P) AppleWebKit/537.36 (KHTML, like Gecko) Chrome/137.0.7151.103 Mobile Safari/537.36 (compatible; Googlebot/2.1; +http://www.google.com/bot.html)"
66.249.79.3 - - [17/Jul/2025:09:40:55 -0400] "GET /?n=9762190539201&channel=e88308&from=article.php%3Fid%3D905392-22019%26name%3D%E3%83%98%E3%83%83%E3%83%89%E3%82%A2%E3%82%AF%E3%82%BB%E3%82%B5%E3%83%AA%E3%83%BC%20%E3%82%B3%E3%82%B5%E3%83%BC%E3%82%B8%E3%83%A5 HTTP/1.1" 200 29831 "-" "Mozilla/5.0 (Linux; Android 6.0.1; Nexus 5X Build/MMB29P) AppleWebKit/537.36 (KHTML, like Gecko) Chrome/137.0.7151.103 Mobile Safari/537.36 (compatible; Googlebot/2.1; +http://www.google.com/bot.html)"
66.249.68.129 - - [17/Jul/2025:09:41:02 -0400] "GET /?n=2315875784905&channel=67be0e&from=form.php%3Fid%3D757849-368%26name%3DNBXDLMUT%28%E5%B0%8F%E3%81%95%E3%81%AA%E5%BA%97%29+For+CRF230+%E7%94%A8CRF230F+%E7%94%A8CRF230R+200cc-250cc+%E3%82%AA%E3%83%BC%E3%83%88%E3%83%90%E3%82%A4+%E3%82%AD%E3%83%A3%E3%83%96%E3%83%AC HTTP/1.1" 301 0 "-" "Mozilla/5.0 (Linux; Android 6.0.1; Nexus 5X Build/MMB29P) AppleWebKit/537.36 (KHTML, like Gecko) Chrome/137.0.7151.103 Mobile Safari/537.36 (compatible; Googlebot/2.1; +http://www.google.com/bot.html)"
63.250.38.117 - - [17/Jul/2025:09:41:07 -0400] "POST /wp-cron.php?doing_wp_cron=1752759667.7082269191741943359375 HTTP/1.1" 403 1242 "-" "WordPress/6.8.1; https://fnf.group"
66.249.79.3 - - [17/Jul/2025:09:41:05 -0400] "GET /?n=2315875784905&channel=67be0e&from=form.php%3Fid%3D757849-368%26name%3DNBXDLMUT%28%E5%B0%8F%E3%81%95%E3%81%AA%E5%BA%97%29%20For%20CRF230%20%E7%94%A8CRF230F%20%E7%94%A8CRF230R%20200cc-250cc%20%E3%82%AA%E3%83%BC%E3%83%88%E3%83%90%E3%82%A4%20%E3%82%AD%E3%83%A3%E3%83%96%E3%83%AC HTTP/1.1" 200 29835 "-" "Mozilla/5.0 (Linux; Android 6.0.1; Nexus 5X Build/MMB29P) AppleWebKit/537.36 (KHTML, like Gecko) Chrome/137.0.7151.103 Mobile Safari/537.36 (compatible; Googlebot/2.1; +http://www.google.com/bot.html)"
66.249.68.130 - - [17/Jul/2025:09:41:34 -0400] "GET /?n=670596539200&channel=50f77e&from=shared.php%3Fid%3D65392-2203%26name%3D2007%E5%B9%B4%E4%BB%A5%E9%99%8D%E3%82%B9%E3%83%9D%E3%83%BC%E3%83%84%E3%82%B9%E3%82%BF%E3%83%BC%E7%94%A8+%E3%83%AD%E3%83%83%E3%82%AB%E3%83%BC%E3%82%AB%E3%83%90%E3%83%BC%E3%82%AC%E3%82%B9%E3%82%B1%E3%83%83%E3%83%88%E3%82%AD%E3%83%83%E3%83%88+07y-XL+17030-07-X+XL1200X%E3%81%AA%E3%81%A9 HTTP/1.1" 301 0 "-" "Mozilla/5.0 (Linux; Android 6.0.1; Nexus 5X Build/MMB29P) AppleWebKit/537.36 (KHTML, like Gecko) Chrome/137.0.7151.103 Mobile Safari/537.36 (compatible; Googlebot/2.1; +http://www.google.com/bot.html)"
66.249.79.3 - - [17/Jul/2025:09:41:36 -0400] "GET /?n=670596539200&channel=50f77e&from=shared.php%3Fid%3D65392-2203%26name%3D2007%E5%B9%B4%E4%BB%A5%E9%99%8D%E3%82%B9%E3%83%9D%E3%83%BC%E3%83%84%E3%82%B9%E3%82%BF%E3%83%BC%E7%94%A8%20%E3%83%AD%E3%83%83%E3%82%AB%E3%83%BC%E3%82%AB%E3%83%90%E3%83%BC%E3%82%AC%E3%82%B9%E3%82%B1%E3%83%83%E3%83%88%E3%82%AD%E3%83%83%E3%83%88%2007y-XL%2017030-07-X%20XL1200X%E3%81%AA%E3%81%A9 HTTP/1.1" 200 29822 "-" "Mozilla/5.0 (Linux; Android 6.0.1; Nexus 5X Build/MMB29P) AppleWebKit/537.36 (KHTML, like Gecko) Chrome/137.0.7151.103 Mobile Safari/537.36 (compatible; Googlebot/2.1; +http://www.google.com/bot.html)"
63.250.38.117 - - [17/Jul/2025:09:42:28 -0400] "POST /wp-cron.php?doing_wp_cron=1752759748.5821220874786376953125 HTTP/1.1" 403 1242 "-" "WordPress/6.8.1; https://fnf.group"
66.249.68.131 - - [17/Jul/2025:09:42:25 -0400] "GET /?n=0981162916703&channel=5603e3&from=product.php%3Fid%3D629167-4103%26name%3D%E3%82%AA%E3%83%BC%E3%83%88%E3%83%90%E3%82%A4%E3%81%AE%E3%83%96%E3%83%AC%E3%83%BC%E3%82%AD%E3%82%AF%E3%83%A9%E3%83%83%E3%83%81%E3%83%AC%E3%83%90%E3%83%BC+%E3%82%B9%E3%82%BA%E3%82%AD%E7%94%A8%E3%83%90%E3%83%B3%E3%83%87%E3%82%A3%E3%83%83%E3%83%88GSF600S%E7%94%A8GSF+600S%E7%94%A81995-2004+2003+2002%E3%83%A2%E3%83%BC HTTP/1.1" 301 0 "-" "Mozilla/5.0 (Linux; Android 6.0.1; Nexus 5X Build/MMB29P) AppleWebKit/537.36 (KHTML, like Gecko) Chrome/137.0.7151.103 Mobile Safari/537.36 (compatible; Googlebot/2.1; +http://www.google.com/bot.html)"
66.249.79.4 - - [17/Jul/2025:09:42:29 -0400] "GET /?n=0981162916703&channel=5603e3&from=product.php%3Fid%3D629167-4103%26name%3D%E3%82%AA%E3%83%BC%E3%83%88%E3%83%90%E3%82%A4%E3%81%AE%E3%83%96%E3%83%AC%E3%83%BC%E3%82%AD%E3%82%AF%E3%83%A9%E3%83%83%E3%83%81%E3%83%AC%E3%83%90%E3%83%BC%20%E3%82%B9%E3%82%BA%E3%82%AD%E7%94%A8%E3%83%90%E3%83%B3%E3%83%87%E3%82%A3%E3%83%83%E3%83%88GSF600S%E7%94%A8GSF%20600S%E7%94%A81995-2004%202003%202002%E3%83%A2%E3%83%BC HTTP/1.1" 200 29818 "-" "Mozilla/5.0 (Linux; Android 6.0.1; Nexus 5X Build/MMB29P) AppleWebKit/537.36 (KHTML, like Gecko) Chrome/137.0.7151.103 Mobile Safari/537.36 (compatible; Googlebot/2.1; +http://www.google.com/bot.html)"
72.14.199.98 - - [17/Jul/2025:09:43:00 -0400] "GET /pcmypage HTTP/1.1" 404 11507 "-" "Mozilla/5.0 (Linux; Android 6.0.1; Nexus 5X Build/MMB29P) AppleWebKit/537.36 (KHTML, like Gecko) Chrome/137.0.7151.103 Mobile Safari/537.36 (compatible; AdsBot-Google-Mobile; +http://www.google.com/mobile/adsbot.html)"
66.249.68.131 - - [17/Jul/2025:09:43:04 -0400] "GET /?n=27104180569100&channel=939508&from=category-info.php%3Fid%3D1805691-20268%26name%3D%E2%98%85%E2%98%85%E2%98%85%E7%99%BD%2FG-S33%2FGW17%2F%E7%99%BD%E5%9F%BA%E6%9C%ACG%28%E3%83%A0%E3%82%A6%E3%83%BB%E3%83%A9%E3%83%BB%E3%83%95%E3%83%A9%E3%82%AC%29%E2%98%85%E2%98%85%E2%98%85 HTTP/1.1" 301 0 "-" "Mozilla/5.0 (Linux; Android 6.0.1; Nexus 5X Build/MMB29P) AppleWebKit/537.36 (KHTML, like Gecko) Chrome/137.0.7151.103 Mobile Safari/537.36 (compatible; Googlebot/2.1; +http://www.google.com/bot.html)"
66.249.79.2 - - [17/Jul/2025:09:43:05 -0400] "GET /?n=27104180569100&channel=939508&from=category-info.php%3Fid%3D1805691-20268%26name%3D%E2%98%85%E2%98%85%E2%98%85%E7%99%BD%2FG-S33%2FGW17%2F%E7%99%BD%E5%9F%BA%E6%9C%ACG%28%E3%83%A0%E3%82%A6%E3%83%BB%E3%83%A9%E3%83%BB%E3%83%95%E3%83%A9%E3%82%AC%29%E2%98%85%E2%98%85%E2%98%85 HTTP/1.1" 200 29823 "-" "Mozilla/5.0 (Linux; Android 6.0.1; Nexus 5X Build/MMB29P) AppleWebKit/537.36 (KHTML, like Gecko) Chrome/137.0.7151.103 Mobile Safari/537.36 (compatible; Googlebot/2.1; +http://www.google.com/bot.html)"
66.249.68.130 - - [17/Jul/2025:09:43:16 -0400] "GET /sitemap.xml HTTP/1.1" 200 27271 "-" "Mozilla/5.0 (compatible; Googlebot/2.1; +http://www.google.com/bot.html)"
66.249.68.130 - - [17/Jul/2025:09:43:18 -0400] "GET /?n=9090491158202&channel=8cf126&from=info.php%3Fid%3D911582-21961%26name%3D2%E5%80%8B+%E3%83%9A%E3%83%83%E3%83%88%E3%81%AE%E3%81%8A%E3%82%82%E3%81%A1%E3%82%83+%E4%BA%94%E6%9C%AC%E6%8C%87+%E3%81%97%E3%82%B0%E3%83%AD%E3%83%BC%E3%83%96+%E5%B1%8B%E5%86%85%E7%94%A8%E7%8C%AB%E3%81%AE%E3%81%8A%E3%82%82%E3%81%A1%E3%82%83+%E3%82%A4%E3%83%B3%E3%82%BF%E3%83%A9%E3%82%AF%E3%83%86%E3%82%A3%E3%83%96%E3%81%AA%E7%8C%AB%E3%81%AE%E3%81%8A%E3%82%82%E3%81%A1%E3%82%83+%E3%81%AE%E8%B1%AA%E8%8F%AF%E3%81%AA%E6%89%8B%E8%A2%8B+%E5%AD%90%E7%8C%AB%E3%81%AE%E3%81%8A%E3%82%82%E3%81%A1%E3%82%83+%E9%9D%A2%E7%99%BD%E3%81%84 HTTP/1.1" 301 0 "-" "Mozilla/5.0 (Linux; Android 6.0.1; Nexus 5X Build/MMB29P) AppleWebKit/537.36 (KHTML, like Gecko) Chrome/137.0.7151.103 Mobile Safari/537.36 (compatible; Googlebot/2.1; +http://www.google.com/bot.html)"
66.249.79.2 - - [17/Jul/2025:09:43:21 -0400] "GET /?n=9090491158202&channel=8cf126&from=info.php%3Fid%3D911582-21961%26name%3D2%E5%80%8B%20%E3%83%9A%E3%83%83%E3%83%88%E3%81%AE%E3%81%8A%E3%82%82%E3%81%A1%E3%82%83%20%E4%BA%94%E6%9C%AC%E6%8C%87%20%E3%81%97%E3%82%B0%E3%83%AD%E3%83%BC%E3%83%96%20%E5%B1%8B%E5%86%85%E7%94%A8%E7%8C%AB%E3%81%AE%E3%81%8A%E3%82%82%E3%81%A1%E3%82%83%20%E3%82%A4%E3%83%B3%E3%82%BF%E3%83%A9%E3%82%AF%E3%83%86%E3%82%A3%E3%83%96%E3%81%AA%E7%8C%AB%E3%81%AE%E3%81%8A%E3%82%82%E3%81%A1%E3%82%83%20%E3%81%AE%E8%B1%AA%E8%8F%AF%E3%81%AA%E6%89%8B%E8%A2%8B%20%E5%AD%90%E7%8C%AB%E3%81%AE%E3%81%8A%E3%82%82%E3%81%A1%E3%82%83%20%E9%9D%A2%E7%99%BD%E3%81%84 HTTP/1.1" 200 29829 "-" "Mozilla/5.0 (Linux; Android 6.0.1; Nexus 5X Build/MMB29P) AppleWebKit/537.36 (KHTML, like Gecko) Chrome/137.0.7151.103 Mobile Safari/537.36 (compatible; Googlebot/2.1; +http://www.google.com/bot.html)"
63.250.38.117 - - [17/Jul/2025:09:43:35 -0400] "POST /wp-cron.php?doing_wp_cron=1752759815.5291359424591064453125 HTTP/1.1" 403 1242 "-" "WordPress/6.8.1; https://fnf.group"
66.249.68.129 - - [17/Jul/2025:09:43:34 -0400] "GET /?n=80042191471700&channel=8ab59a&from=shop.php%3Fid%3D1914717-13466%26name%3D1pc%2Fpackage+Drive+central+Switch+68141342AC+YANGMO-AUTO HTTP/1.1" 301 0 "-" "Mozilla/5.0 (Linux; Android 6.0.1; Nexus 5X Build/MMB29P) AppleWebKit/537.36 (KHTML, like Gecko) Chrome/137.0.7151.103 Mobile Safari/537.36 (compatible; Googlebot/2.1; +http://www.google.com/bot.html)"
66.249.79.2 - - [17/Jul/2025:09:43:35 -0400] "GET /?n=80042191471700&channel=8ab59a&from=shop.php%3Fid%3D1914717-13466%26name%3D1pc%2Fpackage%20Drive%20central%20Switch%2068141342AC%20YANGMO-AUTO HTTP/1.1" 200 29827 "-" "Mozilla/5.0 (Linux; Android 6.0.1; Nexus 5X Build/MMB29P) AppleWebKit/537.36 (KHTML, like Gecko) Chrome/137.0.7151.103 Mobile Safari/537.36 (compatible; Googlebot/2.1; +http://www.google.com/bot.html)"
66.249.68.131 - - [17/Jul/2025:09:44:02 -0400] "GET /?n=4299267428002&channel=ffde54&from=info.php%3Fid%3D674280-6473%26name%3D%E3%83%95%E3%83%AD%E3%83%B3%E3%83%88%E3%83%90%E3%83%B3%E3%83%91%E3%83%BC%E3%82%A4%E3%83%B3%E3%83%86%E3%83%BC%E3%82%AF%E3%82%B0%E3%83%AA%E3%83%AB+%E8%BB%8A%E3%81%AE%E3%83%95%E3%83%AD%E3%83%B3%E3%83%88%E3%83%90%E3%83%B3%E3%83%91%E3%83%BC%E3%82%B0%E3%83%AA%E3%83%AB%E3%82%B9%E3%83%9D%E3%83%BC%E3%83%84%E5%85%AD%E8%A7%92%E3%83%A1%E3%83%83%E3%82%B7%E3%83%A5%E3%83%95%E3%83%BC%E3%83%89%E3%82%B0%E3%83%AA%E3%83%AB+A5%E7%94%A8+S5%E7%94%A8+2013+2014+2 HTTP/1.1" 301 0 "-" "Mozilla/5.0 (Linux; Android 6.0.1; Nexus 5X Build/MMB29P) AppleWebKit/537.36 (KHTML, like Gecko) Chrome/137.0.7151.103 Mobile Safari/537.36 (compatible; Googlebot/2.1; +http://www.google.com/bot.html)"
66.249.79.4 - - [17/Jul/2025:09:44:04 -0400] "GET /?n=4299267428002&channel=ffde54&from=info.php%3Fid%3D674280-6473%26name%3D%E3%83%95%E3%83%AD%E3%83%B3%E3%83%88%E3%83%90%E3%83%B3%E3%83%91%E3%83%BC%E3%82%A4%E3%83%B3%E3%83%86%E3%83%BC%E3%82%AF%E3%82%B0%E3%83%AA%E3%83%AB%20%E8%BB%8A%E3%81%AE%E3%83%95%E3%83%AD%E3%83%B3%E3%83%88%E3%83%90%E3%83%B3%E3%83%91%E3%83%BC%E3%82%B0%E3%83%AA%E3%83%AB%E3%82%B9%E3%83%9D%E3%83%BC%E3%83%84%E5%85%AD%E8%A7%92%E3%83%A1%E3%83%83%E3%82%B7%E3%83%A5%E3%83%95%E3%83%BC%E3%83%89%E3%82%B0%E3%83%AA%E3%83%AB%20A5%E7%94%A8%20S5%E7%94%A8%202013%202014%202 HTTP/1.1" 200 29829 "-" "Mozilla/5.0 (Linux; Android 6.0.1; Nexus 5X Build/MMB29P) AppleWebKit/537.36 (KHTML, like Gecko) Chrome/137.0.7151.103 Mobile Safari/537.36 (compatible; Googlebot/2.1; +http://www.google.com/bot.html)"
66.249.68.130 - - [17/Jul/2025:09:44:31 -0400] "GET /?n=6085032157600&channel=00e7d0&from=article.php%3Fid%3D321576-1908%26name%3D%5B%E3%82%A2%E3%83%AB%E3%83%95%E3%82%A1+%E3%82%A4%E3%83%B3%E3%83%80%E3%82%B9%E3%83%88%E3%83%AA%E3%83%BC%E3%82%BA%5D+%E3%82%B9%E3%82%BF%E3%82%B8%E3%83%A3%E3%83%B3%E9%A2%A8MA-1+US%E3%82%B9%E3%83%9A%E3%83%83%E3%82%AF HTTP/1.1" 301 0 "-" "Mozilla/5.0 (Linux; Android 6.0.1; Nexus 5X Build/MMB29P) AppleWebKit/537.36 (KHTML, like Gecko) Chrome/137.0.7151.103 Mobile Safari/537.36 (compatible; Googlebot/2.1; +http://www.google.com/bot.html)"
63.250.38.117 - - [17/Jul/2025:09:44:37 -0400] "POST /wp-cron.php?doing_wp_cron=1752759876.8831338882446289062500 HTTP/1.1" 403 1242 "-" "WordPress/6.8.1; https://fnf.group"
66.249.79.3 - - [17/Jul/2025:09:44:34 -0400] "GET /?n=6085032157600&channel=00e7d0&from=article.php%3Fid%3D321576-1908%26name%3D%5B%E3%82%A2%E3%83%AB%E3%83%95%E3%82%A1%20%E3%82%A4%E3%83%B3%E3%83%80%E3%82%B9%E3%83%88%E3%83%AA%E3%83%BC%E3%82%BA%5D%20%E3%82%B9%E3%82%BF%E3%82%B8%E3%83%A3%E3%83%B3%E9%A2%A8MA-1%20US%E3%82%B9%E3%83%9A%E3%83%83%E3%82%AF HTTP/1.1" 200 29827 "-" "Mozilla/5.0 (Linux; Android 6.0.1; Nexus 5X Build/MMB29P) AppleWebKit/537.36 (KHTML, like Gecko) Chrome/137.0.7151.103 Mobile Safari/537.36 (compatible; Googlebot/2.1; +http://www.google.com/bot.html)"
66.249.68.130 - - [17/Jul/2025:09:45:01 -0400] "GET /?n=7113071221103&channel=60fc41&from=product.php%3Fid%3D712211-4153%26name%3D%E5%85%A5%E5%8F%A3%E6%8E%92%E6%B0%97%E3%83%90%E3%83%AB%E3%83%96%E3%82%B7%E3%83%BC%E3%83%AB%E3%83%AA%E3%83%B3%E3%82%B0%E3%82%BB%E3%83%83%E3%83%88%E3%80%81%E3%83%90%E3%83%AB%E3%83%96%E3%82%B9%E3%83%86%E3%83%A0+1000+%E7%94%A8+21050100501+21050100401+%E4%BA%A4%E6%8F%9B%E9%83%A8%E5%93%81 HTTP/1.1" 301 0 "-" "Mozilla/5.0 (Linux; Android 6.0.1; Nexus 5X Build/MMB29P) AppleWebKit/537.36 (KHTML, like Gecko) Chrome/137.0.7151.103 Mobile Safari/537.36 (compatible; Googlebot/2.1; +http://www.google.com/bot.html)"
66.249.79.3 - - [17/Jul/2025:09:45:03 -0400] "GET /?n=7113071221103&channel=60fc41&from=product.php%3Fid%3D712211-4153%26name%3D%E5%85%A5%E5%8F%A3%E6%8E%92%E6%B0%97%E3%83%90%E3%83%AB%E3%83%96%E3%82%B7%E3%83%BC%E3%83%AB%E3%83%AA%E3%83%B3%E3%82%B0%E3%82%BB%E3%83%83%E3%83%88%E3%80%81%E3%83%90%E3%83%AB%E3%83%96%E3%82%B9%E3%83%86%E3%83%A0%201000%20%E7%94%A8%2021050100501%2021050100401%20%E4%BA%A4%E6%8F%9B%E9%83%A8%E5%93%81 HTTP/1.1" 200 29828 "-" "Mozilla/5.0 (Linux; Android 6.0.1; Nexus 5X Build/MMB29P) AppleWebKit/537.36 (KHTML, like Gecko) Chrome/137.0.7151.103 Mobile Safari/537.36 (compatible; Googlebot/2.1; +http://www.google.com/bot.html)"
63.250.38.117 - - [17/Jul/2025:09:45:56 -0400] "POST /wp-cron.php?doing_wp_cron=1752759956.7791879177093505859375 HTTP/1.1" 403 1242 "-" "WordPress/6.8.1; https://fnf.group"
66.249.68.130 - - [17/Jul/2025:09:45:55 -0400] "GET /?n=4289921327303&channel=067ce5&from=info.php%3Fid%3D213273-8662%26name%3D%E3%83%A9%E3%82%B8%E3%82%A8%E3%83%BC%E3%82%BF%E3%83%BC%E3%83%97%E3%83%AD%E3%83%86%E3%82%AF%E3%82%BF%E3%83%BC%E3%82%B0%E3%83%AA%E3%83%AB+%E3%83%A9%E3%82%B8%E3%82%A8%E3%83%BC%E3%82%BF%E3%83%BC%E3%82%B0%E3%83%AA%E3%83%AB%E3%82%AC%E3%83%BC%E3%83%89%E3%82%AB%E3%83%90%E3%83%BC+%E3%82%B7%E3%83%BC%E3%82%A8%E3%83%95%E3%83%A2%E3%83%88+800MT+800+MT+2021-2022+%E3%82%AA%E3%83%BC%E3%83%88%E3%83%90 HTTP/1.1" 301 0 "-" "Mozilla/5.0 (Linux; Android 6.0.1; Nexus 5X Build/MMB29P) AppleWebKit/537.36 (KHTML, like Gecko) Chrome/137.0.7151.103 Mobile Safari/537.36 (compatible; Googlebot/2.1; +http://www.google.com/bot.html)"
63.250.38.117 - - [17/Jul/2025:09:45:57 -0400] "POST /wp-cron.php?doing_wp_cron=1752759956.9291870594024658203125 HTTP/1.1" 403 1242 "-" "WordPress/6.8.1; https://fnf.group"
66.249.79.3 - - [17/Jul/2025:09:45:55 -0400] "GET /?n=53887196551301&channel=b3defd&from=brands.php%3Fid%3D1965513-13624%26name%3DRG+%E3%83%AA%E3%83%9C%E3%83%B3+2.5%E3%82%A4%E3%83%B3%E3%83%81+%E3%83%AF%E3%82%A4%E3%83%A4%E3%83%BC%E3%82%A8%E3%83%83%E3%82%B8+%E3%83%99%E3%83%BC%E3%82%B8%E3%83%A5+%E3%83%AA%E3%83%8D%E3%83%B3+%E3%82%AD%E3%83%A3%E3%83%B3%E3%83%90%E3%82%B9+%E3%83%93%E3%83%83%E3%82%B0%E3%83%96%E3%83%A9%E3%83%83%E3%82%AF%26amp%3B%E3%83%9B%E3%83%AF%E3%82%A4%E3%83%88%E3%82%AF%E3%83%AD%E3%82%B9+%E3%83%AA%E3%83%88%E3%83%AB%E3%83%96%E3%83%A9%E3%83%83%E3%82%AF%E3%82%AF%E3%83%AD HTTP/1.1" 301 0 "-" "Mozilla/5.0 (Linux; Android 6.0.1; Nexus 5X Build/MMB29P) AppleWebKit/537.36 (KHTML, like Gecko) Chrome/137.0.7151.103 Mobile Safari/537.36 (compatible; Googlebot/2.1; +http://www.google.com/bot.html)"
66.249.79.3 - - [17/Jul/2025:09:45:57 -0400] "GET /?n=4289921327303&channel=067ce5&from=info.php%3Fid%3D213273-8662%26name%3D%E3%83%A9%E3%82%B8%E3%82%A8%E3%83%BC%E3%82%BF%E3%83%BC%E3%83%97%E3%83%AD%E3%83%86%E3%82%AF%E3%82%BF%E3%83%BC%E3%82%B0%E3%83%AA%E3%83%AB%20%E3%83%A9%E3%82%B8%E3%82%A8%E3%83%BC%E3%82%BF%E3%83%BC%E3%82%B0%E3%83%AA%E3%83%AB%E3%82%AC%E3%83%BC%E3%83%89%E3%82%AB%E3%83%90%E3%83%BC%20%E3%82%B7%E3%83%BC%E3%82%A8%E3%83%95%E3%83%A2%E3%83%88%20800MT%20800%20MT%202021-2022%20%E3%82%AA%E3%83%BC%E3%83%88%E3%83%90 HTTP/1.1" 200 29835 "-" "Mozilla/5.0 (Linux; Android 6.0.1; Nexus 5X Build/MMB29P) AppleWebKit/537.36 (KHTML, like Gecko) Chrome/137.0.7151.103 Mobile Safari/537.36 (compatible; Googlebot/2.1; +http://www.google.com/bot.html)"
66.249.79.2 - - [17/Jul/2025:09:45:57 -0400] "GET /?n=53887196551301&channel=b3defd&from=brands.php%3Fid%3D1965513-13624%26name%3DRG%20%E3%83%AA%E3%83%9C%E3%83%B3%202.5%E3%82%A4%E3%83%B3%E3%83%81%20%E3%83%AF%E3%82%A4%E3%83%A4%E3%83%BC%E3%82%A8%E3%83%83%E3%82%B8%20%E3%83%99%E3%83%BC%E3%82%B8%E3%83%A5%20%E3%83%AA%E3%83%8D%E3%83%B3%20%E3%82%AD%E3%83%A3%E3%83%B3%E3%83%90%E3%82%B9%20%E3%83%93%E3%83%83%E3%82%B0%E3%83%96%E3%83%A9%E3%83%83%E3%82%AF%26amp%3B%E3%83%9B%E3%83%AF%E3%82%A4%E3%83%88%E3%82%AF%E3%83%AD%E3%82%B9%20%E3%83%AA%E3%83%88%E3%83%AB%E3%83%96%E3%83%A9%E3%83%83%E3%82%AF%E3%82%AF%E3%83%AD HTTP/1.1" 200 29832 "-" "Mozilla/5.0 (Linux; Android 6.0.1; Nexus 5X Build/MMB29P) AppleWebKit/537.36 (KHTML, like Gecko) Chrome/137.0.7151.103 Mobile Safari/537.36 (compatible; Googlebot/2.1; +http://www.google.com/bot.html)"
