157.245.102.160 - - [17/Jul/2025:12:14:27 -0400] "GET /wp-includes/https-migration.php HTTP/1.1" 403 1242 "binance.com" "Mozilla/5.0 (Windows NT 10.0; Win64; x64) AppleWebKit/537.36 (KHTML, like Gecko) Chrome/90.0.4430.85 Safari/537.36"
157.245.102.160 - - [17/Jul/2025:12:14:34 -0400] "GET /wp-includes/robots-template.php HTTP/1.1" 403 1242 "binance.com" "Mozilla/5.0 (Windows NT 10.0; Win64; x64) AppleWebKit/537.36 (KHTML, like Gecko) Chrome/90.0.4430.85 Safari/537.36"
157.245.102.160 - - [17/Jul/2025:12:14:41 -0400] "GET /wp-includes/script-modules.php HTTP/1.1" 403 1242 "binance.com" "Mozilla/5.0 (Windows NT 10.0; Win64; x64) AppleWebKit/537.36 (KHTML, like Gecko) Chrome/90.0.4430.85 Safari/537.36"
157.245.102.160 - - [17/Jul/2025:12:14:45 -0400] "GET /wp-includes/speculative-loading.php HTTP/1.1" 403 1242 "binance.com" "Mozilla/5.0 (Windows NT 10.0; Win64; x64) AppleWebKit/537.36 (KHTML, like Gecko) Chrome/90.0.4430.85 Safari/537.36"
157.245.102.160 - - [17/Jul/2025:12:14:51 -0400] "GET /wp-includes/style-engine.php HTTP/1.1" 403 1242 "binance.com" "Mozilla/5.0 (Windows NT 10.0; Win64; x64) AppleWebKit/537.36 (KHTML, like Gecko) Chrome/90.0.4430.85 Safari/537.36"
63.250.38.117 - - [17/Jul/2025:12:14:52 -0400] "POST /wp-cron.php?doing_wp_cron=1752768892.1818540096282958984375 HTTP/1.1" 403 1242 "-" "WordPress/6.8.1; https://fnf.group"
66.249.68.136 - - [17/Jul/2025:12:14:49 -0400] "GET /?n=3579934656612&channel=6b07c2&from=info.php%3Fid%3D346566-6992%26name%3D%E3%83%91%E3%83%86%E3%82%A3%E3%82%AA%E3%83%87%E3%83%83%E3%82%AD%E3%83%90%E3%83%AB%E3%82%B3%E3%83%8B%E3%83%BC%E3%82%AC%E3%83%A9%E3%82%B9%E6%89%8B%E3%81%99%E3%82%8A%E3%83%9D%E3%82%B9%E3%83%88%E3%83%95%E3%83%AD%E3%82%A2%E3%83%9E%E3%82%A6%E3%83%B3%E3%83%88%E3%80%81%E3%82%B7%E3%83%AB%E3%83%90%E3%83%BC%E3%83%97%E3%83%BC%E3%83%AB%E3%83%95%E3%82%A7%E3%83%B3%E3%82%B9%E6%89%8B%E3%81%99%E3%82%8A%E3%83%9D%E3%82%B9%E3%83%88+-+%E3%82%B9%E3%83%86%E3%83%B3%E3%83%AC%E3%82%B9%E3%82%B9%E3%83%81%E3%83%BC%E3%83%AB%E3%80%8110mm+- HTTP/1.1" 301 0 "-" "Mozilla/5.0 (Linux; Android 6.0.1; Nexus 5X Build/MMB29P) AppleWebKit/537.36 (KHTML, like Gecko) Chrome/137.0.7151.103 Mobile Safari/537.36 (compatible; Googlebot/2.1; +http://www.google.com/bot.html)"
157.245.102.160 - - [17/Jul/2025:12:14:55 -0400] "GET /wp-includes/template-canvas.php HTTP/1.1" 403 1242 "binance.com" "Mozilla/5.0 (Windows NT 10.0; Win64; x64) AppleWebKit/537.36 (KHTML, like Gecko) Chrome/90.0.4430.85 Safari/537.36"
157.245.102.160 - - [17/Jul/2025:12:14:57 -0400] "GET /wp-includes/theme-previews.php HTTP/1.1" 403 1242 "binance.com" "Mozilla/5.0 (Windows NT 10.0; Win64; x64) AppleWebKit/537.36 (KHTML, like Gecko) Chrome/90.0.4430.85 Safari/537.36"
66.249.79.3 - - [17/Jul/2025:12:14:53 -0400] "GET /?n=3579934656612&channel=6b07c2&from=info.php%3Fid%3D346566-6992%26name%3D%E3%83%91%E3%83%86%E3%82%A3%E3%82%AA%E3%83%87%E3%83%83%E3%82%AD%E3%83%90%E3%83%AB%E3%82%B3%E3%83%8B%E3%83%BC%E3%82%AC%E3%83%A9%E3%82%B9%E6%89%8B%E3%81%99%E3%82%8A%E3%83%9D%E3%82%B9%E3%83%88%E3%83%95%E3%83%AD%E3%82%A2%E3%83%9E%E3%82%A6%E3%83%B3%E3%83%88%E3%80%81%E3%82%B7%E3%83%AB%E3%83%90%E3%83%BC%E3%83%97%E3%83%BC%E3%83%AB%E3%83%95%E3%82%A7%E3%83%B3%E3%82%B9%E6%89%8B%E3%81%99%E3%82%8A%E3%83%9D%E3%82%B9%E3%83%88%20-%20%E3%82%B9%E3%83%86%E3%83%B3%E3%83%AC%E3%82%B9%E3%82%B9%E3%83%81%E3%83%BC%E3%83%AB%E3%80%8110mm%20- HTTP/1.1" 200 29825 "-" "Mozilla/5.0 (Linux; Android 6.0.1; Nexus 5X Build/MMB29P) AppleWebKit/537.36 (KHTML, like Gecko) Chrome/137.0.7151.103 Mobile Safari/537.36 (compatible; Googlebot/2.1; +http://www.google.com/bot.html)"
66.249.79.3 - - [17/Jul/2025:12:14:58 -0400] "GET /?n=9489736633806&channel=aa1c34&from=category-info.php%3Fid%3D366338-15223%26name%3D1+Meter+20x50mm+Drag+Chain+Wire+Carrier+Cable+With+End+Connectors HTTP/1.1" 301 0 "-" "Mozilla/5.0 (Linux; Android 6.0.1; Nexus 5X Build/MMB29P) AppleWebKit/537.36 (KHTML, like Gecko) Chrome/137.0.7151.103 Mobile Safari/537.36 (compatible; Googlebot/2.1; +http://www.google.com/bot.html)"
157.245.102.160 - - [17/Jul/2025:12:15:02 -0400] "GET /wp-includes/theme-templates.php HTTP/1.1" 403 1242 "binance.com" "Mozilla/5.0 (Windows NT 10.0; Win64; x64) AppleWebKit/537.36 (KHTML, like Gecko) Chrome/90.0.4430.85 Safari/537.36"
157.245.102.160 - - [17/Jul/2025:12:15:05 -0400] "GET /wp-includes/ID3/ HTTP/1.1" 200 1337 "binance.com" "Mozilla/5.0 (Windows NT 10.0; Win64; x64) AppleWebKit/537.36 (KHTML, like Gecko) Chrome/90.0.4430.85 Safari/537.36"
157.245.102.160 - - [17/Jul/2025:12:15:09 -0400] "GET /wp-includes/ID3/ HTTP/1.1" 200 1337 "binance.com" "Mozilla/5.0 (Windows NT 10.0; Win64; x64) AppleWebKit/537.36 (KHTML, like Gecko) Chrome/90.0.4430.85 Safari/537.36"
66.249.79.3 - - [17/Jul/2025:12:15:01 -0400] "GET /?n=9489736633806&channel=aa1c34&from=category-info.php%3Fid%3D366338-15223%26name%3D1%20Meter%2020x50mm%20Drag%20Chain%20Wire%20Carrier%20Cable%20With%20End%20Connectors HTTP/1.1" 200 29830 "-" "Mozilla/5.0 (Linux; Android 6.0.1; Nexus 5X Build/MMB29P) AppleWebKit/537.36 (KHTML, like Gecko) Chrome/137.0.7151.103 Mobile Safari/537.36 (compatible; Googlebot/2.1; +http://www.google.com/bot.html)"
157.245.102.160 - - [17/Jul/2025:12:15:12 -0400] "GET /wp-includes/IXR/ HTTP/1.1" 200 1143 "binance.com" "Mozilla/5.0 (Windows NT 10.0; Win64; x64) AppleWebKit/537.36 (KHTML, like Gecko) Chrome/90.0.4430.85 Safari/537.36"
66.249.79.3 - - [17/Jul/2025:12:15:10 -0400] "GET /?n=59897179717700&channel=6dc45d&from=brands.php%3Fid%3D1797177-18789%26name%3D%E3%83%9B%E3%82%A4%E3%83%BC%E3%83%AB%E3%82%B9%E3%83%9A%E3%83%BC%E3%82%B5%E3%83%BC+2+%E5%80%8B++PCD+5x115+CB+71.5mm+M14x1.5+T6-6061+%E3%83%9B%E3%82%A4%E3%83%BC%E3%83%AB%E3%82%B9%E3%83%9A%E3%83%BC%E3%82%B5%E3%83%BC%E3%82%A2%E3%83%80%E3%83%97%E3%82%BF%E3%83%BC+%E7%94%A8%EF%BC%88%E3%82%AB%E3%83%BC%E3%83%8F%E3%83%96%E3%83%9B%E3%82%A4%E3%83%BC%E3%83%AB%E3%82%B9%E3%83%9A%E3%83%BC%E3%82%B5%E3%83%BC+2+%E5%80%8B+PCD+%E5%8B%95%E3%81%8B%E3%81%9B%E3%82%8B+5x115+CB+71.5mm+M14x1.5+T6-6061%EF%BC%89 HTTP/1.1" 301 0 "-" "Mozilla/5.0 (Linux; Android 6.0.1; Nexus 5X Build/MMB29P) AppleWebKit/537.36 (KHTML, like Gecko) Chrome/137.0.7151.103 Mobile Safari/537.36 (compatible; Googlebot/2.1; +http://www.google.com/bot.html)"
157.245.102.160 - - [17/Jul/2025:12:15:18 -0400] "GET /wp-includes/IXR/ HTTP/1.1" 200 1143 "binance.com" "Mozilla/5.0 (Windows NT 10.0; Win64; x64) AppleWebKit/537.36 (KHTML, like Gecko) Chrome/90.0.4430.85 Safari/537.36"
157.245.102.160 - - [17/Jul/2025:12:15:29 -0400] "GET /wp-includes/PHPMailer/ HTTP/1.1" 200 704 "binance.com" "Mozilla/5.0 (Windows NT 10.0; Win64; x64) AppleWebKit/537.36 (KHTML, like Gecko) Chrome/90.0.4430.85 Safari/537.36"
66.249.79.3 - - [17/Jul/2025:12:15:15 -0400] "GET /?n=59897179717700&channel=6dc45d&from=brands.php%3Fid%3D1797177-18789%26name%3D%E3%83%9B%E3%82%A4%E3%83%BC%E3%83%AB%E3%82%B9%E3%83%9A%E3%83%BC%E3%82%B5%E3%83%BC%202%20%E5%80%8B%20%20PCD%205x115%20CB%2071.5mm%20M14x1.5%20T6-6061%20%E3%83%9B%E3%82%A4%E3%83%BC%E3%83%AB%E3%82%B9%E3%83%9A%E3%83%BC%E3%82%B5%E3%83%BC%E3%82%A2%E3%83%80%E3%83%97%E3%82%BF%E3%83%BC%20%E7%94%A8%EF%BC%88%E3%82%AB%E3%83%BC%E3%83%8F%E3%83%96%E3%83%9B%E3%82%A4%E3%83%BC%E3%83%AB%E3%82%B9%E3%83%9A%E3%83%BC%E3%82%B5%E3%83%BC%202%20%E5%80%8B%20PCD%20%E5%8B%95%E3%81%8B%E3%81%9B%E3%82%8B%205x115%20CB%2071.5mm%20M14x1.5%20T6-6061%EF%BC%89 HTTP/1.1" 200 29835 "-" "Mozilla/5.0 (Linux; Android 6.0.1; Nexus 5X Build/MMB29P) AppleWebKit/537.36 (KHTML, like Gecko) Chrome/137.0.7151.103 Mobile Safari/537.36 (compatible; Googlebot/2.1; +http://www.google.com/bot.html)"
157.245.102.160 - - [17/Jul/2025:12:15:45 -0400] "GET /wp-includes/PHPMailer/ HTTP/1.1" 200 704 "binance.com" "Mozilla/5.0 (Windows NT 10.0; Win64; x64) AppleWebKit/537.36 (KHTML, like Gecko) Chrome/90.0.4430.85 Safari/537.36"
157.245.102.160 - - [17/Jul/2025:12:15:52 -0400] "GET /wp-includes/Text/ HTTP/1.1" 200 706 "binance.com" "Mozilla/5.0 (Windows NT 10.0; Win64; x64) AppleWebKit/537.36 (KHTML, like Gecko) Chrome/90.0.4430.85 Safari/537.36"
157.245.102.160 - - [17/Jul/2025:12:15:57 -0400] "GET /wp-includes/Text/ HTTP/1.1" 200 706 "binance.com" "Mozilla/5.0 (Windows NT 10.0; Win64; x64) AppleWebKit/537.36 (KHTML, like Gecko) Chrome/90.0.4430.85 Safari/537.36"
63.250.38.117 - - [17/Jul/2025:12:15:59 -0400] "POST /wp-cron.php?doing_wp_cron=1752768959.5851209163665771484375 HTTP/1.1" 403 1242 "-" "WordPress/6.8.1; https://fnf.group"
63.250.38.117 - - [17/Jul/2025:12:15:59 -0400] "POST /wp-cron.php?doing_wp_cron=1752768959.6232190132141113281250 HTTP/1.1" 403 1242 "-" "WordPress/6.8.1; https://fnf.group"
66.249.68.137 - - [17/Jul/2025:12:15:25 -0400] "GET /?n=02181189151709&channel=dcd119&from=pin.php%3Fid%3D1891517-8273%26name%3DZ-484+%E9%BB%92%E7%95%99%E8%A2%96+%E6%AD%A3%E7%B5%B9+%E9%B6%B4%E3%81%AB%E8%B1%AA%E8%8F%AF%E9%87%91%E5%BD%A9%E5%8F%8B%E7%A6%85+%E4%BA%94%E3%81%A4%E7%B4%8B HTTP/1.1" 301 0 "-" "Mozilla/5.0 (Linux; Android 6.0.1; Nexus 5X Build/MMB29P) AppleWebKit/537.36 (KHTML, like Gecko) Chrome/137.0.7151.103 Mobile Safari/537.36 (compatible; Googlebot/2.1; +http://www.google.com/bot.html)"
20.244.25.192 - - [17/Jul/2025:12:15:50 -0400] "POST /wp-login.php HTTP/1.1" 200 3936 "-" "Mozilla/5.0"
157.245.102.160 - - [17/Jul/2025:12:16:00 -0400] "GET /wp-includes/Text/Diff/ HTTP/1.1" 200 695 "binance.com" "Mozilla/5.0 (Windows NT 10.0; Win64; x64) AppleWebKit/537.36 (KHTML, like Gecko) Chrome/90.0.4430.85 Safari/537.36"
63.250.38.117 - - [17/Jul/2025:12:16:00 -0400] "POST /wp-cron.php?doing_wp_cron=1752768960.6722199916839599609375 HTTP/1.1" 403 1242 "-" "WordPress/6.8.1; https://fnf.group"
66.249.79.3 - - [17/Jul/2025:12:15:55 -0400] "GET /?n=15165198338001&channel=66ff17&from=goods.php%3Fid%3D1983380-6713%26name%3DM1+MacBook++Pro+14%E3%82%A4%E3%83%B3%E3%83%81+16gb+512gb+%E3%82%B0%E3%83%AC%E3%83%BC+%E7%BE%8E%E5%93%81%EF%BC%88Apple+MacBook+Pro+14+Inch+M1+Pro+8+C+CPU+14+C+GPU+16GB+512GB+SSD+Silver++MKGR3B%2FA+%7C+MacBook+Pro+%7C+Mac+Ansys+Limited%EF%BC%89 HTTP/1.1" 301 0 "-" "Mozilla/5.0 (Linux; Android 6.0.1; Nexus 5X Build/MMB29P) AppleWebKit/537.36 (KHTML, like Gecko) Chrome/137.0.7151.103 Mobile Safari/537.36 (compatible; Googlebot/2.1; +http://www.google.com/bot.html)"
157.245.102.160 - - [17/Jul/2025:12:16:04 -0400] "GET /wp-includes/Text/Diff/ HTTP/1.1" 200 695 "binance.com" "Mozilla/5.0 (Windows NT 10.0; Win64; x64) AppleWebKit/537.36 (KHTML, like Gecko) Chrome/90.0.4430.85 Safari/537.36"
66.249.79.5 - - [17/Jul/2025:12:16:01 -0400] "GET /?n=15165198338001&channel=66ff17&from=goods.php%3Fid%3D1983380-6713%26name%3DM1%20MacBook%20%20Pro%2014%E3%82%A4%E3%83%B3%E3%83%81%2016gb%20512gb%20%E3%82%B0%E3%83%AC%E3%83%BC%20%E7%BE%8E%E5%93%81%EF%BC%88Apple%20MacBook%20Pro%2014%20Inch%20M1%20Pro%208%20C%20CPU%2014%20C%20GPU%2016GB%20512GB%20SSD%20Silver%20%20MKGR3B%2FA%20%7C%20MacBook%20Pro%20%7C%20Mac%20Ansys%20Limited%EF%BC%89 HTTP/1.1" 200 29834 "-" "Mozilla/5.0 (Linux; Android 6.0.1; Nexus 5X Build/MMB29P) AppleWebKit/537.36 (KHTML, like Gecko) Chrome/137.0.7151.103 Mobile Safari/537.36 (compatible; Googlebot/2.1; +http://www.google.com/bot.html)"
66.249.79.4 - - [17/Jul/2025:12:16:01 -0400] "GET /?n=02181189151709&channel=dcd119&from=pin.php%3Fid%3D1891517-8273%26name%3DZ-484%20%E9%BB%92%E7%95%99%E8%A2%96%20%E6%AD%A3%E7%B5%B9%20%E9%B6%B4%E3%81%AB%E8%B1%AA%E8%8F%AF%E9%87%91%E5%BD%A9%E5%8F%8B%E7%A6%85%20%E4%BA%94%E3%81%A4%E7%B4%8B HTTP/1.1" 200 29833 "-" "Mozilla/5.0 (Linux; Android 6.0.1; Nexus 5X Build/MMB29P) AppleWebKit/537.36 (KHTML, like Gecko) Chrome/137.0.7151.103 Mobile Safari/537.36 (compatible; Googlebot/2.1; +http://www.google.com/bot.html)"
157.245.102.160 - - [17/Jul/2025:12:16:09 -0400] "GET /wp-includes/Text/Diff/Engine/ HTTP/1.1" 200 692 "binance.com" "Mozilla/5.0 (Windows NT 10.0; Win64; x64) AppleWebKit/537.36 (KHTML, like Gecko) Chrome/90.0.4430.85 Safari/537.36"
157.245.102.160 - - [17/Jul/2025:12:16:12 -0400] "GET /wp-includes/Text/Diff/Engine/ HTTP/1.1" 200 692 "binance.com" "Mozilla/5.0 (Windows NT 10.0; Win64; x64) AppleWebKit/537.36 (KHTML, like Gecko) Chrome/90.0.4430.85 Safari/537.36"
66.249.68.135 - - [17/Jul/2025:12:16:08 -0400] "GET /?n=19112188145400&channel=ee6eab&from=news.php%3Fid%3D1881454-11185%26name%3D%E3%83%9D%E3%82%B1%E3%83%A2%E3%83%B3%E3%83%95%E3%83%AC%E3%83%B3%E3%83%80+%E7%AC%AC4%E5%BC%BE+%E3%83%94%E3%83%83%E3%82%AF+%E3%82%BC%E3%82%AF%E3%83%AD%E3%83%A0 HTTP/1.1" 301 0 "-" "Mozilla/5.0 (Linux; Android 6.0.1; Nexus 5X Build/MMB29P) AppleWebKit/537.36 (KHTML, like Gecko) Chrome/137.0.7151.103 Mobile Safari/537.36 (compatible; Googlebot/2.1; +http://www.google.com/bot.html)"
157.245.102.160 - - [17/Jul/2025:12:16:15 -0400] "GET /wp-includes/Text/Diff/Renderer/ HTTP/1.1" 200 627 "binance.com" "Mozilla/5.0 (Windows NT 10.0; Win64; x64) AppleWebKit/537.36 (KHTML, like Gecko) Chrome/90.0.4430.85 Safari/537.36"
66.249.79.4 - - [17/Jul/2025:12:16:13 -0400] "GET /?n=19112188145400&channel=ee6eab&from=news.php%3Fid%3D1881454-11185%26name%3D%E3%83%9D%E3%82%B1%E3%83%A2%E3%83%B3%E3%83%95%E3%83%AC%E3%83%B3%E3%83%80%20%E7%AC%AC4%E5%BC%BE%20%E3%83%94%E3%83%83%E3%82%AF%20%E3%82%BC%E3%82%AF%E3%83%AD%E3%83%A0 HTTP/1.1" 200 29837 "-" "Mozilla/5.0 (Linux; Android 6.0.1; Nexus 5X Build/MMB29P) AppleWebKit/537.36 (KHTML, like Gecko) Chrome/137.0.7151.103 Mobile Safari/537.36 (compatible; Googlebot/2.1; +http://www.google.com/bot.html)"
157.245.102.160 - - [17/Jul/2025:12:16:19 -0400] "GET /wp-includes/Text/Diff/Renderer/ HTTP/1.1" 200 627 "binance.com" "Mozilla/5.0 (Windows NT 10.0; Win64; x64) AppleWebKit/537.36 (KHTML, like Gecko) Chrome/90.0.4430.85 Safari/537.36"
157.245.102.160 - - [17/Jul/2025:12:16:22 -0400] "GET /wp-includes/blocks/ HTTP/1.1" 200 6 "binance.com" "Mozilla/5.0 (Windows NT 10.0; Win64; x64) AppleWebKit/537.36 (KHTML, like Gecko) Chrome/90.0.4430.85 Safari/537.36"
66.249.68.135 - - [17/Jul/2025:12:16:22 -0400] "GET /?n=181711559102&channel=351d32&from=form.php%3Fid%3D15591-1770%26name%3D%E3%82%BD%E3%83%AB%E3%83%88%26amp%3B%E3%83%A9%E3%82%A4%E3%83%88+-+%E3%82%B3%E3%83%BC%E3%83%92%E3%83%BC+-+%E9%8A%85%E7%AE%94+-+%E3%83%9E%E3%83%83%E3%83%88%E3%82%B3%E3%83%BC%E3%83%86%E3%82%A3%E3%83%B3%E3%82%B0+-+%E8%81%96%E6%9B%B8%E3%82%BF%E3%83%96+-+%E3%82%B8%E3%83%A3%E3%83%BC%E3%83%8A%E3%83%AA%E3%83%B3%E3%82%B0+-+%E7%BE%8E%E3%81%97%E3%81%84%E3%82%A4%E3%83%B3%E3%83%87%E3%83%83%E3%82%AF%E3%82%B9%E3%82%BF%E3%83%96 HTTP/1.1" 301 0 "-" "Mozilla/5.0 (Linux; Android 6.0.1; Nexus 5X Build/MMB29P) AppleWebKit/537.36 (KHTML, like Gecko) Chrome/137.0.7151.103 Mobile Safari/537.36 (compatible; Googlebot/2.1; +http://www.google.com/bot.html)"
157.245.102.160 - - [17/Jul/2025:12:16:24 -0400] "GET /wp-includes/pomo/ HTTP/1.1" 200 1047 "binance.com" "Mozilla/5.0 (Windows NT 10.0; Win64; x64) AppleWebKit/537.36 (KHTML, like Gecko) Chrome/90.0.4430.85 Safari/537.36"
157.245.102.160 - - [17/Jul/2025:12:16:27 -0400] "GET /wp-includes/pomo/ HTTP/1.1" 200 1047 "binance.com" "Mozilla/5.0 (Windows NT 10.0; Win64; x64) AppleWebKit/537.36 (KHTML, like Gecko) Chrome/90.0.4430.85 Safari/537.36"
66.249.79.3 - - [17/Jul/2025:12:16:23 -0400] "GET /?n=181711559102&channel=351d32&from=form.php%3Fid%3D15591-1770%26name%3D%E3%82%BD%E3%83%AB%E3%83%88%26amp%3B%E3%83%A9%E3%82%A4%E3%83%88%20-%20%E3%82%B3%E3%83%BC%E3%83%92%E3%83%BC%20-%20%E9%8A%85%E7%AE%94%20-%20%E3%83%9E%E3%83%83%E3%83%88%E3%82%B3%E3%83%BC%E3%83%86%E3%82%A3%E3%83%B3%E3%82%B0%20-%20%E8%81%96%E6%9B%B8%E3%82%BF%E3%83%96%20-%20%E3%82%B8%E3%83%A3%E3%83%BC%E3%83%8A%E3%83%AA%E3%83%B3%E3%82%B0%20-%20%E7%BE%8E%E3%81%97%E3%81%84%E3%82%A4%E3%83%B3%E3%83%87%E3%83%83%E3%82%AF%E3%82%B9%E3%82%BF%E3%83%96 HTTP/1.1" 200 29830 "-" "Mozilla/5.0 (Linux; Android 6.0.1; Nexus 5X Build/MMB29P) AppleWebKit/537.36 (KHTML, like Gecko) Chrome/137.0.7151.103 Mobile Safari/537.36 (compatible; Googlebot/2.1; +http://www.google.com/bot.html)"
157.245.102.160 - - [17/Jul/2025:12:16:33 -0400] "GET /wp-includes/sitemaps/ HTTP/1.1" 200 1102 "binance.com" "Mozilla/5.0 (Windows NT 10.0; Win64; x64) AppleWebKit/537.36 (KHTML, like Gecko) Chrome/90.0.4430.85 Safari/537.36"
157.245.102.160 - - [17/Jul/2025:12:16:36 -0400] "GET /wp-includes/sitemaps/ HTTP/1.1" 200 1102 "binance.com" "Mozilla/5.0 (Windows NT 10.0; Win64; x64) AppleWebKit/537.36 (KHTML, like Gecko) Chrome/90.0.4430.85 Safari/537.36"
157.245.102.160 - - [17/Jul/2025:12:16:42 -0400] "GET /wp-includes/sitemaps/providers/ HTTP/1.1" 200 720 "binance.com" "Mozilla/5.0 (Windows NT 10.0; Win64; x64) AppleWebKit/537.36 (KHTML, like Gecko) Chrome/90.0.4430.85 Safari/537.36"
157.245.102.160 - - [17/Jul/2025:12:16:46 -0400] "GET /wp-includes/sitemaps/providers/ HTTP/1.1" 200 720 "binance.com" "Mozilla/5.0 (Windows NT 10.0; Win64; x64) AppleWebKit/537.36 (KHTML, like Gecko) Chrome/90.0.4430.85 Safari/537.36"
66.249.68.135 - - [17/Jul/2025:12:16:47 -0400] "GET /?n=48618164530101&channel=84c144&from=product.php%3Fid%3D1645301-3854%26name%3D%E8%A3%85%E9%A3%BE%E5%90%8A%E3%82%8A%E3%82%B9%E3%82%AF%E3%83%AA%E3%83%BC%E3%83%B3+%E9%9F%B3%E9%9F%BF%E3%83%91%E3%83%8D%E3%83%AB+%7C+%E5%90%8A%E3%82%8A%E4%B8%8B%E3%81%92%E5%BC%8F%E5%A3%81%E4%BB%95%E5%88%87%E3%82%8A+%E2%80%93+%E5%90%8A%E3%82%8A%E4%B8%8B%E3%81%92%E5%BC%8F%E3%83%AB%E3%83%BC%E3%83%A0%E3%83%91%E3%83%BC%E3%83%86%E3%82%A3%E3%82%B7%E3%83%A7%E3%83%B3+%E2%80%93+%E3%83%A2%E3%82%B8%E3%83%A5%E3%83%A9%E3%83%BC%E5%90%B8%E9%9F%B3%E3%83%91%E3%83%8D%E3%83%AB+%7C+%E8%89%B2%3A+%5Bx HTTP/1.1" 301 0 "-" "Mozilla/5.0 (Linux; Android 6.0.1; Nexus 5X Build/MMB29P) AppleWebKit/537.36 (KHTML, like Gecko) Chrome/137.0.7151.103 Mobile Safari/537.36 (compatible; Googlebot/2.1; +http://www.google.com/bot.html)"
66.249.79.3 - - [17/Jul/2025:12:16:48 -0400] "GET /?n=48618164530101&channel=84c144&from=product.php%3Fid%3D1645301-3854%26name%3D%E8%A3%85%E9%A3%BE%E5%90%8A%E3%82%8A%E3%82%B9%E3%82%AF%E3%83%AA%E3%83%BC%E3%83%B3%20%E9%9F%B3%E9%9F%BF%E3%83%91%E3%83%8D%E3%83%AB%20%7C%20%E5%90%8A%E3%82%8A%E4%B8%8B%E3%81%92%E5%BC%8F%E5%A3%81%E4%BB%95%E5%88%87%E3%82%8A%20%E2%80%93%20%E5%90%8A%E3%82%8A%E4%B8%8B%E3%81%92%E5%BC%8F%E3%83%AB%E3%83%BC%E3%83%A0%E3%83%91%E3%83%BC%E3%83%86%E3%82%A3%E3%82%B7%E3%83%A7%E3%83%B3%20%E2%80%93%20%E3%83%A2%E3%82%B8%E3%83%A5%E3%83%A9%E3%83%BC%E5%90%B8%E9%9F%B3%E3%83%91%E3%83%8D%E3%83%AB%20%7C%20%E8%89%B2%3A%20%5Bx HTTP/1.1" 200 29827 "-" "Mozilla/5.0 (Linux; Android 6.0.1; Nexus 5X Build/MMB29P) AppleWebKit/537.36 (KHTML, like Gecko) Chrome/137.0.7151.103 Mobile Safari/537.36 (compatible; Googlebot/2.1; +http://www.google.com/bot.html)"
157.245.102.160 - - [17/Jul/2025:12:16:52 -0400] "GET /wp-includes/widgets/ HTTP/1.1" 200 1405 "binance.com" "Mozilla/5.0 (Windows NT 10.0; Win64; x64) AppleWebKit/537.36 (KHTML, like Gecko) Chrome/90.0.4430.85 Safari/537.36"
216.244.66.226 - - [17/Jul/2025:12:16:57 -0400] "GET /2020/10/28/fry-mutton-chops-by-chanda-arshad/ HTTP/1.1" 500 1034 "-" "Mozilla/5.0 (compatible; DotBot/1.2; +https://opensiteexplorer.org/dotbot; help@moz.com)"
157.245.102.160 - - [17/Jul/2025:12:16:58 -0400] "GET /wp-includes/widgets/ HTTP/1.1" 200 1405 "binance.com" "Mozilla/5.0 (Windows NT 10.0; Win64; x64) AppleWebKit/537.36 (KHTML, like Gecko) Chrome/90.0.4430.85 Safari/537.36"
157.245.102.160 - - [17/Jul/2025:12:17:01 -0400] "GET /wp-includes/widgets/class-wp-widget-block.php HTTP/1.1" 403 1242 "binance.com" "Mozilla/5.0 (Windows NT 10.0; Win64; x64) AppleWebKit/537.36 (KHTML, like Gecko) Chrome/90.0.4430.85 Safari/537.36"
157.245.102.160 - - [17/Jul/2025:12:17:06 -0400] "GET /wp-includes/css/ HTTP/1.1" 200 1766 "binance.com" "Mozilla/5.0 (Windows NT 10.0; Win64; x64) AppleWebKit/537.36 (KHTML, like Gecko) Chrome/90.0.4430.85 Safari/537.36"
157.245.102.160 - - [17/Jul/2025:12:17:10 -0400] "GET /wp-includes/css/dist/ HTTP/1.1" 200 1190 "binance.com" "Mozilla/5.0 (Windows NT 10.0; Win64; x64) AppleWebKit/537.36 (KHTML, like Gecko) Chrome/90.0.4430.85 Safari/537.36"
157.245.102.160 - - [17/Jul/2025:12:17:13 -0400] "GET /wp-includes/fonts/ HTTP/1.1" 200 1173 "binance.com" "Mozilla/5.0 (Windows NT 10.0; Win64; x64) AppleWebKit/537.36 (KHTML, like Gecko) Chrome/90.0.4430.85 Safari/537.36"
63.250.38.117 - - [17/Jul/2025:12:17:16 -0400] "POST /wp-cron.php?doing_wp_cron=1752769035.9979729652404785156250 HTTP/1.1" 403 1242 "-" "WordPress/6.8.1; https://fnf.group"
66.249.68.136 - - [17/Jul/2025:12:17:14 -0400] "GET /?n=0779259035704&channel=7132a2&from=brands.php%3Fid%3D590357-2533%26name%3DPU%E3%83%AC%E3%82%B6%E3%83%BC%E3%82%AB%E3%82%A6%E3%83%B3%E3%82%BF%E3%83%BC%E9%AB%98%E3%81%95%E3%83%90%E3%83%BC%E3%82%B9%E3%83%84%E3%83%BC%E3%83%AB%E3%80%81%E8%83%8C%E3%82%82%E3%81%9F%E3%82%8C%E3%81%A8%E9%87%91%E5%B1%9E%E8%84%9A%E4%BB%98%E3%81%8D%E3%81%AE%E5%B8%83%E5%BC%B5%E3%82%8A%E3%83%91%E3%83%96%E3%83%81%E3%82%A7%E3%82%A2%E3%80%81%E3%82%AD%E3%83%83%E3%83%81%E3%83%B3%E3%82%A2%E3%82%A4%E3%83%A9%E3%83%B3%E3%83%89%E3%83%91%E3%83%96%E3%83%AA%E3%83%93%E3%83%B3%E3%82%B0%E3%83%AB%E3%83%BC%E3%83%A0%E3%82%B8%E3%83%A3%E3%83%BC%E3%83%8B%E3%83%BC%E7%94%A8%E3%81%AE%E3%82%A2%E3%83%BC HTTP/1.1" 301 0 "-" "Mozilla/5.0 (Linux; Android 6.0.1; Nexus 5X Build/MMB29P) AppleWebKit/537.36 (KHTML, like Gecko) Chrome/137.0.7151.103 Mobile Safari/537.36 (compatible; Googlebot/2.1; +http://www.google.com/bot.html)"
157.245.102.160 - - [17/Jul/2025:12:17:16 -0400] "GET /wp-includes/fonts/ HTTP/1.1" 200 1173 "binance.com" "Mozilla/5.0 (Windows NT 10.0; Win64; x64) AppleWebKit/537.36 (KHTML, like Gecko) Chrome/90.0.4430.85 Safari/537.36"
157.245.102.160 - - [17/Jul/2025:12:17:19 -0400] "GET /wp-includes/fonts/class-wp-font-collection.php HTTP/1.1" 403 1242 "binance.com" "Mozilla/5.0 (Windows NT 10.0; Win64; x64) AppleWebKit/537.36 (KHTML, like Gecko) Chrome/90.0.4430.85 Safari/537.36"
66.249.79.2 - - [17/Jul/2025:12:17:16 -0400] "GET /?n=0779259035704&channel=7132a2&from=brands.php%3Fid%3D590357-2533%26name%3DPU%E3%83%AC%E3%82%B6%E3%83%BC%E3%82%AB%E3%82%A6%E3%83%B3%E3%82%BF%E3%83%BC%E9%AB%98%E3%81%95%E3%83%90%E3%83%BC%E3%82%B9%E3%83%84%E3%83%BC%E3%83%AB%E3%80%81%E8%83%8C%E3%82%82%E3%81%9F%E3%82%8C%E3%81%A8%E9%87%91%E5%B1%9E%E8%84%9A%E4%BB%98%E3%81%8D%E3%81%AE%E5%B8%83%E5%BC%B5%E3%82%8A%E3%83%91%E3%83%96%E3%83%81%E3%82%A7%E3%82%A2%E3%80%81%E3%82%AD%E3%83%83%E3%83%81%E3%83%B3%E3%82%A2%E3%82%A4%E3%83%A9%E3%83%B3%E3%83%89%E3%83%91%E3%83%96%E3%83%AA%E3%83%93%E3%83%B3%E3%82%B0%E3%83%AB%E3%83%BC%E3%83%A0%E3%82%B8%E3%83%A3%E3%83%BC%E3%83%8B%E3%83%BC%E7%94%A8%E3%81%AE%E3%82%A2%E3%83%BC HTTP/1.1" 200 29830 "-" "Mozilla/5.0 (Linux; Android 6.0.1; Nexus 5X Build/MMB29P) AppleWebKit/537.36 (KHTML, like Gecko) Chrome/137.0.7151.103 Mobile Safari/537.36 (compatible; Googlebot/2.1; +http://www.google.com/bot.html)"
157.245.102.160 - - [17/Jul/2025:12:17:23 -0400] "GET /wp-includes/fonts/class-wp-font-face-resolver.php HTTP/1.1" 403 1242 "binance.com" "Mozilla/5.0 (Windows NT 10.0; Win64; x64) AppleWebKit/537.36 (KHTML, like Gecko) Chrome/90.0.4430.85 Safari/537.36"
157.245.102.160 - - [17/Jul/2025:12:17:26 -0400] "GET /wp-includes/fonts/class-wp-font-face.php HTTP/1.1" 403 1242 "binance.com" "Mozilla/5.0 (Windows NT 10.0; Win64; x64) AppleWebKit/537.36 (KHTML, like Gecko) Chrome/90.0.4430.85 Safari/537.36"
157.245.102.160 - - [17/Jul/2025:12:17:29 -0400] "GET /wp-includes/fonts/class-wp-font-library.php HTTP/1.1" 403 1242 "binance.com" "Mozilla/5.0 (Windows NT 10.0; Win64; x64) AppleWebKit/537.36 (KHTML, like Gecko) Chrome/90.0.4430.85 Safari/537.36"
157.245.102.160 - - [17/Jul/2025:12:17:35 -0400] "GET /wp-includes/fonts/class-wp-font-utils.php HTTP/1.1" 403 1242 "binance.com" "Mozilla/5.0 (Windows NT 10.0; Win64; x64) AppleWebKit/537.36 (KHTML, like Gecko) Chrome/90.0.4430.85 Safari/537.36"
157.245.102.160 - - [17/Jul/2025:12:17:41 -0400] "GET /wp-includes/images/ HTTP/1.1" 200 1463 "binance.com" "Mozilla/5.0 (Windows NT 10.0; Win64; x64) AppleWebKit/537.36 (KHTML, like Gecko) Chrome/90.0.4430.85 Safari/537.36"
66.249.68.135 - - [17/Jul/2025:12:17:41 -0400] "GET /?n=87820154715903&channel=1964c2&from=form.php%3Fid%3D1547159-1823%26name%3D%E3%80%90%E3%81%8A%E3%81%BE%E3%81%91%E4%BB%98%E3%81%8D%E3%80%91%E3%82%B9%E3%83%9E%E3%83%9B%E5%90%84%E6%A9%9F%E3%80%81%E4%B8%89%E8%84%9A%E4%BB%98%E3%82%BC%E3%83%B3%E3%83%8F%E3%82%A4%E3%82%B6%E3%83%BCMKE+200+mobile+kit HTTP/1.1" 301 0 "-" "Mozilla/5.0 (Linux; Android 6.0.1; Nexus 5X Build/MMB29P) AppleWebKit/537.36 (KHTML, like Gecko) Chrome/137.0.7151.103 Mobile Safari/537.36 (compatible; Googlebot/2.1; +http://www.google.com/bot.html)"
66.249.79.2 - - [17/Jul/2025:12:17:42 -0400] "GET /?n=87820154715903&channel=1964c2&from=form.php%3Fid%3D1547159-1823%26name%3D%E3%80%90%E3%81%8A%E3%81%BE%E3%81%91%E4%BB%98%E3%81%8D%E3%80%91%E3%82%B9%E3%83%9E%E3%83%9B%E5%90%84%E6%A9%9F%E3%80%81%E4%B8%89%E8%84%9A%E4%BB%98%E3%82%BC%E3%83%B3%E3%83%8F%E3%82%A4%E3%82%B6%E3%83%BCMKE%20200%20mobile%20kit HTTP/1.1" 200 29831 "-" "Mozilla/5.0 (Linux; Android 6.0.1; Nexus 5X Build/MMB29P) AppleWebKit/537.36 (KHTML, like Gecko) Chrome/137.0.7151.103 Mobile Safari/537.36 (compatible; Googlebot/2.1; +http://www.google.com/bot.html)"
216.244.66.226 - - [17/Jul/2025:12:17:44 -0400] "GET /category/restaurants/ HTTP/1.1" 500 1034 "-" "Mozilla/5.0 (compatible; DotBot/1.2; +https://opensiteexplorer.org/dotbot; help@moz.com)"
157.245.102.160 - - [17/Jul/2025:12:17:46 -0400] "GET /wp-includes/images/crystal/ HTTP/1.1" 200 1120 "binance.com" "Mozilla/5.0 (Windows NT 10.0; Win64; x64) AppleWebKit/537.36 (KHTML, like Gecko) Chrome/90.0.4430.85 Safari/537.36"
157.245.102.160 - - [17/Jul/2025:12:17:51 -0400] "GET /wp-includes/images/media/ HTTP/1.1" 200 1226 "binance.com" "Mozilla/5.0 (Windows NT 10.0; Win64; x64) AppleWebKit/537.36 (KHTML, like Gecko) Chrome/90.0.4430.85 Safari/537.36"
157.245.102.160 - - [17/Jul/2025:12:17:57 -0400] "GET /wp-includes/images/smilies/ HTTP/1.1" 200 1409 "binance.com" "Mozilla/5.0 (Windows NT 10.0; Win64; x64) AppleWebKit/537.36 (KHTML, like Gecko) Chrome/90.0.4430.85 Safari/537.36"
157.245.102.160 - - [17/Jul/2025:12:18:04 -0400] "GET /wp-includes/images/wlw/ HTTP/1.1" 404 11509 "binance.com" "Mozilla/5.0 (Windows NT 10.0; Win64; x64) AppleWebKit/537.36 (KHTML, like Gecko) Chrome/90.0.4430.85 Safari/537.36"
216.244.66.226 - - [17/Jul/2025:12:18:05 -0400] "GET /tag/balls/ HTTP/1.1" 500 1034 "-" "Mozilla/5.0 (compatible; DotBot/1.2; +https://opensiteexplorer.org/dotbot; help@moz.com)"
66.249.68.135 - - [17/Jul/2025:12:18:08 -0400] "GET /?n=8283024684801&channel=39164d&from=brands.php%3Fid%3D246848-12568%26name%3D%E2%98%86%E3%82%B4%E3%82%B8%E3%83%A9%E6%80%AA%E7%8D%A3%2F%E3%83%98%E3%83%89%E3%83%A9+%E6%88%90%E9%95%B7%E6%9C%9F+%E3%83%95%E3%83%AD%E3%83%83%E3%82%AD%E3%83%BC+%E8%B5%A4%2F%E3%82%BD%E3%83%95%E3%83%93%2FCCP HTTP/1.1" 301 0 "-" "Mozilla/5.0 (Linux; Android 6.0.1; Nexus 5X Build/MMB29P) AppleWebKit/537.36 (KHTML, like Gecko) Chrome/137.0.7151.103 Mobile Safari/537.36 (compatible; Googlebot/2.1; +http://www.google.com/bot.html)"
157.245.102.160 - - [17/Jul/2025:12:18:09 -0400] "GET /wp-includes/js/%20 HTTP/1.1" 301 0 "binance.com" "Mozilla/5.0 (Windows NT 10.0; Win64; x64) AppleWebKit/537.36 (KHTML, like Gecko) Chrome/90.0.4430.85 Safari/537.36"
157.245.102.160 - - [17/Jul/2025:12:18:12 -0400] "GET /wp-includes/js/ HTTP/1.1" 200 3329 "binance.com" "Mozilla/5.0 (Windows NT 10.0; Win64; x64) AppleWebKit/537.36 (KHTML, like Gecko) Chrome/90.0.4430.85 Safari/537.36"
66.249.79.2 - - [17/Jul/2025:12:18:10 -0400] "GET /?n=8283024684801&channel=39164d&from=brands.php%3Fid%3D246848-12568%26name%3D%E2%98%86%E3%82%B4%E3%82%B8%E3%83%A9%E6%80%AA%E7%8D%A3%2F%E3%83%98%E3%83%89%E3%83%A9%20%E6%88%90%E9%95%B7%E6%9C%9F%20%E3%83%95%E3%83%AD%E3%83%83%E3%82%AD%E3%83%BC%20%E8%B5%A4%2F%E3%82%BD%E3%83%95%E3%83%93%2FCCP HTTP/1.1" 200 29827 "-" "Mozilla/5.0 (Linux; Android 6.0.1; Nexus 5X Build/MMB29P) AppleWebKit/537.36 (KHTML, like Gecko) Chrome/137.0.7151.103 Mobile Safari/537.36 (compatible; Googlebot/2.1; +http://www.google.com/bot.html)"
157.245.102.160 - - [17/Jul/2025:12:18:20 -0400] "GET /wp-includes/js/codemirror/ HTTP/1.1" 200 1083 "binance.com" "Mozilla/5.0 (Windows NT 10.0; Win64; x64) AppleWebKit/537.36 (KHTML, like Gecko) Chrome/90.0.4430.85 Safari/537.36"
157.245.102.160 - - [17/Jul/2025:12:18:26 -0400] "GET /wp-includes/js/plupload/ HTTP/1.1" 200 1138 "binance.com" "Mozilla/5.0 (Windows NT 10.0; Win64; x64) AppleWebKit/537.36 (KHTML, like Gecko) Chrome/90.0.4430.85 Safari/537.36"
63.250.38.117 - - [17/Jul/2025:12:18:36 -0400] "POST /wp-cron.php?doing_wp_cron=1752769115.8844590187072753906250 HTTP/1.1" 403 1242 "-" "WordPress/6.8.1; https://fnf.group"
157.245.102.160 - - [17/Jul/2025:12:18:34 -0400] "GET /.well-known/ HTTP/1.1" 404 11507 "binance.com" "Mozilla/5.0 (Windows NT 10.0; Win64; x64) AppleWebKit/537.36 (KHTML, like Gecko) Chrome/90.0.4430.85 Safari/537.36"
63.250.38.117 - - [17/Jul/2025:12:18:37 -0400] "POST /wp-cron.php?doing_wp_cron=1752769117.2016990184783935546875 HTTP/1.1" 403 1242 "-" "WordPress/6.8.1; https://fnf.group"
66.249.68.129 - - [17/Jul/2025:12:18:35 -0400] "GET /?n=1071741635305&channel=5bd779&from=blog.php%3Fid%3D416353-16009%26name%3D%E7%AA%93%E7%94%A8%E3%82%A8%E3%82%A2%E3%82%B3%E3%83%B3 HTTP/1.1" 301 0 "-" "Mozilla/5.0 (Linux; Android 6.0.1; Nexus 5X Build/MMB29P) AppleWebKit/537.36 (KHTML, like Gecko) Chrome/137.0.7151.103 Mobile Safari/537.36 (compatible; Googlebot/2.1; +http://www.google.com/bot.html)"
216.244.66.226 - - [17/Jul/2025:12:18:38 -0400] "GET /2017/01/05/exploring-the-great-ice-cavern/ HTTP/1.1" 500 1034 "-" "Mozilla/5.0 (compatible; DotBot/1.2; +https://opensiteexplorer.org/dotbot; help@moz.com)"
66.249.79.2 - - [17/Jul/2025:12:18:37 -0400] "GET /?n=1071741635305&channel=5bd779&from=blog.php%3Fid%3D416353-16009%26name%3D%E7%AA%93%E7%94%A8%E3%82%A8%E3%82%A2%E3%82%B3%E3%83%B3 HTTP/1.1" 200 29830 "-" "Mozilla/5.0 (Linux; Android 6.0.1; Nexus 5X Build/MMB29P) AppleWebKit/537.36 (KHTML, like Gecko) Chrome/137.0.7151.103 Mobile Safari/537.36 (compatible; Googlebot/2.1; +http://www.google.com/bot.html)"
103.217.111.50 - - [17/Jul/2025:12:19:15 -0400] "POST /xmlrpc.php HTTP/1.1" 403 1242 "https://fnf.group" "Mozilla/5.0 (Macintosh; Intel Mac OS X 13.3; rv:126.0) Gecko/20100101 Firefox/126.0"
44.206.65.8 - - [17/Jul/2025:12:19:20 -0400] "GET /wp-includes/css/dist/patterns/ HTTP/1.1" 200 680 "-" "Mozilla/5.0 AppleWebKit/537.36 (KHTML, like Gecko; compatible; Amazonbot/0.1; +https://developer.amazon.com/support/amazonbot) Chrome/119.0.6045.214 Safari/537.36"
66.249.68.131 - - [17/Jul/2025:12:19:25 -0400] "GET /?n=97211113943201&channel=dae768&from=product.php%3Fid%3D1139432-6337%26name%3Dgalaxy+watch+6+classic+34mm+%E5%9B%BD%E5%86%85%E6%AD%A3%E8%A6%8F%E5%93%81 HTTP/1.1" 301 0 "-" "Mozilla/5.0 (Linux; Android 6.0.1; Nexus 5X Build/MMB29P) AppleWebKit/537.36 (KHTML, like Gecko) Chrome/137.0.7151.103 Mobile Safari/537.36 (compatible; Googlebot/2.1; +http://www.google.com/bot.html)"
66.249.79.3 - - [17/Jul/2025:12:19:25 -0400] "GET /?n=63466140693003&channel=db051e&from=article.php%3Fid%3D1406930-5668%26name%3D%E3%82%B3%E3%83%B3%E3%82%BD%E3%83%BC%E3%83%AB%E3%83%9C%E3%83%83%E3%82%AF%E3%82%B9++%E3%82%A2%E3%83%BC%E3%83%A0%E3%83%AC%E3%82%B9%E3%83%88+%E3%82%A2%E3%83%BC%E3%83%A0%E3%83%AC%E3%82%B9%E3%83%88+%E3%82%B9%E3%83%88%E3%83%AC%E3%83%BC%E3%82%B8+%E3%83%9C%E3%83%83%E3%82%AF%E3%82%B9+%E7%94%A8+%E3%83%86%E3%83%A9%E3%83%8E+III+2014+2015+2016+2017+2%EF%BC%88%E3%83%9F%E3%83%8B%E3%82%AD%E3%83%A3%E3%83%96%E3%83%88%E3%83%A9%E3%83%83%E3%82%AF+DS16T+%E3%83%9F%E3%83%84%E3%83%93%E3%82%B7+%E3%82%B3%E3%83%B3%E3%82%BD%E3%83%BC%E3%83%AB%E3%83%9C%E3%83%83%E3%82%AF%E3%82%B9+%E3%82%A2%E3%83%BC%E3%83%A0%E3%83%AC%E3%82%B9%E3%83%88+Azur+PVC%E3%83%AC%E3%82%B6%E3%83%BC+%E6%9C%AC%E9%9D%A9%E9%A2%A8+%E3%81%AF%E3%82%81%E8%BE%BC%E3%81%BF%E5%BC%8F%EF%BC%88%E3%82%A2%E3%83%BC%E3%83%A0%E3%83%AC%E3%82%B9%E3%83%88%E4%BB%98%E3%81%8D+%E3%82%B3%E3%83%B3%E3%82%BD%E3%83%BC%E3%83%AB%E3%83%9C%E3%83%83%E3%82%AF%E3%82%B9+%E3%83%9F%E3%83%84%E3%83%93%E3%82%B7+%E3%83%9F%E3%83%8B%E3%82%AD%E3%83%A3%E3%83%96%E3%83%88%E3%83%A9%E3%83%83%E3%82%AF+DS16T%5BSPCB03-09%5D+%7C+%E8%BB%BD%E8%87%AA%E5%8B%95%E8%BB%8A%E3%81%AE%E8%BB%8A%E9%AB%98%E8%AA%BF%E3%82%84%E3%83%81%E3%83%A5%E3%83%BC%E3%83%8B%E3%83%B3%E3%82%B0%E3%83%91%E3%83%BC%E3%83%84%E3%80%81%E3%83%89%E3%83%AC%E3%82%B9%E3%82%A2%E3%83%83%E3%83%97%E5%B0%82%E9%96%80%E3%83%96%E3%83%A9%E3%83%B3%E3%83%89++...%EF%BC%89 HTTP/1.1" 301 0 "-" "Mozilla/5.0 (Linux; Android 6.0.1; Nexus 5X Build/MMB29P) AppleWebKit/537.36 (KHTML, like Gecko) Chrome/137.0.7151.103 Mobile Safari/537.36 (compatible; Googlebot/2.1; +http://www.google.com/bot.html)"
66.249.79.4 - - [17/Jul/2025:12:19:27 -0400] "GET /?n=97211113943201&channel=dae768&from=product.php%3Fid%3D1139432-6337%26name%3Dgalaxy%20watch%206%20classic%2034mm%20%E5%9B%BD%E5%86%85%E6%AD%A3%E8%A6%8F%E5%93%81 HTTP/1.1" 200 29833 "-" "Mozilla/5.0 (Linux; Android 6.0.1; Nexus 5X Build/MMB29P) AppleWebKit/537.36 (KHTML, like Gecko) Chrome/137.0.7151.103 Mobile Safari/537.36 (compatible; Googlebot/2.1; +http://www.google.com/bot.html)"
66.249.79.4 - - [17/Jul/2025:12:19:27 -0400] "GET /?n=63466140693003&channel=db051e&from=article.php%3Fid%3D1406930-5668%26name%3D%E3%82%B3%E3%83%B3%E3%82%BD%E3%83%BC%E3%83%AB%E3%83%9C%E3%83%83%E3%82%AF%E3%82%B9%20%20%E3%82%A2%E3%83%BC%E3%83%A0%E3%83%AC%E3%82%B9%E3%83%88%20%E3%82%A2%E3%83%BC%E3%83%A0%E3%83%AC%E3%82%B9%E3%83%88%20%E3%82%B9%E3%83%88%E3%83%AC%E3%83%BC%E3%82%B8%20%E3%83%9C%E3%83%83%E3%82%AF%E3%82%B9%20%E7%94%A8%20%E3%83%86%E3%83%A9%E3%83%8E%20III%202014%202015%202016%202017%202%EF%BC%88%E3%83%9F%E3%83%8B%E3%82%AD%E3%83%A3%E3%83%96%E3%83%88%E3%83%A9%E3%83%83%E3%82%AF%20DS16T%20%E3%83%9F%E3%83%84%E3%83%93%E3%82%B7%20%E3%82%B3%E3%83%B3%E3%82%BD%E3%83%BC%E3%83%AB%E3%83%9C%E3%83%83%E3%82%AF%E3%82%B9%20%E3%82%A2%E3%83%BC%E3%83%A0%E3%83%AC%E3%82%B9%E3%83%88%20Azur%20PVC%E3%83%AC%E3%82%B6%E3%83%BC%20%E6%9C%AC%E9%9D%A9%E9%A2%A8%20%E3%81%AF%E3%82%81%E8%BE%BC%E3%81%BF%E5%BC%8F%EF%BC%88%E3%82%A2%E3%83%BC%E3%83%A0%E3%83%AC%E3%82%B9%E3%83%88%E4%BB%98%E3%81%8D%20%E3%82%B3%E3%83%B3%E3%82%BD%E3%83%BC%E3%83%AB%E3%83%9C%E3%83%83%E3%82%AF%E3%82%B9%20%E3%83%9F%E3%83%84%E3%83%93%E3%82%B7%20%E3%83%9F%E3%83%8B%E3%82%AD%E3%83%A3%E3%83%96%E3%83%88%E3%83%A9%E3%83%83%E3%82%AF%20DS16T%5BSPCB03-09%5D%20%7C%20%E8%BB%BD%E8%87%AA%E5%8B%95%E8%BB%8A%E3%81%AE%E8%BB%8A%E9%AB%98%E8%AA%BF%E3%82%84%E3%83%81%E3%83%A5%E3%83%BC%E3%83%8B%E3%83%B3%E3%82%B0%E3%83%91%E3%83%BC%E3%83%84%E3%80%81%E3%83%89%E3%83%AC%E3%82%B9%E3%82%A2%E3%83%83%E3%83%97%E5%B0%82%E9%96%80%E3%83%96%E3%83%A9%E3%83%B3%E3%83%89%20%20...%EF%BC%89 HTTP/1.1" 200 29829 "-" "Mozilla/5.0 (Linux; Android 6.0.1; Nexus 5X Build/MMB29P) AppleWebKit/537.36 (KHTML, like Gecko) Chrome/137.0.7151.103 Mobile Safari/537.36 (compatible; Googlebot/2.1; +http://www.google.com/bot.html)"
63.250.38.117 - - [17/Jul/2025:12:19:40 -0400] "POST /wp-cron.php?doing_wp_cron=1752769179.9096529483795166015625 HTTP/1.1" 403 1242 "-" "WordPress/6.8.1; https://fnf.group"
66.249.68.130 - - [17/Jul/2025:12:19:39 -0400] "GET /?n=49456104601100&channel=0257a6&from=brands.php%3Fid%3D1046011-680%26name%3D%E4%B8%AD%E5%8F%A4BBM+026+%5B%E3%83%AC%E3%82%AE%E3%83%A5%E3%83%A9%E3%83%BC%E3%82%AB%E3%83%BC%E3%83%89%5D+%EF%BC%9A+%E8%B5%A4%E7%94%B0%E5%B0%86%E5%90%BE HTTP/1.1" 301 0 "-" "Mozilla/5.0 (Linux; Android 6.0.1; Nexus 5X Build/MMB29P) AppleWebKit/537.36 (KHTML, like Gecko) Chrome/137.0.7151.103 Mobile Safari/537.36 (compatible; Googlebot/2.1; +http://www.google.com/bot.html)"
66.249.79.2 - - [17/Jul/2025:12:19:40 -0400] "GET /?n=49456104601100&channel=0257a6&from=brands.php%3Fid%3D1046011-680%26name%3D%E4%B8%AD%E5%8F%A4BBM%20026%20%5B%E3%83%AC%E3%82%AE%E3%83%A5%E3%83%A9%E3%83%BC%E3%82%AB%E3%83%BC%E3%83%89%5D%20%EF%BC%9A%20%E8%B5%A4%E7%94%B0%E5%B0%86%E5%90%BE HTTP/1.1" 200 29831 "-" "Mozilla/5.0 (Linux; Android 6.0.1; Nexus 5X Build/MMB29P) AppleWebKit/537.36 (KHTML, like Gecko) Chrome/137.0.7151.103 Mobile Safari/537.36 (compatible; Googlebot/2.1; +http://www.google.com/bot.html)"
66.249.79.3 - - [17/Jul/2025:12:20:28 -0400] "GET /?n=66601128969800&channel=1c1726&from=blog.php%3Fid%3D1289698-8126%26name%3D%E6%B3%B0%E5%85%AB%E9%83%8E%E3%80%80%E3%83%A1%E3%82%AC%E3%83%8D%E3%80%80%E3%83%93%E3%83%B3%E3%83%86%E3%83%BC%E3%82%B8 HTTP/1.1" 200 29833 "-" "Mozilla/5.0 (Linux; Android 6.0.1; Nexus 5X Build/MMB29P) AppleWebKit/537.36 (KHTML, like Gecko) Chrome/137.0.7151.103 Mobile Safari/537.36 (compatible; Googlebot/2.1; +http://www.google.com/bot.html)"
66.249.79.4 - - [17/Jul/2025:12:20:31 -0400] "GET /?n=02270165634806&channel=e75761&from=info.php%3Fid%3D1656348-18843%26name%3DDRIVESTAR+512437++%E3%83%AA%E3%82%A2%E3%83%89%E3%83%A9%E3%82%A4%E3%83%90%E3%83%BC%2F%E5%8A%A9%E6%89%8B%E5%B8%AD%E5%81%B4%E3%83%9B%E3%82%A4%E3%83%BC%E3%83%AB%E3%83%8F%E3%83%96%26amp%3B%E3%83%99%E3%82%A2%E3%83%AA%E3%83%B3%E3%82%B0%E3%82%A2%E3%82%BB%E3%83%B3%E3%83%96%E3%83%AA+Hyundai+Azera+2%EF%BC%88%E0%B8%8B%E0%B8%B7%E0%B9%89%E0%B8%AD-%E0%B8%82%E0%B8%B2%E0%B8%A2%E0%B8%AD%E0%B8%B0%E0%B9%84%E0%B8%AB%E0%B8%A5%E0%B9%88%E0%B8%AE%E0%B8%B8%E0%B8%99%E0%B9%84%E0%B8%94%E0%B9%83%E0%B8%AB%E0%B8%A1%E0%B9%88-%E0%B9%80%E0%B8%81%E0%B9%88%E0%B8%B2+%7C+Facebook%EF%BC%89 HTTP/1.1" 301 0 "-" "Mozilla/5.0 (Linux; Android 6.0.1; Nexus 5X Build/MMB29P) AppleWebKit/537.36 (KHTML, like Gecko) Chrome/137.0.7151.103 Mobile Safari/537.36 (compatible; Googlebot/2.1; +http://www.google.com/bot.html)"
66.249.79.3 - - [17/Jul/2025:12:20:33 -0400] "GET /?n=02270165634806&channel=e75761&from=info.php%3Fid%3D1656348-18843%26name%3DDRIVESTAR%20512437%20%20%E3%83%AA%E3%82%A2%E3%83%89%E3%83%A9%E3%82%A4%E3%83%90%E3%83%BC%2F%E5%8A%A9%E6%89%8B%E5%B8%AD%E5%81%B4%E3%83%9B%E3%82%A4%E3%83%BC%E3%83%AB%E3%83%8F%E3%83%96%26amp%3B%E3%83%99%E3%82%A2%E3%83%AA%E3%83%B3%E3%82%B0%E3%82%A2%E3%82%BB%E3%83%B3%E3%83%96%E3%83%AA%20Hyundai%20Azera%202%EF%BC%88%E0%B8%8B%E0%B8%B7%E0%B9%89%E0%B8%AD-%E0%B8%82%E0%B8%B2%E0%B8%A2%E0%B8%AD%E0%B8%B0%E0%B9%84%E0%B8%AB%E0%B8%A5%E0%B9%88%E0%B8%AE%E0%B8%B8%E0%B8%99%E0%B9%84%E0%B8%94%E0%B9%83%E0%B8%AB%E0%B8%A1%E0%B9%88-%E0%B9%80%E0%B8%81%E0%B9%88%E0%B8%B2%20%7C%20Facebook%EF%BC%89 HTTP/1.1" 200 29825 "-" "Mozilla/5.0 (Linux; Android 6.0.1; Nexus 5X Build/MMB29P) AppleWebKit/537.36 (KHTML, like Gecko) Chrome/137.0.7151.103 Mobile Safari/537.36 (compatible; Googlebot/2.1; +http://www.google.com/bot.html)"
63.250.38.117 - - [17/Jul/2025:12:20:43 -0400] "POST /wp-cron.php?doing_wp_cron=1752769243.5078129768371582031250 HTTP/1.1" 403 1242 "-" "WordPress/6.8.1; https://fnf.group"
66.249.68.130 - - [17/Jul/2025:12:20:41 -0400] "GET /?n=4574988366401&channel=1998fe&from=news.php%3Fid%3D883664-21711%26name%3D12%E6%9E%9A+%E9%87%9D%E3%81%AA%E3%81%97%E3%81%A7%E5%AE%89%E5%85%A8+%E3%82%AD%E3%83%AB%E3%83%88%E3%83%9B%E3%83%AB%E3%83%80%E3%83%BC+%E3%82%B7%E3%83%BC%E3%83%88%E3%83%9B%E3%83%AB%E3%83%80%E3%83%BC+%E4%BF%9D%E6%9C%89%E8%80%85+%E5%B8%83%E5%9B%A3%E3%82%AF%E3%83%AA%E3%83%83%E3%83%97+%E8%84%B1%E8%90%BD%E3%81%97%E3%81%AB%E3%81%8F%E3%81%84+%E8%80%90%E4%B9%85%E6%80%A7%E3%81%AE%E3%81%82%E3%82%8B+%E3%81%BB%E3%81%A8%E3%82%93%E3%81%A9%E3%81%AE%E3%82%AD%E3%83%AB%E3%83%88%E3%81%AB%E9%81%A9%E3%81%97%E3%81%A6%E3%81%84%E3%81%BE HTTP/1.1" 301 0 "-" "Mozilla/5.0 (Linux; Android 6.0.1; Nexus 5X Build/MMB29P) AppleWebKit/537.36 (KHTML, like Gecko) Chrome/137.0.7151.103 Mobile Safari/537.36 (compatible; Googlebot/2.1; +http://www.google.com/bot.html)"
66.249.79.2 - - [17/Jul/2025:12:20:43 -0400] "GET /?n=4574988366401&channel=1998fe&from=news.php%3Fid%3D883664-21711%26name%3D12%E6%9E%9A%20%E9%87%9D%E3%81%AA%E3%81%97%E3%81%A7%E5%AE%89%E5%85%A8%20%E3%82%AD%E3%83%AB%E3%83%88%E3%83%9B%E3%83%AB%E3%83%80%E3%83%BC%20%E3%82%B7%E3%83%BC%E3%83%88%E3%83%9B%E3%83%AB%E3%83%80%E3%83%BC%20%E4%BF%9D%E6%9C%89%E8%80%85%20%E5%B8%83%E5%9B%A3%E3%82%AF%E3%83%AA%E3%83%83%E3%83%97%20%E8%84%B1%E8%90%BD%E3%81%97%E3%81%AB%E3%81%8F%E3%81%84%20%E8%80%90%E4%B9%85%E6%80%A7%E3%81%AE%E3%81%82%E3%82%8B%20%E3%81%BB%E3%81%A8%E3%82%93%E3%81%A9%E3%81%AE%E3%82%AD%E3%83%AB%E3%83%88%E3%81%AB%E9%81%A9%E3%81%97%E3%81%A6%E3%81%84%E3%81%BE HTTP/1.1" 200 29829 "-" "Mozilla/5.0 (Linux; Android 6.0.1; Nexus 5X Build/MMB29P) AppleWebKit/537.36 (KHTML, like Gecko) Chrome/137.0.7151.103 Mobile Safari/537.36 (compatible; Googlebot/2.1; +http://www.google.com/bot.html)"
66.249.68.130 - - [17/Jul/2025:12:20:55 -0400] "GET /?n=5367195210401&channel=32b2b7&from=info.php%3Fid%3D952104-22529%26name%3D%E3%80%90%E3%83%9F%E3%82%AD%E3%83%8F%E3%82%A6%E3%82%B9%E3%80%91%E3%83%90%E3%82%B9%E3%83%AD%E3%83%BC%E3%83%96 HTTP/1.1" 301 0 "-" "Mozilla/5.0 (Linux; Android 6.0.1; Nexus 5X Build/MMB29P) AppleWebKit/537.36 (KHTML, like Gecko) Chrome/137.0.7151.103 Mobile Safari/537.36 (compatible; Googlebot/2.1; +http://www.google.com/bot.html)"
66.249.79.2 - - [17/Jul/2025:12:20:56 -0400] "GET /?n=5367195210401&channel=32b2b7&from=info.php%3Fid%3D952104-22529%26name%3D%E3%80%90%E3%83%9F%E3%82%AD%E3%83%8F%E3%82%A6%E3%82%B9%E3%80%91%E3%83%90%E3%82%B9%E3%83%AD%E3%83%BC%E3%83%96 HTTP/1.1" 200 29829 "-" "Mozilla/5.0 (Linux; Android 6.0.1; Nexus 5X Build/MMB29P) AppleWebKit/537.36 (KHTML, like Gecko) Chrome/137.0.7151.103 Mobile Safari/537.36 (compatible; Googlebot/2.1; +http://www.google.com/bot.html)"
63.250.38.117 - - [17/Jul/2025:12:21:48 -0400] "POST /wp-cron.php?doing_wp_cron=1752769308.7812240123748779296875 HTTP/1.1" 403 1242 "-" "WordPress/6.8.1; https://fnf.group"
66.249.68.131 - - [17/Jul/2025:12:21:47 -0400] "GET /?n=9570766962402&channel=17c907&from=product.php%3Fid%3D669624-5143%26name%3D%E9%9B%BB%E8%A9%B1%E4%BF%AE%E7%90%86%E6%B6%B2%E6%99%B6%E3%82%B9%E3%83%9A%E3%82%A2%E3%83%91%E3%83%BC%E3%83%84+for+Galaxy+M54+SM-M546B+OLED+LCD%E4%BB%98%E7%94%A8+%E3%81%AE%E3%83%87%E3%82%A3%E3%82%B9%E3%83%97%E3%83%AC%E3%82%A4 HTTP/1.1" 301 0 "-" "Mozilla/5.0 (Linux; Android 6.0.1; Nexus 5X Build/MMB29P) AppleWebKit/537.36 (KHTML, like Gecko) Chrome/137.0.7151.103 Mobile Safari/537.36 (compatible; Googlebot/2.1; +http://www.google.com/bot.html)"
66.249.79.2 - - [17/Jul/2025:12:21:49 -0400] "GET /?n=9570766962402&channel=17c907&from=product.php%3Fid%3D669624-5143%26name%3D%E9%9B%BB%E8%A9%B1%E4%BF%AE%E7%90%86%E6%B6%B2%E6%99%B6%E3%82%B9%E3%83%9A%E3%82%A2%E3%83%91%E3%83%BC%E3%83%84%20for%20Galaxy%20M54%20SM-M546B%20OLED%20LCD%E4%BB%98%E7%94%A8%20%E3%81%AE%E3%83%87%E3%82%A3%E3%82%B9%E3%83%97%E3%83%AC%E3%82%A4 HTTP/1.1" 200 29831 "-" "Mozilla/5.0 (Linux; Android 6.0.1; Nexus 5X Build/MMB29P) AppleWebKit/537.36 (KHTML, like Gecko) Chrome/137.0.7151.103 Mobile Safari/537.36 (compatible; Googlebot/2.1; +http://www.google.com/bot.html)"
66.249.68.130 - - [17/Jul/2025:12:22:39 -0400] "GET /?n=07001166590003&channel=1a9e4a&from=brands.php%3Fid%3D1665900-10180%26name%3D%E3%82%B3%E3%83%A4%E6%9C%A8%E5%B7%A5%E3%81%93%E3%81%A0%E3%82%8F%E3%82%8A%E8%A3%BD%E4%BD%9C%E5%89%B5%E3%82%8A%E3%81%9F%E3%81%A6%EF%BC%81%E7%89%B9%E5%A4%A7%E3%82%AB%E3%82%A6%E3%83%B3%E3%82%BF%E3%83%BC%E3%83%86%E3%83%BC%E3%83%96%E3%83%AB%EF%BC%81 HTTP/1.1" 301 0 "-" "Mozilla/5.0 (Linux; Android 6.0.1; Nexus 5X Build/MMB29P) AppleWebKit/537.36 (KHTML, like Gecko) Chrome/137.0.7151.103 Mobile Safari/537.36 (compatible; Googlebot/2.1; +http://www.google.com/bot.html)"
66.249.79.2 - - [17/Jul/2025:12:22:41 -0400] "GET /?n=07001166590003&channel=1a9e4a&from=brands.php%3Fid%3D1665900-10180%26name%3D%E3%82%B3%E3%83%A4%E6%9C%A8%E5%B7%A5%E3%81%93%E3%81%A0%E3%82%8F%E3%82%8A%E8%A3%BD%E4%BD%9C%E5%89%B5%E3%82%8A%E3%81%9F%E3%81%A6%EF%BC%81%E7%89%B9%E5%A4%A7%E3%82%AB%E3%82%A6%E3%83%B3%E3%82%BF%E3%83%BC%E3%83%86%E3%83%BC%E3%83%96%E3%83%AB%EF%BC%81 HTTP/1.1" 200 29834 "-" "Mozilla/5.0 (Linux; Android 6.0.1; Nexus 5X Build/MMB29P) AppleWebKit/537.36 (KHTML, like Gecko) Chrome/137.0.7151.103 Mobile Safari/537.36 (compatible; Googlebot/2.1; +http://www.google.com/bot.html)"
63.250.38.117 - - [17/Jul/2025:12:22:51 -0400] "POST /wp-cron.php?doing_wp_cron=1752769371.0938100814819335937500 HTTP/1.1" 403 1242 "-" "WordPress/6.8.1; https://fnf.group"
2a03:2880:f800:7:: - - [17/Jul/2025:12:22:47 -0400] "GET /author/admin123/page/93/ HTTP/1.1" 200 15544 "-" "meta-externalagent/1.1 (+https://developers.facebook.com/docs/sharing/webmasters/crawler)"
66.249.79.3 - - [17/Jul/2025:12:23:11 -0400] "GET /?n=21308105609001&channel=0817d1&from=goods.php%3Fid%3D1056090-5962%26name%3D%E3%83%88%E3%83%A8%E3%82%BF%E3%82%AB%E3%83%AD%E3%83%BC%E3%83%A9%E3%83%84%E3%83%BC%E3%83%AA%E3%83%B3%E3%82%B0E210%E7%94%A8%E3%83%AA%E3%82%A2%E3%83%90%E3%83%B3%E3%83%91%E3%83%BC%E3%83%97%E3%83%AD%E3%83%86%E3%82%AF%E3%82%BF%E3%83%BC%E3%82%B9%E3%82%AF%E3%83%A9%E3%83%83%E3%83%81%E3%82%AC%E3%83%BC%E3%83%891%E5%80%8B+%E8%80%90%E4%B9%85%E6%80%A7%E3%81%AE%E3%81%82%E3%82%8B%E3%83%AA%E3%82%A2%E3%83%90%E3%83%B3%E3%83%91%E3%83%BC%E3%83%97%E3%83%AD%E3%83%86%E3%82%AF%E3%82%BF%E3%83%BC+%E3%82%B9%E3%83%86%E3%83%B3%E3%83%AC%E3%82%B9%E3%82%B9%E3%83%81+%EF%BC%88210%E7%B3%BB+%E3%82%AB%E3%83%AD%E3%83%BC%E3%83%A9%E3%83%84%E3%83%BC%E3%83%AA%E3%83%B3%E3%82%B0+%E5%B0%82%E7%94%A8+%E3%83%AA%E3%82%A2%E3%83%90%E3%83%B3%E3%83%91%E3%83%BC%E3%83%97%E3%83%AD%E3%83%86%E3%82%AF%E3%82%BF%E3%83%BC+%5B2%E8%89%B2%E8%A8%AD%E5%AE%9A%E3%81%82%E3%82%8A%5D+1%E3%83%94%E3%83%BC%E3%82%B9+%7C+%E3%83%8F%E3%82%A4%E3%82%AF%E3%82%AA%E3%83%AA%E3%83%86%E3%82%A3%E3%82%AB%E3%82%B9%E3%82%BF%E3%83%A0%E3%83%91%E3%83%BC%E3%83%84%E3%83%96%E3%83%A9%E3%83%B3%E3%83%89++Revier%2FReiz%EF%BC%88%E3%83%AC%E3%83%B4%E3%82%A3%E3%83%BC%E3%82%A2%2F%E3%83%A9%E3%82%A4%E3%83%84%EF%BC%89%E5%85%AC%E5%BC%8F%E3%82%B7%E3%83%A7%E3%83%83%E3%83%94%E3%83%B3%E3%82%B0%E3%82%B5%E3%82%A4%E3%83%88%EF%BC%89 HTTP/1.1" 301 0 "-" "Mozilla/5.0 (Linux; Android 6.0.1; Nexus 5X Build/MMB29P) AppleWebKit/537.36 (KHTML, like Gecko) Chrome/137.0.7151.103 Mobile Safari/537.36 (compatible; Googlebot/2.1; +http://www.google.com/bot.html)"
66.249.79.2 - - [17/Jul/2025:12:23:13 -0400] "GET /?n=21308105609001&channel=0817d1&from=goods.php%3Fid%3D1056090-5962%26name%3D%E3%83%88%E3%83%A8%E3%82%BF%E3%82%AB%E3%83%AD%E3%83%BC%E3%83%A9%E3%83%84%E3%83%BC%E3%83%AA%E3%83%B3%E3%82%B0E210%E7%94%A8%E3%83%AA%E3%82%A2%E3%83%90%E3%83%B3%E3%83%91%E3%83%BC%E3%83%97%E3%83%AD%E3%83%86%E3%82%AF%E3%82%BF%E3%83%BC%E3%82%B9%E3%82%AF%E3%83%A9%E3%83%83%E3%83%81%E3%82%AC%E3%83%BC%E3%83%891%E5%80%8B%20%E8%80%90%E4%B9%85%E6%80%A7%E3%81%AE%E3%81%82%E3%82%8B%E3%83%AA%E3%82%A2%E3%83%90%E3%83%B3%E3%83%91%E3%83%BC%E3%83%97%E3%83%AD%E3%83%86%E3%82%AF%E3%82%BF%E3%83%BC%20%E3%82%B9%E3%83%86%E3%83%B3%E3%83%AC%E3%82%B9%E3%82%B9%E3%83%81%20%EF%BC%88210%E7%B3%BB%20%E3%82%AB%E3%83%AD%E3%83%BC%E3%83%A9%E3%83%84%E3%83%BC%E3%83%AA%E3%83%B3%E3%82%B0%20%E5%B0%82%E7%94%A8%20%E3%83%AA%E3%82%A2%E3%83%90%E3%83%B3%E3%83%91%E3%83%BC%E3%83%97%E3%83%AD%E3%83%86%E3%82%AF%E3%82%BF%E3%83%BC%20%5B2%E8%89%B2%E8%A8%AD%E5%AE%9A%E3%81%82%E3%82%8A%5D%201%E3%83%94%E3%83%BC%E3%82%B9%20%7C%20%E3%83%8F%E3%82%A4%E3%82%AF%E3%82%AA%E3%83%AA%E3%83%86%E3%82%A3%E3%82%AB%E3%82%B9%E3%82%BF%E3%83%A0%E3%83%91%E3%83%BC%E3%83%84%E3%83%96%E3%83%A9%E3%83%B3%E3%83%89%20%20Revier%2FReiz%EF%BC%88%E3%83%AC%E3%83%B4%E3%82%A3%E3%83%BC%E3%82%A2%2F%E3%83%A9%E3%82%A4%E3%83%84%EF%BC%89%E5%85%AC%E5%BC%8F%E3%82%B7%E3%83%A7%E3%83%83%E3%83%94%E3%83%B3%E3%82%B0%E3%82%B5%E3%82%A4%E3%83%88%EF%BC%89 HTTP/1.1" 200 29831 "-" "Mozilla/5.0 (Linux; Android 6.0.1; Nexus 5X Build/MMB29P) AppleWebKit/537.36 (KHTML, like Gecko) Chrome/137.0.7151.103 Mobile Safari/537.36 (compatible; Googlebot/2.1; +http://www.google.com/bot.html)"
66.249.68.131 - - [17/Jul/2025:12:23:40 -0400] "GET /?n=84728144587700&channel=91973d&from=category-info.php%3Fid%3D1445877-22897%26name%3D%E3%82%A8%E3%83%96%E3%83%AD+1%2F43+OPEN+INTERFACE+SUPRA+%E3%82%AA%E3%83%BC%E3%83%97%E3%83%B3%E3%82%A4%E3%83%B3%E3%82%BF%E3%83%BC%E3%83%95%E3%82%A7%E3%82%A4%E3%82%B9+%E3%82%B9%E3%83%BC%E3%83%97%E3%83%A9+NO36+%E3%82%B9%E3%83%BC%E3%83%91%E3%83%BCGT+2005 HTTP/1.1" 301 0 "-" "Mozilla/5.0 (Linux; Android 6.0.1; Nexus 5X Build/MMB29P) AppleWebKit/537.36 (KHTML, like Gecko) Chrome/137.0.7151.103 Mobile Safari/537.36 (compatible; Googlebot/2.1; +http://www.google.com/bot.html)"
66.249.79.3 - - [17/Jul/2025:12:23:43 -0400] "GET /?n=84728144587700&channel=91973d&from=category-info.php%3Fid%3D1445877-22897%26name%3D%E3%82%A8%E3%83%96%E3%83%AD%201%2F43%20OPEN%20INTERFACE%20SUPRA%20%E3%82%AA%E3%83%BC%E3%83%97%E3%83%B3%E3%82%A4%E3%83%B3%E3%82%BF%E3%83%BC%E3%83%95%E3%82%A7%E3%82%A4%E3%82%B9%20%E3%82%B9%E3%83%BC%E3%83%97%E3%83%A9%20NO36%20%E3%82%B9%E3%83%BC%E3%83%91%E3%83%BCGT%202005 HTTP/1.1" 200 29829 "-" "Mozilla/5.0 (Linux; Android 6.0.1; Nexus 5X Build/MMB29P) AppleWebKit/537.36 (KHTML, like Gecko) Chrome/137.0.7151.103 Mobile Safari/537.36 (compatible; Googlebot/2.1; +http://www.google.com/bot.html)"
63.250.38.117 - - [17/Jul/2025:12:23:56 -0400] "POST /wp-cron.php?doing_wp_cron=1752769436.2881069183349609375000 HTTP/1.1" 403 1242 "-" "WordPress/6.8.1; https://fnf.group"
66.249.68.129 - - [17/Jul/2025:12:23:53 -0400] "GET /?n=85931118077201&channel=28f645&from=product.php%3Fid%3D1180772-16297%26name%3D%E3%83%A6%E3%82%AD%E6%A7%98%E3%80%80%E5%B0%82%E7%94%A8 HTTP/1.1" 301 0 "-" "Mozilla/5.0 (Linux; Android 6.0.1; Nexus 5X Build/MMB29P) AppleWebKit/537.36 (KHTML, like Gecko) Chrome/137.0.7151.103 Mobile Safari/537.36 (compatible; Googlebot/2.1; +http://www.google.com/bot.html)"
66.249.79.2 - - [17/Jul/2025:12:23:56 -0400] "GET /?n=85931118077201&channel=28f645&from=product.php%3Fid%3D1180772-16297%26name%3D%E3%83%A6%E3%82%AD%E6%A7%98%E3%80%80%E5%B0%82%E7%94%A8 HTTP/1.1" 200 29833 "-" "Mozilla/5.0 (Linux; Android 6.0.1; Nexus 5X Build/MMB29P) AppleWebKit/537.36 (KHTML, like Gecko) Chrome/137.0.7151.103 Mobile Safari/537.36 (compatible; Googlebot/2.1; +http://www.google.com/bot.html)"
66.249.68.130 - - [17/Jul/2025:12:24:07 -0400] "GET /?n=8889832663800&channel=d3451f&from=pin.php%3Fid%3D326638-14311%26name%3D%E3%83%86%E3%83%BC%E3%83%97%E4%BB%98%E3%81%8D%E3%82%A4%E3%83%BC%E3%82%B8%E3%83%BC%E3%83%86%E3%82%A3%E3%82%A2%E3%83%9E%E3%82%B9%E3%82%AD%E3%83%B3%E3%82%B0%E3%83%95%E3%82%A3%E3%83%AB%E3%83%A0+260cm%C3%9725m+12%E5%80%8B+%E5%80%8B%E5%8C%85%E8%A3%85+%E9%A4%8A%E7%94%9F%E6%9D%90+%E3%83%93%E3%83%8B%E3%83%BC%E3%83%AB%E3%83%9E%E3%82%B9%E3%82%AB%E3%83%BC HTTP/1.1" 301 0 "-" "Mozilla/5.0 (Linux; Android 6.0.1; Nexus 5X Build/MMB29P) AppleWebKit/537.36 (KHTML, like Gecko) Chrome/137.0.7151.103 Mobile Safari/537.36 (compatible; Googlebot/2.1; +http://www.google.com/bot.html)"
