66.249.79.4 - - [17/Jul/2025:10:35:12 -0400] "GET /?n=71007126148705&channel=8cf126&from=info.php%3Fid%3D1261487-21961%26name%3D1%20%E3%82%BB%E3%83%83%E3%83%88%20%E7%8C%AB%E3%81%AE%E3%83%86%E3%82%A3%E3%83%BC%E3%82%B6%E3%83%BC%20%E3%83%88%E3%83%B3%E3%83%9C%E3%81%AE%E3%81%8A%E3%82%82%E3%81%A1%E3%82%83%E3%81%AE%E3%83%86%E3%82%A3%E3%83%BC%E3%82%B6%E3%83%BC%E3%82%B9%E3%83%86%E3%82%A3%E3%83%83%E3%82%AF%20%E5%AD%90%E7%8C%AB%E3%81%AE%E3%81%8A%E3%82%82%E3%81%A1%E3%82%83%20%E3%83%AD%E3%83%BC%E3%83%97%20%E5%B1%8B%E5%86%85%20%E3%83%9A%E3%83%83%E3%83%88%E3%81%8B%E3%82%89%E3%81%8B%E3%81%86%E3%81%8A%E3%82%82%E3%81%A1%E3%82%83%20%E5%8B%95%E3%81%8F%E7%8C%AB%E3%81%AE%E3%81%8A HTTP/1.1" 200 29834 "-" "Mozilla/5.0 (Linux; Android 6.0.1; Nexus 5X Build/MMB29P) AppleWebKit/537.36 (KHTML, like Gecko) Chrome/137.0.7151.103 Mobile Safari/537.36 (compatible; Googlebot/2.1; +http://www.google.com/bot.html)"
154.54.249.195 - - [17/Jul/2025:10:35:31 -0400] "GET /2025/07/05/casino-guncel-giriste-minimum-bakiye-gereksinimleri-nelerdir/ HTTP/1.1" 200 20308 "-" "Mozilla/5.0 (compatible; Barkrowler/0.9; +https://babbar.tech/crawler)"
63.250.38.117 - - [17/Jul/2025:10:35:38 -0400] "POST /wp-cron.php?doing_wp_cron=1752762938.4905269145965576171875 HTTP/1.1" 403 1242 "-" "WordPress/6.8.1; https://fnf.group"
66.249.68.135 - - [17/Jul/2025:10:35:34 -0400] "GET /?n=76227123631603&channel=25db63&from=form.php%3Fid%3D1236316-6273%26name%3D%E3%83%A2%E3%83%80%E3%83%B3%E3%81%AA%E3%82%B7%E3%83%A3%E3%83%B3%E3%83%87%E3%83%AA%E3%82%A2%E3%83%A9%E3%83%B3%E3%83%97%2C+%E3%82%B3%E3%83%B3%E3%83%86%E3%83%B3%E3%83%9D%E3%83%A9%E3%83%AA%E3%83%BC%E3%82%B7%E3%83%BC%E3%83%AA%E3%83%B3%E3%82%B0%E7%85%A7%E6%98%8E%E5%99%A8%E5%85%B7%E3%82%AF%E3%83%AA%E3%82%B9%E3%82%BF%E3%83%AB%E5%A4%A9%E4%BA%95%E7%81%AF%E3%82%A8%E3%83%AC%E3%82%AC%E3%83%B3%E3%83%88%E3%81%AA%E7%8F%BE%E4%BB%A3%E3%83%95%E3%83%A9%E3%83%83%E3%82%B7%E3%83%A5%E3%83%9E%E3%82%A6%E3%83%B3%E3%83%88%E5%AF%9D%E5%AE%A4%E3%80%81%E5%BB%8A%E4%B8%8B%E3%80%81%E3%83%90%E3%83%BC%E3%80%81 HTTP/1.1" 301 0 "-" "Mozilla/5.0 (Linux; Android 6.0.1; Nexus 5X Build/MMB29P) AppleWebKit/537.36 (KHTML, like Gecko) Chrome/137.0.7151.103 Mobile Safari/537.36 (compatible; Googlebot/2.1; +http://www.google.com/bot.html)"
66.249.79.2 - - [17/Jul/2025:10:35:39 -0400] "GET /?n=76227123631603&channel=25db63&from=form.php%3Fid%3D1236316-6273%26name%3D%E3%83%A2%E3%83%80%E3%83%B3%E3%81%AA%E3%82%B7%E3%83%A3%E3%83%B3%E3%83%87%E3%83%AA%E3%82%A2%E3%83%A9%E3%83%B3%E3%83%97%2C%20%E3%82%B3%E3%83%B3%E3%83%86%E3%83%B3%E3%83%9D%E3%83%A9%E3%83%AA%E3%83%BC%E3%82%B7%E3%83%BC%E3%83%AA%E3%83%B3%E3%82%B0%E7%85%A7%E6%98%8E%E5%99%A8%E5%85%B7%E3%82%AF%E3%83%AA%E3%82%B9%E3%82%BF%E3%83%AB%E5%A4%A9%E4%BA%95%E7%81%AF%E3%82%A8%E3%83%AC%E3%82%AC%E3%83%B3%E3%83%88%E3%81%AA%E7%8F%BE%E4%BB%A3%E3%83%95%E3%83%A9%E3%83%83%E3%82%B7%E3%83%A5%E3%83%9E%E3%82%A6%E3%83%B3%E3%83%88%E5%AF%9D%E5%AE%A4%E3%80%81%E5%BB%8A%E4%B8%8B%E3%80%81%E3%83%90%E3%83%BC%E3%80%81 HTTP/1.1" 200 29827 "-" "Mozilla/5.0 (Linux; Android 6.0.1; Nexus 5X Build/MMB29P) AppleWebKit/537.36 (KHTML, like Gecko) Chrome/137.0.7151.103 Mobile Safari/537.36 (compatible; Googlebot/2.1; +http://www.google.com/bot.html)"
217.113.194.26 - - [17/Jul/2025:10:35:51 -0400] "GET /2025/07/05/free-slot-machine-online-no-download-and-install-play-and-win-without-any-inconvenience/ HTTP/1.1" 200 19321 "-" "Mozilla/5.0 (compatible; Barkrowler/0.9; +https://babbar.tech/crawler)"
66.249.68.137 - - [17/Jul/2025:10:36:02 -0400] "GET /?n=99677196172300&channel=a206e4&from=goods.php%3Fid%3D1961723-24604%26name%3DApple+Watch%E3%82%AC%E3%83%A9%E3%82%B9%E3%83%95%E3%82%A3%E3%83%AB%E3%83%A0%28%E4%BF%9D%E8%AD%B7%E3%83%95%E3%82%A3%E3%83%AB%E3%83%A0%29%C3%972%E3%80%9044mm%E3%80%91 HTTP/1.1" 301 0 "-" "Mozilla/5.0 (Linux; Android 6.0.1; Nexus 5X Build/MMB29P) AppleWebKit/537.36 (KHTML, like Gecko) Chrome/137.0.7151.103 Mobile Safari/537.36 (compatible; Googlebot/2.1; +http://www.google.com/bot.html)"
66.249.79.4 - - [17/Jul/2025:10:36:03 -0400] "GET /?n=99677196172300&channel=a206e4&from=goods.php%3Fid%3D1961723-24604%26name%3DApple%20Watch%E3%82%AC%E3%83%A9%E3%82%B9%E3%83%95%E3%82%A3%E3%83%AB%E3%83%A0%28%E4%BF%9D%E8%AD%B7%E3%83%95%E3%82%A3%E3%83%AB%E3%83%A0%29%C3%972%E3%80%9044mm%E3%80%91 HTTP/1.1" 200 29823 "-" "Mozilla/5.0 (Linux; Android 6.0.1; Nexus 5X Build/MMB29P) AppleWebKit/537.36 (KHTML, like Gecko) Chrome/137.0.7151.103 Mobile Safari/537.36 (compatible; Googlebot/2.1; +http://www.google.com/bot.html)"
217.113.194.26 - - [17/Jul/2025:10:36:09 -0400] "GET /2025/07/05/online-gambling-establishments-accepting-mastercard-a-convenient-and-secure-means-to-gamble/ HTTP/1.1" 200 19144 "-" "Mozilla/5.0 (compatible; Barkrowler/0.9; +https://babbar.tech/crawler)"
66.249.68.136 - - [17/Jul/2025:10:36:29 -0400] "GET /?n=3859832579503&channel=680410&from=brands.php%3Fid%3D325795-6308%26name%3DKANBUN+%E3%83%A9%E3%83%B3%E3%83%97+%E5%AF%9D%E5%AE%A4%E7%94%A8+%E6%8B%A1%E5%A4%A7+LED+%E3%83%86%E3%83%BC%E3%83%96%E3%83%AB%E3%83%A9%E3%82%A4%E3%83%88+40+LED+%E3%83%86%E3%83%BC%E3%83%96%E3%83%AB%E3%83%A9%E3%83%B3%E3%83%97+%E7%9C%81%E3%82%A8%E3%83%8D+5X+10X+%E6%8B%A1%E5%A4%A7%E9%8F%A1+%E3%82%AF%E3%83%A9%E3%83%95%E3%83%88%E3%82%AC%E3%83%A9 HTTP/1.1" 301 0 "-" "Mozilla/5.0 (Linux; Android 6.0.1; Nexus 5X Build/MMB29P) AppleWebKit/537.36 (KHTML, like Gecko) Chrome/137.0.7151.103 Mobile Safari/537.36 (compatible; Googlebot/2.1; +http://www.google.com/bot.html)"
217.113.194.23 - - [17/Jul/2025:10:36:30 -0400] "GET /2025/06/20/igrovye-avtomaty-na-pk-skachat-programmu-ddia-igry-na-eridiar/ HTTP/1.1" 200 28974 "-" "Mozilla/5.0 (compatible; Barkrowler/0.9; +https://babbar.tech/crawler)"
66.249.79.2 - - [17/Jul/2025:10:36:31 -0400] "GET /?n=3859832579503&channel=680410&from=brands.php%3Fid%3D325795-6308%26name%3DKANBUN%20%E3%83%A9%E3%83%B3%E3%83%97%20%E5%AF%9D%E5%AE%A4%E7%94%A8%20%E6%8B%A1%E5%A4%A7%20LED%20%E3%83%86%E3%83%BC%E3%83%96%E3%83%AB%E3%83%A9%E3%82%A4%E3%83%88%2040%20LED%20%E3%83%86%E3%83%BC%E3%83%96%E3%83%AB%E3%83%A9%E3%83%B3%E3%83%97%20%E7%9C%81%E3%82%A8%E3%83%8D%205X%2010X%20%E6%8B%A1%E5%A4%A7%E9%8F%A1%20%E3%82%AF%E3%83%A9%E3%83%95%E3%83%88%E3%82%AC%E3%83%A9 HTTP/1.1" 200 29824 "-" "Mozilla/5.0 (Linux; Android 6.0.1; Nexus 5X Build/MMB29P) AppleWebKit/537.36 (KHTML, like Gecko) Chrome/137.0.7151.103 Mobile Safari/537.36 (compatible; Googlebot/2.1; +http://www.google.com/bot.html)"
63.250.38.117 - - [17/Jul/2025:10:36:53 -0400] "POST /wp-cron.php?doing_wp_cron=1752763013.3864359855651855468750 HTTP/1.1" 403 1242 "-" "WordPress/6.8.1; https://fnf.group"
217.113.194.30 - - [17/Jul/2025:10:36:51 -0400] "GET /2025/06/26/sweet-bonanza-demo-sesi-ve-tasarimi-uzerine-bir-inceleme/feed/ HTTP/1.1" 200 564 "-" "Mozilla/5.0 (compatible; Barkrowler/0.9; +https://babbar.tech/crawler)"
66.249.68.135 - - [17/Jul/2025:10:36:56 -0400] "GET /?n=7101825435604&channel=798ca5&from=shared.php%3Fid%3D254356-12688%26name%3D%E8%BB%8A%E7%94%A8%E5%93%81+%E3%82%A2%E3%82%AF%E3%82%BB%E3%82%B5%E3%83%AA%E3%83%BC+ABS+%E3%82%AB%E3%83%BC%E3%83%9C%E3%83%B3%E3%83%95%E3%82%A1%E3%82%A4%E3%83%90%E3%83%BC+%E3%82%B9%E3%83%86%E3%83%83%E3%82%AB%E3%83%BC+%E3%82%AB%E3%83%BC+%E3%82%BB%E3%83%B3%E3%82%BF%E3%83%BC+%E3%82%B3%E3%83%B3%E3%82%BD%E3%83%BC%E3%83%AB+%E3%83%91%E3%83%8D%E3%83%AB+%E3%82%AB%E3%83%90%E3%83%BC+%E3%83%88%E3%83%AA%E3%83%A0+%E7%94%A8+C+%E3%82%AF%E3%83%A9%E3%82%B9+W HTTP/1.1" 301 0 "-" "Mozilla/5.0 (Linux; Android 6.0.1; Nexus 5X Build/MMB29P) AppleWebKit/537.36 (KHTML, like Gecko) Chrome/137.0.7151.103 Mobile Safari/537.36 (compatible; Googlebot/2.1; +http://www.google.com/bot.html)"
66.249.79.3 - - [17/Jul/2025:10:36:58 -0400] "GET /?n=7101825435604&channel=798ca5&from=shared.php%3Fid%3D254356-12688%26name%3D%E8%BB%8A%E7%94%A8%E5%93%81%20%E3%82%A2%E3%82%AF%E3%82%BB%E3%82%B5%E3%83%AA%E3%83%BC%20ABS%20%E3%82%AB%E3%83%BC%E3%83%9C%E3%83%B3%E3%83%95%E3%82%A1%E3%82%A4%E3%83%90%E3%83%BC%20%E3%82%B9%E3%83%86%E3%83%83%E3%82%AB%E3%83%BC%20%E3%82%AB%E3%83%BC%20%E3%82%BB%E3%83%B3%E3%82%BF%E3%83%BC%20%E3%82%B3%E3%83%B3%E3%82%BD%E3%83%BC%E3%83%AB%20%E3%83%91%E3%83%8D%E3%83%AB%20%E3%82%AB%E3%83%90%E3%83%BC%20%E3%83%88%E3%83%AA%E3%83%A0%20%E7%94%A8%20C%20%E3%82%AF%E3%83%A9%E3%82%B9%20W HTTP/1.1" 200 29833 "-" "Mozilla/5.0 (Linux; Android 6.0.1; Nexus 5X Build/MMB29P) AppleWebKit/537.36 (KHTML, like Gecko) Chrome/137.0.7151.103 Mobile Safari/537.36 (compatible; Googlebot/2.1; +http://www.google.com/bot.html)"
154.54.249.195 - - [17/Jul/2025:10:37:09 -0400] "GET /2025/06/26/mostbet-az-casino-rsmi-giris-bonuslar-v-onlayn-oyunlar/ HTTP/1.1" 200 26037 "-" "Mozilla/5.0 (compatible; Barkrowler/0.9; +https://babbar.tech/crawler)"
66.249.68.136 - - [17/Jul/2025:10:37:23 -0400] "GET /?n=32227141072703&channel=e34783&from=product.php%3Fid%3D1410727-12728%26name%3DAZ-01+%E3%83%96%E3%83%AC%E3%83%BC%E3%83%89%E3%83%A9%E3%82%A4%E3%82%AC%E3%83%BC+%E3%80%8CZOIDS+%E3%82%BE%E3%82%A4%E3%83%8940th%E3%82%A2%E3%83%8B%E3%83%90%E3%83%BC%E3%82%B5%E3%83%AA%E3%83%BC%E3%83%A2%E3%83%87%E3%83%AB%E3%80%8D HTTP/1.1" 301 0 "-" "Mozilla/5.0 (Linux; Android 6.0.1; Nexus 5X Build/MMB29P) AppleWebKit/537.36 (KHTML, like Gecko) Chrome/137.0.7151.103 Mobile Safari/537.36 (compatible; Googlebot/2.1; +http://www.google.com/bot.html)"
66.249.79.3 - - [17/Jul/2025:10:37:26 -0400] "GET /?n=32227141072703&channel=e34783&from=product.php%3Fid%3D1410727-12728%26name%3DAZ-01%20%E3%83%96%E3%83%AC%E3%83%BC%E3%83%89%E3%83%A9%E3%82%A4%E3%82%AC%E3%83%BC%20%E3%80%8CZOIDS%20%E3%82%BE%E3%82%A4%E3%83%8940th%E3%82%A2%E3%83%8B%E3%83%90%E3%83%BC%E3%82%B5%E3%83%AA%E3%83%BC%E3%83%A2%E3%83%87%E3%83%AB%E3%80%8D HTTP/1.1" 200 29831 "-" "Mozilla/5.0 (Linux; Android 6.0.1; Nexus 5X Build/MMB29P) AppleWebKit/537.36 (KHTML, like Gecko) Chrome/137.0.7151.103 Mobile Safari/537.36 (compatible; Googlebot/2.1; +http://www.google.com/bot.html)"
217.113.194.26 - - [17/Jul/2025:10:37:33 -0400] "GET /2025/06/26/mostbet-official-web-site-in-bangladesh-benefit-as-much-as-35-500-bdt/ HTTP/1.1" 200 28310 "-" "Mozilla/5.0 (compatible; Barkrowler/0.9; +https://babbar.tech/crawler)"
13.77.157.193 - - [17/Jul/2025:10:37:48 -0400] "GET /wp-content/uploads/2020/08/RAMADAN-RECIPES-BY-FNF-HOME-CHEFS-page-052-scaled.jpg HTTP/1.1" 200 438400 "-" "Mozilla/5.0 (Macintosh; Intel Mac OS X 10_15_4) AppleWebKit/605.1.15 (KHTML, like Gecko) Version/13.1.2 Safari/605.1.15"
63.250.38.117 - - [17/Jul/2025:10:37:55 -0400] "POST /wp-cron.php?doing_wp_cron=1752763075.3912870883941650390625 HTTP/1.1" 403 1242 "-" "WordPress/6.8.1; https://fnf.group"
217.113.194.28 - - [17/Jul/2025:10:37:53 -0400] "GET /2025/04/16/kak-vyvesti-den%D1%8Cgi-s-binance-na-kartu-2-sposoba-5/ HTTP/1.1" 200 123385 "-" "Mozilla/5.0 (compatible; Barkrowler/0.9; +https://babbar.tech/crawler)"
66.249.68.137 - - [17/Jul/2025:10:38:08 -0400] "GET /?n=9847822060207&channel=3b1a7c&from=shop.php%3Fid%3D220602-6610%26name%3DPT850+e_Grain+%E3%83%8D%E3%83%83%E3%82%AF%E3%83%AC%E3%82%B9 HTTP/1.1" 301 0 "-" "Mozilla/5.0 (Linux; Android 6.0.1; Nexus 5X Build/MMB29P) AppleWebKit/537.36 (KHTML, like Gecko) Chrome/137.0.7151.103 Mobile Safari/537.36 (compatible; Googlebot/2.1; +http://www.google.com/bot.html)"
66.249.79.4 - - [17/Jul/2025:10:38:09 -0400] "GET /?n=9847822060207&channel=3b1a7c&from=shop.php%3Fid%3D220602-6610%26name%3DPT850%20e_Grain%20%E3%83%8D%E3%83%83%E3%82%AF%E3%83%AC%E3%82%B9 HTTP/1.1" 200 29830 "-" "Mozilla/5.0 (Linux; Android 6.0.1; Nexus 5X Build/MMB29P) AppleWebKit/537.36 (KHTML, like Gecko) Chrome/137.0.7151.103 Mobile Safari/537.36 (compatible; Googlebot/2.1; +http://www.google.com/bot.html)"
162.19.76.183 - - [17/Jul/2025:10:38:14 -0400] "POST /xmlrpc.php HTTP/1.1" 403 1242 "https://fnf.group" "Mozilla/5.0 (Windows NT 10.0; Win64; x64) AppleWebKit/537.36 (KHTML, like Gecko) Chrome/114.0.5735.199 Safari/537.36 Edg/114.0.1823.67"
217.113.194.24 - - [17/Jul/2025:10:38:12 -0400] "GET /2025/07/11/kak-zaiti-na-zerkalo-kent-kazino-ispolzuia-proksi-servery/ HTTP/1.1" 200 21187 "-" "Mozilla/5.0 (compatible; Barkrowler/0.9; +https://babbar.tech/crawler)"
114.119.155.200 - - [17/Jul/2025:10:38:13 -0400] "GET /category/featured/page/11 HTTP/1.1" 301 0 "https://fnf.group/category/featured/page/9" "Mozilla/5.0 (Linux; Android 7.0;) AppleWebKit/537.36 (KHTML, like Gecko) Mobile Safari/537.36 (compatible; PetalBot;+https://webmaster.petalsearch.com/site/petalbot)"
114.119.155.200 - - [17/Jul/2025:10:38:17 -0400] "GET /category/featured/page/11/ HTTP/1.1" 200 15206 "https://fnf.group/category/featured/page/9" "Mozilla/5.0 (Linux; Android 7.0;) AppleWebKit/537.36 (KHTML, like Gecko) Mobile Safari/537.36 (compatible; PetalBot;+https://webmaster.petalsearch.com/site/petalbot)"
20.244.25.192 - - [17/Jul/2025:10:38:21 -0400] "POST /wp-login.php HTTP/1.1" 200 3936 "-" "Mozilla/5.0"
217.113.194.29 - - [17/Jul/2025:10:38:31 -0400] "GET /2025/06/23/mostbet-login-stavki-v-sport-i-kazino-onlain-bonus-samogo-35-000/ HTTP/1.1" 200 31003 "-" "Mozilla/5.0 (compatible; Barkrowler/0.9; +https://babbar.tech/crawler)"
66.249.68.136 - - [17/Jul/2025:10:38:33 -0400] "GET /?n=2982117814816&channel=709e7d&from=shop.php%3Fid%3D178148-4034%26name%3D%E3%83%99%E3%83%AC%E3%82%AC+%E3%82%BB%E3%83%AB%E3%82%AD%E3%83%A5%E3%82%A24T%E3%83%97%E3%83%A9%E3%82%B9+%E7%BE%8E%E9%A1%94%E5%99%A8+Belega+Cell+Cure+4T+PLUS+%E5%B0%82%E7%94%A8%E3%83%AD%E3%83%BC%E3%82%B7%E3%83%A7%E3%83%B3%E4%BB%98%E3%81%8D+%E3%82%A4%E3%82%AA%E3%83%B3%E5%B0%8E%E5%85%A5+%E3%82%A8%E3%82%A4%E3%82%B8%E3%83%B3%E3%82%B0%E3%82%B1%E3%82%A2+%E8%A1%A8%E6%83%85%E7%AD%8B HTTP/1.1" 301 0 "-" "Mozilla/5.0 (Linux; Android 6.0.1; Nexus 5X Build/MMB29P) AppleWebKit/537.36 (KHTML, like Gecko) Chrome/137.0.7151.103 Mobile Safari/537.36 (compatible; Googlebot/2.1; +http://www.google.com/bot.html)"
66.249.79.3 - - [17/Jul/2025:10:38:35 -0400] "GET /?n=2982117814816&channel=709e7d&from=shop.php%3Fid%3D178148-4034%26name%3D%E3%83%99%E3%83%AC%E3%82%AC%20%E3%82%BB%E3%83%AB%E3%82%AD%E3%83%A5%E3%82%A24T%E3%83%97%E3%83%A9%E3%82%B9%20%E7%BE%8E%E9%A1%94%E5%99%A8%20Belega%20Cell%20Cure%204T%20PLUS%20%E5%B0%82%E7%94%A8%E3%83%AD%E3%83%BC%E3%82%B7%E3%83%A7%E3%83%B3%E4%BB%98%E3%81%8D%20%E3%82%A4%E3%82%AA%E3%83%B3%E5%B0%8E%E5%85%A5%20%E3%82%A8%E3%82%A4%E3%82%B8%E3%83%B3%E3%82%B0%E3%82%B1%E3%82%A2%20%E8%A1%A8%E6%83%85%E7%AD%8B HTTP/1.1" 200 29828 "-" "Mozilla/5.0 (Linux; Android 6.0.1; Nexus 5X Build/MMB29P) AppleWebKit/537.36 (KHTML, like Gecko) Chrome/137.0.7151.103 Mobile Safari/537.36 (compatible; Googlebot/2.1; +http://www.google.com/bot.html)"
217.113.194.30 - - [17/Jul/2025:10:38:49 -0400] "GET /2025/06/23/pin-ap-ofitsialnyi-sait-pin-up-kazino-zerkalo-rabochee/ HTTP/1.1" 200 31282 "-" "Mozilla/5.0 (compatible; Barkrowler/0.9; +https://babbar.tech/crawler)"
85.208.96.212 - - [17/Jul/2025:10:39:01 -0400] "GET /robots.txt HTTP/1.1" 500 1034 "-" "Mozilla/5.0 (compatible; SemrushBot/7~bl; +http://www.semrush.com/bot.html)"
63.250.38.117 - - [17/Jul/2025:10:39:04 -0400] "POST /wp-cron.php?doing_wp_cron=1752763144.5822761058807373046875 HTTP/1.1" 403 1242 "-" "WordPress/6.8.1; https://fnf.group"
66.249.68.137 - - [17/Jul/2025:10:39:01 -0400] "GET /?n=03999129792407&channel=0803c3&from=info.php%3Fid%3D1297924-353%26name%3D%E3%83%A4%E3%83%9E%E3%83%8F%E7%94%A8+%E3%83%86%E3%83%8D%E3%83%AC%E7%94%A8+700+XTZ700+2019-2023+%E3%82%AA%E3%83%BC%E3%83%88%E3%83%90%E3%82%A4+%E3%82%A2%E3%82%AF%E3%82%BB%E3%82%B5%E3%83%AA%E3%83%BC+%E3%83%AA%E3%82%A2%E3%83%A9%E3%83%83%E3%82%AF%E3%82%AD%E3%83%A3%E3%83%AA%E3%82%A2+%E3%83%AA%E3%82%A2%E3%83%A9%E3%82%B2%E3%83%83%E3%82%B8%E3%83%A9%E3%83%83%E3%82%AF+%E3%83%88%E3%83%83 HTTP/1.1" 301 0 "-" "Mozilla/5.0 (Linux; Android 6.0.1; Nexus 5X Build/MMB29P) AppleWebKit/537.36 (KHTML, like Gecko) Chrome/137.0.7151.103 Mobile Safari/537.36 (compatible; Googlebot/2.1; +http://www.google.com/bot.html)"
185.191.171.14 - - [17/Jul/2025:10:39:04 -0400] "GET /tag/chaat/ HTTP/1.1" 500 262 "-" "Mozilla/5.0 (compatible; SemrushBot/7~bl; +http://www.semrush.com/bot.html)"
66.249.79.4 - - [17/Jul/2025:10:39:05 -0400] "GET /?n=03999129792407&channel=0803c3&from=info.php%3Fid%3D1297924-353%26name%3D%E3%83%A4%E3%83%9E%E3%83%8F%E7%94%A8%20%E3%83%86%E3%83%8D%E3%83%AC%E7%94%A8%20700%20XTZ700%202019-2023%20%E3%82%AA%E3%83%BC%E3%83%88%E3%83%90%E3%82%A4%20%E3%82%A2%E3%82%AF%E3%82%BB%E3%82%B5%E3%83%AA%E3%83%BC%20%E3%83%AA%E3%82%A2%E3%83%A9%E3%83%83%E3%82%AF%E3%82%AD%E3%83%A3%E3%83%AA%E3%82%A2%20%E3%83%AA%E3%82%A2%E3%83%A9%E3%82%B2%E3%83%83%E3%82%B8%E3%83%A9%E3%83%83%E3%82%AF%20%E3%83%88%E3%83%83 HTTP/1.1" 200 29836 "-" "Mozilla/5.0 (Linux; Android 6.0.1; Nexus 5X Build/MMB29P) AppleWebKit/537.36 (KHTML, like Gecko) Chrome/137.0.7151.103 Mobile Safari/537.36 (compatible; Googlebot/2.1; +http://www.google.com/bot.html)"
217.113.194.31 - - [17/Jul/2025:10:39:08 -0400] "GET /2025/06/23/ofitsialnyi-sait-onlain-kazino-pin-ap-vkhod-i-registratsiia/ HTTP/1.1" 200 31458 "-" "Mozilla/5.0 (compatible; Barkrowler/0.9; +https://babbar.tech/crawler)"
66.249.68.135 - - [17/Jul/2025:10:39:15 -0400] "GET /?n=02971149064306&channel=c7abfc&from=category-info.php%3Fid%3D1490643-19337%26name%3D%E3%83%89%E3%82%AD%E3%83%A5%E3%83%A1%E3%83%B3%E3%83%88%E7%B5%84%E7%B9%94%E7%94%A8%E3%81%AE%E3%83%89%E3%82%AD%E3%83%A5%E3%83%A1%E3%83%B3%E3%83%88%E3%83%9C%E3%83%83%E3%82%AF%E3%82%B9%E3%83%95%E3%82%A1%E3%82%A4%E3%83%AB%E3%83%9C%E3%83%83%E3%82%AF%E3%82%B9%E3%83%95%E3%82%A1%E3%82%A4%E3%83%AB%E3%83%89%E3%82%AD%E3%83%A5%E3%83%A1%E3%83%B3%E3%83%88%E3%83%90%E3%83%83%E3%82%B0%E4%BB%98%E3%81%8D%E3%81%AE4%E3%83%95%E3%82%A1%E3%82%A4%E3%83%AB%E3%82%B9%E3%83%88%E3%83%AC%E3%83%BC%E3%82%B8%E3%83%9C%E3%83%83%E3%82%AF%E3%82%B9 HTTP/1.1" 301 0 "-" "Mozilla/5.0 (Linux; Android 6.0.1; Nexus 5X Build/MMB29P) AppleWebKit/537.36 (KHTML, like Gecko) Chrome/137.0.7151.103 Mobile Safari/537.36 (compatible; Googlebot/2.1; +http://www.google.com/bot.html)"
216.244.66.226 - - [17/Jul/2025:10:39:21 -0400] "GET /robots.txt HTTP/1.1" 500 1034 "-" "Mozilla/5.0 (compatible; DotBot/1.2; +https://opensiteexplorer.org/dotbot; help@moz.com)"
66.249.79.3 - - [17/Jul/2025:10:39:21 -0400] "GET /?n=02971149064306&channel=c7abfc&from=category-info.php%3Fid%3D1490643-19337%26name%3D%E3%83%89%E3%82%AD%E3%83%A5%E3%83%A1%E3%83%B3%E3%83%88%E7%B5%84%E7%B9%94%E7%94%A8%E3%81%AE%E3%83%89%E3%82%AD%E3%83%A5%E3%83%A1%E3%83%B3%E3%83%88%E3%83%9C%E3%83%83%E3%82%AF%E3%82%B9%E3%83%95%E3%82%A1%E3%82%A4%E3%83%AB%E3%83%9C%E3%83%83%E3%82%AF%E3%82%B9%E3%83%95%E3%82%A1%E3%82%A4%E3%83%AB%E3%83%89%E3%82%AD%E3%83%A5%E3%83%A1%E3%83%B3%E3%83%88%E3%83%90%E3%83%83%E3%82%B0%E4%BB%98%E3%81%8D%E3%81%AE4%E3%83%95%E3%82%A1%E3%82%A4%E3%83%AB%E3%82%B9%E3%83%88%E3%83%AC%E3%83%BC%E3%82%B8%E3%83%9C%E3%83%83%E3%82%AF%E3%82%B9 HTTP/1.1" 200 29832 "-" "Mozilla/5.0 (Linux; Android 6.0.1; Nexus 5X Build/MMB29P) AppleWebKit/537.36 (KHTML, like Gecko) Chrome/137.0.7151.103 Mobile Safari/537.36 (compatible; Googlebot/2.1; +http://www.google.com/bot.html)"
217.113.194.24 - - [17/Jul/2025:10:39:32 -0400] "GET /2025/06/21/betsat-uyelik-iptali-izlemeniz-gereken-adimla-lative/ HTTP/1.1" 200 25454 "-" "Mozilla/5.0 (compatible; Barkrowler/0.9; +https://babbar.tech/crawler)"
114.119.128.253 - - [17/Jul/2025:10:39:37 -0400] "GET /author/admin123/page/89/ HTTP/1.1" 200 15660 "https://fnf.group/author/admin123/page/90/" "Mozilla/5.0 (Linux; Android 7.0;) AppleWebKit/537.36 (KHTML, like Gecko) Mobile Safari/537.36 (compatible; PetalBot;+https://webmaster.petalsearch.com/site/petalbot)"
66.249.79.3 - - [17/Jul/2025:10:39:49 -0400] "GET /?n=14155795703&channel=0a1a55&from=category-info.php%3Fid%3D7957-854%26name%3DHENSHU%28%E3%83%98%E3%83%B3%E3%82%B7%E3%83%A5%E3%81%A7%E3%81%99%29+%E6%80%A0%E3%81%91%E8%80%85%E3%81%AE%E3%82%BD%E3%83%95%E3%82%A1%E3%83%BC+%E3%83%AA%E3%83%B3%E3%82%B0%E3%83%9D%E3%83%BC%E3%82%BF%E3%83%96%E3%83%AB%E3%82%A4%E3%83%B3%E3%83%95%E3%83%AC%E3%83%BC%E3%82%BF%E3%83%96%E3%83%AB%E3%83%95%E3%83%AD%E3%83%83%E3%82%AD%E3%83%B3%E3%82%B0%E3%82%BD%E3%83%95%E3%82%A1%E3%83%BC%E3%83%99%E3%83%83%E3%83%89%E4%BA%8C%E9%87%8D%E4%BD%BF%E7%94%A8%E6%8A%98%E3%82%8A%E3%81%9F%E3%81%9F%E3%81%BF%E3%83%AA%E3%82%AF%E3%83%A9%E3%82%A4 HTTP/1.1" 301 0 "-" "Mozilla/5.0 (Linux; Android 6.0.1; Nexus 5X Build/MMB29P) AppleWebKit/537.36 (KHTML, like Gecko) Chrome/137.0.7151.103 Mobile Safari/537.36 (compatible; Googlebot/2.1; +http://www.google.com/bot.html)"
217.113.194.24 - - [17/Jul/2025:10:39:51 -0400] "GET /2025/07/07/compania-de-apuestas-apuestas-deportivas-online-1xbet-i-1xbet-com-2/ HTTP/1.1" 200 27176 "-" "Mozilla/5.0 (compatible; Barkrowler/0.9; +https://babbar.tech/crawler)"
66.249.79.3 - - [17/Jul/2025:10:39:52 -0400] "GET /?n=14155795703&channel=0a1a55&from=category-info.php%3Fid%3D7957-854%26name%3DHENSHU%28%E3%83%98%E3%83%B3%E3%82%B7%E3%83%A5%E3%81%A7%E3%81%99%29%20%E6%80%A0%E3%81%91%E8%80%85%E3%81%AE%E3%82%BD%E3%83%95%E3%82%A1%E3%83%BC%20%E3%83%AA%E3%83%B3%E3%82%B0%E3%83%9D%E3%83%BC%E3%82%BF%E3%83%96%E3%83%AB%E3%82%A4%E3%83%B3%E3%83%95%E3%83%AC%E3%83%BC%E3%82%BF%E3%83%96%E3%83%AB%E3%83%95%E3%83%AD%E3%83%83%E3%82%AD%E3%83%B3%E3%82%B0%E3%82%BD%E3%83%95%E3%82%A1%E3%83%BC%E3%83%99%E3%83%83%E3%83%89%E4%BA%8C%E9%87%8D%E4%BD%BF%E7%94%A8%E6%8A%98%E3%82%8A%E3%81%9F%E3%81%9F%E3%81%BF%E3%83%AA%E3%82%AF%E3%83%A9%E3%82%A4 HTTP/1.1" 200 29832 "-" "Mozilla/5.0 (Linux; Android 6.0.1; Nexus 5X Build/MMB29P) AppleWebKit/537.36 (KHTML, like Gecko) Chrome/137.0.7151.103 Mobile Safari/537.36 (compatible; Googlebot/2.1; +http://www.google.com/bot.html)"
63.250.38.117 - - [17/Jul/2025:10:40:16 -0400] "POST /wp-cron.php?doing_wp_cron=1752763216.6815719604492187500000 HTTP/1.1" 403 1242 "-" "WordPress/6.8.1; https://fnf.group"
217.113.194.30 - - [17/Jul/2025:10:40:14 -0400] "GET /2025/06/25/offline-slot-games-an-overview-to-appreciating-casino-gamings-without-an-internet-connection/ HTTP/1.1" 200 19883 "-" "Mozilla/5.0 (compatible; Barkrowler/0.9; +https://babbar.tech/crawler)"
66.249.68.135 - - [17/Jul/2025:10:40:22 -0400] "GET /?n=90318163248401&channel=fd8dea&from=goods.php%3Fid%3D1632484-17699%26name%3D%E6%AD%99%E5%B7%9E%E7%A1%AF+%E4%B8%AD%E5%9B%BD%E9%BB%84%E5%B1%B1%E3%81%AB%E7%94%A3%E3%81%99%E3%82%8B+%E6%9B%B8%E9%81%93%E3%81%AE%E4%BD%B3%E5%93%81+%E9%AB%98%E7%B4%9A%E6%9B%B8%E9%81%93%E3%82%AE%E3%83%95%E3%83%88+%E3%82%B9%E3%82%BA%E3%83%AA%E7%9F%B3+%E5%8F%8B%E9%81%94%E3%81%B8%E3%81%AE%E3%83%97%E3%83%AC%E3%82%BC%E3%83%B3%E3%83%88 HTTP/1.1" 301 0 "-" "Mozilla/5.0 (Linux; Android 6.0.1; Nexus 5X Build/MMB29P) AppleWebKit/537.36 (KHTML, like Gecko) Chrome/137.0.7151.103 Mobile Safari/537.36 (compatible; Googlebot/2.1; +http://www.google.com/bot.html)"
66.249.79.3 - - [17/Jul/2025:10:40:25 -0400] "GET /?n=90318163248401&channel=fd8dea&from=goods.php%3Fid%3D1632484-17699%26name%3D%E6%AD%99%E5%B7%9E%E7%A1%AF%20%E4%B8%AD%E5%9B%BD%E9%BB%84%E5%B1%B1%E3%81%AB%E7%94%A3%E3%81%99%E3%82%8B%20%E6%9B%B8%E9%81%93%E3%81%AE%E4%BD%B3%E5%93%81%20%E9%AB%98%E7%B4%9A%E6%9B%B8%E9%81%93%E3%82%AE%E3%83%95%E3%83%88%20%E3%82%B9%E3%82%BA%E3%83%AA%E7%9F%B3%20%E5%8F%8B%E9%81%94%E3%81%B8%E3%81%AE%E3%83%97%E3%83%AC%E3%82%BC%E3%83%B3%E3%83%88 HTTP/1.1" 200 29833 "-" "Mozilla/5.0 (Linux; Android 6.0.1; Nexus 5X Build/MMB29P) AppleWebKit/537.36 (KHTML, like Gecko) Chrome/137.0.7151.103 Mobile Safari/537.36 (compatible; Googlebot/2.1; +http://www.google.com/bot.html)"
217.113.194.23 - - [17/Jul/2025:10:40:33 -0400] "GET /2025/06/24/igrovye-avtomaty-demo-igrat-besplatno-bez-registratsii-v-kazino-2/ HTTP/1.1" 200 27255 "-" "Mozilla/5.0 (compatible; Barkrowler/0.9; +https://babbar.tech/crawler)"
66.249.68.136 - - [17/Jul/2025:10:40:52 -0400] "GET /?n=1578134599700&channel=e7700a&from=shared.php%3Fid%3D345997-14711%26name%3D%E6%9C%A8%E8%B3%AA%E3%81%AE%E5%AE%9D%E7%AE%B1+%E3%83%AD%E3%83%83%E3%82%AF%E4%BB%98%E3%81%8D%E3%82%A2%E3%83%B3%E3%83%86%E3%82%A3%E3%83%BC%E3%82%AF+%E3%83%98%E3%82%A2%E3%83%94%E3%83%B3+%E3%83%9C%E3%83%83%E3%82%AF%E3%82%B9+%E3%83%B4%E3%82%A3%E3%83%B3%E3%83%86%E3%83%BC%E3%82%B8%E6%9C%A8%E8%A3%BD%E3%82%B8%E3%83%A5%E3%82%A8%E3%83%AA%E3%83%BC+%E3%83%9C%E3%83%83%E3%82%AF%E3%82%B9+%E3%81%8B%E3%81%96%E3%82%8A%E3%81%B0%E3%81%93%28B%29 HTTP/1.1" 301 0 "-" "Mozilla/5.0 (Linux; Android 6.0.1; Nexus 5X Build/MMB29P) AppleWebKit/537.36 (KHTML, like Gecko) Chrome/137.0.7151.103 Mobile Safari/537.36 (compatible; Googlebot/2.1; +http://www.google.com/bot.html)"
217.113.194.26 - - [17/Jul/2025:10:40:53 -0400] "GET /2025/06/30/sweet-bonanza-i-revue-man-jeu-de-device-a-sous-durante-ligne-le-plus-delicieux/feed/ HTTP/1.1" 200 602 "-" "Mozilla/5.0 (compatible; Barkrowler/0.9; +https://babbar.tech/crawler)"
66.249.79.3 - - [17/Jul/2025:10:40:56 -0400] "GET /?n=1578134599700&channel=e7700a&from=shared.php%3Fid%3D345997-14711%26name%3D%E6%9C%A8%E8%B3%AA%E3%81%AE%E5%AE%9D%E7%AE%B1%20%E3%83%AD%E3%83%83%E3%82%AF%E4%BB%98%E3%81%8D%E3%82%A2%E3%83%B3%E3%83%86%E3%82%A3%E3%83%BC%E3%82%AF%20%E3%83%98%E3%82%A2%E3%83%94%E3%83%B3%20%E3%83%9C%E3%83%83%E3%82%AF%E3%82%B9%20%E3%83%B4%E3%82%A3%E3%83%B3%E3%83%86%E3%83%BC%E3%82%B8%E6%9C%A8%E8%A3%BD%E3%82%B8%E3%83%A5%E3%82%A8%E3%83%AA%E3%83%BC%20%E3%83%9C%E3%83%83%E3%82%AF%E3%82%B9%20%E3%81%8B%E3%81%96%E3%82%8A%E3%81%B0%E3%81%93%28B%29 HTTP/1.1" 200 29831 "-" "Mozilla/5.0 (Linux; Android 6.0.1; Nexus 5X Build/MMB29P) AppleWebKit/537.36 (KHTML, like Gecko) Chrome/137.0.7151.103 Mobile Safari/537.36 (compatible; Googlebot/2.1; +http://www.google.com/bot.html)"
66.249.79.3 - - [17/Jul/2025:10:41:04 -0400] "GET /?n=7289246074200&channel=23ba09&from=product.php%3Fid%3D460742-5075%26name%3D%E7%BE%8E%E5%93%81+%E3%83%80%E3%83%B3%E3%83%92%E3%83%AB+%E3%83%AC%E3%82%B6%E3%83%BC+%E3%82%BB%E3%82%AB%E3%83%B3%E3%83%89%E3%83%90%E3%83%83%E3%82%B0++%E4%BA%BA%E6%B0%97%E3%83%96%E3%83%A9%E3%83%B3%E3%83%89 HTTP/1.1" 301 0 "-" "Mozilla/5.0 (Linux; Android 6.0.1; Nexus 5X Build/MMB29P) AppleWebKit/537.36 (KHTML, like Gecko) Chrome/137.0.7151.103 Mobile Safari/537.36 (compatible; Googlebot/2.1; +http://www.google.com/bot.html)"
66.249.79.3 - - [17/Jul/2025:10:41:06 -0400] "GET /?n=7289246074200&channel=23ba09&from=product.php%3Fid%3D460742-5075%26name%3D%E7%BE%8E%E5%93%81%20%E3%83%80%E3%83%B3%E3%83%92%E3%83%AB%20%E3%83%AC%E3%82%B6%E3%83%BC%20%E3%82%BB%E3%82%AB%E3%83%B3%E3%83%89%E3%83%90%E3%83%83%E3%82%B0%20%20%E4%BA%BA%E6%B0%97%E3%83%96%E3%83%A9%E3%83%B3%E3%83%89 HTTP/1.1" 200 29829 "-" "Mozilla/5.0 (Linux; Android 6.0.1; Nexus 5X Build/MMB29P) AppleWebKit/537.36 (KHTML, like Gecko) Chrome/137.0.7151.103 Mobile Safari/537.36 (compatible; Googlebot/2.1; +http://www.google.com/bot.html)"
66.249.68.135 - - [17/Jul/2025:10:41:10 -0400] "GET /?n=5009870759503&channel=1e25a6&from=article.php%3Fid%3D707595-373%26name%3D6pc%2Fpackage+Fuel+Injector+16600-2Y915+FBJC100+166002Y915+YANGMO-AU HTTP/1.1" 301 0 "-" "Mozilla/5.0 (Linux; Android 6.0.1; Nexus 5X Build/MMB29P) AppleWebKit/537.36 (KHTML, like Gecko) Chrome/137.0.7151.103 Mobile Safari/537.36 (compatible; Googlebot/2.1; +http://www.google.com/bot.html)"
66.249.79.3 - - [17/Jul/2025:10:41:13 -0400] "GET /?n=5009870759503&channel=1e25a6&from=article.php%3Fid%3D707595-373%26name%3D6pc%2Fpackage%20Fuel%20Injector%2016600-2Y915%20FBJC100%20166002Y915%20YANGMO-AU HTTP/1.1" 200 29825 "-" "Mozilla/5.0 (Linux; Android 6.0.1; Nexus 5X Build/MMB29P) AppleWebKit/537.36 (KHTML, like Gecko) Chrome/137.0.7151.103 Mobile Safari/537.36 (compatible; Googlebot/2.1; +http://www.google.com/bot.html)"
63.250.38.117 - - [17/Jul/2025:10:41:19 -0400] "POST /wp-cron.php?doing_wp_cron=1752763278.9917919635772705078125 HTTP/1.1" 403 1242 "-" "WordPress/6.8.1; https://fnf.group"
217.113.194.27 - - [17/Jul/2025:10:41:16 -0400] "GET /2025/06/28/inostrantsy-bukmekerskie-kontory-sostavit-legalnykh-bk-evrope/ HTTP/1.1" 200 30099 "-" "Mozilla/5.0 (compatible; Barkrowler/0.9; +https://babbar.tech/crawler)"
217.113.194.28 - - [17/Jul/2025:10:41:36 -0400] "GET /2025/07/02/mostbet-uygulamasi-apk-android-ve-ios-icin-indir-surum-2025-2/ HTTP/1.1" 200 24900 "-" "Mozilla/5.0 (compatible; Barkrowler/0.9; +https://babbar.tech/crawler)"
66.249.79.3 - - [17/Jul/2025:10:41:39 -0400] "GET /?n=61732189332900&channel=f05a98&from=product.php%3Fid%3D1893329-30610%26name%3D%E3%81%94%E5%BD%93%E5%9C%B0%E3%82%AD%E3%83%A5%E3%83%BC%E3%83%94%E3%83%BC+QP+%E8%B5%A4%E9%AC%BC%E3%82%AD%E3%83%A5%E3%83%BC%E3%83%94%E3%83%BC+%E5%88%A5%E5%BA%9C+%E9%99%90%E5%AE%9A+%E3%82%B3%E3%82%B9%E3%83%81%E3%83%A5%E3%83%BC%E3%83%A0%E3%82%AD%E3%83%A5%E3%83%BC%E3%83%94%E3%83%BC+%E5%9C%B0%E7%8D%84+%E6%B8%A9%E6%B3%89+%E5%90%8D%E6%89%80+%E5%9C%B0%E5%9F%9F%E9%99%90%E5%AE%9A+%E3%83%9E%E3%82%B9%E3%82%B3%E3%83%83%E3%83%88+%E3%82%B9%E3%83%88%E3%83%A9%E3%83%83%E3%83%97+%E3%82%AA%E3%83%B3%E3%83%AA%E3%83%BC%E3%83%AF%E3%83%B3 HTTP/1.1" 301 0 "-" "Mozilla/5.0 (Linux; Android 6.0.1; Nexus 5X Build/MMB29P) AppleWebKit/537.36 (KHTML, like Gecko) Chrome/137.0.7151.103 Mobile Safari/537.36 (compatible; Googlebot/2.1; +http://www.google.com/bot.html)"
66.249.79.3 - - [17/Jul/2025:10:41:40 -0400] "GET /?n=72422172817902&channel=5b1963&from=pin.php%3Fid%3D1728179-15344%26name%3D1pc++06F127025L+06F127025M+06F127025D%EF%BC%88External+Fuel+Pumps+-+High+Performance+%26+Efficiency%EF%BC%89 HTTP/1.1" 301 0 "-" "Mozilla/5.0 (Linux; Android 6.0.1; Nexus 5X Build/MMB29P) AppleWebKit/537.36 (KHTML, like Gecko) Chrome/137.0.7151.103 Mobile Safari/537.36 (compatible; Googlebot/2.1; +http://www.google.com/bot.html)"
66.249.79.3 - - [17/Jul/2025:10:41:43 -0400] "GET /?n=61732189332900&channel=f05a98&from=product.php%3Fid%3D1893329-30610%26name%3D%E3%81%94%E5%BD%93%E5%9C%B0%E3%82%AD%E3%83%A5%E3%83%BC%E3%83%94%E3%83%BC%20QP%20%E8%B5%A4%E9%AC%BC%E3%82%AD%E3%83%A5%E3%83%BC%E3%83%94%E3%83%BC%20%E5%88%A5%E5%BA%9C%20%E9%99%90%E5%AE%9A%20%E3%82%B3%E3%82%B9%E3%83%81%E3%83%A5%E3%83%BC%E3%83%A0%E3%82%AD%E3%83%A5%E3%83%BC%E3%83%94%E3%83%BC%20%E5%9C%B0%E7%8D%84%20%E6%B8%A9%E6%B3%89%20%E5%90%8D%E6%89%80%20%E5%9C%B0%E5%9F%9F%E9%99%90%E5%AE%9A%20%E3%83%9E%E3%82%B9%E3%82%B3%E3%83%83%E3%83%88%20%E3%82%B9%E3%83%88%E3%83%A9%E3%83%83%E3%83%97%20%E3%82%AA%E3%83%B3%E3%83%AA%E3%83%BC%E3%83%AF%E3%83%B3 HTTP/1.1" 200 29832 "-" "Mozilla/5.0 (Linux; Android 6.0.1; Nexus 5X Build/MMB29P) AppleWebKit/537.36 (KHTML, like Gecko) Chrome/137.0.7151.103 Mobile Safari/537.36 (compatible; Googlebot/2.1; +http://www.google.com/bot.html)"
66.249.79.3 - - [17/Jul/2025:10:41:43 -0400] "GET /?n=72422172817902&channel=5b1963&from=pin.php%3Fid%3D1728179-15344%26name%3D1pc%20%2006F127025L%2006F127025M%2006F127025D%EF%BC%88External%20Fuel%20Pumps%20-%20High%20Performance%20%26%20Efficiency%EF%BC%89 HTTP/1.1" 200 29835 "-" "Mozilla/5.0 (Linux; Android 6.0.1; Nexus 5X Build/MMB29P) AppleWebKit/537.36 (KHTML, like Gecko) Chrome/137.0.7151.103 Mobile Safari/537.36 (compatible; Googlebot/2.1; +http://www.google.com/bot.html)"
217.113.194.29 - - [17/Jul/2025:10:41:57 -0400] "GET /2025/06/19/ofitsialnyi-sait-1vin-interfeis-i-funktsional-bk-1win-3/feed/ HTTP/1.1" 200 614 "-" "Mozilla/5.0 (compatible; Barkrowler/0.9; +https://babbar.tech/crawler)"
66.249.79.4 - - [17/Jul/2025:10:42:13 -0400] "GET /?n=2921846731302&channel=6c4754&from=category-info.php%3Fid%3D467313-7216%26name%3DKUVIEZ+%E3%83%A1%E3%83%AB%E3%82%BB%E3%83%87%E3%82%B9%E7%94%A8%E3%83%99%E3%83%B3%E3%83%84+For+GLE+%E3%82%AF%E3%83%A9%E3%82%B9+For+W167+2019%E3%80%9C2022+%E5%89%8D%E8%BC%AA%E3%81%A8%E5%BE%8C%E8%BC%AA%E3%81%AE%E5%82%B7%E9%98%B2%E6%AD%A2%E8%BB%8A%E3%83%95%E3%82%A7%E3%83%B3%E3%83%80%E3%83%BC%E8%BB%8A%E3%81%AE%E3%82%B9 HTTP/1.1" 301 0 "-" "Mozilla/5.0 (Linux; Android 6.0.1; Nexus 5X Build/MMB29P) AppleWebKit/537.36 (KHTML, like Gecko) Chrome/137.0.7151.103 Mobile Safari/537.36 (compatible; Googlebot/2.1; +http://www.google.com/bot.html)"
63.250.38.117 - - [17/Jul/2025:10:42:22 -0400] "POST /wp-cron.php?doing_wp_cron=1752763341.9830710887908935546875 HTTP/1.1" 403 1242 "-" "WordPress/6.8.1; https://fnf.group"
66.249.79.2 - - [17/Jul/2025:10:42:18 -0400] "GET /?n=2921846731302&channel=6c4754&from=category-info.php%3Fid%3D467313-7216%26name%3DKUVIEZ%20%E3%83%A1%E3%83%AB%E3%82%BB%E3%83%87%E3%82%B9%E7%94%A8%E3%83%99%E3%83%B3%E3%83%84%20For%20GLE%20%E3%82%AF%E3%83%A9%E3%82%B9%20For%20W167%202019%E3%80%9C2022%20%E5%89%8D%E8%BC%AA%E3%81%A8%E5%BE%8C%E8%BC%AA%E3%81%AE%E5%82%B7%E9%98%B2%E6%AD%A2%E8%BB%8A%E3%83%95%E3%82%A7%E3%83%B3%E3%83%80%E3%83%BC%E8%BB%8A%E3%81%AE%E3%82%B9 HTTP/1.1" 200 29827 "-" "Mozilla/5.0 (Linux; Android 6.0.1; Nexus 5X Build/MMB29P) AppleWebKit/537.36 (KHTML, like Gecko) Chrome/137.0.7151.103 Mobile Safari/537.36 (compatible; Googlebot/2.1; +http://www.google.com/bot.html)"
66.249.79.2 - - [17/Jul/2025:10:42:22 -0400] "GET /2020/09/02/waheed-kabab-fry-by-zeenat-muneer/ HTTP/1.1" 200 17983 "-" "Mozilla/5.0 (Linux; Android 6.0.1; Nexus 5X Build/MMB29P) AppleWebKit/537.36 (KHTML, like Gecko) Chrome/137.0.7151.103 Mobile Safari/537.36 (compatible; GoogleOther)"
217.113.194.22 - - [17/Jul/2025:10:42:21 -0400] "GET /2025/06/20/mostbet-zerkalo-rabochee-prokhod-na-ofitsialnyi-sait-mostbet/ HTTP/1.1" 200 30749 "-" "Mozilla/5.0 (compatible; Barkrowler/0.9; +https://babbar.tech/crawler)"
66.249.68.136 - - [17/Jul/2025:10:42:27 -0400] "GET /?n=92489145822700&channel=b79523&from=category-info.php%3Fid%3D1458227-4560%26name%3D%E3%83%91%E3%83%8A%E3%83%AC%E3%83%BC%E3%82%B5%E3%83%BC%28Panaracer%29+%E6%97%A5%E6%9C%AC%E8%A3%BD+%E3%82%B9%E3%83%BC%E3%83%91%E3%83%BC%E3%83%81%E3%83%A5%E3%83%BC%E3%83%96+%5B700+x+28%7E32C%5D+%E4%BB%8F%E5%BC%8F+%E3%83%90%E3%83%AB%E3%83%96+34mm+%2F+48mm HTTP/1.1" 301 0 "-" "Mozilla/5.0 (Linux; Android 6.0.1; Nexus 5X Build/MMB29P) AppleWebKit/537.36 (KHTML, like Gecko) Chrome/137.0.7151.103 Mobile Safari/537.36 (compatible; Googlebot/2.1; +http://www.google.com/bot.html)"
66.249.79.2 - - [17/Jul/2025:10:42:32 -0400] "GET /?n=92489145822700&channel=b79523&from=category-info.php%3Fid%3D1458227-4560%26name%3D%E3%83%91%E3%83%8A%E3%83%AC%E3%83%BC%E3%82%B5%E3%83%BC%28Panaracer%29%20%E6%97%A5%E6%9C%AC%E8%A3%BD%20%E3%82%B9%E3%83%BC%E3%83%91%E3%83%BC%E3%83%81%E3%83%A5%E3%83%BC%E3%83%96%20%5B700%20x%2028~32C%5D%20%E4%BB%8F%E5%BC%8F%20%E3%83%90%E3%83%AB%E3%83%96%2034mm%20%2F%2048mm HTTP/1.1" 200 29819 "-" "Mozilla/5.0 (Linux; Android 6.0.1; Nexus 5X Build/MMB29P) AppleWebKit/537.36 (KHTML, like Gecko) Chrome/137.0.7151.103 Mobile Safari/537.36 (compatible; Googlebot/2.1; +http://www.google.com/bot.html)"
66.249.79.2 - - [17/Jul/2025:10:42:38 -0400] "GET /?n=36056114069404&channel=39dcb2&from=pin.php%3Fid%3D1140694-6271%26name%3D%E3%83%86%E3%83%BC%E3%83%96%E3%83%AB%E3%83%A9%E3%82%A4%E3%83%88+%E3%83%86%E3%83%BC%E3%83%96%E3%83%AB%E3%83%A9%E3%83%B3%E3%83%97+%E3%83%99%E3%83%83%E3%83%89%E3%82%B5%E3%82%A4%E3%83%89%E3%83%A9%E3%83%B3%E3%83%97+%E3%83%99%E3%83%83%E3%83%89%E3%82%B5%E3%82%A4%E3%83%89%E3%83%86%E3%83%BC%E3%83%96%E3%83%AB%E3%83%A9%E3%83%B3%E3%83%97%E3%83%95%E3%82%A1%E3%83%96%E3%83%AA%E3%83%83%E3%82%AF%E3%83%A9%E3%83%B3%E3%83%97%E3%82%B7%E3%82%A7%E3%83%BC%E3%83%89%E3%83%99%E3%83%83%E3%83%89%E3%83%AB%E3%83%BC%E3%83%A0%E3%83%A9%E3%82%A4%E3%83%88%E3%82%AF%E3%83%AA%E3%82%A8%E3%82%A4%E3%83%86 HTTP/1.1" 301 0 "-" "Mozilla/5.0 (Linux; Android 6.0.1; Nexus 5X Build/MMB29P) AppleWebKit/537.36 (KHTML, like Gecko) Chrome/137.0.7151.103 Mobile Safari/537.36 (compatible; Googlebot/2.1; +http://www.google.com/bot.html)"
66.249.68.136 - - [17/Jul/2025:10:42:41 -0400] "GET /?n=79862168680800&channel=bc15c0&from=form.php%3Fid%3D1686808-836%26name%3D%E4%BB%98%E7%AE%8B+%E3%83%A1%E3%83%A2+%E3%83%8E%E3%83%B3%E3%82%BF%E3%83%B3+%E7%AC%AC2%E5%BC%BE+%E3%82%A4%E3%82%A8%E3%83%AD%E3%83%BC+5%E8%89%B2+5%E6%9F%84+S2847892+%E3%82%B5%E3%83%B3%E3%82%B9%E3%82%BF%E3%83%BC%E6%96%87%E5%85%B7+sunstar HTTP/1.1" 301 0 "-" "Mozilla/5.0 (Linux; Android 6.0.1; Nexus 5X Build/MMB29P) AppleWebKit/537.36 (KHTML, like Gecko) Chrome/137.0.7151.103 Mobile Safari/537.36 (compatible; Googlebot/2.1; +http://www.google.com/bot.html)"
66.249.79.2 - - [17/Jul/2025:10:42:40 -0400] "GET /?n=36056114069404&channel=39dcb2&from=pin.php%3Fid%3D1140694-6271%26name%3D%E3%83%86%E3%83%BC%E3%83%96%E3%83%AB%E3%83%A9%E3%82%A4%E3%83%88%20%E3%83%86%E3%83%BC%E3%83%96%E3%83%AB%E3%83%A9%E3%83%B3%E3%83%97%20%E3%83%99%E3%83%83%E3%83%89%E3%82%B5%E3%82%A4%E3%83%89%E3%83%A9%E3%83%B3%E3%83%97%20%E3%83%99%E3%83%83%E3%83%89%E3%82%B5%E3%82%A4%E3%83%89%E3%83%86%E3%83%BC%E3%83%96%E3%83%AB%E3%83%A9%E3%83%B3%E3%83%97%E3%83%95%E3%82%A1%E3%83%96%E3%83%AA%E3%83%83%E3%82%AF%E3%83%A9%E3%83%B3%E3%83%97%E3%82%B7%E3%82%A7%E3%83%BC%E3%83%89%E3%83%99%E3%83%83%E3%83%89%E3%83%AB%E3%83%BC%E3%83%A0%E3%83%A9%E3%82%A4%E3%83%88%E3%82%AF%E3%83%AA%E3%82%A8%E3%82%A4%E3%83%86 HTTP/1.1" 200 29854 "-" "Mozilla/5.0 (Linux; Android 6.0.1; Nexus 5X Build/MMB29P) AppleWebKit/537.36 (KHTML, like Gecko) Chrome/137.0.7151.103 Mobile Safari/537.36 (compatible; Googlebot/2.1; +http://www.google.com/bot.html)"
66.249.79.2 - - [17/Jul/2025:10:42:45 -0400] "GET /?n=79862168680800&channel=bc15c0&from=form.php%3Fid%3D1686808-836%26name%3D%E4%BB%98%E7%AE%8B%20%E3%83%A1%E3%83%A2%20%E3%83%8E%E3%83%B3%E3%82%BF%E3%83%B3%20%E7%AC%AC2%E5%BC%BE%20%E3%82%A4%E3%82%A8%E3%83%AD%E3%83%BC%205%E8%89%B2%205%E6%9F%84%20S2847892%20%E3%82%B5%E3%83%B3%E3%82%B9%E3%82%BF%E3%83%BC%E6%96%87%E5%85%B7%20sunstar HTTP/1.1" 200 29832 "-" "Mozilla/5.0 (Linux; Android 6.0.1; Nexus 5X Build/MMB29P) AppleWebKit/537.36 (KHTML, like Gecko) Chrome/137.0.7151.103 Mobile Safari/537.36 (compatible; Googlebot/2.1; +http://www.google.com/bot.html)"
217.113.194.23 - - [17/Jul/2025:10:42:48 -0400] "GET /2025/06/20/igrovye-avtomaty-na-pk-skachat-programmu-ddia-igry-na-eridiar-2/ HTTP/1.1" 200 29022 "-" "Mozilla/5.0 (compatible; Barkrowler/0.9; +https://babbar.tech/crawler)"
66.249.68.135 - - [17/Jul/2025:10:42:54 -0400] "GET /?n=4197899995704&channel=59ecbc&from=jp.php%3Fid%3D999957-4500%26name%3D%E3%82%AB%E3%83%BC%E3%83%9C%E3%83%B3%E3%83%95%E3%82%A1%E3%82%A4%E3%83%90%E3%83%BC%E8%A3%BD%E3%83%95%E3%83%AD%E3%83%B3%E3%83%88%E3%83%90%E3%83%B3%E3%83%91%E3%83%BC%E3%82%B9%E3%83%97%E3%83%AA%E3%83%83%E3%82%BF%E3%83%BC%E3%80%81%E3%83%9E%E3%82%AF%E3%83%A9%E3%83%BC%E3%83%AC%E3%83%B3+MP4-12C+%E5%AF%BE%E5%BF%9C%E3%80%81%E3%83%95%E3%83%AD%E3%83%B3%E3%83%88%E3%83%90%E3%83%B3%E3%83%91%E3%83%BC%E3%82%B5%E3%82%A4%E3%83%89%E3%82%A8%E3%82%A2%E3%83%8A%E3%82%A4%E3%83%95%E3%80%81%E3%82%AB%E3%83%BC%E3%83%9C%E3%83%B3%E3%82%A2%E3%82%AF HTTP/1.1" 301 0 "-" "Mozilla/5.0 (Linux; Android 6.0.1; Nexus 5X Build/MMB29P) AppleWebKit/537.36 (KHTML, like Gecko) Chrome/137.0.7151.103 Mobile Safari/537.36 (compatible; Googlebot/2.1; +http://www.google.com/bot.html)"
66.249.79.2 - - [17/Jul/2025:10:42:57 -0400] "GET /?n=4197899995704&channel=59ecbc&from=jp.php%3Fid%3D999957-4500%26name%3D%E3%82%AB%E3%83%BC%E3%83%9C%E3%83%B3%E3%83%95%E3%82%A1%E3%82%A4%E3%83%90%E3%83%BC%E8%A3%BD%E3%83%95%E3%83%AD%E3%83%B3%E3%83%88%E3%83%90%E3%83%B3%E3%83%91%E3%83%BC%E3%82%B9%E3%83%97%E3%83%AA%E3%83%83%E3%82%BF%E3%83%BC%E3%80%81%E3%83%9E%E3%82%AF%E3%83%A9%E3%83%BC%E3%83%AC%E3%83%B3%20MP4-12C%20%E5%AF%BE%E5%BF%9C%E3%80%81%E3%83%95%E3%83%AD%E3%83%B3%E3%83%88%E3%83%90%E3%83%B3%E3%83%91%E3%83%BC%E3%82%B5%E3%82%A4%E3%83%89%E3%82%A8%E3%82%A2%E3%83%8A%E3%82%A4%E3%83%95%E3%80%81%E3%82%AB%E3%83%BC%E3%83%9C%E3%83%B3%E3%82%A2%E3%82%AF HTTP/1.1" 200 29833 "-" "Mozilla/5.0 (Linux; Android 6.0.1; Nexus 5X Build/MMB29P) AppleWebKit/537.36 (KHTML, like Gecko) Chrome/137.0.7151.103 Mobile Safari/537.36 (compatible; Googlebot/2.1; +http://www.google.com/bot.html)"
217.113.194.24 - - [17/Jul/2025:10:43:09 -0400] "GET /2025/06/26/mwq-1xbet-llmrhnt-lrydy-lmbshr-wn-ks-bt/ HTTP/1.1" 200 29210 "-" "Mozilla/5.0 (compatible; Barkrowler/0.9; +https://babbar.tech/crawler)"
63.250.38.117 - - [17/Jul/2025:10:43:30 -0400] "POST /wp-cron.php?doing_wp_cron=1752763410.2845580577850341796875 HTTP/1.1" 403 1242 "-" "WordPress/6.8.1; https://fnf.group"
217.113.194.23 - - [17/Jul/2025:10:43:28 -0400] "GET /2025/06/26/mostbet-app-bangladesh-obtain-for-android-and-even-ios-2025-version/ HTTP/1.1" 200 26489 "-" "Mozilla/5.0 (compatible; Barkrowler/0.9; +https://babbar.tech/crawler)"
66.249.79.2 - - [17/Jul/2025:10:43:38 -0400] "GET /?n=71970140747001&channel=e318f1&from=pin.php%3Fid%3D1407470-16902%26name%3D%E3%81%93%E3%81%A3%E3%81%A1%E8%A6%8B%E3%81%A6%E3%82%88%E3%80%81%E6%97%A5%E9%AB%98+%E5%85%A8%E5%B7%BB HTTP/1.1" 301 0 "-" "Mozilla/5.0 (Linux; Android 6.0.1; Nexus 5X Build/MMB29P) AppleWebKit/537.36 (KHTML, like Gecko) Chrome/137.0.7151.103 Mobile Safari/537.36 (compatible; Googlebot/2.1; +http://www.google.com/bot.html)"
66.249.79.2 - - [17/Jul/2025:10:43:40 -0400] "GET /?n=71970140747001&channel=e318f1&from=pin.php%3Fid%3D1407470-16902%26name%3D%E3%81%93%E3%81%A3%E3%81%A1%E8%A6%8B%E3%81%A6%E3%82%88%E3%80%81%E6%97%A5%E9%AB%98%20%E5%85%A8%E5%B7%BB HTTP/1.1" 200 29830 "-" "Mozilla/5.0 (Linux; Android 6.0.1; Nexus 5X Build/MMB29P) AppleWebKit/537.36 (KHTML, like Gecko) Chrome/137.0.7151.103 Mobile Safari/537.36 (compatible; Googlebot/2.1; +http://www.google.com/bot.html)"
217.113.194.243 - - [17/Jul/2025:10:43:48 -0400] "GET /2025/07/09/starzbet-one-eighty-eight-giris-starzbet188-apresentando-bahis/ HTTP/1.1" 200 26210 "-" "Mozilla/5.0 (compatible; Barkrowler/0.9; +https://babbar.tech/crawler)"
66.249.68.135 - - [17/Jul/2025:10:43:51 -0400] "GET /?n=90098117305603&channel=3c1ec1&from=category-info.php%3Fid%3D1173056-12381%26name%3DDisney+%E3%83%87%E3%82%A3%E3%82%BA%E3%83%8B%E3%83%BC%E3%80%80%E3%82%81%E3%81%8B%E3%81%8F%E3%81%97%E3%82%B9%E3%82%BF%E3%83%B3%E3%83%97%E3%80%80%E3%83%9F%E3%83%83%E3%82%AD%E3%83%BC%E3%80%80%E3%83%9F%E3%83%8B%E3%83%BC%E3%80%80%E6%9C%AA%E9%96%8B%E5%B0%81 HTTP/1.1" 301 0 "-" "Mozilla/5.0 (Linux; Android 6.0.1; Nexus 5X Build/MMB29P) AppleWebKit/537.36 (KHTML, like Gecko) Chrome/137.0.7151.103 Mobile Safari/537.36 (compatible; Googlebot/2.1; +http://www.google.com/bot.html)"
66.249.79.2 - - [17/Jul/2025:10:43:54 -0400] "GET /?n=90098117305603&channel=3c1ec1&from=category-info.php%3Fid%3D1173056-12381%26name%3DDisney%20%E3%83%87%E3%82%A3%E3%82%BA%E3%83%8B%E3%83%BC%E3%80%80%E3%82%81%E3%81%8B%E3%81%8F%E3%81%97%E3%82%B9%E3%82%BF%E3%83%B3%E3%83%97%E3%80%80%E3%83%9F%E3%83%83%E3%82%AD%E3%83%BC%E3%80%80%E3%83%9F%E3%83%8B%E3%83%BC%E3%80%80%E6%9C%AA%E9%96%8B%E5%B0%81 HTTP/1.1" 200 29824 "-" "Mozilla/5.0 (Linux; Android 6.0.1; Nexus 5X Build/MMB29P) AppleWebKit/537.36 (KHTML, like Gecko) Chrome/137.0.7151.103 Mobile Safari/537.36 (compatible; Googlebot/2.1; +http://www.google.com/bot.html)"
217.113.194.30 - - [17/Jul/2025:10:44:07 -0400] "GET /2025/06/23/mostbet-giris-2025-guncel-adres-casino-ve-spor-bahisleri-turkiye/ HTTP/1.1" 200 26580 "-" "Mozilla/5.0 (compatible; Barkrowler/0.9; +https://babbar.tech/crawler)"
66.249.68.137 - - [17/Jul/2025:10:44:09 -0400] "GET /?n=26416127626804&channel=d7026f&from=goods.php%3Fid%3D1276268-9021%26name%3DDA64%E3%82%A8%E3%83%96%E3%83%AA%E3%82%A3%E3%80%802%E3%82%A4%E3%83%B3%E3%83%81%E3%83%AA%E3%83%95%E3%83%88%E3%82%A2%E3%83%83%E3%83%97%E3%82%AD%E3%83%83%E3%83%88%E3%80%80%E8%AA%BF%E6%95%B4%E5%BC%8F%E3%83%A9%E3%83%86%E3%83%A9%E3%83%AB%E3%83%AD%E3%83%83%E3%83%89%E4%BB%98%E3%81%8D HTTP/1.1" 301 0 "-" "Mozilla/5.0 (Linux; Android 6.0.1; Nexus 5X Build/MMB29P) AppleWebKit/537.36 (KHTML, like Gecko) Chrome/137.0.7151.103 Mobile Safari/537.36 (compatible; Googlebot/2.1; +http://www.google.com/bot.html)"
66.249.79.2 - - [17/Jul/2025:10:44:10 -0400] "GET /?n=26416127626804&channel=d7026f&from=goods.php%3Fid%3D1276268-9021%26name%3DDA64%E3%82%A8%E3%83%96%E3%83%AA%E3%82%A3%E3%80%802%E3%82%A4%E3%83%B3%E3%83%81%E3%83%AA%E3%83%95%E3%83%88%E3%82%A2%E3%83%83%E3%83%97%E3%82%AD%E3%83%83%E3%83%88%E3%80%80%E8%AA%BF%E6%95%B4%E5%BC%8F%E3%83%A9%E3%83%86%E3%83%A9%E3%83%AB%E3%83%AD%E3%83%83%E3%83%89%E4%BB%98%E3%81%8D HTTP/1.1" 200 29833 "-" "Mozilla/5.0 (Linux; Android 6.0.1; Nexus 5X Build/MMB29P) AppleWebKit/537.36 (KHTML, like Gecko) Chrome/137.0.7151.103 Mobile Safari/537.36 (compatible; Googlebot/2.1; +http://www.google.com/bot.html)"
217.113.194.25 - - [17/Jul/2025:10:44:24 -0400] "GET /2025/06/23/tnzyl-brnmj-1xbet-1xbet-thmyl-apk-android-2025/ HTTP/1.1" 200 27898 "-" "Mozilla/5.0 (compatible; Barkrowler/0.9; +https://babbar.tech/crawler)"
63.250.38.117 - - [17/Jul/2025:10:44:47 -0400] "POST /wp-cron.php?doing_wp_cron=1752763487.0972399711608886718750 HTTP/1.1" 403 1242 "-" "WordPress/6.8.1; https://fnf.group"
217.113.194.29 - - [17/Jul/2025:10:44:44 -0400] "GET /2025/06/21/plinko-guide-mediterranean-sea-regler-och-tips-pa-casino-scientif-plinko/feed/ HTTP/1.1" 200 563 "-" "Mozilla/5.0 (compatible; Barkrowler/0.9; +https://babbar.tech/crawler)"
66.249.68.135 - - [17/Jul/2025:10:44:49 -0400] "GET /?n=0204035610602&channel=2d91fc&from=shop.php%3Fid%3D356106-6276%26name%3DAmerican+Standard+TU105500.GN0+Studio+S+%E3%83%90%E3%83%AB%E3%83%96%E3%83%88%E3%83%AA%E3%83%A0%E3%82%AD%E3%83%83%E3%83%88+%E5%9C%A7%E5%8A%9B%E3%83%90%E3%83%A9%E3%83%B3%E3%82%B9%E3%82%AB%E3%83%BC%E3%83%88%E3%83%AA%E3%83%83%E3%82%B8%E4%BB%98%E3%81%8D+%E3%81%A4 HTTP/1.1" 301 0 "-" "Mozilla/5.0 (Linux; Android 6.0.1; Nexus 5X Build/MMB29P) AppleWebKit/537.36 (KHTML, like Gecko) Chrome/137.0.7151.103 Mobile Safari/537.36 (compatible; Googlebot/2.1; +http://www.google.com/bot.html)"
66.249.79.3 - - [17/Jul/2025:10:44:52 -0400] "GET /?n=0204035610602&channel=2d91fc&from=shop.php%3Fid%3D356106-6276%26name%3DAmerican%20Standard%20TU105500.GN0%20Studio%20S%20%E3%83%90%E3%83%AB%E3%83%96%E3%83%88%E3%83%AA%E3%83%A0%E3%82%AD%E3%83%83%E3%83%88%20%E5%9C%A7%E5%8A%9B%E3%83%90%E3%83%A9%E3%83%B3%E3%82%B9%E3%82%AB%E3%83%BC%E3%83%88%E3%83%AA%E3%83%83%E3%82%B8%E4%BB%98%E3%81%8D%20%E3%81%A4 HTTP/1.1" 200 29829 "-" "Mozilla/5.0 (Linux; Android 6.0.1; Nexus 5X Build/MMB29P) AppleWebKit/537.36 (KHTML, like Gecko) Chrome/137.0.7151.103 Mobile Safari/537.36 (compatible; Googlebot/2.1; +http://www.google.com/bot.html)"
216.244.66.226 - - [17/Jul/2025:10:45:00 -0400] "GET /2020/10/29/tamatay-anday-tomato-eggs-by-hiba-zaman/feed/ HTTP/1.1" 500 1034 "-" "Mozilla/5.0 (compatible; DotBot/1.2; +https://opensiteexplorer.org/dotbot; help@moz.com)"
217.113.194.23 - - [17/Jul/2025:10:45:03 -0400] "GET /2025/06/29/stmt-blmzy-thmyl-1xbet-blrby-m-rshdt-kml/feed/ HTTP/1.1" 200 593 "-" "Mozilla/5.0 (compatible; Barkrowler/0.9; +https://babbar.tech/crawler)"
66.249.79.2 - - [17/Jul/2025:10:45:19 -0400] "GET /?n=5752140844403&channel=30e9c0&from=pin.php%3Fid%3D408444-15733%26name%3DSUIYUANYA+%E6%9C%AC%E9%9D%A9%E3%82%B8%E3%83%A3%E3%83%BC%E3%83%8A%E3%83%AB%E6%97%85%E8%A1%8C%E3%83%8E%E3%83%BC%E3%83%88%E3%83%AC%E3%83%88%E3%83%AD+DIY+%E6%89%8B%E4%BD%9C%E3%82%8A%E6%97%A5%E8%A8%98%E3%83%9D%E3%83%BC%E3%82%BF%E3%83%96%E3%83%AB%E3%82%B9%E3%82%B1%E3%83%83%E3%83%81%E3%83%96%E3%83%83%E3%82%AF%E6%95%99%E5%B8%AB%E3%82%AE%E3%83%95%E3%83%88%E5%AD%A6%E6%A0%A1%E3%82%AA%E3%83%95%E3%82%A3%E3%82%B9%E3%82%AB%E3%82%B9%E3%82%BF%E3%83%9E%E3%82%A4%E3%82%BA++%28%EF%BC%88%E5%8F%96%E6%89%B1%E7%B5%82%E4%BA%86%E3%80%91KURASHI%26Trips+PUBLISHING%2F%E3%82%AA%E3%83%AA%E3%82%B8%E3%83%8A%E3%83%AB%E3%83%8E%E3%83%BC%E3%83%88%28%E3%82%A4%E3%82%A8%E3%83%AD%E3%83%BC%29%E3%83%9F%E3%83%8B%E5%86%8A%E5%AD%90%E3%83%BB%E4%BD%BF%E3%81%84%E6%96%B9%E3%81%A4%E3%81%8D+-+%E5%8C%97%E6%AC%A7%E3%80%81%E6%9A%AE%E3%82%89%E3%81%97%E3%81%AE%E9%81%93%E5%85%B7%E5%BA%97%EF%BC%89 HTTP/1.1" 301 0 "-" "Mozilla/5.0 (Linux; Android 6.0.1; Nexus 5X Build/MMB29P) AppleWebKit/537.36 (KHTML, like Gecko) Chrome/137.0.7151.103 Mobile Safari/537.36 (compatible; Googlebot/2.1; +http://www.google.com/bot.html)"
66.249.68.137 - - [17/Jul/2025:10:45:19 -0400] "GET /?n=1327862327906&channel=20033b&from=pin.php%3Fid%3D623279-8655%26name%3D%E3%83%AA%E3%82%A2%E3%83%93%E3%83%A5%E3%83%BC%E3%82%AB%E3%83%A1%E3%83%A9+1%E5%80%8B+%E3%83%96%E3%83%A9%E3%83%83%E3%82%AF+%E3%83%AA%E3%83%90%E3%83%BC%E3%82%B9%E3%82%AB%E3%83%A1%E3%83%A9+95766D4500+%E9%A7%90%E8%BB%8A%E3%83%90%E3%83%83%E3%82%AF%E3%82%A2%E3%83%83%E3%83%97%E3%82%AB%E3%83%A1%E3%83%A9+Kia+Optima+2016-20 HTTP/1.1" 301 0 "-" "Mozilla/5.0 (Linux; Android 6.0.1; Nexus 5X Build/MMB29P) AppleWebKit/537.36 (KHTML, like Gecko) Chrome/137.0.7151.103 Mobile Safari/537.36 (compatible; Googlebot/2.1; +http://www.google.com/bot.html)"
217.113.194.29 - - [17/Jul/2025:10:45:22 -0400] "GET /2025/06/27/compania-para-apuestas-apuestas-deportivas-online-1xbet-i-1xbet-com/ HTTP/1.1" 200 28247 "-" "Mozilla/5.0 (compatible; Barkrowler/0.9; +https://babbar.tech/crawler)"
66.249.79.2 - - [17/Jul/2025:10:45:25 -0400] "GET /?n=1327862327906&channel=20033b&from=pin.php%3Fid%3D623279-8655%26name%3D%E3%83%AA%E3%82%A2%E3%83%93%E3%83%A5%E3%83%BC%E3%82%AB%E3%83%A1%E3%83%A9%201%E5%80%8B%20%E3%83%96%E3%83%A9%E3%83%83%E3%82%AF%20%E3%83%AA%E3%83%90%E3%83%BC%E3%82%B9%E3%82%AB%E3%83%A1%E3%83%A9%2095766D4500%20%E9%A7%90%E8%BB%8A%E3%83%90%E3%83%83%E3%82%AF%E3%82%A2%E3%83%83%E3%83%97%E3%82%AB%E3%83%A1%E3%83%A9%20Kia%20Optima%202016-20 HTTP/1.1" 200 29830 "-" "Mozilla/5.0 (Linux; Android 6.0.1; Nexus 5X Build/MMB29P) AppleWebKit/537.36 (KHTML, like Gecko) Chrome/137.0.7151.103 Mobile Safari/537.36 (compatible; Googlebot/2.1; +http://www.google.com/bot.html)"
66.249.79.3 - - [17/Jul/2025:10:45:24 -0400] "GET /?n=5752140844403&channel=30e9c0&from=pin.php%3Fid%3D408444-15733%26name%3DSUIYUANYA%20%E6%9C%AC%E9%9D%A9%E3%82%B8%E3%83%A3%E3%83%BC%E3%83%8A%E3%83%AB%E6%97%85%E8%A1%8C%E3%83%8E%E3%83%BC%E3%83%88%E3%83%AC%E3%83%88%E3%83%AD%20DIY%20%E6%89%8B%E4%BD%9C%E3%82%8A%E6%97%A5%E8%A8%98%E3%83%9D%E3%83%BC%E3%82%BF%E3%83%96%E3%83%AB%E3%82%B9%E3%82%B1%E3%83%83%E3%83%81%E3%83%96%E3%83%83%E3%82%AF%E6%95%99%E5%B8%AB%E3%82%AE%E3%83%95%E3%83%88%E5%AD%A6%E6%A0%A1%E3%82%AA%E3%83%95%E3%82%A3%E3%82%B9%E3%82%AB%E3%82%B9%E3%82%BF%E3%83%9E%E3%82%A4%E3%82%BA%20%20%28%EF%BC%88%E5%8F%96%E6%89%B1%E7%B5%82%E4%BA%86%E3%80%91KURASHI%26Trips%20PUBLISHING%2F%E3%82%AA%E3%83%AA%E3%82%B8%E3%83%8A%E3%83%AB%E3%83%8E%E3%83%BC%E3%83%88%28%E3%82%A4%E3%82%A8%E3%83%AD%E3%83%BC%29%E3%83%9F%E3%83%8B%E5%86%8A%E5%AD%90%E3%83%BB%E4%BD%BF%E3%81%84%E6%96%B9%E3%81%A4%E3%81%8D%20-%20%E5%8C%97%E6%AC%A7%E3%80%81%E6%9A%AE%E3%82%89%E3%81%97%E3%81%AE%E9%81%93%E5%85%B7%E5%BA%97%EF%BC%89 HTTP/1.1" 200 29835 "-" "Mozilla/5.0 (Linux; Android 6.0.1; Nexus 5X Build/MMB29P) AppleWebKit/537.36 (KHTML, like Gecko) Chrome/137.0.7151.103 Mobile Safari/537.36 (compatible; Googlebot/2.1; +http://www.google.com/bot.html)"
