66.249.79.2 - - [17/Jul/2025:12:24:10 -0400] "GET /?n=8889832663800&channel=d3451f&from=pin.php%3Fid%3D326638-14311%26name%3D%E3%83%86%E3%83%BC%E3%83%97%E4%BB%98%E3%81%8D%E3%82%A4%E3%83%BC%E3%82%B8%E3%83%BC%E3%83%86%E3%82%A3%E3%82%A2%E3%83%9E%E3%82%B9%E3%82%AD%E3%83%B3%E3%82%B0%E3%83%95%E3%82%A3%E3%83%AB%E3%83%A0%20260cm%C3%9725m%2012%E5%80%8B%20%E5%80%8B%E5%8C%85%E8%A3%85%20%E9%A4%8A%E7%94%9F%E6%9D%90%20%E3%83%93%E3%83%8B%E3%83%BC%E3%83%AB%E3%83%9E%E3%82%B9%E3%82%AB%E3%83%BC HTTP/1.1" 200 29826 "-" "Mozilla/5.0 (Linux; Android 6.0.1; Nexus 5X Build/MMB29P) AppleWebKit/537.36 (KHTML, like Gecko) Chrome/137.0.7151.103 Mobile Safari/537.36 (compatible; Googlebot/2.1; +http://www.google.com/bot.html)"
66.249.68.129 - - [17/Jul/2025:12:24:21 -0400] "GET /?n=8821767676005&channel=593bc1&from=info.php%3Fid%3D676760-711%26name%3DAURIX%E3%80%80Regulator+%E3%80%90AX-PR1000%E3%80%91%E3%80%80%E5%AE%89%E5%AE%9A%E5%8C%96%E9%9B%BB%E6%BA%90%E3%80%80%E6%98%87%E5%9C%A7%E3%83%88%E3%83%A9%E3%83%B3%E3%82%B9 HTTP/1.1" 301 0 "-" "Mozilla/5.0 (Linux; Android 6.0.1; Nexus 5X Build/MMB29P) AppleWebKit/537.36 (KHTML, like Gecko) Chrome/137.0.7151.103 Mobile Safari/537.36 (compatible; Googlebot/2.1; +http://www.google.com/bot.html)"
66.249.79.2 - - [17/Jul/2025:12:24:22 -0400] "GET /?n=8821767676005&channel=593bc1&from=info.php%3Fid%3D676760-711%26name%3DAURIX%E3%80%80Regulator%20%E3%80%90AX-PR1000%E3%80%91%E3%80%80%E5%AE%89%E5%AE%9A%E5%8C%96%E9%9B%BB%E6%BA%90%E3%80%80%E6%98%87%E5%9C%A7%E3%83%88%E3%83%A9%E3%83%B3%E3%82%B9 HTTP/1.1" 200 29829 "-" "Mozilla/5.0 (Linux; Android 6.0.1; Nexus 5X Build/MMB29P) AppleWebKit/537.36 (KHTML, like Gecko) Chrome/137.0.7151.103 Mobile Safari/537.36 (compatible; Googlebot/2.1; +http://www.google.com/bot.html)"
66.249.68.129 - - [17/Jul/2025:12:24:34 -0400] "GET /?n=8807960523402&channel=c54a11&from=article.php%3Fid%3D605234-16919%26name%3D%E3%80%90%E3%83%90%E3%83%8A%E3%83%8A%E8%8B%97%E3%80%91%E5%B9%BB%E3%81%AE%E5%93%81%E7%A8%AE%EF%BC%81%E3%82%B0%E3%83%AD%E3%82%B9%E3%83%9F%E3%82%B7%E3%82%A7%E3%83%AB%E3%81%AE%E8%8B%972%E6%9C%AC%EF%BC%88%E4%B8%AD%E5%B9%B940cm%E5%89%8D%E5%BE%8C%EF%BC%89%E3%80%90%E5%AE%B6%E5%BA%AD%E8%8F%9C%E5%9C%92%E3%80%91 HTTP/1.1" 301 0 "-" "Mozilla/5.0 (Linux; Android 6.0.1; Nexus 5X Build/MMB29P) AppleWebKit/537.36 (KHTML, like Gecko) Chrome/137.0.7151.103 Mobile Safari/537.36 (compatible; Googlebot/2.1; +http://www.google.com/bot.html)"
66.249.79.2 - - [17/Jul/2025:12:24:36 -0400] "GET /?n=8807960523402&channel=c54a11&from=article.php%3Fid%3D605234-16919%26name%3D%E3%80%90%E3%83%90%E3%83%8A%E3%83%8A%E8%8B%97%E3%80%91%E5%B9%BB%E3%81%AE%E5%93%81%E7%A8%AE%EF%BC%81%E3%82%B0%E3%83%AD%E3%82%B9%E3%83%9F%E3%82%B7%E3%82%A7%E3%83%AB%E3%81%AE%E8%8B%972%E6%9C%AC%EF%BC%88%E4%B8%AD%E5%B9%B940cm%E5%89%8D%E5%BE%8C%EF%BC%89%E3%80%90%E5%AE%B6%E5%BA%AD%E8%8F%9C%E5%9C%92%E3%80%91 HTTP/1.1" 200 29830 "-" "Mozilla/5.0 (Linux; Android 6.0.1; Nexus 5X Build/MMB29P) AppleWebKit/537.36 (KHTML, like Gecko) Chrome/137.0.7151.103 Mobile Safari/537.36 (compatible; Googlebot/2.1; +http://www.google.com/bot.html)"
66.249.68.129 - - [17/Jul/2025:12:24:48 -0400] "GET /?n=9411923703000&channel=e97df8&from=jp.php%3Fid%3D237030-12302%26name%3DLiSA%E7%9B%B4%E7%AD%86%E3%82%B5%E3%82%A4%E3%83%B3%E5%85%A5%E3%82%8A%E3%83%9D%E3%82%B9%E3%82%BF%E3%83%BC%E3%80%80%E6%98%8E%E3%81%91%E6%98%9F HTTP/1.1" 301 0 "-" "Mozilla/5.0 (Linux; Android 6.0.1; Nexus 5X Build/MMB29P) AppleWebKit/537.36 (KHTML, like Gecko) Chrome/137.0.7151.103 Mobile Safari/537.36 (compatible; Googlebot/2.1; +http://www.google.com/bot.html)"
66.249.79.2 - - [17/Jul/2025:12:24:50 -0400] "GET /?n=9411923703000&channel=e97df8&from=jp.php%3Fid%3D237030-12302%26name%3DLiSA%E7%9B%B4%E7%AD%86%E3%82%B5%E3%82%A4%E3%83%B3%E5%85%A5%E3%82%8A%E3%83%9D%E3%82%B9%E3%82%BF%E3%83%BC%E3%80%80%E6%98%8E%E3%81%91%E6%98%9F HTTP/1.1" 200 29826 "-" "Mozilla/5.0 (Linux; Android 6.0.1; Nexus 5X Build/MMB29P) AppleWebKit/537.36 (KHTML, like Gecko) Chrome/137.0.7151.103 Mobile Safari/537.36 (compatible; Googlebot/2.1; +http://www.google.com/bot.html)"
63.250.38.117 - - [17/Jul/2025:12:25:03 -0400] "POST /wp-cron.php?doing_wp_cron=1752769503.5864729881286621093750 HTTP/1.1" 403 1242 "-" "WordPress/6.8.1; https://fnf.group"
66.249.68.129 - - [17/Jul/2025:12:25:01 -0400] "GET /?n=89222113343000&channel=425639&from=shop.php%3Fid%3D1133430-8212%26name%3D37000%E2%86%9233333+%E3%83%9F+%E3%82%AF+%E5%8D%83%E6%9C%AC%E6%A1%9C+B2%E3%83%9D%E3%82%B9%E3%82%BF%E3%83%BC HTTP/1.1" 301 0 "-" "Mozilla/5.0 (Linux; Android 6.0.1; Nexus 5X Build/MMB29P) AppleWebKit/537.36 (KHTML, like Gecko) Chrome/137.0.7151.103 Mobile Safari/537.36 (compatible; Googlebot/2.1; +http://www.google.com/bot.html)"
66.249.79.4 - - [17/Jul/2025:12:25:04 -0400] "GET /?n=89222113343000&channel=425639&from=shop.php%3Fid%3D1133430-8212%26name%3D37000%E2%86%9233333%20%E3%83%9F%20%E3%82%AF%20%E5%8D%83%E6%9C%AC%E6%A1%9C%20B2%E3%83%9D%E3%82%B9%E3%82%BF%E3%83%BC HTTP/1.1" 200 29831 "-" "Mozilla/5.0 (Linux; Android 6.0.1; Nexus 5X Build/MMB29P) AppleWebKit/537.36 (KHTML, like Gecko) Chrome/137.0.7151.103 Mobile Safari/537.36 (compatible; Googlebot/2.1; +http://www.google.com/bot.html)"
66.249.68.129 - - [17/Jul/2025:12:25:51 -0400] "GET /?n=4120283712103&channel=5dad19&from=shared.php%3Fid%3D837121-20763%26name%3D%E5%BA%8A%E7%BD%AE%E3%81%8D%E3%81%99%E3%81%AE%E3%81%93%E3%83%99%E3%83%83%E3%83%89%E3%80%90%E7%94%BA%E7%94%B0%E5%B8%82%E5%86%8D%E7%94%9F%E5%AE%B6%E5%85%B7%E3%80%91250136 HTTP/1.1" 301 0 "-" "Mozilla/5.0 (Linux; Android 6.0.1; Nexus 5X Build/MMB29P) AppleWebKit/537.36 (KHTML, like Gecko) Chrome/137.0.7151.103 Mobile Safari/537.36 (compatible; Googlebot/2.1; +http://www.google.com/bot.html)"
2a03:2880:f800:2:: - - [17/Jul/2025:12:25:50 -0400] "GET /2025/07/07/play-slots-and-some-other-games-online-established-bangladesh-website-2/ HTTP/1.1" 200 27713 "-" "meta-externalagent/1.1 (+https://developers.facebook.com/docs/sharing/webmasters/crawler)"
66.249.79.2 - - [17/Jul/2025:12:25:54 -0400] "GET /?n=4120283712103&channel=5dad19&from=shared.php%3Fid%3D837121-20763%26name%3D%E5%BA%8A%E7%BD%AE%E3%81%8D%E3%81%99%E3%81%AE%E3%81%93%E3%83%99%E3%83%83%E3%83%89%E3%80%90%E7%94%BA%E7%94%B0%E5%B8%82%E5%86%8D%E7%94%9F%E5%AE%B6%E5%85%B7%E3%80%91250136 HTTP/1.1" 200 29828 "-" "Mozilla/5.0 (Linux; Android 6.0.1; Nexus 5X Build/MMB29P) AppleWebKit/537.36 (KHTML, like Gecko) Chrome/137.0.7151.103 Mobile Safari/537.36 (compatible; Googlebot/2.1; +http://www.google.com/bot.html)"
2607:f130:0:103:ff:ff:f02c:3079 - - [17/Jul/2025:12:26:06 -0400] "POST /xmlrpc.php HTTP/1.1" 403 1242 "https://fnf.group" "Mozilla/5.0 (Windows NT 10.0; Win64; x64) AppleWebKit/537.36 (KHTML, like Gecko) Chrome/114.0.5735.199 Safari/537.36 Edg/114.0.1823.67"
63.250.38.117 - - [17/Jul/2025:12:26:25 -0400] "POST /wp-cron.php?doing_wp_cron=1752769585.0857648849487304687500 HTTP/1.1" 403 1242 "-" "WordPress/6.8.1; https://fnf.group"
63.250.38.117 - - [17/Jul/2025:12:26:25 -0400] "POST /wp-cron.php?doing_wp_cron=1752769585.0832500457763671875000 HTTP/1.1" 403 1242 "-" "WordPress/6.8.1; https://fnf.group"
66.249.79.4 - - [17/Jul/2025:12:26:21 -0400] "GET /?n=2421113235701&channel=131f4a&from=brands.php%3Fid%3D132357-6714%26name%3D%E8%BB%8A%E7%94%A8%E5%B7%A6%E3%83%95%E3%82%A9%E3%82%B0%E3%83%A9%E3%83%B3%E3%83%97%E3%82%B0%E3%83%AA%E3%83%AB+%E3%83%95%E3%82%A9%E3%82%B0%E3%83%A9%E3%83%B3%E3%83%97%E3%83%A1%E3%83%83%E3%82%AD%E3%82%AB%E3%83%90%E3%83%BC+%E3%83%95%E3%83%AD%E3%83%B3%E3%83%88%E3%83%90%E3%83%B3%E3%83%91%E3%83%BC+%E3%83%95%E3%82%A9%E3%82%B0%E3%82%B7%E3%82%A7%E3%83%BC%E3%83%89+%E3%81%A8%E4%BA%92%E6%8F%9B%E6%80%A7%E3%81%8C%E3%81%82%E3%82%8B++%E3%83%A1%E3%83%AB%E3%82%BB%E3%83%87%E3%82%B9%E3%83%99%E3%83%B3%E3%83%84+X166+G%EF%BC%88%E3%83%A4%E3%83%8A%E3%83%BC%E3%83%81%E3%82%A7%E3%82%AF+%E7%B4%A0%E6%97%A9%E3%81%8B%E3%81%A3+%E8%8D%89%E9%99%B0%E3%81%AE%E5%B0%8F%E5%BE%84%EF%BC%89 HTTP/1.1" 301 0 "-" "Mozilla/5.0 (Linux; Android 6.0.1; Nexus 5X Build/MMB29P) AppleWebKit/537.36 (KHTML, like Gecko) Chrome/137.0.7151.103 Mobile Safari/537.36 (compatible; Googlebot/2.1; +http://www.google.com/bot.html)"
66.249.68.131 - - [17/Jul/2025:12:26:21 -0400] "GET /?n=19002157164101&channel=266b5f&from=blog.php%3Fid%3D1571641-14246%26name%3D%E3%82%B9%E3%82%BF%E3%83%BC%E3%83%90%E3%83%83%E3%82%AF%E3%82%B9+%E3%83%AA%E3%83%90%E3%83%BC%E3%82%B7%E3%83%96%E3%83%AB%E3%83%9E%E3%83%AB%E3%83%81%E3%82%B1%E3%83%BC%E3%82%B9 HTTP/1.1" 301 0 "-" "Mozilla/5.0 (Linux; Android 6.0.1; Nexus 5X Build/MMB29P) AppleWebKit/537.36 (KHTML, like Gecko) Chrome/137.0.7151.103 Mobile Safari/537.36 (compatible; Googlebot/2.1; +http://www.google.com/bot.html)"
66.249.79.4 - - [17/Jul/2025:12:26:25 -0400] "GET /?n=2421113235701&channel=131f4a&from=brands.php%3Fid%3D132357-6714%26name%3D%E8%BB%8A%E7%94%A8%E5%B7%A6%E3%83%95%E3%82%A9%E3%82%B0%E3%83%A9%E3%83%B3%E3%83%97%E3%82%B0%E3%83%AA%E3%83%AB%20%E3%83%95%E3%82%A9%E3%82%B0%E3%83%A9%E3%83%B3%E3%83%97%E3%83%A1%E3%83%83%E3%82%AD%E3%82%AB%E3%83%90%E3%83%BC%20%E3%83%95%E3%83%AD%E3%83%B3%E3%83%88%E3%83%90%E3%83%B3%E3%83%91%E3%83%BC%20%E3%83%95%E3%82%A9%E3%82%B0%E3%82%B7%E3%82%A7%E3%83%BC%E3%83%89%20%E3%81%A8%E4%BA%92%E6%8F%9B%E6%80%A7%E3%81%8C%E3%81%82%E3%82%8B%20%20%E3%83%A1%E3%83%AB%E3%82%BB%E3%83%87%E3%82%B9%E3%83%99%E3%83%B3%E3%83%84%20X166%20G%EF%BC%88%E3%83%A4%E3%83%8A%E3%83%BC%E3%83%81%E3%82%A7%E3%82%AF%20%E7%B4%A0%E6%97%A9%E3%81%8B%E3%81%A3%20%E8%8D%89%E9%99%B0%E3%81%AE%E5%B0%8F%E5%BE%84%EF%BC%89 HTTP/1.1" 200 29828 "-" "Mozilla/5.0 (Linux; Android 6.0.1; Nexus 5X Build/MMB29P) AppleWebKit/537.36 (KHTML, like Gecko) Chrome/137.0.7151.103 Mobile Safari/537.36 (compatible; Googlebot/2.1; +http://www.google.com/bot.html)"
66.249.79.3 - - [17/Jul/2025:12:26:25 -0400] "GET /?n=19002157164101&channel=266b5f&from=blog.php%3Fid%3D1571641-14246%26name%3D%E3%82%B9%E3%82%BF%E3%83%BC%E3%83%90%E3%83%83%E3%82%AF%E3%82%B9%20%E3%83%AA%E3%83%90%E3%83%BC%E3%82%B7%E3%83%96%E3%83%AB%E3%83%9E%E3%83%AB%E3%83%81%E3%82%B1%E3%83%BC%E3%82%B9 HTTP/1.1" 200 29830 "-" "Mozilla/5.0 (Linux; Android 6.0.1; Nexus 5X Build/MMB29P) AppleWebKit/537.36 (KHTML, like Gecko) Chrome/137.0.7151.103 Mobile Safari/537.36 (compatible; Googlebot/2.1; +http://www.google.com/bot.html)"
66.249.68.130 - - [17/Jul/2025:12:26:55 -0400] "GET /?n=55148116588106&channel=a50f69&from=article.php%3Fid%3D1165881-15375%26name%3D%E7%BE%8E%E5%93%81%E2%AD%90%EF%B8%8E+%E3%83%9F%E3%82%BA%E3%83%8E%E3%80%80%E3%83%95%E3%82%A9%E3%83%AB%E3%83%86%E3%82%A3%E3%82%A6%E3%82%B911%E3%83%91%E3%83%AF%E3%83%BC%E3%80%80%E3%83%90%E3%83%89%E3%83%9F%E3%83%B3%E3%83%88%E3%83%B3%E3%80%80%E3%83%A9%E3%82%B1%E3%83%83%E3%83%88 HTTP/1.1" 301 0 "-" "Mozilla/5.0 (Linux; Android 6.0.1; Nexus 5X Build/MMB29P) AppleWebKit/537.36 (KHTML, like Gecko) Chrome/137.0.7151.103 Mobile Safari/537.36 (compatible; Googlebot/2.1; +http://www.google.com/bot.html)"
66.249.79.3 - - [17/Jul/2025:12:26:55 -0400] "GET /?n=2188375884204&channel=2272ff&from=goods.php%3Fid%3D758842-317%26name%3D%E3%83%8F%E3%83%AC%E3%83%A2%E3%83%BC%E3%83%89%E3%80%80%E3%83%89%E3%83%AC%E3%82%B9%E3%80%80%E3%83%8D%E3%82%A4%E3%83%93%E3%83%BC%E3%80%80%E3%81%8A%E5%91%BC%E3%81%B0%E3%82%8C+%EF%BC%88%E3%82%B9%E3%82%BF%E3%83%B3%E3%83%89%E8%A5%9F%E3%83%A8%E3%83%BC%E3%82%AF%E5%88%87%E3%82%8A%E6%9B%BF%E3%81%88%E7%95%B0%E7%B4%A0%E6%9D%90%E3%83%89%E3%83%AC%E3%82%B9+%E7%B5%90%E5%A9%9A%E5%BC%8F+%E3%83%AF%E3%83%B3%E3%83%94%E3%83%BC%E3%82%B9+%E3%81%8A%E5%91%BC%E3%81%B0%E3%82%8C%EF%BD%9C%E3%83%91%E3%83%BC%E3%83%86%E3%82%A3%E3%83%BC%E3%83%89%E3%83%AC%E3%82%B9%E3%83%BB%E7%B5%90%E5%A9%9A%E5%BC%8F%E3%83%AF%E3%83%B3%E3%83%94%E3%83%BC%E3%82%B9+-+haremode%EF%BC%89 HTTP/1.1" 301 0 "-" "Mozilla/5.0 (Linux; Android 6.0.1; Nexus 5X Build/MMB29P) AppleWebKit/537.36 (KHTML, like Gecko) Chrome/137.0.7151.103 Mobile Safari/537.36 (compatible; Googlebot/2.1; +http://www.google.com/bot.html)"
66.249.79.2 - - [17/Jul/2025:12:26:59 -0400] "GET /?n=55148116588106&channel=a50f69&from=article.php%3Fid%3D1165881-15375%26name%3D%E7%BE%8E%E5%93%81%E2%AD%90%EF%B8%8E%20%E3%83%9F%E3%82%BA%E3%83%8E%E3%80%80%E3%83%95%E3%82%A9%E3%83%AB%E3%83%86%E3%82%A3%E3%82%A6%E3%82%B911%E3%83%91%E3%83%AF%E3%83%BC%E3%80%80%E3%83%90%E3%83%89%E3%83%9F%E3%83%B3%E3%83%88%E3%83%B3%E3%80%80%E3%83%A9%E3%82%B1%E3%83%83%E3%83%88 HTTP/1.1" 200 29830 "-" "Mozilla/5.0 (Linux; Android 6.0.1; Nexus 5X Build/MMB29P) AppleWebKit/537.36 (KHTML, like Gecko) Chrome/137.0.7151.103 Mobile Safari/537.36 (compatible; Googlebot/2.1; +http://www.google.com/bot.html)"
66.249.79.2 - - [17/Jul/2025:12:26:59 -0400] "GET /?n=2188375884204&channel=2272ff&from=goods.php%3Fid%3D758842-317%26name%3D%E3%83%8F%E3%83%AC%E3%83%A2%E3%83%BC%E3%83%89%E3%80%80%E3%83%89%E3%83%AC%E3%82%B9%E3%80%80%E3%83%8D%E3%82%A4%E3%83%93%E3%83%BC%E3%80%80%E3%81%8A%E5%91%BC%E3%81%B0%E3%82%8C%20%EF%BC%88%E3%82%B9%E3%82%BF%E3%83%B3%E3%83%89%E8%A5%9F%E3%83%A8%E3%83%BC%E3%82%AF%E5%88%87%E3%82%8A%E6%9B%BF%E3%81%88%E7%95%B0%E7%B4%A0%E6%9D%90%E3%83%89%E3%83%AC%E3%82%B9%20%E7%B5%90%E5%A9%9A%E5%BC%8F%20%E3%83%AF%E3%83%B3%E3%83%94%E3%83%BC%E3%82%B9%20%E3%81%8A%E5%91%BC%E3%81%B0%E3%82%8C%EF%BD%9C%E3%83%91%E3%83%BC%E3%83%86%E3%82%A3%E3%83%BC%E3%83%89%E3%83%AC%E3%82%B9%E3%83%BB%E7%B5%90%E5%A9%9A%E5%BC%8F%E3%83%AF%E3%83%B3%E3%83%94%E3%83%BC%E3%82%B9%20-%20haremode%EF%BC%89 HTTP/1.1" 200 29833 "-" "Mozilla/5.0 (Linux; Android 6.0.1; Nexus 5X Build/MMB29P) AppleWebKit/537.36 (KHTML, like Gecko) Chrome/137.0.7151.103 Mobile Safari/537.36 (compatible; Googlebot/2.1; +http://www.google.com/bot.html)"
2a03:2880:f800:: - - [17/Jul/2025:12:27:13 -0400] "GET /tag/recipe/ HTTP/1.1" 200 15304 "-" "meta-externalagent/1.1 (+https://developers.facebook.com/docs/sharing/webmasters/crawler)"
63.250.38.117 - - [17/Jul/2025:12:27:33 -0400] "POST /wp-cron.php?doing_wp_cron=1752769653.0902020931243896484375 HTTP/1.1" 403 1242 "-" "WordPress/6.8.1; https://fnf.group"
66.249.68.131 - - [17/Jul/2025:12:27:31 -0400] "GET /?n=09422178352200&channel=a3d753&from=pin.php%3Fid%3D1783522-8910%26name%3D%E7%94%9F%E5%86%99%E7%9C%9F+%E5%80%89%E9%87%8E+%E5%B0%BE%E6%88%90%E7%BE%8E+%E3%82%B8%E3%83%A3%E3%83%BC%E3%83%90%E3%83%BC%E3%82%B8%E3%83%A3 HTTP/1.1" 301 0 "-" "Mozilla/5.0 (Linux; Android 6.0.1; Nexus 5X Build/MMB29P) AppleWebKit/537.36 (KHTML, like Gecko) Chrome/137.0.7151.103 Mobile Safari/537.36 (compatible; Googlebot/2.1; +http://www.google.com/bot.html)"
66.249.79.2 - - [17/Jul/2025:12:27:33 -0400] "GET /?n=09422178352200&channel=a3d753&from=pin.php%3Fid%3D1783522-8910%26name%3D%E7%94%9F%E5%86%99%E7%9C%9F%20%E5%80%89%E9%87%8E%20%E5%B0%BE%E6%88%90%E7%BE%8E%20%E3%82%B8%E3%83%A3%E3%83%BC%E3%83%90%E3%83%BC%E3%82%B8%E3%83%A3 HTTP/1.1" 200 29822 "-" "Mozilla/5.0 (Linux; Android 6.0.1; Nexus 5X Build/MMB29P) AppleWebKit/537.36 (KHTML, like Gecko) Chrome/137.0.7151.103 Mobile Safari/537.36 (compatible; Googlebot/2.1; +http://www.google.com/bot.html)"
66.249.68.129 - - [17/Jul/2025:12:28:07 -0400] "GET /?n=1400212077100&channel=76f050&from=jp.php%3Fid%3D120771-452%26name%3D12V+relay+G6RL-14-ASI-12VDC+G6RL+14+ASI+12VDC+G6RL14ASI12VDC+G6RL- HTTP/1.1" 301 0 "-" "Mozilla/5.0 (Linux; Android 6.0.1; Nexus 5X Build/MMB29P) AppleWebKit/537.36 (KHTML, like Gecko) Chrome/137.0.7151.103 Mobile Safari/537.36 (compatible; Googlebot/2.1; +http://www.google.com/bot.html)"
66.249.79.4 - - [17/Jul/2025:12:28:10 -0400] "GET /?n=1400212077100&channel=76f050&from=jp.php%3Fid%3D120771-452%26name%3D12V%20relay%20G6RL-14-ASI-12VDC%20G6RL%2014%20ASI%2012VDC%20G6RL14ASI12VDC%20G6RL- HTTP/1.1" 200 29831 "-" "Mozilla/5.0 (Linux; Android 6.0.1; Nexus 5X Build/MMB29P) AppleWebKit/537.36 (KHTML, like Gecko) Chrome/137.0.7151.103 Mobile Safari/537.36 (compatible; Googlebot/2.1; +http://www.google.com/bot.html)"
66.249.79.3 - - [17/Jul/2025:12:28:21 -0400] "GET /?n=3500269913401&channel=14a02c&from=article.php%3Fid%3D699134-15222%26name%3DSUS304+%E3%83%96%E3%83%A9%E3%83%83%E3%82%AF%E3%83%90%E3%82%B9%E3%83%AB%E3%83%BC%E3%83%A0%E3%83%8F%E3%83%BC%E3%83%89%E3%82%A6%E3%82%A7%E3%82%A2%E3%82%BB%E3%83%83%E3%83%88%E3%82%BF%E3%82%AA%E3%83%AB%E3%83%90%E3%83%BC%E3%83%A9%E3%83%83%E3%82%AF%E3%83%88%E3%82%A4%E3%83%AC%E3%83%83%E3%83%88%E3%83%9A%E3%83%BC%E3%83%91%E3%83%BC%E3%83%9B%E3%83%AB%E3%83%80%E3%83%BC%E3%83%AD%E3%83%BC%E3%83%96%E3%83%95%E3%83%83%E3%82%AF%E3%82%B9%E3%83%86%E3%83%B3%E3%83%AC%E3%82%B9%E3%82%B9%E3%83%81%E3%83%BC%E3%83%AB%E3%82%B4%E3%83%BC%E3%83%AB%E3%83%89%E3%83%90 HTTP/1.1" 301 0 "-" "Mozilla/5.0 (Linux; Android 6.0.1; Nexus 5X Build/MMB29P) AppleWebKit/537.36 (KHTML, like Gecko) Chrome/137.0.7151.103 Mobile Safari/537.36 (compatible; Googlebot/2.1; +http://www.google.com/bot.html)"
66.249.79.3 - - [17/Jul/2025:12:28:23 -0400] "GET /?n=3500269913401&channel=14a02c&from=article.php%3Fid%3D699134-15222%26name%3DSUS304%20%E3%83%96%E3%83%A9%E3%83%83%E3%82%AF%E3%83%90%E3%82%B9%E3%83%AB%E3%83%BC%E3%83%A0%E3%83%8F%E3%83%BC%E3%83%89%E3%82%A6%E3%82%A7%E3%82%A2%E3%82%BB%E3%83%83%E3%83%88%E3%82%BF%E3%82%AA%E3%83%AB%E3%83%90%E3%83%BC%E3%83%A9%E3%83%83%E3%82%AF%E3%83%88%E3%82%A4%E3%83%AC%E3%83%83%E3%83%88%E3%83%9A%E3%83%BC%E3%83%91%E3%83%BC%E3%83%9B%E3%83%AB%E3%83%80%E3%83%BC%E3%83%AD%E3%83%BC%E3%83%96%E3%83%95%E3%83%83%E3%82%AF%E3%82%B9%E3%83%86%E3%83%B3%E3%83%AC%E3%82%B9%E3%82%B9%E3%83%81%E3%83%BC%E3%83%AB%E3%82%B4%E3%83%BC%E3%83%AB%E3%83%89%E3%83%90 HTTP/1.1" 200 29833 "-" "Mozilla/5.0 (Linux; Android 6.0.1; Nexus 5X Build/MMB29P) AppleWebKit/537.36 (KHTML, like Gecko) Chrome/137.0.7151.103 Mobile Safari/537.36 (compatible; Googlebot/2.1; +http://www.google.com/bot.html)"
63.250.38.117 - - [17/Jul/2025:12:28:54 -0400] "POST /wp-cron.php?doing_wp_cron=1752769734.7848200798034667968750 HTTP/1.1" 403 1242 "-" "WordPress/6.8.1; https://fnf.group"
114.119.154.189 - - [17/Jul/2025:12:28:52 -0400] "GET /tag/tikka-karahi HTTP/1.1" 301 0 "https://fnf.group/2020/12/18/chicken-tikka-karahi-by-shahzadi-waqar" "Mozilla/5.0 (Linux; Android 7.0;) AppleWebKit/537.36 (KHTML, like Gecko) Mobile Safari/537.36 (compatible; PetalBot;+https://webmaster.petalsearch.com/site/petalbot)"
114.119.154.189 - - [17/Jul/2025:12:28:55 -0400] "GET /tag/tikka-karahi/ HTTP/1.1" 200 14119 "https://fnf.group/2020/12/18/chicken-tikka-karahi-by-shahzadi-waqar" "Mozilla/5.0 (Linux; Android 7.0;) AppleWebKit/537.36 (KHTML, like Gecko) Mobile Safari/537.36 (compatible; PetalBot;+https://webmaster.petalsearch.com/site/petalbot)"
66.249.68.129 - - [17/Jul/2025:12:28:57 -0400] "GET /?n=2664545643505&channel=e65df8&from=goods.php%3Fid%3D456435-8028%26name%3D%E8%BB%8A%E7%94%A8%E3%82%B5%E3%83%B3%E3%83%90%E3%82%A4%E3%82%B6%E3%83%BC+%E3%83%99%E3%83%BC%E3%82%B8%E3%83%A5%E3%82%B5%E3%83%B3%E3%83%90%E3%82%A4%E3%82%B6%E3%83%BC+%E5%8F%B3%E9%81%8B%E8%BB%A2%E5%B8%AD%EF%BC%86%E5%B7%A6%E5%8A%A9%E6%89%8B%E5%B8%AD+51167248857+51167248858+5%E3%82%B7%E3%83%AA%E3%83%BC%E3%82%BA+F10+F1 HTTP/1.1" 301 0 "-" "Mozilla/5.0 (Linux; Android 6.0.1; Nexus 5X Build/MMB29P) AppleWebKit/537.36 (KHTML, like Gecko) Chrome/137.0.7151.103 Mobile Safari/537.36 (compatible; Googlebot/2.1; +http://www.google.com/bot.html)"
66.249.79.3 - - [17/Jul/2025:12:29:00 -0400] "GET /?n=2664545643505&channel=e65df8&from=goods.php%3Fid%3D456435-8028%26name%3D%E8%BB%8A%E7%94%A8%E3%82%B5%E3%83%B3%E3%83%90%E3%82%A4%E3%82%B6%E3%83%BC%20%E3%83%99%E3%83%BC%E3%82%B8%E3%83%A5%E3%82%B5%E3%83%B3%E3%83%90%E3%82%A4%E3%82%B6%E3%83%BC%20%E5%8F%B3%E9%81%8B%E8%BB%A2%E5%B8%AD%EF%BC%86%E5%B7%A6%E5%8A%A9%E6%89%8B%E5%B8%AD%2051167248857%2051167248858%205%E3%82%B7%E3%83%AA%E3%83%BC%E3%82%BA%20F10%20F1 HTTP/1.1" 200 29832 "-" "Mozilla/5.0 (Linux; Android 6.0.1; Nexus 5X Build/MMB29P) AppleWebKit/537.36 (KHTML, like Gecko) Chrome/137.0.7151.103 Mobile Safari/537.36 (compatible; Googlebot/2.1; +http://www.google.com/bot.html)"
66.249.68.129 - - [17/Jul/2025:12:29:11 -0400] "GET /?n=22642186538801&channel=22f546&from=form.php%3Fid%3D1865388-8032%26name%3D%E3%80%90%E7%AF%80%E9%9B%BB%E5%AF%BE%E7%AD%96%E3%80%91%E3%82%A2%E3%82%A4%E3%83%AA%E3%82%B9%E3%82%AA%E3%83%BC%E3%83%A4%E3%83%9E+LED%E3%82%B7%E3%83%BC%E3%83%AA%E3%83%B3%E3%82%B0%E3%83%A9%E3%82%A4%E3%83%88+12%E7%95%B3%E8%AA%BF%E5%85%89%E8%AA%BF%E8%89%B2+%28%E6%97%A5%E6%9C%AC%E7%85%A7%E6%98%8E%E5%B7%A5%E6%A5%AD%E4%BC%9A%E5%8A%A0%E7%9B%9F%29%E8%AA%BF%E5%85%8910%E6%AE%B5%E9%9A%8E+%E8%AA%BF%E8%89%B211%E6%AE%B5%E9%9A%8E+%E7%AF%80%E9%9B%BB%E3%83%9C%E3%82%BF%E3%83%B3%E6%90%AD%E8%BC%89+%E3%83%AA%E3%83%A2%E3%82%B3%E3%83%B3%E4%BB%98%E3%81%8D+5200lm+%E3%82%AF%E3%83%AA%E3%82%A2%E3%83%95%E3%83%AC%E3%83%BC%E3%83%A0+CEA12DL-5.0QCF+1 HTTP/1.1" 301 0 "-" "Mozilla/5.0 (Linux; Android 6.0.1; Nexus 5X Build/MMB29P) AppleWebKit/537.36 (KHTML, like Gecko) Chrome/137.0.7151.103 Mobile Safari/537.36 (compatible; Googlebot/2.1; +http://www.google.com/bot.html)"
66.249.79.2 - - [17/Jul/2025:12:29:14 -0400] "GET /?n=22642186538801&channel=22f546&from=form.php%3Fid%3D1865388-8032%26name%3D%E3%80%90%E7%AF%80%E9%9B%BB%E5%AF%BE%E7%AD%96%E3%80%91%E3%82%A2%E3%82%A4%E3%83%AA%E3%82%B9%E3%82%AA%E3%83%BC%E3%83%A4%E3%83%9E%20LED%E3%82%B7%E3%83%BC%E3%83%AA%E3%83%B3%E3%82%B0%E3%83%A9%E3%82%A4%E3%83%88%2012%E7%95%B3%E8%AA%BF%E5%85%89%E8%AA%BF%E8%89%B2%20%28%E6%97%A5%E6%9C%AC%E7%85%A7%E6%98%8E%E5%B7%A5%E6%A5%AD%E4%BC%9A%E5%8A%A0%E7%9B%9F%29%E8%AA%BF%E5%85%8910%E6%AE%B5%E9%9A%8E%20%E8%AA%BF%E8%89%B211%E6%AE%B5%E9%9A%8E%20%E7%AF%80%E9%9B%BB%E3%83%9C%E3%82%BF%E3%83%B3%E6%90%AD%E8%BC%89%20%E3%83%AA%E3%83%A2%E3%82%B3%E3%83%B3%E4%BB%98%E3%81%8D%205200lm%20%E3%82%AF%E3%83%AA%E3%82%A2%E3%83%95%E3%83%AC%E3%83%BC%E3%83%A0%20CEA12DL-5.0QCF%201 HTTP/1.1" 200 29833 "-" "Mozilla/5.0 (Linux; Android 6.0.1; Nexus 5X Build/MMB29P) AppleWebKit/537.36 (KHTML, like Gecko) Chrome/137.0.7151.103 Mobile Safari/537.36 (compatible; Googlebot/2.1; +http://www.google.com/bot.html)"
66.249.68.129 - - [17/Jul/2025:12:29:47 -0400] "GET /?n=78824134674503&channel=4a3e7a&from=pin.php%3Fid%3D1346745-15290%26name%3D%E5%A4%8F%E3%80%80%E3%83%96%E3%83%AB%E3%83%BC%E3%81%AE%E3%81%8B%E3%81%8E%E9%87%9D%E7%B7%A8%E3%81%BF%E3%82%AB%E3%82%B4%E5%B7%BE%E7%9D%80%E8%A2%8B HTTP/1.1" 301 0 "-" "Mozilla/5.0 (Linux; Android 6.0.1; Nexus 5X Build/MMB29P) AppleWebKit/537.36 (KHTML, like Gecko) Chrome/137.0.7151.103 Mobile Safari/537.36 (compatible; Googlebot/2.1; +http://www.google.com/bot.html)"
63.250.38.117 - - [17/Jul/2025:12:29:56 -0400] "POST /wp-cron.php?doing_wp_cron=1752769796.3868029117584228515625 HTTP/1.1" 403 1242 "-" "WordPress/6.8.1; https://fnf.group"
66.249.79.2 - - [17/Jul/2025:12:29:51 -0400] "GET /?n=78824134674503&channel=4a3e7a&from=pin.php%3Fid%3D1346745-15290%26name%3D%E5%A4%8F%E3%80%80%E3%83%96%E3%83%AB%E3%83%BC%E3%81%AE%E3%81%8B%E3%81%8E%E9%87%9D%E7%B7%A8%E3%81%BF%E3%82%AB%E3%82%B4%E5%B7%BE%E7%9D%80%E8%A2%8B HTTP/1.1" 200 29834 "-" "Mozilla/5.0 (Linux; Android 6.0.1; Nexus 5X Build/MMB29P) AppleWebKit/537.36 (KHTML, like Gecko) Chrome/137.0.7151.103 Mobile Safari/537.36 (compatible; Googlebot/2.1; +http://www.google.com/bot.html)"
66.249.68.131 - - [17/Jul/2025:12:30:01 -0400] "GET /?n=9681383613004&channel=a3d96f&from=pin.php%3Fid%3D836130-7365%26name%3D%E3%82%A8%E3%82%A4%E3%82%B5%E3%83%BC%E5%AF%BE%E5%BF%9C+BT.00607.126+Aspire+4551G-P322G32Mn%E3%80%9011.1V%E3%80%817800mAh%E3%80%91+%E3%83%96%E3%83%A9%E3%83%83%E3%82%AF+%E5%AF%BE%E5%BF%9C%E7%94%A8 HTTP/1.1" 301 0 "-" "Mozilla/5.0 (Linux; Android 6.0.1; Nexus 5X Build/MMB29P) AppleWebKit/537.36 (KHTML, like Gecko) Chrome/137.0.7151.103 Mobile Safari/537.36 (compatible; Googlebot/2.1; +http://www.google.com/bot.html)"
114.119.148.60 - - [17/Jul/2025:12:30:12 -0400] "GET /2025/07/page/19/ HTTP/1.1" 200 15008 "https://fnf.group/2025/07/page/21/" "Mozilla/5.0 (Linux; Android 7.0;) AppleWebKit/537.36 (KHTML, like Gecko) Mobile Safari/537.36 (compatible; PetalBot;+https://webmaster.petalsearch.com/site/petalbot)"
66.249.79.2 - - [17/Jul/2025:12:30:08 -0400] "GET /?n=9681383613004&channel=a3d96f&from=pin.php%3Fid%3D836130-7365%26name%3D%E3%82%A8%E3%82%A4%E3%82%B5%E3%83%BC%E5%AF%BE%E5%BF%9C%20BT.00607.126%20Aspire%204551G-P322G32Mn%E3%80%9011.1V%E3%80%817800mAh%E3%80%91%20%E3%83%96%E3%83%A9%E3%83%83%E3%82%AF%20%E5%AF%BE%E5%BF%9C%E7%94%A8 HTTP/1.1" 200 29834 "-" "Mozilla/5.0 (Linux; Android 6.0.1; Nexus 5X Build/MMB29P) AppleWebKit/537.36 (KHTML, like Gecko) Chrome/137.0.7151.103 Mobile Safari/537.36 (compatible; Googlebot/2.1; +http://www.google.com/bot.html)"
66.249.68.129 - - [17/Jul/2025:12:30:24 -0400] "GET /?n=9251947117001&channel=e65df8&from=shop.php%3Fid%3D471170-8028%26name%3DXEDLAMP+1+%E5%80%8B%E3%80%81%E3%83%86%E3%82%A3%E3%83%BC%E3%83%80+2005-2010+%E7%94%A8%E3%80%81%E8%BB%8A%E3%81%AE%E3%82%A4%E3%83%B3%E3%83%86%E3%83%AA%E3%82%A2%E3%82%B5%E3%83%B3%E3%83%90%E3%82%A4%E3%82%B6%E3%83%BC%E5%8F%B3%E3%83%95%E3%83%AD%E3%83%B3%E3%83%88%E3%82%AC%E3%83%A9%E3%82%B9%E3%82%B5%E3%83%B3%E3%82%B7%E3%82%A7%E3%83%BC%E3%83%89%E3%82%B5%E3%83%B3%E3%82%B7%E3%83%BC%E3%83%AB%E3%83%89%E3%83%9F%E3%83%A9%E3%83%BC%E4%BB%98 HTTP/1.1" 301 0 "-" "Mozilla/5.0 (Linux; Android 6.0.1; Nexus 5X Build/MMB29P) AppleWebKit/537.36 (KHTML, like Gecko) Chrome/137.0.7151.103 Mobile Safari/537.36 (compatible; Googlebot/2.1; +http://www.google.com/bot.html)"
66.249.79.2 - - [17/Jul/2025:12:30:29 -0400] "GET /?n=9251947117001&channel=e65df8&from=shop.php%3Fid%3D471170-8028%26name%3DXEDLAMP%201%20%E5%80%8B%E3%80%81%E3%83%86%E3%82%A3%E3%83%BC%E3%83%80%202005-2010%20%E7%94%A8%E3%80%81%E8%BB%8A%E3%81%AE%E3%82%A4%E3%83%B3%E3%83%86%E3%83%AA%E3%82%A2%E3%82%B5%E3%83%B3%E3%83%90%E3%82%A4%E3%82%B6%E3%83%BC%E5%8F%B3%E3%83%95%E3%83%AD%E3%83%B3%E3%83%88%E3%82%AC%E3%83%A9%E3%82%B9%E3%82%B5%E3%83%B3%E3%82%B7%E3%82%A7%E3%83%BC%E3%83%89%E3%82%B5%E3%83%B3%E3%82%B7%E3%83%BC%E3%83%AB%E3%83%89%E3%83%9F%E3%83%A9%E3%83%BC%E4%BB%98 HTTP/1.1" 200 29828 "-" "Mozilla/5.0 (Linux; Android 6.0.1; Nexus 5X Build/MMB29P) AppleWebKit/537.36 (KHTML, like Gecko) Chrome/137.0.7151.103 Mobile Safari/537.36 (compatible; Googlebot/2.1; +http://www.google.com/bot.html)"
2a03:2880:f800:3:: - - [17/Jul/2025:12:30:37 -0400] "GET /author/admin123/page/13/ HTTP/1.1" 200 15364 "-" "meta-externalagent/1.1 (+https://developers.facebook.com/docs/sharing/webmasters/crawler)"
213.209.150.137 - - [17/Jul/2025:12:30:50 -0400] "POST /wp-login.php?action=register HTTP/1.1" 302 0 "-" "-"
63.250.38.117 - - [17/Jul/2025:12:31:04 -0400] "POST /wp-cron.php?doing_wp_cron=1752769863.7982640266418457031250 HTTP/1.1" 403 1242 "-" "WordPress/6.8.1; https://fnf.group"
66.249.68.130 - - [17/Jul/2025:12:31:01 -0400] "GET /?n=39195181414302&channel=02091d&from=article.php%3Fid%3D1814143-26696%26name%3D%E3%82%A2%E3%83%86%E3%83%B3%E3%83%88+size+M+%E8%83%8C%E3%83%A2%E3%83%AC%E3%83%BB%E6%A8%AA%E3%83%A2%E3%83%AC%E9%98%B2%E3%83%86%E3%83%BC%E3%83%97%E5%BC%8F+%26+%E5%B0%BF%E3%81%A8%E3%82%8A%E3%83%91%E3%83%83%E3%83%89 HTTP/1.1" 301 0 "-" "Mozilla/5.0 (Linux; Android 6.0.1; Nexus 5X Build/MMB29P) AppleWebKit/537.36 (KHTML, like Gecko) Chrome/137.0.7151.103 Mobile Safari/537.36 (compatible; Googlebot/2.1; +http://www.google.com/bot.html)"
66.249.79.4 - - [17/Jul/2025:12:31:04 -0400] "GET /?n=39195181414302&channel=02091d&from=article.php%3Fid%3D1814143-26696%26name%3D%E3%82%A2%E3%83%86%E3%83%B3%E3%83%88%20size%20M%20%E8%83%8C%E3%83%A2%E3%83%AC%E3%83%BB%E6%A8%AA%E3%83%A2%E3%83%AC%E9%98%B2%E3%83%86%E3%83%BC%E3%83%97%E5%BC%8F%20%26%20%E5%B0%BF%E3%81%A8%E3%82%8A%E3%83%91%E3%83%83%E3%83%89 HTTP/1.1" 200 29831 "-" "Mozilla/5.0 (Linux; Android 6.0.1; Nexus 5X Build/MMB29P) AppleWebKit/537.36 (KHTML, like Gecko) Chrome/137.0.7151.103 Mobile Safari/537.36 (compatible; Googlebot/2.1; +http://www.google.com/bot.html)"
213.209.150.137 - - [17/Jul/2025:12:31:04 -0400] "POST /wp-login.php?action=register HTTP/1.1" 302 0 "-" "-"
213.209.150.137 - - [17/Jul/2025:12:31:20 -0400] "POST /wp-login.php?action=register HTTP/1.1" 302 0 "-" "-"
66.249.68.129 - - [17/Jul/2025:12:31:36 -0400] "GET /?n=8711046665302&channel=f6765a&from=blog.php%3Fid%3D466653-5330%26name%3DPanasonic+KX-PZ310-S%E3%83%95%E3%82%A1%E3%83%83%E3%82%AF%E3%82%B9%2F%E3%82%A4%E3%83%B3%E3%82%AF%E3%83%95%E3%82%A3%E3%83%AB%E3%83%A0%2F%E5%AD%90%E6%A9%9F%E5%85%85%E9%9B%BB%E5%8F%B0 HTTP/1.1" 301 0 "-" "Mozilla/5.0 (Linux; Android 6.0.1; Nexus 5X Build/MMB29P) AppleWebKit/537.36 (KHTML, like Gecko) Chrome/137.0.7151.103 Mobile Safari/537.36 (compatible; Googlebot/2.1; +http://www.google.com/bot.html)"
213.209.150.137 - - [17/Jul/2025:12:31:35 -0400] "POST /wp-login.php?action=register HTTP/1.1" 302 0 "-" "-"
114.119.135.196 - - [17/Jul/2025:12:31:35 -0400] "GET /2025/07/11/virtualnaja-servis-dlja-kazino-i-bettinga-s-lajv/ HTTP/1.1" 200 28131 "http://fnf.group/2020/08/04/crispy-potato-cutlets-by-nida-salim" "Mozilla/5.0 (Linux; Android 7.0;) AppleWebKit/537.36 (KHTML, like Gecko) Mobile Safari/537.36 (compatible; PetalBot;+https://webmaster.petalsearch.com/site/petalbot)"
66.249.79.2 - - [17/Jul/2025:12:31:42 -0400] "GET /?n=8711046665302&channel=f6765a&from=blog.php%3Fid%3D466653-5330%26name%3DPanasonic%20KX-PZ310-S%E3%83%95%E3%82%A1%E3%83%83%E3%82%AF%E3%82%B9%2F%E3%82%A4%E3%83%B3%E3%82%AF%E3%83%95%E3%82%A3%E3%83%AB%E3%83%A0%2F%E5%AD%90%E6%A9%9F%E5%85%85%E9%9B%BB%E5%8F%B0 HTTP/1.1" 200 29835 "-" "Mozilla/5.0 (Linux; Android 6.0.1; Nexus 5X Build/MMB29P) AppleWebKit/537.36 (KHTML, like Gecko) Chrome/137.0.7151.103 Mobile Safari/537.36 (compatible; Googlebot/2.1; +http://www.google.com/bot.html)"
66.249.79.2 - - [17/Jul/2025:12:31:52 -0400] "GET /?n=77283116919302&channel=de96b6&from=jp.php%3Fid%3D1169193-24786%26name%3D24%E5%80%8B%E3%81%AE%E9%AD%94%E5%A5%B3%E3%81%AE%E5%B8%BD%E5%AD%90%E3%81%A8%E7%8E%8B%E5%86%A0%E3%81%AE%E3%82%B1%E3%83%BC%E3%82%AD%E3%83%87%E3%82%B3%E3%83%AC%E3%83%BC%E3%82%B7%E3%83%A7%E3%83%B3%E3%80%82%E3%83%97%E3%83%AA%E3%83%B3%E3%82%BB%E3%82%B9%E5%A6%96%E7%B2%BE%E3%81%AE%E8%AA%95%E7%94%9F%E6%97%A5%E3%83%91%E3%83%BC%E3%83%86%E3%82%A3%E3%83%BC%E3%80%81%E3%83%8F%E3%83%AD%E3%82%A6%E3%82%A3%E3%83%B3%E3%80%81%E3%83%99%E3%83%BC%E3%82%AD%E3%83%B3%E3%82%B0%E3%81%AB%E6%9C%80%E9%81%A9%E3%80%82%E3%82%B1%E3%83%BC%E3%82%AD%E3%81%AE%E3%83%87%E3%82%B6%E3%82%A4%E3%83%B3%E3%82%92%E5%BC%B7+%EF%BC%882022%E5%B9%B4%E6%9D%B1%E4%BA%AC%E3%80%91%E3%83%8F%E3%83%AD%E3%82%A6%E3%82%A3%E3%83%B3%E6%B0%97%E5%88%86%E3%82%92%E7%9B%9B%E3%82%8A%E4%B8%8A%E3%81%92%E3%82%8B%E6%96%B0%E4%BD%9C%E3%82%B9%E3%82%A4%E3%83%BC%E3%83%84%E5%A4%A7%E7%89%B9%E9%9B%86%EF%BD%9CELLE+gourmet+%5B%E3%82%A8%E3%83%AB%E3%83%BB%E3%82%B0%E3%83%AB%E3%83%A1%5D%EF%BC%89 HTTP/1.1" 301 0 "-" "Mozilla/5.0 (Linux; Android 6.0.1; Nexus 5X Build/MMB29P) AppleWebKit/537.36 (KHTML, like Gecko) Chrome/137.0.7151.103 Mobile Safari/537.36 (compatible; Googlebot/2.1; +http://www.google.com/bot.html)"
66.249.68.129 - - [17/Jul/2025:12:31:52 -0400] "GET /?n=0895966456506&channel=20ab1f&from=info.php%3Fid%3D664565-9428%26name%3D%E7%B5%B6%E7%9B%A4%E3%81%AE%E6%97%A7%E5%9E%8B+ABU+%E3%82%AB%E3%83%BC%E3%83%87%E3%82%A3%E3%83%8A%E3%83%AB4+ZEBCO%E3%83%A2%E3%83%87%E3%83%AB+%E5%BE%A9%E6%B4%BB%E5%93%81%E3%81%A7%E3%81%AF%E3%81%82%E3%82%8A%E3%81%BE%E3%81%9B%E3%82%93 HTTP/1.1" 301 0 "-" "Mozilla/5.0 (Linux; Android 6.0.1; Nexus 5X Build/MMB29P) AppleWebKit/537.36 (KHTML, like Gecko) Chrome/137.0.7151.103 Mobile Safari/537.36 (compatible; Googlebot/2.1; +http://www.google.com/bot.html)"
66.249.79.2 - - [17/Jul/2025:12:31:56 -0400] "GET /?n=0895966456506&channel=20ab1f&from=info.php%3Fid%3D664565-9428%26name%3D%E7%B5%B6%E7%9B%A4%E3%81%AE%E6%97%A7%E5%9E%8B%20ABU%20%E3%82%AB%E3%83%BC%E3%83%87%E3%82%A3%E3%83%8A%E3%83%AB4%20ZEBCO%E3%83%A2%E3%83%87%E3%83%AB%20%E5%BE%A9%E6%B4%BB%E5%93%81%E3%81%A7%E3%81%AF%E3%81%82%E3%82%8A%E3%81%BE%E3%81%9B%E3%82%93 HTTP/1.1" 200 29833 "-" "Mozilla/5.0 (Linux; Android 6.0.1; Nexus 5X Build/MMB29P) AppleWebKit/537.36 (KHTML, like Gecko) Chrome/137.0.7151.103 Mobile Safari/537.36 (compatible; Googlebot/2.1; +http://www.google.com/bot.html)"
66.249.79.2 - - [17/Jul/2025:12:31:55 -0400] "GET /?n=77283116919302&channel=de96b6&from=jp.php%3Fid%3D1169193-24786%26name%3D24%E5%80%8B%E3%81%AE%E9%AD%94%E5%A5%B3%E3%81%AE%E5%B8%BD%E5%AD%90%E3%81%A8%E7%8E%8B%E5%86%A0%E3%81%AE%E3%82%B1%E3%83%BC%E3%82%AD%E3%83%87%E3%82%B3%E3%83%AC%E3%83%BC%E3%82%B7%E3%83%A7%E3%83%B3%E3%80%82%E3%83%97%E3%83%AA%E3%83%B3%E3%82%BB%E3%82%B9%E5%A6%96%E7%B2%BE%E3%81%AE%E8%AA%95%E7%94%9F%E6%97%A5%E3%83%91%E3%83%BC%E3%83%86%E3%82%A3%E3%83%BC%E3%80%81%E3%83%8F%E3%83%AD%E3%82%A6%E3%82%A3%E3%83%B3%E3%80%81%E3%83%99%E3%83%BC%E3%82%AD%E3%83%B3%E3%82%B0%E3%81%AB%E6%9C%80%E9%81%A9%E3%80%82%E3%82%B1%E3%83%BC%E3%82%AD%E3%81%AE%E3%83%87%E3%82%B6%E3%82%A4%E3%83%B3%E3%82%92%E5%BC%B7%20%EF%BC%882022%E5%B9%B4%E6%9D%B1%E4%BA%AC%E3%80%91%E3%83%8F%E3%83%AD%E3%82%A6%E3%82%A3%E3%83%B3%E6%B0%97%E5%88%86%E3%82%92%E7%9B%9B%E3%82%8A%E4%B8%8A%E3%81%92%E3%82%8B%E6%96%B0%E4%BD%9C%E3%82%B9%E3%82%A4%E3%83%BC%E3%83%84%E5%A4%A7%E7%89%B9%E9%9B%86%EF%BD%9CELLE%20gourmet%20%5B%E3%82%A8%E3%83%AB%E3%83%BB%E3%82%B0%E3%83%AB%E3%83%A1%5D%EF%BC%89 HTTP/1.1" 200 29839 "-" "Mozilla/5.0 (Linux; Android 6.0.1; Nexus 5X Build/MMB29P) AppleWebKit/537.36 (KHTML, like Gecko) Chrome/137.0.7151.103 Mobile Safari/537.36 (compatible; Googlebot/2.1; +http://www.google.com/bot.html)"
63.250.38.117 - - [17/Jul/2025:12:32:32 -0400] "POST /wp-cron.php?doing_wp_cron=1752769952.4875309467315673828125 HTTP/1.1" 403 1242 "-" "WordPress/6.8.1; https://fnf.group"
66.249.79.2 - - [17/Jul/2025:12:32:29 -0400] "GET /?n=90169100972900&channel=3fdc9a&from=form.php%3Fid%3D1009729-1584%26name%3D%E3%82%AD%E3%83%A3%E3%83%83%E3%83%88%E3%83%8F%E3%82%A6%E3%82%B9++%E3%83%9A%E3%83%83%E3%83%88%E3%82%A8%E3%83%B3%E3%82%AF%E3%83%AD%E3%83%BC%E3%82%B8%E3%83%A3%E3%83%BC+%E5%AE%B6%E5%BA%AD%E7%9A%84%E3%81%AA%E3%83%9A%E3%83%83%E3%83%88%E3%82%B1%E3%83%BC%E3%82%B8+%E6%8A%98%E3%82%8A%E3%81%9F%E3%81%9F%E3%81%BF%E5%BC%8F%E3%83%9A%E3%83%83%E3%83%88%E3%82%B1%E3%83%B3%E3%83%8D%E3%83%AB+%E3%83%9A%E3%83%83%E3%83%88%E7%94%A8%E5%A4%A7%E5%9E%8B%E9%81%8B%E5%8B%95%E5%A0%B4+%E5%AD%90%E7%8C%AB%E3%80%81%E3%83%A2%E3%83%AB%E3%83%A2%E3%83%83%E3%83%88%E3%80%81%E3%82%A6%E3%82%B5%EF%BC%88%E6%A5%BD%E5%A4%A9%E5%B8%82%E5%A0%B4%E3%80%91%E7%8C%AB+%E3%82%B1%E3%83%BC%E3%82%B8+%E3%82%AD%E3%83%A3%E3%83%83%E3%83%88%E3%82%B1%E3%83%BC%E3%82%B8+3%E6%AE%B5+%E3%83%9A%E3%83%83%E3%83%88%E3%82%B1%E3%83%BC%E3%82%B8+%E3%82%AD%E3%83%A3%E3%82%B9%E3%82%BF%E3%83%BC%E4%BB%98+%E7%8C%AB%E3%82%B2%E3%83%BC%E3%82%B8+%E5%A4%A7%E5%9E%8B+%E5%A4%9A%E9%A0%AD%E9%A3%BC%E3%81%84+%E3%83%8D%E3%82%B3%E3%83%89%E3%82%A2+%E3%82%AD%E3%83%A3%E3%83%83%E3%83%88%E3%83%8F%E3%82%A6%E3%82%B9+1%E6%AE%B52%E6%AE%B5%E5%8F%AF%E8%83%BD+%E7%95%99%E5%AE%88%E7%95%AA+%E4%BF%9D%E8%AD%B7++%E8%84%B1%E8%B5%B0%E9%98%B2%E6%AD%A2+%E3%81%8A%E3%81%97%E3%82%83%E3%82%8C+%3A+monotone%E3%82%B9%E3%83%88%E3%82%A2%E6%A5%BD%E5%A4%A9%E5%B8%82%E5%A0%B4%E5%BA%97%EF%BC%89 HTTP/1.1" 301 0 "-" "Mozilla/5.0 (Linux; Android 6.0.1; Nexus 5X Build/MMB29P) AppleWebKit/537.36 (KHTML, like Gecko) Chrome/137.0.7151.103 Mobile Safari/537.36 (compatible; Googlebot/2.1; +http://www.google.com/bot.html)"
66.249.79.2 - - [17/Jul/2025:12:32:33 -0400] "GET /?n=90169100972900&channel=3fdc9a&from=form.php%3Fid%3D1009729-1584%26name%3D%E3%82%AD%E3%83%A3%E3%83%83%E3%83%88%E3%83%8F%E3%82%A6%E3%82%B9%20%20%E3%83%9A%E3%83%83%E3%83%88%E3%82%A8%E3%83%B3%E3%82%AF%E3%83%AD%E3%83%BC%E3%82%B8%E3%83%A3%E3%83%BC%20%E5%AE%B6%E5%BA%AD%E7%9A%84%E3%81%AA%E3%83%9A%E3%83%83%E3%83%88%E3%82%B1%E3%83%BC%E3%82%B8%20%E6%8A%98%E3%82%8A%E3%81%9F%E3%81%9F%E3%81%BF%E5%BC%8F%E3%83%9A%E3%83%83%E3%83%88%E3%82%B1%E3%83%B3%E3%83%8D%E3%83%AB%20%E3%83%9A%E3%83%83%E3%83%88%E7%94%A8%E5%A4%A7%E5%9E%8B%E9%81%8B%E5%8B%95%E5%A0%B4%20%E5%AD%90%E7%8C%AB%E3%80%81%E3%83%A2%E3%83%AB%E3%83%A2%E3%83%83%E3%83%88%E3%80%81%E3%82%A6%E3%82%B5%EF%BC%88%E6%A5%BD%E5%A4%A9%E5%B8%82%E5%A0%B4%E3%80%91%E7%8C%AB%20%E3%82%B1%E3%83%BC%E3%82%B8%20%E3%82%AD%E3%83%A3%E3%83%83%E3%83%88%E3%82%B1%E3%83%BC%E3%82%B8%203%E6%AE%B5%20%E3%83%9A%E3%83%83%E3%83%88%E3%82%B1%E3%83%BC%E3%82%B8%20%E3%82%AD%E3%83%A3%E3%82%B9%E3%82%BF%E3%83%BC%E4%BB%98%20%E7%8C%AB%E3%82%B2%E3%83%BC%E3%82%B8%20%E5%A4%A7%E5%9E%8B%20%E5%A4%9A%E9%A0%AD%E9%A3%BC%E3%81%84%20%E3%83%8D%E3%82%B3%E3%83%89%E3%82%A2%20%E3%82%AD%E3%83%A3%E3%83%83%E3%83%88%E3%83%8F%E3%82%A6%E3%82%B9%201%E6%AE%B52%E6%AE%B5%E5%8F%AF%E8%83%BD%20%E7%95%99%E5%AE%88%E7%95%AA%20%E4%BF%9D%E8%AD%B7%20%20%E8%84%B1%E8%B5%B0%E9%98%B2%E6%AD%A2%20%E3%81%8A%E3%81%97%E3%82%83%E3%82%8C%20%3A%20monotone%E3%82%B9%E3%83%88%E3%82%A2%E6%A5%BD%E5%A4%A9%E5%B8%82%E5%A0%B4%E5%BA%97%EF%BC%89 HTTP/1.1" 200 29832 "-" "Mozilla/5.0 (Linux; Android 6.0.1; Nexus 5X Build/MMB29P) AppleWebKit/537.36 (KHTML, like Gecko) Chrome/137.0.7151.103 Mobile Safari/537.36 (compatible; Googlebot/2.1; +http://www.google.com/bot.html)"
66.249.68.129 - - [17/Jul/2025:12:32:42 -0400] "GET /?n=61899118528706&channel=2b8d94&from=brands.php%3Fid%3D1185287-4735%26name%3DBALMUDA+The+Speaker+M01A-BK HTTP/1.1" 301 0 "-" "Mozilla/5.0 (Linux; Android 6.0.1; Nexus 5X Build/MMB29P) AppleWebKit/537.36 (KHTML, like Gecko) Chrome/137.0.7151.103 Mobile Safari/537.36 (compatible; Googlebot/2.1; +http://www.google.com/bot.html)"
66.249.79.2 - - [17/Jul/2025:12:32:47 -0400] "GET /?n=61899118528706&channel=2b8d94&from=brands.php%3Fid%3D1185287-4735%26name%3DBALMUDA%20The%20Speaker%20M01A-BK HTTP/1.1" 200 29834 "-" "Mozilla/5.0 (Linux; Android 6.0.1; Nexus 5X Build/MMB29P) AppleWebKit/537.36 (KHTML, like Gecko) Chrome/137.0.7151.103 Mobile Safari/537.36 (compatible; Googlebot/2.1; +http://www.google.com/bot.html)"
66.249.68.130 - - [17/Jul/2025:12:32:56 -0400] "GET /?n=0854821640504&channel=9765d4&from=info.php%3Fid%3D216405-11600%26name%3DSHEROCHING+%E8%87%AA%E5%B7%B1%E7%B2%98%E7%9D%80+PVC3D+%E5%A3%81%E7%94%BB%E5%A3%81%E7%B4%99%E7%99%BD%E3%82%A8%E3%83%B3%E3%83%9C%E3%82%B9%E8%8A%B1%E3%83%86%E3%83%AC%E3%83%93%E3%81%AE%E8%83%8C%E6%99%AF%E5%A4%A7%E5%A3%81%E7%94%BB%E3%83%AA%E3%83%93%E3%83%B3%E3%82%B0%E3%83%AB%E3%83%BC%E3%83%A0%E5%A3%81%E7%94%BB%E7%B4%99%E3%82%A6%E3%82%A9%E3%83%BC%E3%83%AB%E3%82%A2%E3%83%BC%E3%83%88 HTTP/1.1" 301 0 "-" "Mozilla/5.0 (Linux; Android 6.0.1; Nexus 5X Build/MMB29P) AppleWebKit/537.36 (KHTML, like Gecko) Chrome/137.0.7151.103 Mobile Safari/537.36 (compatible; Googlebot/2.1; +http://www.google.com/bot.html)"
116.204.78.140 - - [17/Jul/2025:12:33:04 -0400] "POST /xmlrpc.php HTTP/1.1" 403 1242 "https://fnf.group" "Mozilla/5.0 (Windows NT 10.0; Win64; x64; rv:127.0) Gecko/20100101 Firefox/127.0"
114.119.137.28 - - [17/Jul/2025:12:33:01 -0400] "GET /2025/07/12/mostbet-brasil-web-site-oficial-inscricao-bonus-15-000r-entrar-2/ HTTP/1.1" 200 28002 "https://fnf.group/2025/07/12/khtwt-shl-lthmyl-ttbyq-1xbet-wtsjyl-lhsb/" "Mozilla/5.0 (Linux; Android 7.0;) AppleWebKit/537.36 (KHTML, like Gecko) Mobile Safari/537.36 (compatible; PetalBot;+https://webmaster.petalsearch.com/site/petalbot)"
66.249.79.4 - - [17/Jul/2025:12:33:01 -0400] "GET /?n=0854821640504&channel=9765d4&from=info.php%3Fid%3D216405-11600%26name%3DSHEROCHING%20%E8%87%AA%E5%B7%B1%E7%B2%98%E7%9D%80%20PVC3D%20%E5%A3%81%E7%94%BB%E5%A3%81%E7%B4%99%E7%99%BD%E3%82%A8%E3%83%B3%E3%83%9C%E3%82%B9%E8%8A%B1%E3%83%86%E3%83%AC%E3%83%93%E3%81%AE%E8%83%8C%E6%99%AF%E5%A4%A7%E5%A3%81%E7%94%BB%E3%83%AA%E3%83%93%E3%83%B3%E3%82%B0%E3%83%AB%E3%83%BC%E3%83%A0%E5%A3%81%E7%94%BB%E7%B4%99%E3%82%A6%E3%82%A9%E3%83%BC%E3%83%AB%E3%82%A2%E3%83%BC%E3%83%88 HTTP/1.1" 200 29838 "-" "Mozilla/5.0 (Linux; Android 6.0.1; Nexus 5X Build/MMB29P) AppleWebKit/537.36 (KHTML, like Gecko) Chrome/137.0.7151.103 Mobile Safari/537.36 (compatible; Googlebot/2.1; +http://www.google.com/bot.html)"
66.249.68.129 - - [17/Jul/2025:12:33:13 -0400] "GET /?n=48077116840402&channel=978ba5&from=brands.php%3Fid%3D1168404-11105%26name%3D%E3%83%89%E3%83%8A%E3%83%AB%E3%83%89+%E3%82%B3%E3%82%B9%E3%83%81%E3%83%A5%E3%83%BC%E3%83%A0+6M%EF%BD%9E12M HTTP/1.1" 301 0 "-" "Mozilla/5.0 (Linux; Android 6.0.1; Nexus 5X Build/MMB29P) AppleWebKit/537.36 (KHTML, like Gecko) Chrome/137.0.7151.103 Mobile Safari/537.36 (compatible; Googlebot/2.1; +http://www.google.com/bot.html)"
47.79.224.102 - - [17/Jul/2025:12:33:10 -0400] "GET / HTTP/1.1" 200 29832 "http://fnf.group" "Mozilla/5.0 (Windows NT 10.0; Win64; x64) AppleWebKit/537.36 (KHTML, like Gecko) Chrome/114.0.0.0 Safari/537.36 Edg/114.0.1823.43"
66.249.79.3 - - [17/Jul/2025:12:33:18 -0400] "GET /?n=48077116840402&channel=978ba5&from=brands.php%3Fid%3D1168404-11105%26name%3D%E3%83%89%E3%83%8A%E3%83%AB%E3%83%89%20%E3%82%B3%E3%82%B9%E3%83%81%E3%83%A5%E3%83%BC%E3%83%A0%206M%EF%BD%9E12M HTTP/1.1" 200 29832 "-" "Mozilla/5.0 (Linux; Android 6.0.1; Nexus 5X Build/MMB29P) AppleWebKit/537.36 (KHTML, like Gecko) Chrome/137.0.7151.103 Mobile Safari/537.36 (compatible; Googlebot/2.1; +http://www.google.com/bot.html)"
54.85.7.119 - - [17/Jul/2025:12:33:44 -0400] "GET /wp-includes/SimplePie/?SD HTTP/1.1" 200 694 "-" "Mozilla/5.0 AppleWebKit/537.36 (KHTML, like Gecko; compatible; Amazonbot/0.1; +https://developer.amazon.com/support/amazonbot) Chrome/119.0.6045.214 Safari/537.36"
23.23.213.182 - - [17/Jul/2025:12:33:58 -0400] "GET /wp-includes/images/?MA HTTP/1.1" 200 1545 "-" "Mozilla/5.0 AppleWebKit/537.36 (KHTML, like Gecko; compatible; Amazonbot/0.1; +https://developer.amazon.com/support/amazonbot) Chrome/119.0.6045.214 Safari/537.36"
63.250.38.117 - - [17/Jul/2025:12:34:02 -0400] "POST /wp-cron.php?doing_wp_cron=1752770042.3843460083007812500000 HTTP/1.1" 403 1242 "-" "WordPress/6.8.1; https://fnf.group"
66.249.68.135 - - [17/Jul/2025:12:33:59 -0400] "GET /?n=9871940728600&channel=bac340&from=product.php%3Fid%3D407286-2867%26name%3DLesca+%E3%82%AF%E3%83%A9%E3%82%A6%E3%83%B3%E3%83%91%E3%83%B3%E3%83%88+1964+6mm+%E3%83%96%E3%83%A9%E3%83%83%E3%82%AF+%E3%83%AC%E3%82%B9%E3%82%AB HTTP/1.1" 301 0 "-" "Mozilla/5.0 (Linux; Android 6.0.1; Nexus 5X Build/MMB29P) AppleWebKit/537.36 (KHTML, like Gecko) Chrome/137.0.7151.103 Mobile Safari/537.36 (compatible; Googlebot/2.1; +http://www.google.com/bot.html)"
66.249.79.4 - - [17/Jul/2025:12:34:02 -0400] "GET /?n=9871940728600&channel=bac340&from=product.php%3Fid%3D407286-2867%26name%3DLesca%20%E3%82%AF%E3%83%A9%E3%82%A6%E3%83%B3%E3%83%91%E3%83%B3%E3%83%88%201964%206mm%20%E3%83%96%E3%83%A9%E3%83%83%E3%82%AF%20%E3%83%AC%E3%82%B9%E3%82%AB HTTP/1.1" 200 29836 "-" "Mozilla/5.0 (Linux; Android 6.0.1; Nexus 5X Build/MMB29P) AppleWebKit/537.36 (KHTML, like Gecko) Chrome/137.0.7151.103 Mobile Safari/537.36 (compatible; Googlebot/2.1; +http://www.google.com/bot.html)"
66.249.68.135 - - [17/Jul/2025:12:34:12 -0400] "GET /?n=80096175770900&channel=634c99&from=brands.php%3Fid%3D1757709-26460%26name%3D%E6%B0%B7%E5%AE%A4%E4%BA%AC%E4%BB%8B+CD+STAY HTTP/1.1" 301 0 "-" "Mozilla/5.0 (Linux; Android 6.0.1; Nexus 5X Build/MMB29P) AppleWebKit/537.36 (KHTML, like Gecko) Chrome/137.0.7151.103 Mobile Safari/537.36 (compatible; Googlebot/2.1; +http://www.google.com/bot.html)"
66.249.79.3 - - [17/Jul/2025:12:34:15 -0400] "GET /?n=80096175770900&channel=634c99&from=brands.php%3Fid%3D1757709-26460%26name%3D%E6%B0%B7%E5%AE%A4%E4%BA%AC%E4%BB%8B%20CD%20STAY HTTP/1.1" 200 29830 "-" "Mozilla/5.0 (Linux; Android 6.0.1; Nexus 5X Build/MMB29P) AppleWebKit/537.36 (KHTML, like Gecko) Chrome/137.0.7151.103 Mobile Safari/537.36 (compatible; Googlebot/2.1; +http://www.google.com/bot.html)"
66.249.79.3 - - [17/Jul/2025:12:34:26 -0400] "GET /wp-content/plugins/user-submitted-posts/resources/jquery.usp.core.js?ver=20250329 HTTP/1.1" 200 1957 "https://fnf.group/?n=48077116840402&channel=978ba5&from=brands.php%3Fid%3D1168404-11105%26name%3D%E3%83%89%E3%83%8A%E3%83%AB%E3%83%89%20%E3%82%B3%E3%82%B9%E3%83%81%E3%83%A5%E3%83%BC%E3%83%A0%206M%EF%BD%9E12M" "Mozilla/5.0 (Linux; Android 6.0.1; Nexus 5X Build/MMB29P) AppleWebKit/537.36 (KHTML, like Gecko) Chrome/137.0.7151.119 Mobile Safari/537.36 (compatible; Googlebot/2.1; +http://www.google.com/bot.html)"
66.249.68.135 - - [17/Jul/2025:12:34:30 -0400] "GET /?n=15210148698200&channel=65b57c&from=news.php%3Fid%3D1486982-11734%26name%3D%E3%82%AA%E3%82%B9%E3%83%88%E3%83%AA%E3%83%83%E3%83%81%E3%83%80%E3%82%A4%E3%83%A4+%E4%B8%89%E8%8F%B1%E3%83%84%E3%83%A4%E6%B6%88%E3%83%88%E3%83%AC%E3%83%BC%E3%82%B7%E3%83%B3%E3%82%B0%E3%83%9A%E3%83%BC%E3%83%91%E3%83%BC40g%2Fm2%28100%E6%9E%9A%E3%83%91%E3%83%83%E3%82%AF%E5%85%A5%29+A4++1300-1 HTTP/1.1" 301 0 "-" "Mozilla/5.0 (Linux; Android 6.0.1; Nexus 5X Build/MMB29P) AppleWebKit/537.36 (KHTML, like Gecko) Chrome/137.0.7151.103 Mobile Safari/537.36 (compatible; Googlebot/2.1; +http://www.google.com/bot.html)"
66.249.79.3 - - [17/Jul/2025:12:34:34 -0400] "GET /?n=15210148698200&channel=65b57c&from=news.php%3Fid%3D1486982-11734%26name%3D%E3%82%AA%E3%82%B9%E3%83%88%E3%83%AA%E3%83%83%E3%83%81%E3%83%80%E3%82%A4%E3%83%A4%20%E4%B8%89%E8%8F%B1%E3%83%84%E3%83%A4%E6%B6%88%E3%83%88%E3%83%AC%E3%83%BC%E3%82%B7%E3%83%B3%E3%82%B0%E3%83%9A%E3%83%BC%E3%83%91%E3%83%BC40g%2Fm2%28100%E6%9E%9A%E3%83%91%E3%83%83%E3%82%AF%E5%85%A5%29%20A4%20%201300-1 HTTP/1.1" 200 29822 "-" "Mozilla/5.0 (Linux; Android 6.0.1; Nexus 5X Build/MMB29P) AppleWebKit/537.36 (KHTML, like Gecko) Chrome/137.0.7151.103 Mobile Safari/537.36 (compatible; Googlebot/2.1; +http://www.google.com/bot.html)"
63.250.38.117 - - [17/Jul/2025:12:35:04 -0400] "POST /wp-cron.php?doing_wp_cron=1752770104.0930149555206298828125 HTTP/1.1" 403 1242 "-" "WordPress/6.8.1; https://fnf.group"
63.250.38.117 - - [17/Jul/2025:12:35:05 -0400] "POST /wp-cron.php?doing_wp_cron=1752770104.6965069770812988281250 HTTP/1.1" 403 1242 "-" "WordPress/6.8.1; https://fnf.group"
66.249.79.3 - - [17/Jul/2025:12:34:57 -0400] "GET /?n=9009040862501&channel=5bb0b2&from=goods.php%3Fid%3D408625-3892%26name%3D%E9%A1%95%E5%BE%AE%E9%8F%A1%E3%82%AD%E3%83%83%E3%83%88+1usb.%E7%94%A3%E6%A5%AD%E7%94%A8%E9%9B%BB%E5%AD%90%E3%83%87%E3%82%B8%E3%82%BF%E3%83%AB%E3%83%93%E3%83%87%E3%82%AA%E9%A1%95%E5%BE%AE%E9%8F%A1%E3%82%AB%E3%83%A1%E3%83%A918.0x+300x+C.%E3%83%AC%E3%83%B3%E3%82%BA%E3%81%AE%E3%83%9E%E3%82%A6%E3%83%B3%E3%83%88+%E9%A1%95%E5%BE%AE%E9%8F%A1%E3%83%AC%E3%83%B3%E3%82%BA%E3%82%A2%E3%83%80%E3%83%97%E3%82%BF%E3%83%BC%2850 HTTP/1.1" 301 0 "-" "Mozilla/5.0 (Linux; Android 6.0.1; Nexus 5X Build/MMB29P) AppleWebKit/537.36 (KHTML, like Gecko) Chrome/137.0.7151.103 Mobile Safari/537.36 (compatible; Googlebot/2.1; +http://www.google.com/bot.html)"
181.214.153.19 - - [17/Jul/2025:12:34:57 -0400] "GET /2021/03/21/fondant-orange-cake-by-chanda-arshad/ HTTP/1.1" 200 18887 "https://fnf.group/2021/03/21/fondant-orange-cake-by-chanda-arshad/" "Mozilla/5.0 (Windows NT 10.0; Win64; x64) AppleWebKit/537.36 (KHTML, like Gecko) Chrome/131.0.0.0 Safari/537.36"
66.249.79.3 - - [17/Jul/2025:12:35:05 -0400] "GET /?n=9009040862501&channel=5bb0b2&from=goods.php%3Fid%3D408625-3892%26name%3D%E9%A1%95%E5%BE%AE%E9%8F%A1%E3%82%AD%E3%83%83%E3%83%88%201usb.%E7%94%A3%E6%A5%AD%E7%94%A8%E9%9B%BB%E5%AD%90%E3%83%87%E3%82%B8%E3%82%BF%E3%83%AB%E3%83%93%E3%83%87%E3%82%AA%E9%A1%95%E5%BE%AE%E9%8F%A1%E3%82%AB%E3%83%A1%E3%83%A918.0x%20300x%20C.%E3%83%AC%E3%83%B3%E3%82%BA%E3%81%AE%E3%83%9E%E3%82%A6%E3%83%B3%E3%83%88%20%E9%A1%95%E5%BE%AE%E9%8F%A1%E3%83%AC%E3%83%B3%E3%82%BA%E3%82%A2%E3%83%80%E3%83%97%E3%82%BF%E3%83%BC%2850 HTTP/1.1" 200 29831 "-" "Mozilla/5.0 (Linux; Android 6.0.1; Nexus 5X Build/MMB29P) AppleWebKit/537.36 (KHTML, like Gecko) Chrome/137.0.7151.103 Mobile Safari/537.36 (compatible; Googlebot/2.1; +http://www.google.com/bot.html)"
181.214.153.19 - - [17/Jul/2025:12:35:09 -0400] "GET /2025/07/17/1xbet-registratsiia-zaregistriruite-uchetnuiu-zapis-1xbet-seichas-v-2024-godu/ HTTP/1.1" 200 30773 "https://fnf.group/2025/07/17/1xbet-registratsiia-zaregistriruite-uchetnuiu-zapis-1xbet-seichas-v-2024-godu/" "Mozilla/5.0 (Windows NT 10.0; Win64; x64) AppleWebKit/537.36 (KHTML, like Gecko) Chrome/131.0.0.0 Safari/537.36"
181.214.153.19 - - [17/Jul/2025:12:35:16 -0400] "POST /wp-comments-post.php HTTP/1.1" 403 1242 "https://fnf.group/2025/07/17/1xbet-registratsiia-zaregistriruite-uchetnuiu-zapis-1xbet-seichas-v-2024-godu/" "Mozilla/5.0 (Windows NT 10.0; Win64; x64) AppleWebKit/537.36 (KHTML, like Gecko) Chrome/131.0.0.0 Safari/537.36"
181.214.153.19 - - [17/Jul/2025:12:35:17 -0400] "GET /2025/07/17/1xbet-registratsiia-zaregistriruite-uchetnuiu-zapis-1xbet-seichas-v-2024-godu/2021/03/21/fondant-orange-cake-by-chanda-arshad/ HTTP/1.1" 301 0 "https://fnf.group/2021/03/21/fondant-orange-cake-by-chanda-arshad/" "Mozilla/5.0 (Windows NT 10.0; Win64; x64) AppleWebKit/537.36 (KHTML, like Gecko) Chrome/131.0.0.0 Safari/537.36"
66.249.79.3 - - [17/Jul/2025:12:35:24 -0400] "GET /?n=2264674195201&channel=b36741&from=category-info.php%3Fid%3D741952-9785%26name%3D%E3%83%AA%E3%82%A2%E3%83%86%E3%83%BC%E3%83%AB%E3%82%B2%E3%83%BC%E3%83%88%E3%83%96%E3%83%BC%E3%83%84%E3%82%AC%E3%82%B9%E3%82%B9%E3%83%88%E3%83%A9%E3%83%83%E3%83%88+2+%E5%80%8B%E3%83%9C%E3%83%AB%E3%83%9C%E7%94%A8+XC70%E7%94%A8+II+V70%E7%94%A8+III+%E3%83%AA%E3%82%A2%E3%83%86%E3%83%BC%E3%83%AB%E3%82%B2%E3%83%BC%E3%83%88%E3%83%96%E3%83%BC%E3%83%84%E3%83%AA%E3%83%95%E3%83%88%E3%82%B5%E3%83%9D%E3%83%BC%E3%83%88%E3%82%B7%E3%83%A7%E3%83%83 HTTP/1.1" 301 0 "-" "Mozilla/5.0 (Linux; Android 6.0.1; Nexus 5X Build/MMB29P) AppleWebKit/537.36 (KHTML, like Gecko) Chrome/137.0.7151.103 Mobile Safari/537.36 (compatible; Googlebot/2.1; +http://www.google.com/bot.html)"
66.249.79.3 - - [17/Jul/2025:12:35:27 -0400] "GET /?n=2264674195201&channel=b36741&from=category-info.php%3Fid%3D741952-9785%26name%3D%E3%83%AA%E3%82%A2%E3%83%86%E3%83%BC%E3%83%AB%E3%82%B2%E3%83%BC%E3%83%88%E3%83%96%E3%83%BC%E3%83%84%E3%82%AC%E3%82%B9%E3%82%B9%E3%83%88%E3%83%A9%E3%83%83%E3%83%88%202%20%E5%80%8B%E3%83%9C%E3%83%AB%E3%83%9C%E7%94%A8%20XC70%E7%94%A8%20II%20V70%E7%94%A8%20III%20%E3%83%AA%E3%82%A2%E3%83%86%E3%83%BC%E3%83%AB%E3%82%B2%E3%83%BC%E3%83%88%E3%83%96%E3%83%BC%E3%83%84%E3%83%AA%E3%83%95%E3%83%88%E3%82%B5%E3%83%9D%E3%83%BC%E3%83%88%E3%82%B7%E3%83%A7%E3%83%83 HTTP/1.1" 200 29825 "-" "Mozilla/5.0 (Linux; Android 6.0.1; Nexus 5X Build/MMB29P) AppleWebKit/537.36 (KHTML, like Gecko) Chrome/137.0.7151.103 Mobile Safari/537.36 (compatible; Googlebot/2.1; +http://www.google.com/bot.html)"
