66.249.68.137 - - [17/Jul/2025:09:14:18 -0400] "GET /?n=97194134459908&channel=bb8bce&from=category-info.php%3Fid%3D1344599-23082%26name%3D%E3%81%82%E3%81%BE%E3%81%84%E3%81%BD%E3%81%A6%E3%81%A8%E2%99%A1%E6%A7%98%E3%80%80%E3%83%8F%E3%83%BC%E3%83%95+%E8%8C%B6%E3%83%88%E3%83%A9+K-50+%E3%83%95%E3%82%A1%E3%83%BC%E7%94%9F%E5%9C%B0+%E3%83%95%E3%82%A7%E3%82%A4%E3%82%AF%E3%83%95%E3%82%A1%E3%83%BC HTTP/1.1" 301 0 "-" "Mozilla/5.0 (Linux; Android 6.0.1; Nexus 5X Build/MMB29P) AppleWebKit/537.36 (KHTML, like Gecko) Chrome/137.0.7151.103 Mobile Safari/537.36 (compatible; Googlebot/2.1; +http://www.google.com/bot.html)"
84.33.214.236 - - [17/Jul/2025:09:14:19 -0400] "GET /wp-admin/plugins.php HTTP/1.1" 200 67988 "-" "Mozilla/5.0 (Macintosh; Intel Mac OS X 10_15_7) AppleWebKit/537.36 (KHTML, like Gecko) Chrome/131.0.0.0 Safari/537.36"
213.209.150.137 - - [17/Jul/2025:09:14:36 -0400] "POST /wp-login.php?action=register HTTP/1.1" 302 0 "-" "-"
66.249.79.3 - - [17/Jul/2025:09:14:32 -0400] "GET /?n=5729517521702&channel=8cc970&from=brands.php%3Fid%3D175217-10085%26name%3D%E5%AE%9D%E7%9F%B3%E7%AE%B1%20%E3%83%AC%E3%83%88%E3%83%AD%E3%82%B8%E3%83%A5%E3%82%A8%E3%83%AA%E3%83%BC%E3%83%9C%E3%83%83%E3%82%AF%E3%82%B9%20%E6%9C%A8%E8%A3%BD%E3%82%B8%E3%83%A5%E3%82%A8%E3%83%AA%E3%83%BC%E3%82%AA%E3%83%BC%E3%82%AC%E3%83%8A%E3%82%A4%E3%82%B6%E3%83%BC%20%E3%83%9D%E3%83%BC%E3%82%BF%E3%83%96%E3%83%AB%E3%83%AA%E3%83%B3%E3%82%B0%E5%8F%8E%E7%B4%8D%E3%82%B1%E3%83%BC%E3%82%B9%20%E3%82%B8%E3%83%A5%E3%82%A8%E3%83%AA%E3%83%BC%E3%83%9B%E3%83%AB%E3%83%80%E3%83%BC%20%28%E8%89%B2%20%3A%20A%2C%20%E3%82%B5%E3%82%A4 HTTP/1.1" 200 29835 "-" "Mozilla/5.0 (Linux; Android 6.0.1; Nexus 5X Build/MMB29P) AppleWebKit/537.36 (KHTML, like Gecko) Chrome/137.0.7151.103 Mobile Safari/537.36 (compatible; Googlebot/2.1; +http://www.google.com/bot.html)"
66.249.79.3 - - [17/Jul/2025:09:14:36 -0400] "GET /?n=97194134459908&channel=bb8bce&from=category-info.php%3Fid%3D1344599-23082%26name%3D%E3%81%82%E3%81%BE%E3%81%84%E3%81%BD%E3%81%A6%E3%81%A8%E2%99%A1%E6%A7%98%E3%80%80%E3%83%8F%E3%83%BC%E3%83%95%20%E8%8C%B6%E3%83%88%E3%83%A9%20K-50%20%E3%83%95%E3%82%A1%E3%83%BC%E7%94%9F%E5%9C%B0%20%E3%83%95%E3%82%A7%E3%82%A4%E3%82%AF%E3%83%95%E3%82%A1%E3%83%BC HTTP/1.1" 200 29834 "-" "Mozilla/5.0 (Linux; Android 6.0.1; Nexus 5X Build/MMB29P) AppleWebKit/537.36 (KHTML, like Gecko) Chrome/137.0.7151.103 Mobile Safari/537.36 (compatible; Googlebot/2.1; +http://www.google.com/bot.html)"
84.33.214.236 - - [17/Jul/2025:09:14:46 -0400] "GET /wp-admin/plugin-install.php HTTP/1.1" 403 965 "-" "Mozilla/5.0 (Macintosh; Intel Mac OS X 10_15_7) AppleWebKit/537.36 (KHTML, like Gecko) Chrome/131.0.0.0 Safari/537.36"
66.249.68.136 - - [17/Jul/2025:09:14:49 -0400] "GET /?n=80398126306304&channel=28d334&from=pin.php%3Fid%3D1263063-846%26name%3D%E3%82%A2%E3%82%B9%E3%83%9F%E3%83%83%E3%82%AF%E3%82%B9%28Asmix%29+%E3%82%A2%E3%82%B9%E3%82%AB+%E3%83%9B%E3%83%AF%E3%82%A4%E3%83%88%E3%83%9C%E3%83%BC%E3%83%89+%E3%82%B9%E3%82%BF%E3%83%B3%E3%83%89%E4%BB%98+VWB076+S%E3%82%B5%E3%82%A4%E3%82%BA HTTP/1.1" 301 0 "-" "Mozilla/5.0 (Linux; Android 6.0.1; Nexus 5X Build/MMB29P) AppleWebKit/537.36 (KHTML, like Gecko) Chrome/137.0.7151.103 Mobile Safari/537.36 (compatible; Googlebot/2.1; +http://www.google.com/bot.html)"
84.33.214.236 - - [17/Jul/2025:09:14:52 -0400] "GET /wp-admin/plugin-install.php HTTP/1.1" 403 965 "-" "Mozilla/5.0 (Macintosh; Intel Mac OS X 10_15_7) AppleWebKit/537.36 (KHTML, like Gecko) Chrome/131.0.0.0 Safari/537.36"
66.249.79.3 - - [17/Jul/2025:09:14:54 -0400] "GET /?n=80398126306304&channel=28d334&from=pin.php%3Fid%3D1263063-846%26name%3D%E3%82%A2%E3%82%B9%E3%83%9F%E3%83%83%E3%82%AF%E3%82%B9%28Asmix%29%20%E3%82%A2%E3%82%B9%E3%82%AB%20%E3%83%9B%E3%83%AF%E3%82%A4%E3%83%88%E3%83%9C%E3%83%BC%E3%83%89%20%E3%82%B9%E3%82%BF%E3%83%B3%E3%83%89%E4%BB%98%20VWB076%20S%E3%82%B5%E3%82%A4%E3%82%BA HTTP/1.1" 200 29832 "-" "Mozilla/5.0 (Linux; Android 6.0.1; Nexus 5X Build/MMB29P) AppleWebKit/537.36 (KHTML, like Gecko) Chrome/137.0.7151.103 Mobile Safari/537.36 (compatible; Googlebot/2.1; +http://www.google.com/bot.html)"
84.33.214.236 - - [17/Jul/2025:09:14:57 -0400] "GET /wp-admin/plugin-install.php HTTP/1.1" 403 965 "-" "Mozilla/5.0 (Macintosh; Intel Mac OS X 10_15_7) AppleWebKit/537.36 (KHTML, like Gecko) Chrome/131.0.0.0 Safari/537.36"
84.33.214.236 - - [17/Jul/2025:09:14:59 -0400] "GET /wp-admin/plugin-install.php HTTP/1.1" 403 965 "-" "Mozilla/5.0 (Macintosh; Intel Mac OS X 10_15_7) AppleWebKit/537.36 (KHTML, like Gecko) Chrome/131.0.0.0 Safari/537.36"
20.244.26.188 - - [17/Jul/2025:09:15:05 -0400] "GET /wp-admin/css/ HTTP/1.1" 200 2764 "binance.com" "Mozilla/5.0 (Windows NT 10.0; Win64; x64) AppleWebKit/537.36 (KHTML, like Gecko) Chrome/90.0.4430.85 Safari/537.36"
63.250.38.117 - - [17/Jul/2025:09:15:06 -0400] "POST /wp-cron.php?doing_wp_cron=1752758106.5012290477752685546875 HTTP/1.1" 403 1242 "-" "WordPress/6.8.1; https://fnf.group"
84.33.214.236 - - [17/Jul/2025:09:15:01 -0400] "GET /wp-admin/plugin-install.php HTTP/1.1" 403 965 "-" "Mozilla/5.0 (Macintosh; Intel Mac OS X 10_15_7) AppleWebKit/537.36 (KHTML, like Gecko) Chrome/131.0.0.0 Safari/537.36"
84.33.214.236 - - [17/Jul/2025:09:15:07 -0400] "GET /wp-admin/plugin-install.php HTTP/1.1" 403 965 "-" "Mozilla/5.0 (Macintosh; Intel Mac OS X 10_15_7) AppleWebKit/537.36 (KHTML, like Gecko) Chrome/131.0.0.0 Safari/537.36"
20.244.26.188 - - [17/Jul/2025:09:15:29 -0400] "GET /wp-content/uploads/2025/07/ HTTP/1.1" 200 550 "binance.com" "Mozilla/5.0 (Windows NT 10.0; Win64; x64) AppleWebKit/537.36 (KHTML, like Gecko) Chrome/90.0.4430.85 Safari/537.36"
63.250.38.117 - - [17/Jul/2025:09:15:34 -0400] "POST /wp-cron.php?doing_wp_cron=1752758133.8864479064941406250000 HTTP/1.1" 403 1242 "-" "WordPress/6.8.1; https://fnf.group"
63.250.38.117 - - [17/Jul/2025:09:15:34 -0400] "POST /wp-cron.php?doing_wp_cron=1752758133.9806370735168457031250 HTTP/1.1" 403 1242 "-" "WordPress/6.8.1; https://fnf.group"
66.249.79.3 - - [17/Jul/2025:09:15:04 -0400] "GET /?n=53275151350600&channel=3ea7e0&from=blog.php%3Fid%3D1513506-5594%26name%3D%5B%E3%82%B8%E3%83%A5%E3%82%BF%E3%82%AA%E3%83%94%E3%83%B3%5D+%E8%A6%AA%E5%AD%90%E3%83%9A%E3%82%A2%E3%83%AB%E3%83%83%E3%82%AF+t+%E3%82%B7%E3%83%A3%E3%83%84+%E3%81%8A%E3%81%97%E3%82%83%E3%82%8C+%E3%81%8A%E3%81%9D%E3%82%8D%E3%81%84+%E6%9C%8D+%E3%83%88%E3%83%A9%E3%83%99%E3%83%AB+%E3%82%B9%E3%83%88%E3%83%A9%E3%82%A4%E3%83%97+%E5%8D%8A%E8%A2%96+%E9%AB%98%E7%B4%9A+%E9%87%8D%E3%81%AD%E7%9D%80%E3%83%AC%E3%82%A4%E3%83%A4%E3%83%BC%E3%83%89+%E3%82%B5%E3%83%AD%E3%83%9A%E3%83%83%E3%83%88 HTTP/1.1" 301 0 "-" "Mozilla/5.0 (Linux; Android 6.0.1; Nexus 5X Build/MMB29P) AppleWebKit/537.36 (KHTML, like Gecko) Chrome/137.0.7151.103 Mobile Safari/537.36 (compatible; Googlebot/2.1; +http://www.google.com/bot.html)"
66.249.68.137 - - [17/Jul/2025:09:15:06 -0400] "GET /?n=7898879195404&channel=129a4c&from=info.php%3Fid%3D791954-14328%26name%3D%E6%B4%8B%E6%9C%8D%E3%83%95%E3%83%83%E3%82%AF%E3%80%81%E3%83%90%E3%82%B9%E3%83%AB%E3%83%BC%E3%83%A0%E3%81%AE%E5%A3%81%E3%81%AE%E3%83%AD%E3%83%BC%E3%83%96%E3%83%95%E3%83%83%E3%82%AF%E3%80%81%E5%A3%81%E3%81%AE%E3%83%95%E3%83%83%E3%82%AF%E3%81%AB%E5%8F%96%E3%82%8A%E4%BB%98%E3%81%91%E3%82%89%E3%82%8C%E3%81%9F%E3%82%B3%E3%83%BC%E3%83%88%E3%81%AE%E3%83%95%E3%83%83%E3%82%AF%E3%80%81%E9%AB%98%E8%80%90%E4%B9%85%E3%81%AE%E3%82%B9%E3%83%9A%E3%83%BC%E3%82%B9%E3%82%A2%E3%83%AB%E3%83%9F%E3%83%8B%E3%82%A6%E3%83%A0%E3%83%95%E3%83%83%E3%82%AF%E3%80%81%E3%82%B3%E3%83%BC%E3%83%88%E3%82%92%E5%90%8A%E3%82%8B HTTP/1.1" 301 0 "-" "Mozilla/5.0 (Linux; Android 6.0.1; Nexus 5X Build/MMB29P) AppleWebKit/537.36 (KHTML, like Gecko) Chrome/137.0.7151.103 Mobile Safari/537.36 (compatible; Googlebot/2.1; +http://www.google.com/bot.html)"
66.249.79.3 - - [17/Jul/2025:09:15:26 -0400] "GET /?n=94260188830000&channel=be7b31&from=info.php%3Fid%3D1888300-4507%26name%3D%E8%BB%8A+%E3%83%9A%E3%83%80%E3%83%AB%E3%82%AB%E3%83%90%E3%83%BC+%E3%82%B7%E3%83%93%E3%83%83%E3%82%AF+X+11th+%E4%B8%96%E4%BB%A3+2016+2017+2018+2019+2020+2021+2022+2023+%E8%BB%8A%E3%81%AE HTTP/1.1" 301 0 "-" "Mozilla/5.0 (Linux; Android 6.0.1; Nexus 5X Build/MMB29P) AppleWebKit/537.36 (KHTML, like Gecko) Chrome/137.0.7151.103 Mobile Safari/537.36 (compatible; Googlebot/2.1; +http://www.google.com/bot.html)"
84.33.214.236 - - [17/Jul/2025:09:15:16 -0400] "GET /wp-admin/plugin-install.php HTTP/1.1" 403 965 "-" "Mozilla/5.0 (Macintosh; Intel Mac OS X 10_15_7) AppleWebKit/537.36 (KHTML, like Gecko) Chrome/131.0.0.0 Safari/537.36"
114.119.134.95 - - [17/Jul/2025:09:15:27 -0400] "GET /2025/06/26/zaklady-sportowe-totolotek-pl-szereg-zakladow-about-the-web-zaklady-online/ HTTP/1.1" 200 30155 "https://fnf.group/2025/06/26/zaklady-sportowe-totolotek-pl-szereg-zakladow-about-the-web-zaklady-online/" "Mozilla/5.0 (Linux; Android 7.0;) AppleWebKit/537.36 (KHTML, like Gecko) Mobile Safari/537.36 (compatible; PetalBot;+https://webmaster.petalsearch.com/site/petalbot)"
20.244.26.188 - - [17/Jul/2025:09:15:39 -0400] "GET /wp-content/uploads/2025/06/ HTTP/1.1" 200 550 "binance.com" "Mozilla/5.0 (Windows NT 10.0; Win64; x64) AppleWebKit/537.36 (KHTML, like Gecko) Chrome/90.0.4430.85 Safari/537.36"
66.249.79.3 - - [17/Jul/2025:09:15:34 -0400] "GET /?n=79163145471912&channel=c5e068&from=brands.php%3Fid%3D1454719-18365%26name%3D%E3%83%A9%E3%83%B3%E3%83%89%E3%83%AA%E3%83%BC%E3%83%90%E3%82%B9%E3%82%B1%E3%83%83%E3%83%88+3%E6%AE%B5+%E3%82%B9%E3%83%AA%E3%83%A0+%E3%83%A9%E3%83%B3%E3%83%89%E3%83%AA%E3%83%BC%E3%83%AF%E3%82%B4%E3%83%B3+%E3%82%AD%E3%83%A3%E3%82%B9%E3%82%BF%E3%83%BC%E4%BB%98%E3%81%8D+%E6%B4%97%E6%BF%AF%E3%81%8B%E3%81%94+%E6%B4%97%E6%BF%AF%E7%89%A9%E5%85%A5%E3%82%8C+%E8%84%B1%E8%A1%A3%E3%82%AB%E3%82%B4+%E5%A4%A7%E5%AE%B9%E9%87%8F+%E3%83%A9%E3%83%B3%E3%83%89%E3%83%AA%E3%83%BC%E3%83%A9%E3%83%83%E3%82%AF+%E5%8F%8E%E7%B4%8D+%E9%9A%99%E9%96%93%E5%8F%8E%E7%B4%8D+%E3%81%8A%E3%81%97%E3%82%83%E3%82%8C HTTP/1.1" 301 0 "-" "Mozilla/5.0 (Linux; Android 6.0.1; Nexus 5X Build/MMB29P) AppleWebKit/537.36 (KHTML, like Gecko) Chrome/137.0.7151.103 Mobile Safari/537.36 (compatible; Googlebot/2.1; +http://www.google.com/bot.html)"
66.249.68.136 - - [17/Jul/2025:09:15:34 -0400] "GET /?n=44272173817302&channel=64d5c5&from=goods.php%3Fid%3D1738173-16978%26name%3DSABON%E3%82%A6%E3%82%A7%E3%83%AB%E3%82%AB%E3%83%A0%E3%82%AD%E3%83%83%E3%83%88 HTTP/1.1" 301 0 "-" "Mozilla/5.0 (Linux; Android 6.0.1; Nexus 5X Build/MMB29P) AppleWebKit/537.36 (KHTML, like Gecko) Chrome/137.0.7151.103 Mobile Safari/537.36 (compatible; Googlebot/2.1; +http://www.google.com/bot.html)"
84.33.214.236 - - [17/Jul/2025:09:15:35 -0400] "GET /wp-admin/plugin-install.php HTTP/1.1" 403 965 "-" "Mozilla/5.0 (Macintosh; Intel Mac OS X 10_15_7) AppleWebKit/537.36 (KHTML, like Gecko) Chrome/131.0.0.0 Safari/537.36"
66.249.79.3 - - [17/Jul/2025:09:15:35 -0400] "GET /?n=53275151350600&channel=3ea7e0&from=blog.php%3Fid%3D1513506-5594%26name%3D%5B%E3%82%B8%E3%83%A5%E3%82%BF%E3%82%AA%E3%83%94%E3%83%B3%5D%20%E8%A6%AA%E5%AD%90%E3%83%9A%E3%82%A2%E3%83%AB%E3%83%83%E3%82%AF%20t%20%E3%82%B7%E3%83%A3%E3%83%84%20%E3%81%8A%E3%81%97%E3%82%83%E3%82%8C%20%E3%81%8A%E3%81%9D%E3%82%8D%E3%81%84%20%E6%9C%8D%20%E3%83%88%E3%83%A9%E3%83%99%E3%83%AB%20%E3%82%B9%E3%83%88%E3%83%A9%E3%82%A4%E3%83%97%20%E5%8D%8A%E8%A2%96%20%E9%AB%98%E7%B4%9A%20%E9%87%8D%E3%81%AD%E7%9D%80%E3%83%AC%E3%82%A4%E3%83%A4%E3%83%BC%E3%83%89%20%E3%82%B5%E3%83%AD%E3%83%9A%E3%83%83%E3%83%88 HTTP/1.1" 200 29821 "-" "Mozilla/5.0 (Linux; Android 6.0.1; Nexus 5X Build/MMB29P) AppleWebKit/537.36 (KHTML, like Gecko) Chrome/137.0.7151.103 Mobile Safari/537.36 (compatible; Googlebot/2.1; +http://www.google.com/bot.html)"
84.33.214.236 - - [17/Jul/2025:09:15:41 -0400] "GET /wp-admin/plugin-install.php HTTP/1.1" 403 965 "-" "Mozilla/5.0 (Macintosh; Intel Mac OS X 10_15_7) AppleWebKit/537.36 (KHTML, like Gecko) Chrome/131.0.0.0 Safari/537.36"
66.249.79.3 - - [17/Jul/2025:09:15:40 -0400] "GET /?n=7898879195404&channel=129a4c&from=info.php%3Fid%3D791954-14328%26name%3D%E6%B4%8B%E6%9C%8D%E3%83%95%E3%83%83%E3%82%AF%E3%80%81%E3%83%90%E3%82%B9%E3%83%AB%E3%83%BC%E3%83%A0%E3%81%AE%E5%A3%81%E3%81%AE%E3%83%AD%E3%83%BC%E3%83%96%E3%83%95%E3%83%83%E3%82%AF%E3%80%81%E5%A3%81%E3%81%AE%E3%83%95%E3%83%83%E3%82%AF%E3%81%AB%E5%8F%96%E3%82%8A%E4%BB%98%E3%81%91%E3%82%89%E3%82%8C%E3%81%9F%E3%82%B3%E3%83%BC%E3%83%88%E3%81%AE%E3%83%95%E3%83%83%E3%82%AF%E3%80%81%E9%AB%98%E8%80%90%E4%B9%85%E3%81%AE%E3%82%B9%E3%83%9A%E3%83%BC%E3%82%B9%E3%82%A2%E3%83%AB%E3%83%9F%E3%83%8B%E3%82%A6%E3%83%A0%E3%83%95%E3%83%83%E3%82%AF%E3%80%81%E3%82%B3%E3%83%BC%E3%83%88%E3%82%92%E5%90%8A%E3%82%8B HTTP/1.1" 200 29833 "-" "Mozilla/5.0 (Linux; Android 6.0.1; Nexus 5X Build/MMB29P) AppleWebKit/537.36 (KHTML, like Gecko) Chrome/137.0.7151.103 Mobile Safari/537.36 (compatible; Googlebot/2.1; +http://www.google.com/bot.html)"
66.249.79.3 - - [17/Jul/2025:09:15:40 -0400] "GET /?n=94260188830000&channel=be7b31&from=info.php%3Fid%3D1888300-4507%26name%3D%E8%BB%8A%20%E3%83%9A%E3%83%80%E3%83%AB%E3%82%AB%E3%83%90%E3%83%BC%20%E3%82%B7%E3%83%93%E3%83%83%E3%82%AF%20X%2011th%20%E4%B8%96%E4%BB%A3%202016%202017%202018%202019%202020%202021%202022%202023%20%E8%BB%8A%E3%81%AE HTTP/1.1" 200 29835 "-" "Mozilla/5.0 (Linux; Android 6.0.1; Nexus 5X Build/MMB29P) AppleWebKit/537.36 (KHTML, like Gecko) Chrome/137.0.7151.103 Mobile Safari/537.36 (compatible; Googlebot/2.1; +http://www.google.com/bot.html)"
66.249.79.3 - - [17/Jul/2025:09:15:42 -0400] "GET /?n=79163145471912&channel=c5e068&from=brands.php%3Fid%3D1454719-18365%26name%3D%E3%83%A9%E3%83%B3%E3%83%89%E3%83%AA%E3%83%BC%E3%83%90%E3%82%B9%E3%82%B1%E3%83%83%E3%83%88%203%E6%AE%B5%20%E3%82%B9%E3%83%AA%E3%83%A0%20%E3%83%A9%E3%83%B3%E3%83%89%E3%83%AA%E3%83%BC%E3%83%AF%E3%82%B4%E3%83%B3%20%E3%82%AD%E3%83%A3%E3%82%B9%E3%82%BF%E3%83%BC%E4%BB%98%E3%81%8D%20%E6%B4%97%E6%BF%AF%E3%81%8B%E3%81%94%20%E6%B4%97%E6%BF%AF%E7%89%A9%E5%85%A5%E3%82%8C%20%E8%84%B1%E8%A1%A3%E3%82%AB%E3%82%B4%20%E5%A4%A7%E5%AE%B9%E9%87%8F%20%E3%83%A9%E3%83%B3%E3%83%89%E3%83%AA%E3%83%BC%E3%83%A9%E3%83%83%E3%82%AF%20%E5%8F%8E%E7%B4%8D%20%E9%9A%99%E9%96%93%E5%8F%8E%E7%B4%8D%20%E3%81%8A%E3%81%97%E3%82%83%E3%82%8C HTTP/1.1" 200 29837 "-" "Mozilla/5.0 (Linux; Android 6.0.1; Nexus 5X Build/MMB29P) AppleWebKit/537.36 (KHTML, like Gecko) Chrome/137.0.7151.103 Mobile Safari/537.36 (compatible; Googlebot/2.1; +http://www.google.com/bot.html)"
20.244.26.188 - - [17/Jul/2025:09:15:52 -0400] "GET /wp-content/uploads/ HTTP/1.1" 200 1273 "binance.com" "Mozilla/5.0 (Windows NT 10.0; Win64; x64) AppleWebKit/537.36 (KHTML, like Gecko) Chrome/90.0.4430.85 Safari/537.36"
84.33.214.236 - - [17/Jul/2025:09:15:47 -0400] "GET /wp-admin/plugin-install.php HTTP/1.1" 403 965 "-" "Mozilla/5.0 (Macintosh; Intel Mac OS X 10_15_7) AppleWebKit/537.36 (KHTML, like Gecko) Chrome/131.0.0.0 Safari/537.36"
66.249.79.3 - - [17/Jul/2025:09:15:48 -0400] "GET /?n=44272173817302&channel=64d5c5&from=goods.php%3Fid%3D1738173-16978%26name%3DSABON%E3%82%A6%E3%82%A7%E3%83%AB%E3%82%AB%E3%83%A0%E3%82%AD%E3%83%83%E3%83%88 HTTP/1.1" 200 29834 "-" "Mozilla/5.0 (Linux; Android 6.0.1; Nexus 5X Build/MMB29P) AppleWebKit/537.36 (KHTML, like Gecko) Chrome/137.0.7151.103 Mobile Safari/537.36 (compatible; Googlebot/2.1; +http://www.google.com/bot.html)"
20.244.26.188 - - [17/Jul/2025:09:16:01 -0400] "GET /wp-content/upgrade/ HTTP/1.1" 200 541 "binance.com" "Mozilla/5.0 (Windows NT 10.0; Win64; x64) AppleWebKit/537.36 (KHTML, like Gecko) Chrome/90.0.4430.85 Safari/537.36"
66.249.68.131 - - [17/Jul/2025:09:16:01 -0400] "GET /?n=43926169079400&channel=52f688&from=jp.php%3Fid%3D1690794-4156%26name%3D%E8%BB%8A%E7%94%A8%E3%83%98%E3%83%83%E3%83%89%E3%83%A9%E3%82%A4%E3%83%88+Benz+Gls+X167+Gls400+Gls450+2020+2021+2022+2023+%E8%BB%8A%E7%94%A8%E3%83%95%E3%83%AD%E3%83%B3%E3%83%88%E3%83%98%E3%83%83%E3%83%89 HTTP/1.1" 301 0 "-" "Mozilla/5.0 (Linux; Android 6.0.1; Nexus 5X Build/MMB29P) AppleWebKit/537.36 (KHTML, like Gecko) Chrome/137.0.7151.103 Mobile Safari/537.36 (compatible; Googlebot/2.1; +http://www.google.com/bot.html)"
66.249.79.5 - - [17/Jul/2025:09:16:03 -0400] "GET /?n=43926169079400&channel=52f688&from=jp.php%3Fid%3D1690794-4156%26name%3D%E8%BB%8A%E7%94%A8%E3%83%98%E3%83%83%E3%83%89%E3%83%A9%E3%82%A4%E3%83%88%20Benz%20Gls%20X167%20Gls400%20Gls450%202020%202021%202022%202023%20%E8%BB%8A%E7%94%A8%E3%83%95%E3%83%AD%E3%83%B3%E3%83%88%E3%83%98%E3%83%83%E3%83%89 HTTP/1.1" 200 29834 "-" "Mozilla/5.0 (Linux; Android 6.0.1; Nexus 5X Build/MMB29P) AppleWebKit/537.36 (KHTML, like Gecko) Chrome/137.0.7151.103 Mobile Safari/537.36 (compatible; Googlebot/2.1; +http://www.google.com/bot.html)"
20.244.26.188 - - [17/Jul/2025:09:16:15 -0400] "GET /wp-content/languages/ HTTP/1.1" 404 11507 "binance.com" "Mozilla/5.0 (Windows NT 10.0; Win64; x64) AppleWebKit/537.36 (KHTML, like Gecko) Chrome/90.0.4430.85 Safari/537.36"
20.244.26.188 - - [17/Jul/2025:09:16:27 -0400] "GET /wp-admin/includes/ HTTP/1.1" 200 3453 "binance.com" "Mozilla/5.0 (Windows NT 10.0; Win64; x64) AppleWebKit/537.36 (KHTML, like Gecko) Chrome/90.0.4430.85 Safari/537.36"
20.244.26.188 - - [17/Jul/2025:09:16:36 -0400] "GET /wp-admin/includes/ HTTP/1.1" 200 3453 "binance.com" "Mozilla/5.0 (Windows NT 10.0; Win64; x64) AppleWebKit/537.36 (KHTML, like Gecko) Chrome/90.0.4430.85 Safari/537.36"
63.250.38.117 - - [17/Jul/2025:09:16:44 -0400] "POST /wp-cron.php?doing_wp_cron=1752758204.0864470005035400390625 HTTP/1.1" 403 1242 "-" "WordPress/6.8.1; https://fnf.group"
2a03:2880:f800:10:: - - [17/Jul/2025:09:16:43 -0400] "GET /wp-json/oembed/1.0/embed?url=https%3A%2F%2Ffnf.group%2F2025%2F06%2F19%2Fbest-no-first-deposit-casino-bonuses-north-america-january-2025%2F HTTP/1.1" 200 3156 "-" "meta-externalagent/1.1 (+https://developers.facebook.com/docs/sharing/webmasters/crawler)"
20.244.26.188 - - [17/Jul/2025:09:16:49 -0400] "GET /wp-admin/maint/ HTTP/1.1" 200 620 "binance.com" "Mozilla/5.0 (Windows NT 10.0; Win64; x64) AppleWebKit/537.36 (KHTML, like Gecko) Chrome/90.0.4430.85 Safari/537.36"
114.119.154.189 - - [17/Jul/2025:09:16:53 -0400] "GET /2020/09/01/cheesey-tikka-macaroni-by-fariha-bilal HTTP/1.1" 301 0 "https://fnf.group/category/featured/page/15" "Mozilla/5.0 (Linux; Android 7.0;) AppleWebKit/537.36 (KHTML, like Gecko) Mobile Safari/537.36 (compatible; PetalBot;+https://webmaster.petalsearch.com/site/petalbot)"
66.249.68.129 - - [17/Jul/2025:09:16:54 -0400] "GET /?n=08122113223902&channel=2d4770&from=form.php%3Fid%3D1132239-8383%26name%3D%E3%83%95%E3%83%AD%E3%83%B3%E3%83%88%E3%83%90%E3%83%B3%E3%83%91%E3%83%BC%E7%89%BD%E5%BC%95%E3%83%95%E3%83%83%E3%82%AF%E3%82%AB%E3%83%90%E3%83%BC%E3%82%AD%E3%83%A3%E3%83%83%E3%83%97%E7%89%BD%E5%BC%95%E3%82%A2%E3%82%A4+%E3%83%95%E3%83%AD%E3%83%B3%E3%83%88%E3%83%90%E3%83%B3%E3%83%91%E3%83%BC+%E3%83%95%E3%83%AD%E3%83%B3%E3%83%88%E7%89%BD%E5%BC%95%E3%83%95%E3%83%83%E3%82%AF%E3%82%AB%E3%83%90%E3%83%BC+%E3%81%AB%E9%81%A9%E5%90%88%E3%81%99%E3%82%8B+%E3%83%A1%E3%83%AB%E3%82%BB%E3%83%87%E3%82%B9+CLA%E3%82%AF%E3%83%A9%E3%82%B9 HTTP/1.1" 301 0 "-" "Mozilla/5.0 (Linux; Android 6.0.1; Nexus 5X Build/MMB29P) AppleWebKit/537.36 (KHTML, like Gecko) Chrome/137.0.7151.103 Mobile Safari/537.36 (compatible; Googlebot/2.1; +http://www.google.com/bot.html)"
114.119.154.189 - - [17/Jul/2025:09:16:55 -0400] "GET /2020/09/01/cheesey-tikka-macaroni-by-fariha-bilal/ HTTP/1.1" 200 18333 "https://fnf.group/category/featured/page/15" "Mozilla/5.0 (Linux; Android 7.0;) AppleWebKit/537.36 (KHTML, like Gecko) Mobile Safari/537.36 (compatible; PetalBot;+https://webmaster.petalsearch.com/site/petalbot)"
66.249.79.3 - - [17/Jul/2025:09:16:56 -0400] "GET /?n=08122113223902&channel=2d4770&from=form.php%3Fid%3D1132239-8383%26name%3D%E3%83%95%E3%83%AD%E3%83%B3%E3%83%88%E3%83%90%E3%83%B3%E3%83%91%E3%83%BC%E7%89%BD%E5%BC%95%E3%83%95%E3%83%83%E3%82%AF%E3%82%AB%E3%83%90%E3%83%BC%E3%82%AD%E3%83%A3%E3%83%83%E3%83%97%E7%89%BD%E5%BC%95%E3%82%A2%E3%82%A4%20%E3%83%95%E3%83%AD%E3%83%B3%E3%83%88%E3%83%90%E3%83%B3%E3%83%91%E3%83%BC%20%E3%83%95%E3%83%AD%E3%83%B3%E3%83%88%E7%89%BD%E5%BC%95%E3%83%95%E3%83%83%E3%82%AF%E3%82%AB%E3%83%90%E3%83%BC%20%E3%81%AB%E9%81%A9%E5%90%88%E3%81%99%E3%82%8B%20%E3%83%A1%E3%83%AB%E3%82%BB%E3%83%87%E3%82%B9%20CLA%E3%82%AF%E3%83%A9%E3%82%B9 HTTP/1.1" 200 29832 "-" "Mozilla/5.0 (Linux; Android 6.0.1; Nexus 5X Build/MMB29P) AppleWebKit/537.36 (KHTML, like Gecko) Chrome/137.0.7151.103 Mobile Safari/537.36 (compatible; Googlebot/2.1; +http://www.google.com/bot.html)"
20.244.26.188 - - [17/Jul/2025:09:17:01 -0400] "GET /wp-admin/maint/ HTTP/1.1" 200 620 "binance.com" "Mozilla/5.0 (Windows NT 10.0; Win64; x64) AppleWebKit/537.36 (KHTML, like Gecko) Chrome/90.0.4430.85 Safari/537.36"
66.249.68.131 - - [17/Jul/2025:09:17:09 -0400] "GET /?n=77290150553401&channel=bed265&from=brands.php%3Fid%3D1505534-26839%26name%3DHONDA+%E3%82%B8%E3%83%A7%E3%83%AB%E3%83%8E50+AF24+%E3%83%AC%E3%83%83%E3%82%B0%E3%82%B7%E3%83%BC%E3%83%AB%E3%83%89+GIORNO+%E3%83%9B%E3%83%B3%E3%83%80+%5BC-25-0411-43%5D HTTP/1.1" 301 0 "-" "Mozilla/5.0 (Linux; Android 6.0.1; Nexus 5X Build/MMB29P) AppleWebKit/537.36 (KHTML, like Gecko) Chrome/137.0.7151.103 Mobile Safari/537.36 (compatible; Googlebot/2.1; +http://www.google.com/bot.html)"
20.244.26.188 - - [17/Jul/2025:09:17:12 -0400] "GET /wp-admin/network/ HTTP/1.1" 302 0 "binance.com" "Mozilla/5.0 (Windows NT 10.0; Win64; x64) AppleWebKit/537.36 (KHTML, like Gecko) Chrome/90.0.4430.85 Safari/537.36"
66.249.79.3 - - [17/Jul/2025:09:17:11 -0400] "GET /?n=77290150553401&channel=bed265&from=brands.php%3Fid%3D1505534-26839%26name%3DHONDA%20%E3%82%B8%E3%83%A7%E3%83%AB%E3%83%8E50%20AF24%20%E3%83%AC%E3%83%83%E3%82%B0%E3%82%B7%E3%83%BC%E3%83%AB%E3%83%89%20GIORNO%20%E3%83%9B%E3%83%B3%E3%83%80%20%5BC-25-0411-43%5D HTTP/1.1" 200 29828 "-" "Mozilla/5.0 (Linux; Android 6.0.1; Nexus 5X Build/MMB29P) AppleWebKit/537.36 (KHTML, like Gecko) Chrome/137.0.7151.103 Mobile Safari/537.36 (compatible; Googlebot/2.1; +http://www.google.com/bot.html)"
20.244.26.188 - - [17/Jul/2025:09:17:14 -0400] "GET /wp-login.php?redirect_to=https%3A%2F%2Ffnf.group%2Fwp-admin%2Fnetwork%2F&reauth=1 HTTP/1.1" 200 3804 "binance.com" "Mozilla/5.0 (Windows NT 10.0; Win64; x64) AppleWebKit/537.36 (KHTML, like Gecko) Chrome/90.0.4430.85 Safari/537.36"
20.244.26.188 - - [17/Jul/2025:09:17:27 -0400] "GET /wp-admin/user/ HTTP/1.1" 302 0 "binance.com" "Mozilla/5.0 (Windows NT 10.0; Win64; x64) AppleWebKit/537.36 (KHTML, like Gecko) Chrome/90.0.4430.85 Safari/537.36"
20.244.26.188 - - [17/Jul/2025:09:17:28 -0400] "GET /wp-login.php?redirect_to=https%3A%2F%2Ffnf.group%2Fwp-admin%2Fuser%2F&reauth=1 HTTP/1.1" 200 3807 "binance.com" "Mozilla/5.0 (Windows NT 10.0; Win64; x64) AppleWebKit/537.36 (KHTML, like Gecko) Chrome/90.0.4430.85 Safari/537.36"
66.249.68.129 - - [17/Jul/2025:09:17:29 -0400] "GET /?n=9124942786700&channel=35db77&from=info.php%3Fid%3D427867-8429%26name%3D%E3%83%9D%E3%83%BC%E3%83%AB%E3%83%8F%E3%83%B3%E3%82%AC%E3%83%BC+%E9%87%91%E5%B1%9E%E8%A3%BD%E3%82%B3%E3%83%BC%E3%83%88%E3%83%A9%E3%83%83%E3%82%AF+%E8%87%AA%E7%AB%8B%E5%BC%8F%E3%83%9B%E3%83%BC%E3%83%AB%E3%83%84%E3%83%AA%E3%83%BC+%E3%83%95%E3%83%83%E3%82%AF8%E5%80%8B%E3%81%A8%E5%A4%A7%E7%90%86%E7%9F%B3%E3%83%99%E3%83%BC%E3%82%B9+%E5%8C%97%E6%AC%A7%E3%81%AE%E9%AB%98%E7%B4%9A%E3%82%B3%E3%83%BC%E3%83%88%E3%82%B9%E3%82%BF%E3%83%B3%E3%83%89+%E3%82%B3%E3%83%BC%E3%83%88+%E5%B8%BD%E5%AD%90+%E3%82%B9%E3%82%AB%E3%83%BC%E3%83%95 HTTP/1.1" 301 0 "-" "Mozilla/5.0 (Linux; Android 6.0.1; Nexus 5X Build/MMB29P) AppleWebKit/537.36 (KHTML, like Gecko) Chrome/137.0.7151.103 Mobile Safari/537.36 (compatible; Googlebot/2.1; +http://www.google.com/bot.html)"
66.249.79.4 - - [17/Jul/2025:09:17:31 -0400] "GET /?n=9124942786700&channel=35db77&from=info.php%3Fid%3D427867-8429%26name%3D%E3%83%9D%E3%83%BC%E3%83%AB%E3%83%8F%E3%83%B3%E3%82%AC%E3%83%BC%20%E9%87%91%E5%B1%9E%E8%A3%BD%E3%82%B3%E3%83%BC%E3%83%88%E3%83%A9%E3%83%83%E3%82%AF%20%E8%87%AA%E7%AB%8B%E5%BC%8F%E3%83%9B%E3%83%BC%E3%83%AB%E3%83%84%E3%83%AA%E3%83%BC%20%E3%83%95%E3%83%83%E3%82%AF8%E5%80%8B%E3%81%A8%E5%A4%A7%E7%90%86%E7%9F%B3%E3%83%99%E3%83%BC%E3%82%B9%20%E5%8C%97%E6%AC%A7%E3%81%AE%E9%AB%98%E7%B4%9A%E3%82%B3%E3%83%BC%E3%83%88%E3%82%B9%E3%82%BF%E3%83%B3%E3%83%89%20%E3%82%B3%E3%83%BC%E3%83%88%20%E5%B8%BD%E5%AD%90%20%E3%82%B9%E3%82%AB%E3%83%BC%E3%83%95 HTTP/1.1" 200 29831 "-" "Mozilla/5.0 (Linux; Android 6.0.1; Nexus 5X Build/MMB29P) AppleWebKit/537.36 (KHTML, like Gecko) Chrome/137.0.7151.103 Mobile Safari/537.36 (compatible; Googlebot/2.1; +http://www.google.com/bot.html)"
20.244.26.188 - - [17/Jul/2025:09:17:38 -0400] "GET /wp-admin/css/ HTTP/1.1" 200 2764 "binance.com" "Mozilla/5.0 (Windows NT 10.0; Win64; x64) AppleWebKit/537.36 (KHTML, like Gecko) Chrome/90.0.4430.85 Safari/537.36"
20.244.26.188 - - [17/Jul/2025:09:17:48 -0400] "GET /wp-admin/css/colors/ HTTP/1.1" 200 1106 "binance.com" "Mozilla/5.0 (Windows NT 10.0; Win64; x64) AppleWebKit/537.36 (KHTML, like Gecko) Chrome/90.0.4430.85 Safari/537.36"
20.244.26.188 - - [17/Jul/2025:09:17:59 -0400] "GET /wp-admin/css/colors/blue/ HTTP/1.1" 200 727 "binance.com" "Mozilla/5.0 (Windows NT 10.0; Win64; x64) AppleWebKit/537.36 (KHTML, like Gecko) Chrome/90.0.4430.85 Safari/537.36"
20.244.26.188 - - [17/Jul/2025:09:18:08 -0400] "GET /wp-admin/css/colors/coffee/ HTTP/1.1" 200 736 "binance.com" "Mozilla/5.0 (Windows NT 10.0; Win64; x64) AppleWebKit/537.36 (KHTML, like Gecko) Chrome/90.0.4430.85 Safari/537.36"
63.250.38.117 - - [17/Jul/2025:09:18:15 -0400] "POST /wp-cron.php?doing_wp_cron=1752758295.7525129318237304687500 HTTP/1.1" 403 1242 "-" "WordPress/6.8.1; https://fnf.group"
114.119.131.93 - - [17/Jul/2025:09:18:14 -0400] "GET /2020/08/04/chicken-tortilla-by-sadia-kashif/ HTTP/1.1" 200 18009 "https://fnf.group/2020/08/04/gulab-jaman-by-sadia-kashif/" "Mozilla/5.0 (Linux; Android 7.0;) AppleWebKit/537.36 (KHTML, like Gecko) Mobile Safari/537.36 (compatible; PetalBot;+https://webmaster.petalsearch.com/site/petalbot)"
20.244.26.188 - - [17/Jul/2025:09:18:17 -0400] "GET /wp-admin/css/colors/ectoplasm/ HTTP/1.1" 200 727 "binance.com" "Mozilla/5.0 (Windows NT 10.0; Win64; x64) AppleWebKit/537.36 (KHTML, like Gecko) Chrome/90.0.4430.85 Safari/537.36"
66.249.68.131 - - [17/Jul/2025:09:18:23 -0400] "GET /?n=3327797347602&channel=9b9607&from=shop.php%3Fid%3D973476-9813%26name%3D%E3%82%B4%E3%83%9F%E7%AE%B1%E3%82%AD%E3%83%83%E3%83%81%E3%83%B3+%E3%82%B5%E3%82%A4%E3%83%AC%E3%83%B3%E3%83%88%E3%81%A7%E7%A9%8F%E3%82%84%E3%81%8B%E3%81%AA%E8%93%8B%E4%BB%98%E3%81%8D%E3%81%AE%E3%82%B9%E3%83%86%E3%83%B3%E3%83%AC%E3%82%B9%E9%8B%BC%E3%82%B9%E3%83%86%E3%83%83%E3%83%97%E3%82%B4%E3%83%9F%E7%AE%B1%E3%80%81%E3%83%97%E3%83%A9%E3%82%B9%E3%83%81%E3%83%83%E3%82%AF%E8%A3%BD%E3%81%AE%E5%86%85%E9%83%A8%E3%83%90%E3%82%B1%E3%83%83%E3%83%88%E4%BB%98%E3%81%8D%E3%83%9A%E3%83%80%E3%83%AB%E3%82%AC%E3%83%99%E3%83%BC%E3%82%B8%E3%83%93%E3%83%B3+%E3%81%94%E3%81%BF%E7%AE%B1%E3%83%90 HTTP/1.1" 301 0 "-" "Mozilla/5.0 (Linux; Android 6.0.1; Nexus 5X Build/MMB29P) AppleWebKit/537.36 (KHTML, like Gecko) Chrome/137.0.7151.103 Mobile Safari/537.36 (compatible; Googlebot/2.1; +http://www.google.com/bot.html)"
66.249.79.4 - - [17/Jul/2025:09:18:24 -0400] "GET /?n=3327797347602&channel=9b9607&from=shop.php%3Fid%3D973476-9813%26name%3D%E3%82%B4%E3%83%9F%E7%AE%B1%E3%82%AD%E3%83%83%E3%83%81%E3%83%B3%20%E3%82%B5%E3%82%A4%E3%83%AC%E3%83%B3%E3%83%88%E3%81%A7%E7%A9%8F%E3%82%84%E3%81%8B%E3%81%AA%E8%93%8B%E4%BB%98%E3%81%8D%E3%81%AE%E3%82%B9%E3%83%86%E3%83%B3%E3%83%AC%E3%82%B9%E9%8B%BC%E3%82%B9%E3%83%86%E3%83%83%E3%83%97%E3%82%B4%E3%83%9F%E7%AE%B1%E3%80%81%E3%83%97%E3%83%A9%E3%82%B9%E3%83%81%E3%83%83%E3%82%AF%E8%A3%BD%E3%81%AE%E5%86%85%E9%83%A8%E3%83%90%E3%82%B1%E3%83%83%E3%83%88%E4%BB%98%E3%81%8D%E3%83%9A%E3%83%80%E3%83%AB%E3%82%AC%E3%83%99%E3%83%BC%E3%82%B8%E3%83%93%E3%83%B3%20%E3%81%94%E3%81%BF%E7%AE%B1%E3%83%90 HTTP/1.1" 200 29824 "-" "Mozilla/5.0 (Linux; Android 6.0.1; Nexus 5X Build/MMB29P) AppleWebKit/537.36 (KHTML, like Gecko) Chrome/137.0.7151.103 Mobile Safari/537.36 (compatible; Googlebot/2.1; +http://www.google.com/bot.html)"
20.244.26.188 - - [17/Jul/2025:09:18:27 -0400] "GET /wp-admin/css/colors/light/ HTTP/1.1" 200 734 "binance.com" "Mozilla/5.0 (Windows NT 10.0; Win64; x64) AppleWebKit/537.36 (KHTML, like Gecko) Chrome/90.0.4430.85 Safari/537.36"
20.244.26.188 - - [17/Jul/2025:09:18:33 -0400] "GET /wp-admin/css/colors/midnight/ HTTP/1.1" 200 732 "binance.com" "Mozilla/5.0 (Windows NT 10.0; Win64; x64) AppleWebKit/537.36 (KHTML, like Gecko) Chrome/90.0.4430.85 Safari/537.36"
66.249.68.129 - - [17/Jul/2025:09:18:38 -0400] "GET /?n=75790142498304&channel=f611a0&from=brands.php%3Fid%3D1424983-734%26name%3D%E3%83%97%E3%83%AD%E3%83%91%E3%83%B3%E3%82%BF%E3%83%B3%E3%82%AF%E7%94%A8%E3%83%90%E3%83%83%E3%82%AF%E3%83%91%E3%83%83%E3%82%AF+%7C+%E5%B1%8B%E5%A4%96%E7%94%A8%E9%98%B2%E6%B0%B4%E5%8F%8E%E7%B4%8D%E3%83%90%E3%83%83%E3%82%B0+%7C+%E3%83%90%E3%83%BC%E3%83%99%E3%82%AD%E3%83%A5%E3%83%BC%E3%82%84%E3%82%AD%E3%83%A3%E3%83%B3%E3%83%97%E7%94%A8%E3%81%AE%E6%90%BA%E5%B8%AF%E5%9E%8B%E3%83%90%E3%83%83%E3%82%B0%E5%85%BC%E3%82%A6%E3%82%A9%E3%83%BC%E3%82%BF%E3%83%BC%E3%83%9C%E3%83%88%E3%83%AB%E3%83%9B%E3%83%AB%E3%83%80%E3%83%BC HTTP/1.1" 301 0 "-" "Mozilla/5.0 (Linux; Android 6.0.1; Nexus 5X Build/MMB29P) AppleWebKit/537.36 (KHTML, like Gecko) Chrome/137.0.7151.103 Mobile Safari/537.36 (compatible; Googlebot/2.1; +http://www.google.com/bot.html)"
66.249.79.3 - - [17/Jul/2025:09:18:39 -0400] "GET /?n=75790142498304&channel=f611a0&from=brands.php%3Fid%3D1424983-734%26name%3D%E3%83%97%E3%83%AD%E3%83%91%E3%83%B3%E3%82%BF%E3%83%B3%E3%82%AF%E7%94%A8%E3%83%90%E3%83%83%E3%82%AF%E3%83%91%E3%83%83%E3%82%AF%20%7C%20%E5%B1%8B%E5%A4%96%E7%94%A8%E9%98%B2%E6%B0%B4%E5%8F%8E%E7%B4%8D%E3%83%90%E3%83%83%E3%82%B0%20%7C%20%E3%83%90%E3%83%BC%E3%83%99%E3%82%AD%E3%83%A5%E3%83%BC%E3%82%84%E3%82%AD%E3%83%A3%E3%83%B3%E3%83%97%E7%94%A8%E3%81%AE%E6%90%BA%E5%B8%AF%E5%9E%8B%E3%83%90%E3%83%83%E3%82%B0%E5%85%BC%E3%82%A6%E3%82%A9%E3%83%BC%E3%82%BF%E3%83%BC%E3%83%9C%E3%83%88%E3%83%AB%E3%83%9B%E3%83%AB%E3%83%80%E3%83%BC HTTP/1.1" 200 29830 "-" "Mozilla/5.0 (Linux; Android 6.0.1; Nexus 5X Build/MMB29P) AppleWebKit/537.36 (KHTML, like Gecko) Chrome/137.0.7151.103 Mobile Safari/537.36 (compatible; Googlebot/2.1; +http://www.google.com/bot.html)"
20.244.26.188 - - [17/Jul/2025:09:18:43 -0400] "GET /wp-admin/css/colors/modern/ HTTP/1.1" 200 719 "binance.com" "Mozilla/5.0 (Windows NT 10.0; Win64; x64) AppleWebKit/537.36 (KHTML, like Gecko) Chrome/90.0.4430.85 Safari/537.36"
66.249.79.3 - - [17/Jul/2025:09:18:52 -0400] "GET /?n=8897756178303&channel=edce74&from=category-info.php%3Fid%3D561783-1832%26name%3D%E4%BF%AE%E6%AD%A3%E3%81%95%E3%82%8C%E3%81%9F%E3%82%AB%E3%83%BC%E3%83%9C%E3%83%B3%E3%83%95%E3%82%A1%E3%82%A4%E3%83%90%E3%83%BC%E3%82%A8%E3%83%B3%E3%82%B8%E3%83%B3%E3%83%95%E3%83%BC%E3%83%89%E3%83%9C%E3%83%B3%E3%83%8D%E3%83%83%E3%83%88%E4%BA%92%E6%8F%9B%E6%80%A7BM-W+G20+G28 HTTP/1.1" 301 0 "-" "Mozilla/5.0 (Linux; Android 6.0.1; Nexus 5X Build/MMB29P) AppleWebKit/537.36 (KHTML, like Gecko) Chrome/137.0.7151.103 Mobile Safari/537.36 (compatible; Googlebot/2.1; +http://www.google.com/bot.html)"
66.249.79.3 - - [17/Jul/2025:09:18:53 -0400] "GET /?n=8897756178303&channel=edce74&from=category-info.php%3Fid%3D561783-1832%26name%3D%E4%BF%AE%E6%AD%A3%E3%81%95%E3%82%8C%E3%81%9F%E3%82%AB%E3%83%BC%E3%83%9C%E3%83%B3%E3%83%95%E3%82%A1%E3%82%A4%E3%83%90%E3%83%BC%E3%82%A8%E3%83%B3%E3%82%B8%E3%83%B3%E3%83%95%E3%83%BC%E3%83%89%E3%83%9C%E3%83%B3%E3%83%8D%E3%83%83%E3%83%88%E4%BA%92%E6%8F%9B%E6%80%A7BM-W%20G20%20G28 HTTP/1.1" 200 29825 "-" "Mozilla/5.0 (Linux; Android 6.0.1; Nexus 5X Build/MMB29P) AppleWebKit/537.36 (KHTML, like Gecko) Chrome/137.0.7151.103 Mobile Safari/537.36 (compatible; Googlebot/2.1; +http://www.google.com/bot.html)"
20.244.26.188 - - [17/Jul/2025:09:18:55 -0400] "GET /wp-admin/css/colors/ocean/ HTTP/1.1" 200 736 "binance.com" "Mozilla/5.0 (Windows NT 10.0; Win64; x64) AppleWebKit/537.36 (KHTML, like Gecko) Chrome/90.0.4430.85 Safari/537.36"
66.249.68.129 - - [17/Jul/2025:09:18:59 -0400] "GET /?n=86001157214101&channel=9cdb24&from=pin.php%3Fid%3D1572141-14243%26name%3DKANGOL+%E3%83%99%E3%83%BC%E3%82%B8%E3%83%A5+%E3%83%95%E3%82%A1%E3%83%BC+%E3%82%B9%E3%83%8C%E3%83%BC%E3%83%89+%E3%83%8D%E3%83%83%E3%82%AF%E3%82%A6%E3%82%A9%E3%83%BC%E3%83%9E%E3%83%BC HTTP/1.1" 301 0 "-" "Mozilla/5.0 (Linux; Android 6.0.1; Nexus 5X Build/MMB29P) AppleWebKit/537.36 (KHTML, like Gecko) Chrome/137.0.7151.103 Mobile Safari/537.36 (compatible; Googlebot/2.1; +http://www.google.com/bot.html)"
66.249.79.4 - - [17/Jul/2025:09:19:01 -0400] "GET /?n=86001157214101&channel=9cdb24&from=pin.php%3Fid%3D1572141-14243%26name%3DKANGOL%20%E3%83%99%E3%83%BC%E3%82%B8%E3%83%A5%20%E3%83%95%E3%82%A1%E3%83%BC%20%E3%82%B9%E3%83%8C%E3%83%BC%E3%83%89%20%E3%83%8D%E3%83%83%E3%82%AF%E3%82%A6%E3%82%A9%E3%83%BC%E3%83%9E%E3%83%BC HTTP/1.1" 200 29829 "-" "Mozilla/5.0 (Linux; Android 6.0.1; Nexus 5X Build/MMB29P) AppleWebKit/537.36 (KHTML, like Gecko) Chrome/137.0.7151.103 Mobile Safari/537.36 (compatible; Googlebot/2.1; +http://www.google.com/bot.html)"
66.249.79.3 - - [17/Jul/2025:09:19:06 -0400] "GET /?n=12240190980802&channel=072a84&from=form.php%3Fid%3D1909808-7457%26name%3D%E3%83%A1%E3%83%BC%E3%83%AB%E4%BE%BF+%E3%81%AB%E3%82%93%E3%81%AB%E3%81%8F+%E6%A0%B9%E3%81%AE%E5%88%87%E3%82%8A%E8%90%BD%E3%81%A8%E3%81%97+%E7%9A%AE%E5%89%8A%E3%81%8E+%E3%81%AB%E3%82%93%E3%81%AB%E3%81%8F%E5%8C%85%E4%B8%81+%E5%B0%8F+%E4%B8%8B%E3%81%8B%E3%82%89%E5%BC%95%E3%81%84%E3%81%A6%E5%88%87%E3%82%8B+No.804+%E5%88%83%E9%95%B7%E3%82%B5%E3%82%A4%E3%82%BA+36+mm+155+mm+%E5%90%89%E5%B2%A1%E5%88%83%E7%89%A9+%E4%B8%89%E5%86%A8D+%E3%83%8D%E3%82%B3%E3%83%9D%E3%82%B9 HTTP/1.1" 301 0 "-" "Mozilla/5.0 (Linux; Android 6.0.1; Nexus 5X Build/MMB29P) AppleWebKit/537.36 (KHTML, like Gecko) Chrome/137.0.7151.103 Mobile Safari/537.36 (compatible; Googlebot/2.1; +http://www.google.com/bot.html)"
20.244.26.188 - - [17/Jul/2025:09:19:07 -0400] "GET /wp-admin/css/colors/sunrise/%20 HTTP/1.1" 301 0 "binance.com" "Mozilla/5.0 (Windows NT 10.0; Win64; x64) AppleWebKit/537.36 (KHTML, like Gecko) Chrome/90.0.4430.85 Safari/537.36"
20.244.26.188 - - [17/Jul/2025:09:19:11 -0400] "GET /wp-admin/css/colors/sunrise/ HTTP/1.1" 200 730 "binance.com" "Mozilla/5.0 (Windows NT 10.0; Win64; x64) AppleWebKit/537.36 (KHTML, like Gecko) Chrome/90.0.4430.85 Safari/537.36"
66.249.79.3 - - [17/Jul/2025:09:19:11 -0400] "GET /?n=12240190980802&channel=072a84&from=form.php%3Fid%3D1909808-7457%26name%3D%E3%83%A1%E3%83%BC%E3%83%AB%E4%BE%BF%20%E3%81%AB%E3%82%93%E3%81%AB%E3%81%8F%20%E6%A0%B9%E3%81%AE%E5%88%87%E3%82%8A%E8%90%BD%E3%81%A8%E3%81%97%20%E7%9A%AE%E5%89%8A%E3%81%8E%20%E3%81%AB%E3%82%93%E3%81%AB%E3%81%8F%E5%8C%85%E4%B8%81%20%E5%B0%8F%20%E4%B8%8B%E3%81%8B%E3%82%89%E5%BC%95%E3%81%84%E3%81%A6%E5%88%87%E3%82%8B%20No.804%20%E5%88%83%E9%95%B7%E3%82%B5%E3%82%A4%E3%82%BA%2036%20mm%20155%20mm%20%E5%90%89%E5%B2%A1%E5%88%83%E7%89%A9%20%E4%B8%89%E5%86%A8D%20%E3%83%8D%E3%82%B3%E3%83%9D%E3%82%B9 HTTP/1.1" 200 29823 "-" "Mozilla/5.0 (Linux; Android 6.0.1; Nexus 5X Build/MMB29P) AppleWebKit/537.36 (KHTML, like Gecko) Chrome/137.0.7151.103 Mobile Safari/537.36 (compatible; Googlebot/2.1; +http://www.google.com/bot.html)"
20.244.26.188 - - [17/Jul/2025:09:19:20 -0400] "GET /wp-admin/images/ HTTP/1.1" 200 2399 "binance.com" "Mozilla/5.0 (Windows NT 10.0; Win64; x64) AppleWebKit/537.36 (KHTML, like Gecko) Chrome/90.0.4430.85 Safari/537.36"
63.250.38.117 - - [17/Jul/2025:09:19:30 -0400] "POST /wp-cron.php?doing_wp_cron=1752758370.6109750270843505859375 HTTP/1.1" 403 1242 "-" "WordPress/6.8.1; https://fnf.group"
66.249.68.129 - - [17/Jul/2025:09:19:29 -0400] "GET /?n=47575136592401&channel=42da94&from=shared.php%3Fid%3D1365924-2616%26name%3D%E3%82%B3%E3%82%B3%E3%83%A4%E3%82%B7%E3%81%AE%E6%9E%9C%E5%AE%9F+%E5%BD%AB%E5%88%BB%E4%BB%8F%E5%83%8F+%E3%80%90%E5%9B%9B%E5%A4%A9%E7%8E%8B%E7%AB%8B%E5%83%8F%EF%BC%9A%E5%A4%9A%E8%81%9E%E5%A4%A9+%3F+%E5%BA%83%E7%9B%AE%E5%A4%A9+%3F+%E5%A2%97%E9%95%B7%E5%A4%A9+%3F+%E6%8C%81%E5%9B%BD%E5%A4%A9%E3%80%91%E7%BE%8E%E8%A1%93%E5%93%81+%E7%8E%84%E9%96%A2%E3%81%8A%E3%81%8D%E3%82%82%E3%81%AE%E9%A2%A8%E6%B0%B4+%E5%AE%88%E8%AD%B7%E7%A5%9E+%E5%AE%88%E8%AD%B7+%E7%B9%81%E7%9B%9B+%E3%81%94 HTTP/1.1" 301 0 "-" "Mozilla/5.0 (Linux; Android 6.0.1; Nexus 5X Build/MMB29P) AppleWebKit/537.36 (KHTML, like Gecko) Chrome/137.0.7151.103 Mobile Safari/537.36 (compatible; Googlebot/2.1; +http://www.google.com/bot.html)"
20.244.26.188 - - [17/Jul/2025:09:19:31 -0400] "GET /wp-admin/js/ HTTP/1.1" 200 3088 "binance.com" "Mozilla/5.0 (Windows NT 10.0; Win64; x64) AppleWebKit/537.36 (KHTML, like Gecko) Chrome/90.0.4430.85 Safari/537.36"
66.249.79.3 - - [17/Jul/2025:09:19:31 -0400] "GET /?n=47575136592401&channel=42da94&from=shared.php%3Fid%3D1365924-2616%26name%3D%E3%82%B3%E3%82%B3%E3%83%A4%E3%82%B7%E3%81%AE%E6%9E%9C%E5%AE%9F%20%E5%BD%AB%E5%88%BB%E4%BB%8F%E5%83%8F%20%E3%80%90%E5%9B%9B%E5%A4%A9%E7%8E%8B%E7%AB%8B%E5%83%8F%EF%BC%9A%E5%A4%9A%E8%81%9E%E5%A4%A9%20%3F%20%E5%BA%83%E7%9B%AE%E5%A4%A9%20%3F%20%E5%A2%97%E9%95%B7%E5%A4%A9%20%3F%20%E6%8C%81%E5%9B%BD%E5%A4%A9%E3%80%91%E7%BE%8E%E8%A1%93%E5%93%81%20%E7%8E%84%E9%96%A2%E3%81%8A%E3%81%8D%E3%82%82%E3%81%AE%E9%A2%A8%E6%B0%B4%20%E5%AE%88%E8%AD%B7%E7%A5%9E%20%E5%AE%88%E8%AD%B7%20%E7%B9%81%E7%9B%9B%20%E3%81%94 HTTP/1.1" 200 29833 "-" "Mozilla/5.0 (Linux; Android 6.0.1; Nexus 5X Build/MMB29P) AppleWebKit/537.36 (KHTML, like Gecko) Chrome/137.0.7151.103 Mobile Safari/537.36 (compatible; Googlebot/2.1; +http://www.google.com/bot.html)"
114.119.137.28 - - [17/Jul/2025:09:19:39 -0400] "GET /2020/09/24/banofee-pie-by-umaima-sameer/ HTTP/1.1" 200 18549 "https://fnf.group/2020/09/24/banana-split-by-muniza-adnan/" "Mozilla/5.0 (Linux; Android 7.0;) AppleWebKit/537.36 (KHTML, like Gecko) Mobile Safari/537.36 (compatible; PetalBot;+https://webmaster.petalsearch.com/site/petalbot)"
20.244.26.188 - - [17/Jul/2025:09:19:42 -0400] "GET /wp-admin/js/widgets/ HTTP/1.1" 200 1252 "binance.com" "Mozilla/5.0 (Windows NT 10.0; Win64; x64) AppleWebKit/537.36 (KHTML, like Gecko) Chrome/90.0.4430.85 Safari/537.36"
20.244.26.188 - - [17/Jul/2025:09:19:51 -0400] "GET /wp-includes/ HTTP/1.1" 200 7162 "binance.com" "Mozilla/5.0 (Windows NT 10.0; Win64; x64) AppleWebKit/537.36 (KHTML, like Gecko) Chrome/90.0.4430.85 Safari/537.36"
20.244.26.188 - - [17/Jul/2025:09:20:01 -0400] "GET /wp-includes/ HTTP/1.1" 200 7162 "binance.com" "Mozilla/5.0 (Windows NT 10.0; Win64; x64) AppleWebKit/537.36 (KHTML, like Gecko) Chrome/90.0.4430.85 Safari/537.36"
66.249.68.130 - - [17/Jul/2025:09:20:01 -0400] "GET /?n=18846129875204&channel=7fda8d&from=category-info.php%3Fid%3D1298752-8423%26name%3D%E3%82%B1%E3%83%BC%E3%83%96%E3%83%AB%E3%82%B9%E3%83%AA%E3%83%BC%E3%83%96+%E6%B8%A9%E5%BA%A6%E6%8A%B5%E6%8A%97%E3%82%A2%E3%83%83%E3%83%97%E3%82%AA%E3%83%BC%E3%82%AC%E3%83%8A%E3%82%A4%E3%82%B6%E3%83%BC+%E3%82%B3%E3%82%A4%E3%83%AB%E3%83%AF%E3%82%A4%E3%83%A4%E3%83%BC+%E7%AE%A1%E7%90%86%E5%B7%BB%E5%8F%96%E3%82%8A%E3%83%81%E3%83%A5%E3%83%BC%E3%83%96+%E3%82%AA%E3%83%BC%E3%83%97%E3%83%B3%E3%82%BF%E3%82%A4%E3%83%97+%E3%82%AF%E3%83%AA%E3%83%83%E3%83%97%E4%BB%98%E3%81%8D+10%E3%83%A1%E3%83%BC%E3%83%88%E3%83%AB+%E3%82%B0%E3%83%AC HTTP/1.1" 301 0 "-" "Mozilla/5.0 (Linux; Android 6.0.1; Nexus 5X Build/MMB29P) AppleWebKit/537.36 (KHTML, like Gecko) Chrome/137.0.7151.103 Mobile Safari/537.36 (compatible; Googlebot/2.1; +http://www.google.com/bot.html)"
66.249.79.5 - - [17/Jul/2025:09:20:01 -0400] "GET /?n=5655957970702&channel=fb9a77&from=pin.php%3Fid%3D579707-8857%26name%3D%E3%82%AA%E3%83%BC%E3%83%88%E3%83%90%E3%82%A4%E3%81%AE%E3%83%9E%E3%83%83%E3%83%89%E3%82%AC%E3%83%BC%E3%83%89%E3%83%95%E3%82%A7%E3%82%A2%E3%83%AA%E3%83%B3%E3%82%B0+%E3%82%AA%E3%83%BC%E3%83%88%E3%83%90%E3%82%A4%E3%83%AA%E3%82%A2%E3%82%A8%E3%82%AF%E3%82%B9%E3%83%86%E3%83%B3%E3%83%80%E3%83%BC%E3%83%8F%E3%82%AC%E3%83%BC%E3%83%9E%E3%83%83%E3%83%89%E3%82%AC%E3%83%BC%E3%83%89%E3%83%AA%E3%82%A2%E3%83%95%E3%82%A7%E3%83%B3%E3%83%80%E3%83%BC+For+NC700X+%E7%94%A8NC70 HTTP/1.1" 301 0 "-" "Mozilla/5.0 (Linux; Android 6.0.1; Nexus 5X Build/MMB29P) AppleWebKit/537.36 (KHTML, like Gecko) Chrome/137.0.7151.103 Mobile Safari/537.36 (compatible; Googlebot/2.1; +http://www.google.com/bot.html)"
66.249.79.3 - - [17/Jul/2025:09:20:02 -0400] "GET /?n=0027246865800&channel=a73c71&from=article.php%3Fid%3D468658-10040%26name%3D%E3%83%AC%E3%82%B6%E3%83%BC%E3%82%A6%E3%82%A9%E3%83%83%E3%83%81%E3%82%AA%E3%83%BC%E3%82%AC%E3%83%8A%E3%82%A4%E3%82%B6%E3%83%BC%E3%80%81%E3%83%90%E3%83%AC%E3%83%83%E3%83%88%E5%BC%95%E3%81%8D%E5%87%BA%E3%81%97%E4%BB%98%E3%81%8D12%E3%82%B9%E3%83%AD%E3%83%83%E3%83%88%E3%82%A6%E3%82%A9%E3%83%83%E3%83%81%E3%82%B8%E3%83%A5%E3%82%A8%E3%83%AA%E3%83%BC%E3%83%9C%E3%83%83%E3%82%AF%E3%82%B9%E3%80%81%E3%82%B8%E3%83%A5%E3%82%A8%E3%83%AA%E3%83%BC%E3%82%A6%E3%82%A9%E3%83%83%E3%83%81%E3%83%90%E3%83%B3%E3%83%89%E3%82%AB%E3%83%95%E3%82%B9%E3%83%9C%E3%82%BF%E3%83%B3%E7%94%A8%E3%83%87%E3%82%A3 HTTP/1.1" 200 29837 "-" "Mozilla/5.0 (Linux; Android 6.0.1; Nexus 5X Build/MMB29P) AppleWebKit/537.36 (KHTML, like Gecko) Chrome/137.0.7151.103 Mobile Safari/537.36 (compatible; Googlebot/2.1; +http://www.google.com/bot.html)"
66.249.79.5 - - [17/Jul/2025:09:20:05 -0400] "GET /?n=18846129875204&channel=7fda8d&from=category-info.php%3Fid%3D1298752-8423%26name%3D%E3%82%B1%E3%83%BC%E3%83%96%E3%83%AB%E3%82%B9%E3%83%AA%E3%83%BC%E3%83%96%20%E6%B8%A9%E5%BA%A6%E6%8A%B5%E6%8A%97%E3%82%A2%E3%83%83%E3%83%97%E3%82%AA%E3%83%BC%E3%82%AC%E3%83%8A%E3%82%A4%E3%82%B6%E3%83%BC%20%E3%82%B3%E3%82%A4%E3%83%AB%E3%83%AF%E3%82%A4%E3%83%A4%E3%83%BC%20%E7%AE%A1%E7%90%86%E5%B7%BB%E5%8F%96%E3%82%8A%E3%83%81%E3%83%A5%E3%83%BC%E3%83%96%20%E3%82%AA%E3%83%BC%E3%83%97%E3%83%B3%E3%82%BF%E3%82%A4%E3%83%97%20%E3%82%AF%E3%83%AA%E3%83%83%E3%83%97%E4%BB%98%E3%81%8D%2010%E3%83%A1%E3%83%BC%E3%83%88%E3%83%AB%20%E3%82%B0%E3%83%AC HTTP/1.1" 200 29823 "-" "Mozilla/5.0 (Linux; Android 6.0.1; Nexus 5X Build/MMB29P) AppleWebKit/537.36 (KHTML, like Gecko) Chrome/137.0.7151.103 Mobile Safari/537.36 (compatible; Googlebot/2.1; +http://www.google.com/bot.html)"
66.249.79.3 - - [17/Jul/2025:09:20:05 -0400] "GET /?n=5655957970702&channel=fb9a77&from=pin.php%3Fid%3D579707-8857%26name%3D%E3%82%AA%E3%83%BC%E3%83%88%E3%83%90%E3%82%A4%E3%81%AE%E3%83%9E%E3%83%83%E3%83%89%E3%82%AC%E3%83%BC%E3%83%89%E3%83%95%E3%82%A7%E3%82%A2%E3%83%AA%E3%83%B3%E3%82%B0%20%E3%82%AA%E3%83%BC%E3%83%88%E3%83%90%E3%82%A4%E3%83%AA%E3%82%A2%E3%82%A8%E3%82%AF%E3%82%B9%E3%83%86%E3%83%B3%E3%83%80%E3%83%BC%E3%83%8F%E3%82%AC%E3%83%BC%E3%83%9E%E3%83%83%E3%83%89%E3%82%AC%E3%83%BC%E3%83%89%E3%83%AA%E3%82%A2%E3%83%95%E3%82%A7%E3%83%B3%E3%83%80%E3%83%BC%20For%20NC700X%20%E7%94%A8NC70 HTTP/1.1" 200 29827 "-" "Mozilla/5.0 (Linux; Android 6.0.1; Nexus 5X Build/MMB29P) AppleWebKit/537.36 (KHTML, like Gecko) Chrome/137.0.7151.103 Mobile Safari/537.36 (compatible; Googlebot/2.1; +http://www.google.com/bot.html)"
20.244.26.188 - - [17/Jul/2025:09:20:11 -0400] "GET /wp-includes/block-bindings.php HTTP/1.1" 403 1242 "binance.com" "Mozilla/5.0 (Windows NT 10.0; Win64; x64) AppleWebKit/537.36 (KHTML, like Gecko) Chrome/90.0.4430.85 Safari/537.36"
20.244.26.188 - - [17/Jul/2025:09:20:24 -0400] "GET /wp-includes/block-editor.php HTTP/1.1" 403 1242 "binance.com" "Mozilla/5.0 (Windows NT 10.0; Win64; x64) AppleWebKit/537.36 (KHTML, like Gecko) Chrome/90.0.4430.85 Safari/537.36"
20.244.26.188 - - [17/Jul/2025:09:20:35 -0400] "GET /wp-includes/block-template-utils.php HTTP/1.1" 403 1242 "binance.com" "Mozilla/5.0 (Windows NT 10.0; Win64; x64) AppleWebKit/537.36 (KHTML, like Gecko) Chrome/90.0.4430.85 Safari/537.36"
63.250.38.117 - - [17/Jul/2025:09:20:55 -0400] "POST /wp-cron.php?doing_wp_cron=1752758455.2990100383758544921875 HTTP/1.1" 403 1242 "-" "WordPress/6.8.1; https://fnf.group"
66.249.68.130 - - [17/Jul/2025:09:20:52 -0400] "GET /?n=577465561500&channel=19dc91&from=jp.php%3Fid%3D55615-5400%26name%3DRapha+%E3%83%A9%E3%83%95%E3%82%A1+Core+Lightweight+%E3%82%B5%E3%82%A4%E3%82%AF%E3%83%AA%E3%83%B3%E3%82%B0%E3%82%B8%E3%83%A3%E3%83%BC%E3%82%B8+Black%2FWhite HTTP/1.1" 301 0 "-" "Mozilla/5.0 (Linux; Android 6.0.1; Nexus 5X Build/MMB29P) AppleWebKit/537.36 (KHTML, like Gecko) Chrome/137.0.7151.103 Mobile Safari/537.36 (compatible; Googlebot/2.1; +http://www.google.com/bot.html)"
66.249.79.4 - - [17/Jul/2025:09:20:56 -0400] "GET /?n=577465561500&channel=19dc91&from=jp.php%3Fid%3D55615-5400%26name%3DRapha%20%E3%83%A9%E3%83%95%E3%82%A1%20Core%20Lightweight%20%E3%82%B5%E3%82%A4%E3%82%AF%E3%83%AA%E3%83%B3%E3%82%B0%E3%82%B8%E3%83%A3%E3%83%BC%E3%82%B8%20Black%2FWhite HTTP/1.1" 200 29828 "-" "Mozilla/5.0 (Linux; Android 6.0.1; Nexus 5X Build/MMB29P) AppleWebKit/537.36 (KHTML, like Gecko) Chrome/137.0.7151.103 Mobile Safari/537.36 (compatible; Googlebot/2.1; +http://www.google.com/bot.html)"
20.244.26.188 - - [17/Jul/2025:09:20:59 -0400] "GET /wp-includes/block-template.php HTTP/1.1" 403 1242 "binance.com" "Mozilla/5.0 (Windows NT 10.0; Win64; x64) AppleWebKit/537.36 (KHTML, like Gecko) Chrome/90.0.4430.85 Safari/537.36"
114.119.137.28 - - [17/Jul/2025:09:21:01 -0400] "GET /tag/umaima-sameer HTTP/1.1" 301 0 "https://fnf.group/2020/12/13/smoked-turkey-sandwiches-by-umaima-sameer" "Mozilla/5.0 (Linux; Android 7.0;) AppleWebKit/537.36 (KHTML, like Gecko) Mobile Safari/537.36 (compatible; PetalBot;+https://webmaster.petalsearch.com/site/petalbot)"
114.119.137.28 - - [17/Jul/2025:09:21:04 -0400] "GET /tag/umaima-sameer/ HTTP/1.1" 200 14434 "https://fnf.group/2020/12/13/smoked-turkey-sandwiches-by-umaima-sameer" "Mozilla/5.0 (Linux; Android 7.0;) AppleWebKit/537.36 (KHTML, like Gecko) Mobile Safari/537.36 (compatible; PetalBot;+https://webmaster.petalsearch.com/site/petalbot)"
20.244.26.188 - - [17/Jul/2025:09:21:09 -0400] "GET /wp-includes/class-avif-info.php HTTP/1.1" 403 1242 "binance.com" "Mozilla/5.0 (Windows NT 10.0; Win64; x64) AppleWebKit/537.36 (KHTML, like Gecko) Chrome/90.0.4430.85 Safari/537.36"
20.244.26.188 - - [17/Jul/2025:09:21:20 -0400] "GET /wp-includes/class-wp-block-bindings-registry.php HTTP/1.1" 403 1242 "binance.com" "Mozilla/5.0 (Windows NT 10.0; Win64; x64) AppleWebKit/537.36 (KHTML, like Gecko) Chrome/90.0.4430.85 Safari/537.36"
20.244.26.188 - - [17/Jul/2025:09:21:31 -0400] "GET /wp-includes/class-wp-block-bindings-source.php HTTP/1.1" 403 1242 "binance.com" "Mozilla/5.0 (Windows NT 10.0; Win64; x64) AppleWebKit/537.36 (KHTML, like Gecko) Chrome/90.0.4430.85 Safari/537.36"
66.249.68.130 - - [17/Jul/2025:09:21:30 -0400] "GET /?n=3239628698701&channel=e96c99&from=pin.php%3Fid%3D286987-7003%26name%3D%E3%80%90%E7%BE%8E%E5%93%81%E3%80%91%E3%82%B1%E3%83%84%E3%83%88%E7%A7%91%E5%AD%A6+%E7%B1%B3%E9%BA%A6%E6%B0%B4%E5%88%86%E8%A8%88+%E3%83%A9%E3%82%A4%E3%82%B9%E3%82%BFf HTTP/1.1" 301 0 "-" "Mozilla/5.0 (Linux; Android 6.0.1; Nexus 5X Build/MMB29P) AppleWebKit/537.36 (KHTML, like Gecko) Chrome/137.0.7151.103 Mobile Safari/537.36 (compatible; Googlebot/2.1; +http://www.google.com/bot.html)"
66.249.79.5 - - [17/Jul/2025:09:21:32 -0400] "GET /?n=3239628698701&channel=e96c99&from=pin.php%3Fid%3D286987-7003%26name%3D%E3%80%90%E7%BE%8E%E5%93%81%E3%80%91%E3%82%B1%E3%83%84%E3%83%88%E7%A7%91%E5%AD%A6%20%E7%B1%B3%E9%BA%A6%E6%B0%B4%E5%88%86%E8%A8%88%20%E3%83%A9%E3%82%A4%E3%82%B9%E3%82%BFf HTTP/1.1" 200 29829 "-" "Mozilla/5.0 (Linux; Android 6.0.1; Nexus 5X Build/MMB29P) AppleWebKit/537.36 (KHTML, like Gecko) Chrome/137.0.7151.103 Mobile Safari/537.36 (compatible; Googlebot/2.1; +http://www.google.com/bot.html)"
20.244.26.188 - - [17/Jul/2025:09:21:43 -0400] "GET /wp-includes/class-wp-block-editor-context.php HTTP/1.1" 403 1242 "binance.com" "Mozilla/5.0 (Windows NT 10.0; Win64; x64) AppleWebKit/537.36 (KHTML, like Gecko) Chrome/90.0.4430.85 Safari/537.36"
20.244.26.188 - - [17/Jul/2025:09:21:54 -0400] "GET /wp-includes/class-wp-block-metadata-registry.php HTTP/1.1" 403 1242 "binance.com" "Mozilla/5.0 (Windows NT 10.0; Win64; x64) AppleWebKit/537.36 (KHTML, like Gecko) Chrome/90.0.4430.85 Safari/537.36"
20.244.26.188 - - [17/Jul/2025:09:22:04 -0400] "GET /wp-includes/class-wp-block-parser-block.php HTTP/1.1" 403 1242 "binance.com" "Mozilla/5.0 (Windows NT 10.0; Win64; x64) AppleWebKit/537.36 (KHTML, like Gecko) Chrome/90.0.4430.85 Safari/537.36"
20.244.26.188 - - [17/Jul/2025:09:22:15 -0400] "GET /wp-includes/class-wp-block-parser-frame.php HTTP/1.1" 403 1242 "binance.com" "Mozilla/5.0 (Windows NT 10.0; Win64; x64) AppleWebKit/537.36 (KHTML, like Gecko) Chrome/90.0.4430.85 Safari/537.36"
20.244.26.188 - - [17/Jul/2025:09:22:24 -0400] "GET /wp-includes/class-wp-block-template.php HTTP/1.1" 403 1242 "binance.com" "Mozilla/5.0 (Windows NT 10.0; Win64; x64) AppleWebKit/537.36 (KHTML, like Gecko) Chrome/90.0.4430.85 Safari/537.36"
63.250.38.117 - - [17/Jul/2025:09:22:28 -0400] "POST /wp-cron.php?doing_wp_cron=1752758548.5238270759582519531250 HTTP/1.1" 403 1242 "-" "WordPress/6.8.1; https://fnf.group"
114.119.154.189 - - [17/Jul/2025:09:22:27 -0400] "GET /tag/tikki HTTP/1.1" 301 0 "http://fnf.group/2020/12/13/aloo-tiki-burger-by-rehana-tahir" "Mozilla/5.0 (Linux; Android 7.0;) AppleWebKit/537.36 (KHTML, like Gecko) Mobile Safari/537.36 (compatible; PetalBot;+https://webmaster.petalsearch.com/site/petalbot)"
114.119.154.189 - - [17/Jul/2025:09:22:29 -0400] "GET /tag/tikki/ HTTP/1.1" 200 14119 "http://fnf.group/2020/12/13/aloo-tiki-burger-by-rehana-tahir" "Mozilla/5.0 (Linux; Android 7.0;) AppleWebKit/537.36 (KHTML, like Gecko) Mobile Safari/537.36 (compatible; PetalBot;+https://webmaster.petalsearch.com/site/petalbot)"
20.244.26.188 - - [17/Jul/2025:09:22:33 -0400] "GET /wp-includes/class-wp-block-templates-registry.php HTTP/1.1" 403 1242 "binance.com" "Mozilla/5.0 (Windows NT 10.0; Win64; x64) AppleWebKit/537.36 (KHTML, like Gecko) Chrome/90.0.4430.85 Safari/537.36"
20.244.26.188 - - [17/Jul/2025:09:22:41 -0400] "GET /wp-includes/class-wp-classic-to-block-menu-converter.php HTTP/1.1" 403 1242 "binance.com" "Mozilla/5.0 (Windows NT 10.0; Win64; x64) AppleWebKit/537.36 (KHTML, like Gecko) Chrome/90.0.4430.85 Safari/537.36"
