66.249.79.4 - - [17/Jul/2025:12:49:05 -0400] "GET /?n=1852293299215&channel=967e4f&from=goods.php%3Fid%3D932992-15709%26name%3D%E3%82%A2%E3%83%B3%E3%83%86%E3%82%A3%E3%83%BC%E3%82%AF+%E3%83%AC%E3%83%88%E3%83%AD+%E3%83%89%E3%83%AC%E3%83%83%E3%82%B5%E3%83%BC+%E9%8F%A1%E5%8F%B0+%E3%81%99%E3%81%9A%E3%82%89%E3%82%93%E3%83%A9%E3%82%A4%E3%83%88++%28%E6%A4%85%E5%AD%90%E3%81%AF%E5%88%A5%E3%83%9A%E3%83%BC%E3%82%B8%E5%87%BA%E5%93%81%E4%B8%AD%29%EF%BC%88%E6%98%AD%E5%92%8C%E3%83%AC%E3%83%88%E3%83%AD+%E9%88%B4%E6%9C%A8%E6%9C%A8%E5%B7%A5+%E6%9C%A8%E8%A3%BD+%E3%82%B3%E3%83%B3%E3%83%91%E3%82%AF%E3%83%88%E3%83%89%E3%83%AC%E3%83%83%E3%82%B5%E3%83%BC+%E3%82%A8%E3%83%BC%E3%83%86%E3%83%AB+%E9%8F%A1%E5%8F%B0+%E6%A4%85%E5%AD%90%E4%BB%98%E3%81%8D+%E3%83%93%E3%83%B3%E3%83%86%E3%83%BC%E3%82%B8%EF%BC%89 HTTP/1.1" 301 0 "-" "Mozilla/5.0 (Linux; Android 6.0.1; Nexus 5X Build/MMB29P) AppleWebKit/537.36 (KHTML, like Gecko) Chrome/137.0.7151.103 Mobile Safari/537.36 (compatible; Googlebot/2.1; +http://www.google.com/bot.html)"
66.249.79.2 - - [17/Jul/2025:12:49:10 -0400] "GET /?n=1852293299215&channel=967e4f&from=goods.php%3Fid%3D932992-15709%26name%3D%E3%82%A2%E3%83%B3%E3%83%86%E3%82%A3%E3%83%BC%E3%82%AF%20%E3%83%AC%E3%83%88%E3%83%AD%20%E3%83%89%E3%83%AC%E3%83%83%E3%82%B5%E3%83%BC%20%E9%8F%A1%E5%8F%B0%20%E3%81%99%E3%81%9A%E3%82%89%E3%82%93%E3%83%A9%E3%82%A4%E3%83%88%20%20%28%E6%A4%85%E5%AD%90%E3%81%AF%E5%88%A5%E3%83%9A%E3%83%BC%E3%82%B8%E5%87%BA%E5%93%81%E4%B8%AD%29%EF%BC%88%E6%98%AD%E5%92%8C%E3%83%AC%E3%83%88%E3%83%AD%20%E9%88%B4%E6%9C%A8%E6%9C%A8%E5%B7%A5%20%E6%9C%A8%E8%A3%BD%20%E3%82%B3%E3%83%B3%E3%83%91%E3%82%AF%E3%83%88%E3%83%89%E3%83%AC%E3%83%83%E3%82%B5%E3%83%BC%20%E3%82%A8%E3%83%BC%E3%83%86%E3%83%AB%20%E9%8F%A1%E5%8F%B0%20%E6%A4%85%E5%AD%90%E4%BB%98%E3%81%8D%20%E3%83%93%E3%83%B3%E3%83%86%E3%83%BC%E3%82%B8%EF%BC%89 HTTP/1.1" 200 29832 "-" "Mozilla/5.0 (Linux; Android 6.0.1; Nexus 5X Build/MMB29P) AppleWebKit/537.36 (KHTML, like Gecko) Chrome/137.0.7151.103 Mobile Safari/537.36 (compatible; Googlebot/2.1; +http://www.google.com/bot.html)"
66.249.79.2 - - [17/Jul/2025:12:49:08 -0400] "GET /?n=98098142537703&channel=665759&from=article.php%3Fid%3D1425377-24449%26name%3D%E3%81%8B%E3%82%8F%E3%81%84%E3%81%84%E3%83%86%E3%82%A3%E3%83%83%E3%82%B7%E3%83%A5%E3%83%9C%E3%83%83%E3%82%AF%E3%82%B9%E3%82%AB%E3%83%90%E3%83%BC%E3%80%81%E3%83%86%E3%82%A3%E3%83%83%E3%82%B7%E3%83%A5%E3%83%87%E3%82%A3%E3%82%B9%E3%83%9A%E3%83%B3%E3%82%B5%E3%83%BC%20-%20%E3%82%AD%E3%83%83%E3%83%81%E3%83%B3%E7%94%A8%E3%83%8F%E3%83%BC%E3%83%88%E5%9E%8B%E3%83%87%E3%82%A3%E3%82%B9%E3%83%9A%E3%83%B3%E3%82%B5%E3%83%BC%2C%E8%A3%85%E9%A3%BE%E7%9A%84%E3%81%AA%E3%83%8F%E3%83%BC%E3%83%88%E5%9E%8B%E3%81%AE%E5%8F%8E%E7%B4%8D%E3%83%9C%E3%83%83%E3%82%AF%E3%82%B9%E3%80%81%E3%83%80 HTTP/1.1" 200 29825 "-" "Mozilla/5.0 (Linux; Android 6.0.1; Nexus 5X Build/MMB29P) AppleWebKit/537.36 (KHTML, like Gecko) Chrome/137.0.7151.103 Mobile Safari/537.36 (compatible; Googlebot/2.1; +http://www.google.com/bot.html)"
63.250.38.117 - - [17/Jul/2025:12:49:22 -0400] "POST /wp-cron.php?doing_wp_cron=1752770961.7055919170379638671875 HTTP/1.1" 403 1242 "-" "WordPress/6.8.1; https://fnf.group"
66.249.79.2 - - [17/Jul/2025:12:49:18 -0400] "GET /?n=0971858953101&channel=9cf605&from=article.php%3Fid%3D589531-12082%26name%3D%E3%82%AA%E3%83%95%E3%82%A3%E3%82%B9%E3%83%81%E3%82%A7%E3%82%A2%E3%80%81%E4%BA%BA%E9%96%93%E5%B7%A5%E5%AD%A6%E3%81%AB%E5%9F%BA%E3%81%A5%E3%81%84%E3%81%9F%E3%82%AA%E3%83%95%E3%82%A3%E3%82%B9%E3%83%81%E3%82%A7%E3%82%A2%E3%80%81%E9%AB%98%E3%81%95%E8%AA%BF%E7%AF%80%E5%8F%AF%E8%83%BD%E3%81%AA%E5%9B%9E%E8%BB%A2%E3%82%B7%E3%83%BC%E3%83%88%E3%82%B3%E3%83%B3%E3%83%94%E3%83%A5%E3%83%BC%E3%82%BF%E3%83%81%E3%82%A7%E3%82%A2%E3%80%81%E3%83%8F%E3%82%A4%E3%83%90%E3%83%83%E3%82%AF%E3%83%9E%E3%83%8D%E3%83%BC%E3%82%B8%E3%83%A1%E3%83%B3%E3%83%88%E3%82%A8%E3%82%B0%E3%82%BC%E3%82%AF%E3%83%86%E3%82%A3%E3%83%96 HTTP/1.1" 200 29832 "-" "Mozilla/5.0 (Linux; Android 6.0.1; Nexus 5X Build/MMB29P) AppleWebKit/537.36 (KHTML, like Gecko) Chrome/137.0.7151.103 Mobile Safari/537.36 (compatible; Googlebot/2.1; +http://www.google.com/bot.html)"
66.249.79.2 - - [17/Jul/2025:12:49:31 -0400] "GET /?n=78472183012300&channel=e13b62&from=product.php%3Fid%3D1830123-5711%26name%3D%E3%83%9E%E3%82%AD%E3%82%B7+%E3%83%AF%E3%83%B3%E3%83%94%E3%83%BC%E3%82%B9+%E5%A4%8F+%E3%83%AC%E3%83%87%E3%82%A3%E3%83%BC%E3%82%B9+%E5%8D%8A%E8%A2%96+%E3%81%8D%E3%82%8C%E3%81%84%E3%82%81+%E7%B7%8F%E6%9F%84+%E8%8A%B1%E6%9F%84+%E3%83%AD%E3%83%B3%E3%82%B0%E4%B8%88+V%E3%83%8D%E3%83%83%E3%82%AF+%E3%83%9E%E3%82%AD%E3%82%B7%E3%83%AF%E3%83%B3%E3%83%94%E3%83%BC%E3%82%B9+%E3%82%AB%E3%82%B8%E3%83%A5%E3%82%A2%E3%83%AB+%E4%BD%93%E5%9E%8B%E3%82%AB%E3%83%90%E3%83%BC+%E3%81%8A%E3%81%97%E3%82%83%E3%82%8C+%E3%83%AD%E3%83%B3%E3%82%B0%E3%83%AF%E3%83%B3%E3%83%94%E3%83%BC%E3%82%B9+%E3%83%9E%E3%82%AD%E3%82%B7%E4%B8%88+%E7%B7%8F%E6%9F%84%E3%83%AF%E3%83%B3%E3%83%94+%E3%81%8B%E3%82%8F%E3%81%84%E3%81%84+%E5%A4%A7%E4%BA%BA+%E8%8A%B1%E6%9F%84%E3%83%AF%E3%83%B3%E3%83%94%E3%83%BC%E3%82%B9+%E3%83%95%E3%82%A1%E3%83%83%E3%82%B7%E3%83%A7%E3%83%B3+%E3%83%95%E3%82%A1%E3%83%83%E3%82%B7%E3%83%A7%E3%83%B3+%E3%83%95%E3%83%AA%E3%83%BC%E3%82%B5%E3%82%A4%E3%82%BA+%E5%A4%A7%E3%81%8D%E3%81%84%E3%82%B5%E3%82%A4%E3%82%BA+%E3%83%97%E3%83%AC%E3%82%BC%E3%83%B3%E3%83%88 HTTP/1.1" 301 0 "-" "Mozilla/5.0 (Linux; Android 6.0.1; Nexus 5X Build/MMB29P) AppleWebKit/537.36 (KHTML, like Gecko) Chrome/137.0.7151.103 Mobile Safari/537.36 (compatible; Googlebot/2.1; +http://www.google.com/bot.html)"
66.249.79.2 - - [17/Jul/2025:12:49:35 -0400] "GET /?n=78472183012300&channel=e13b62&from=product.php%3Fid%3D1830123-5711%26name%3D%E3%83%9E%E3%82%AD%E3%82%B7%20%E3%83%AF%E3%83%B3%E3%83%94%E3%83%BC%E3%82%B9%20%E5%A4%8F%20%E3%83%AC%E3%83%87%E3%82%A3%E3%83%BC%E3%82%B9%20%E5%8D%8A%E8%A2%96%20%E3%81%8D%E3%82%8C%E3%81%84%E3%82%81%20%E7%B7%8F%E6%9F%84%20%E8%8A%B1%E6%9F%84%20%E3%83%AD%E3%83%B3%E3%82%B0%E4%B8%88%20V%E3%83%8D%E3%83%83%E3%82%AF%20%E3%83%9E%E3%82%AD%E3%82%B7%E3%83%AF%E3%83%B3%E3%83%94%E3%83%BC%E3%82%B9%20%E3%82%AB%E3%82%B8%E3%83%A5%E3%82%A2%E3%83%AB%20%E4%BD%93%E5%9E%8B%E3%82%AB%E3%83%90%E3%83%BC%20%E3%81%8A%E3%81%97%E3%82%83%E3%82%8C%20%E3%83%AD%E3%83%B3%E3%82%B0%E3%83%AF%E3%83%B3%E3%83%94%E3%83%BC%E3%82%B9%20%E3%83%9E%E3%82%AD%E3%82%B7%E4%B8%88%20%E7%B7%8F%E6%9F%84%E3%83%AF%E3%83%B3%E3%83%94%20%E3%81%8B%E3%82%8F%E3%81%84%E3%81%84%20%E5%A4%A7%E4%BA%BA%20%E8%8A%B1%E6%9F%84%E3%83%AF%E3%83%B3%E3%83%94%E3%83%BC%E3%82%B9%20%E3%83%95%E3%82%A1%E3%83%83%E3%82%B7%E3%83%A7%E3%83%B3%20%E3%83%95%E3%82%A1%E3%83%83%E3%82%B7%E3%83%A7%E3%83%B3%20%E3%83%95%E3%83%AA%E3%83%BC%E3%82%B5%E3%82%A4%E3%82%BA%20%E5%A4%A7%E3%81%8D%E3%81%84%E3%82%B5%E3%82%A4%E3%82%BA%20%E3%83%97%E3%83%AC%E3%82%BC%E3%83%B3%E3%83%88 HTTP/1.1" 200 29829 "-" "Mozilla/5.0 (Linux; Android 6.0.1; Nexus 5X Build/MMB29P) AppleWebKit/537.36 (KHTML, like Gecko) Chrome/137.0.7151.103 Mobile Safari/537.36 (compatible; Googlebot/2.1; +http://www.google.com/bot.html)"
213.209.150.137 - - [17/Jul/2025:12:49:40 -0400] "POST /wp-login.php?action=register HTTP/1.1" 302 0 "-" "-"
66.249.68.129 - - [17/Jul/2025:12:49:45 -0400] "GET /?n=9918771437003&channel=02d6d9&from=goods.php%3Fid%3D714370-9856%26name%3D%E3%83%8F%E3%83%B3%E3%83%A2%E3%83%83%E3%82%AF%E3%83%81%E3%82%A7%E3%82%A2+%E3%82%A2%E3%82%A6%E3%83%88%E3%83%89%E3%82%A23+1%E3%81%AE%E5%AD%90%E3%81%A9%E3%82%82%E3%81%9F%E3%81%A1%E3%81%AF%E3%80%81%E8%AA%BF%E7%AF%80%E5%8F%AF%E8%83%BD%E3%83%8F%E3%83%B3%E3%83%A2%E3%83%83%E3%82%AF%E3%83%81%E3%82%A7%E3%82%A2%E3%82%AD%E3%83%A3%E3%83%B3%E3%83%97%E3%83%99%E3%83%93%E3%83%BC%E3%83%AD%E3%83%83%E3%82%AD%E3%83%B3%E3%82%B0%E3%83%81%E3%82%A7%E3%82%A2%E3%82%92%E8%A2%AB%E3%81%9B%E3%82%B9%E3%82%A4%E3%83%B3%E3%82%B0+%E5%AE%A4%E5%86%85+%E6%88%B8%E5%A4%96 HTTP/1.1" 301 0 "-" "Mozilla/5.0 (Linux; Android 6.0.1; Nexus 5X Build/MMB29P) AppleWebKit/537.36 (KHTML, like Gecko) Chrome/137.0.7151.103 Mobile Safari/537.36 (compatible; Googlebot/2.1; +http://www.google.com/bot.html)"
66.249.79.2 - - [17/Jul/2025:12:49:50 -0400] "GET /?n=9918771437003&channel=02d6d9&from=goods.php%3Fid%3D714370-9856%26name%3D%E3%83%8F%E3%83%B3%E3%83%A2%E3%83%83%E3%82%AF%E3%83%81%E3%82%A7%E3%82%A2%20%E3%82%A2%E3%82%A6%E3%83%88%E3%83%89%E3%82%A23%201%E3%81%AE%E5%AD%90%E3%81%A9%E3%82%82%E3%81%9F%E3%81%A1%E3%81%AF%E3%80%81%E8%AA%BF%E7%AF%80%E5%8F%AF%E8%83%BD%E3%83%8F%E3%83%B3%E3%83%A2%E3%83%83%E3%82%AF%E3%83%81%E3%82%A7%E3%82%A2%E3%82%AD%E3%83%A3%E3%83%B3%E3%83%97%E3%83%99%E3%83%93%E3%83%BC%E3%83%AD%E3%83%83%E3%82%AD%E3%83%B3%E3%82%B0%E3%83%81%E3%82%A7%E3%82%A2%E3%82%92%E8%A2%AB%E3%81%9B%E3%82%B9%E3%82%A4%E3%83%B3%E3%82%B0%20%E5%AE%A4%E5%86%85%20%E6%88%B8%E5%A4%96 HTTP/1.1" 200 29831 "-" "Mozilla/5.0 (Linux; Android 6.0.1; Nexus 5X Build/MMB29P) AppleWebKit/537.36 (KHTML, like Gecko) Chrome/137.0.7151.103 Mobile Safari/537.36 (compatible; Googlebot/2.1; +http://www.google.com/bot.html)"
66.249.68.129 - - [17/Jul/2025:12:49:59 -0400] "GET /?n=5328847473500&channel=72b071&from=jp.php%3Fid%3D474735-3037%26name%3D%E3%83%95%E3%82%A1%E3%83%9F%E3%83%AA%E3%82%A2%EF%BD%98JAL%E3%82%B7%E3%83%A7%E3%83%83%E3%83%94%E3%83%B3%E3%82%B0+%E3%82%AD%E3%83%A3%E3%83%93%E3%83%B3%E3%82%A2%E3%83%86%E3%83%B3%E3%83%80%E3%83%B3%E3%83%88%EF%BC%88ITM%EF%BC%89+%E3%83%81%E3%83%A3%E3%83%BC%E3%83%A0 HTTP/1.1" 301 0 "-" "Mozilla/5.0 (Linux; Android 6.0.1; Nexus 5X Build/MMB29P) AppleWebKit/537.36 (KHTML, like Gecko) Chrome/137.0.7151.103 Mobile Safari/537.36 (compatible; Googlebot/2.1; +http://www.google.com/bot.html)"
213.209.150.137 - - [17/Jul/2025:12:49:54 -0400] "POST /wp-login.php?action=register HTTP/1.1" 302 0 "-" "-"
170.106.35.187 - - [17/Jul/2025:12:50:03 -0400] "GET / HTTP/1.1" 301 0 "http://www.fnf.group" "Mozilla/5.0 (iPhone; CPU iPhone OS 13_2_3 like Mac OS X) AppleWebKit/605.1.15 (KHTML, like Gecko) Version/13.0.3 Mobile/15E148 Safari/604.1"
66.249.79.2 - - [17/Jul/2025:12:50:05 -0400] "GET /?n=5328847473500&channel=72b071&from=jp.php%3Fid%3D474735-3037%26name%3D%E3%83%95%E3%82%A1%E3%83%9F%E3%83%AA%E3%82%A2%EF%BD%98JAL%E3%82%B7%E3%83%A7%E3%83%83%E3%83%94%E3%83%B3%E3%82%B0%20%E3%82%AD%E3%83%A3%E3%83%93%E3%83%B3%E3%82%A2%E3%83%86%E3%83%B3%E3%83%80%E3%83%B3%E3%83%88%EF%BC%88ITM%EF%BC%89%20%E3%83%81%E3%83%A3%E3%83%BC%E3%83%A0 HTTP/1.1" 200 29832 "-" "Mozilla/5.0 (Linux; Android 6.0.1; Nexus 5X Build/MMB29P) AppleWebKit/537.36 (KHTML, like Gecko) Chrome/137.0.7151.103 Mobile Safari/537.36 (compatible; Googlebot/2.1; +http://www.google.com/bot.html)"
170.106.35.187 - - [17/Jul/2025:12:50:12 -0400] "GET / HTTP/1.1" 200 29835 "https://www.fnf.group/" "Mozilla/5.0 (iPhone; CPU iPhone OS 13_2_3 like Mac OS X) AppleWebKit/605.1.15 (KHTML, like Gecko) Version/13.0.3 Mobile/15E148 Safari/604.1"
213.209.150.137 - - [17/Jul/2025:12:50:16 -0400] "POST /wp-login.php?action=register HTTP/1.1" 302 0 "-" "-"
63.250.38.117 - - [17/Jul/2025:12:50:25 -0400] "POST /wp-cron.php?doing_wp_cron=1752771024.6838970184326171875000 HTTP/1.1" 403 1242 "-" "WordPress/6.8.1; https://fnf.group"
66.249.68.129 - - [17/Jul/2025:12:50:19 -0400] "GET /?n=93480147417004&channel=10a41c&from=pin.php%3Fid%3D1474170-12672%26name%3D10mm%E3%81%AE%E8%A6%81%E7%B4%A0%E3%82%AD%E3%83%A5%E3%83%BC%E3%83%96%E3%82%92%E4%BF%9D%E7%AE%A1%E3%81%BE%E3%81%9F%E3%81%AF%E5%B1%95%E7%A4%BA%E3%81%99%E3%82%8B%E3%81%9F%E3%82%81%E3%81%AE%E9%80%8F%E6%98%8E%E3%82%A2%E3%82%AF%E3%83%AA%E3%83%AB%E8%A3%BD%E7%A9%BA%E7%AE%B110%E5%80%8B%E3%80%81%E9%80%8F%E6%98%8E%E3%82%AD%E3%83%A5%E3%83%BC%E3%83%96%E3%83%9C%E3%83%83%E3%82%AF%E3%82%B9 HTTP/1.1" 301 0 "-" "Mozilla/5.0 (Linux; Android 6.0.1; Nexus 5X Build/MMB29P) AppleWebKit/537.36 (KHTML, like Gecko) Chrome/137.0.7151.103 Mobile Safari/537.36 (compatible; Googlebot/2.1; +http://www.google.com/bot.html)"
66.249.79.3 - - [17/Jul/2025:12:50:25 -0400] "GET /?n=93480147417004&channel=10a41c&from=pin.php%3Fid%3D1474170-12672%26name%3D10mm%E3%81%AE%E8%A6%81%E7%B4%A0%E3%82%AD%E3%83%A5%E3%83%BC%E3%83%96%E3%82%92%E4%BF%9D%E7%AE%A1%E3%81%BE%E3%81%9F%E3%81%AF%E5%B1%95%E7%A4%BA%E3%81%99%E3%82%8B%E3%81%9F%E3%82%81%E3%81%AE%E9%80%8F%E6%98%8E%E3%82%A2%E3%82%AF%E3%83%AA%E3%83%AB%E8%A3%BD%E7%A9%BA%E7%AE%B110%E5%80%8B%E3%80%81%E9%80%8F%E6%98%8E%E3%82%AD%E3%83%A5%E3%83%BC%E3%83%96%E3%83%9C%E3%83%83%E3%82%AF%E3%82%B9 HTTP/1.1" 200 29833 "-" "Mozilla/5.0 (Linux; Android 6.0.1; Nexus 5X Build/MMB29P) AppleWebKit/537.36 (KHTML, like Gecko) Chrome/137.0.7151.103 Mobile Safari/537.36 (compatible; Googlebot/2.1; +http://www.google.com/bot.html)"
213.209.150.137 - - [17/Jul/2025:12:50:30 -0400] "POST /wp-login.php?action=register HTTP/1.1" 302 0 "-" "-"
66.249.68.129 - - [17/Jul/2025:12:50:46 -0400] "GET /?n=89195131387801&channel=af6912&from=article.php%3Fid%3D1313878-9479%26name%3D%E3%82%A6%E3%82%A9%E3%83%BC%E3%82%BF%E3%83%BC%E3%83%89%E3%83%AA%E3%83%83%E3%83%91%E3%83%BC+%E3%82%AF%E3%83%AA%E3%82%A8%E3%82%A4%E3%83%86%E3%82%A3%E3%83%96%E3%82%B3%E3%83%BC%E3%83%AB%E3%83%89%E3%83%96%E3%83%AA%E3%83%A5%E3%83%BC%E3%82%B3%E3%83%BC%E3%83%92%E3%83%BC%E3%83%A1%E3%83%BC%E3%82%AB%E3%83%BC%E3%80%81%E6%B0%B4%E6%B5%81%E8%AA%BF%E6%95%B4%E3%82%A2%E3%82%A4%E3%82%B9%E3%82%B3%E3%83%BC%E3%83%92%E3%83%BC%E3%83%A1%E3%83%BC%E3%82%AB%E3%83%BC%E3%80%81%E3%83%A1%E3%82%BF%E3%83%AB%E3%83%95%E3%82%A3%E3%83%AB%E3%82%BF%E3%83%BC%E4%BB%98%E3%81%8D%E5%A4%9A%E6%A9%9F%E8%83%BD%E3%82%B5%E3%82%A4 HTTP/1.1" 301 0 "-" "Mozilla/5.0 (Linux; Android 6.0.1; Nexus 5X Build/MMB29P) AppleWebKit/537.36 (KHTML, like Gecko) Chrome/137.0.7151.103 Mobile Safari/537.36 (compatible; Googlebot/2.1; +http://www.google.com/bot.html)"
213.209.150.137 - - [17/Jul/2025:12:50:46 -0400] "POST /wp-login.php?action=register HTTP/1.1" 302 0 "-" "-"
66.249.79.2 - - [17/Jul/2025:12:50:52 -0400] "GET /?n=89195131387801&channel=af6912&from=article.php%3Fid%3D1313878-9479%26name%3D%E3%82%A6%E3%82%A9%E3%83%BC%E3%82%BF%E3%83%BC%E3%83%89%E3%83%AA%E3%83%83%E3%83%91%E3%83%BC%20%E3%82%AF%E3%83%AA%E3%82%A8%E3%82%A4%E3%83%86%E3%82%A3%E3%83%96%E3%82%B3%E3%83%BC%E3%83%AB%E3%83%89%E3%83%96%E3%83%AA%E3%83%A5%E3%83%BC%E3%82%B3%E3%83%BC%E3%83%92%E3%83%BC%E3%83%A1%E3%83%BC%E3%82%AB%E3%83%BC%E3%80%81%E6%B0%B4%E6%B5%81%E8%AA%BF%E6%95%B4%E3%82%A2%E3%82%A4%E3%82%B9%E3%82%B3%E3%83%BC%E3%83%92%E3%83%BC%E3%83%A1%E3%83%BC%E3%82%AB%E3%83%BC%E3%80%81%E3%83%A1%E3%82%BF%E3%83%AB%E3%83%95%E3%82%A3%E3%83%AB%E3%82%BF%E3%83%BC%E4%BB%98%E3%81%8D%E5%A4%9A%E6%A9%9F%E8%83%BD%E3%82%B5%E3%82%A4 HTTP/1.1" 200 29832 "-" "Mozilla/5.0 (Linux; Android 6.0.1; Nexus 5X Build/MMB29P) AppleWebKit/537.36 (KHTML, like Gecko) Chrome/137.0.7151.103 Mobile Safari/537.36 (compatible; Googlebot/2.1; +http://www.google.com/bot.html)"
213.209.150.137 - - [17/Jul/2025:12:51:02 -0400] "POST /wp-login.php?action=register HTTP/1.1" 302 0 "-" "-"
213.209.150.137 - - [17/Jul/2025:12:51:16 -0400] "POST /wp-login.php?action=register HTTP/1.1" 302 0 "-" "-"
63.250.38.117 - - [17/Jul/2025:12:51:31 -0400] "POST /wp-cron.php?doing_wp_cron=1752771091.2149660587310791015625 HTTP/1.1" 403 1242 "-" "WordPress/6.8.1; https://fnf.group"
213.209.150.137 - - [17/Jul/2025:12:51:29 -0400] "POST /wp-login.php?action=register HTTP/1.1" 302 0 "-" "-"
66.249.68.131 - - [17/Jul/2025:12:51:36 -0400] "GET /?n=8982037379301&channel=50762f&from=brands.php%3Fid%3D373793-9527%26name%3D%E3%83%87%E3%82%B3998%E2%99%A1%E3%82%A2%E3%82%A4%E3%82%B3%E3%82%B9%E3%82%B1%E3%83%BC%E3%82%B9%E2%99%A1iQOS%E2%99%A1%E3%82%A4%E3%83%AB%E3%83%9E%E3%83%AF%E3%83%B3%E2%99%A1%E3%83%87%E3%82%B3%E3%82%B1%E3%83%BC%E3%82%B9%E2%99%A1 HTTP/1.1" 301 0 "-" "Mozilla/5.0 (Linux; Android 6.0.1; Nexus 5X Build/MMB29P) AppleWebKit/537.36 (KHTML, like Gecko) Chrome/137.0.7151.103 Mobile Safari/537.36 (compatible; Googlebot/2.1; +http://www.google.com/bot.html)"
66.249.79.2 - - [17/Jul/2025:12:51:40 -0400] "GET /?n=8982037379301&channel=50762f&from=brands.php%3Fid%3D373793-9527%26name%3D%E3%83%87%E3%82%B3998%E2%99%A1%E3%82%A2%E3%82%A4%E3%82%B3%E3%82%B9%E3%82%B1%E3%83%BC%E3%82%B9%E2%99%A1iQOS%E2%99%A1%E3%82%A4%E3%83%AB%E3%83%9E%E3%83%AF%E3%83%B3%E2%99%A1%E3%83%87%E3%82%B3%E3%82%B1%E3%83%BC%E3%82%B9%E2%99%A1 HTTP/1.1" 200 29831 "-" "Mozilla/5.0 (Linux; Android 6.0.1; Nexus 5X Build/MMB29P) AppleWebKit/537.36 (KHTML, like Gecko) Chrome/137.0.7151.103 Mobile Safari/537.36 (compatible; Googlebot/2.1; +http://www.google.com/bot.html)"
66.249.79.2 - - [17/Jul/2025:12:51:50 -0400] "GET /?n=82187171279900&channel=7b825c&from=goods.php%3Fid%3D1712799-29465%26name%3Dk87%29%E3%83%8B%E3%82%AF%E3%82%AD%E3%83%A5%E3%82%A6+%E3%83%AA%E3%83%95%E3%83%AC%E3%83%83%E3%82%B7%E3%83%A5+%E8%82%89%E7%90%83+%E3%83%8F%E3%83%B3%E3%83%87%E3%82%A3+%E3%83%9E%E3%83%83%E3%82%B5%E3%83%BC%E3%82%B8%E3%83%A3%E3%83%BC+%E8%82%A9%E3%81%93%E3%82%8A+%E8%85%B0%E7%97%9B+%E3%81%B5%E3%81%8F%E3%82%89%E3%81%AF%E3%81%8E+%E3%83%9E%E3%83%83%E3%82%B5%E3%83%BC%E3%82%B8+%E7%8C%AB%E3%81%AE%E6%89%8B+MEHR-70+%E3%83%9E%E3%82%AF%E3%83%AD%E3%82%B9 HTTP/1.1" 301 0 "-" "Mozilla/5.0 (Linux; Android 6.0.1; Nexus 5X Build/MMB29P) AppleWebKit/537.36 (KHTML, like Gecko) Chrome/137.0.7151.103 Mobile Safari/537.36 (compatible; Googlebot/2.1; +http://www.google.com/bot.html)"
66.249.79.2 - - [17/Jul/2025:12:51:52 -0400] "GET /?n=82187171279900&channel=7b825c&from=goods.php%3Fid%3D1712799-29465%26name%3Dk87%29%E3%83%8B%E3%82%AF%E3%82%AD%E3%83%A5%E3%82%A6%20%E3%83%AA%E3%83%95%E3%83%AC%E3%83%83%E3%82%B7%E3%83%A5%20%E8%82%89%E7%90%83%20%E3%83%8F%E3%83%B3%E3%83%87%E3%82%A3%20%E3%83%9E%E3%83%83%E3%82%B5%E3%83%BC%E3%82%B8%E3%83%A3%E3%83%BC%20%E8%82%A9%E3%81%93%E3%82%8A%20%E8%85%B0%E7%97%9B%20%E3%81%B5%E3%81%8F%E3%82%89%E3%81%AF%E3%81%8E%20%E3%83%9E%E3%83%83%E3%82%B5%E3%83%BC%E3%82%B8%20%E7%8C%AB%E3%81%AE%E6%89%8B%20MEHR-70%20%E3%83%9E%E3%82%AF%E3%83%AD%E3%82%B9 HTTP/1.1" 200 29824 "-" "Mozilla/5.0 (Linux; Android 6.0.1; Nexus 5X Build/MMB29P) AppleWebKit/537.36 (KHTML, like Gecko) Chrome/137.0.7151.103 Mobile Safari/537.36 (compatible; Googlebot/2.1; +http://www.google.com/bot.html)"
66.249.79.3 - - [17/Jul/2025:12:52:01 -0400] "GET /wp-content/uploads/2013/01/UMR_6546-scaled.jpg HTTP/1.1" 200 452099 "-" "Googlebot-Image/1.0"
54.85.7.119 - - [17/Jul/2025:12:52:44 -0400] "GET /wp-includes/SimplePie/library/SimplePie/Decode/ HTTP/1.1" 200 636 "-" "Mozilla/5.0 AppleWebKit/537.36 (KHTML, like Gecko; compatible; Amazonbot/0.1; +https://developer.amazon.com/support/amazonbot) Chrome/119.0.6045.214 Safari/537.36"
63.250.38.117 - - [17/Jul/2025:12:52:54 -0400] "POST /wp-cron.php?doing_wp_cron=1752771174.7026998996734619140625 HTTP/1.1" 403 1242 "-" "WordPress/6.8.1; https://fnf.group"
66.249.68.129 - - [17/Jul/2025:12:52:53 -0400] "GET /?n=5951745918101&channel=916b27&from=product.php%3Fid%3D459181-13374%26name%3DMonstera+White+Lava%E3%83%A2%E3%83%B3%E3%82%B9%E3%83%86%E3%83%A9+%E3%83%9B%E3%83%AF%E3%82%A4%E3%83%88%E3%83%A9%E3%83%B4%E3%82%A1+%E6%96%91%E5%85%A5%E3%82%8A HTTP/1.1" 301 0 "-" "Mozilla/5.0 (Linux; Android 6.0.1; Nexus 5X Build/MMB29P) AppleWebKit/537.36 (KHTML, like Gecko) Chrome/137.0.7151.103 Mobile Safari/537.36 (compatible; Googlebot/2.1; +http://www.google.com/bot.html)"
66.249.79.2 - - [17/Jul/2025:12:52:55 -0400] "GET /?n=5951745918101&channel=916b27&from=product.php%3Fid%3D459181-13374%26name%3DMonstera%20White%20Lava%E3%83%A2%E3%83%B3%E3%82%B9%E3%83%86%E3%83%A9%20%E3%83%9B%E3%83%AF%E3%82%A4%E3%83%88%E3%83%A9%E3%83%B4%E3%82%A1%20%E6%96%91%E5%85%A5%E3%82%8A HTTP/1.1" 200 29826 "-" "Mozilla/5.0 (Linux; Android 6.0.1; Nexus 5X Build/MMB29P) AppleWebKit/537.36 (KHTML, like Gecko) Chrome/137.0.7151.103 Mobile Safari/537.36 (compatible; Googlebot/2.1; +http://www.google.com/bot.html)"
66.249.68.130 - - [17/Jul/2025:12:53:06 -0400] "GET /?n=47122194613905&channel=c71716&from=brands.php%3Fid%3D1946139-8857%26name%3DHAENJA+%E3%82%AB%E3%83%AF%E3%82%B5%E3%82%AD%E7%94%A8%E5%BF%8D%E8%80%85+650R+For+ER6N+%E7%94%A8ER6F+2012+2013-2016+%E3%82%AA%E3%83%BC%E3%83%88%E3%83%90%E3%82%A4%E3%83%95%E3%83%AD%E3%83%B3%E3%83%88%E3%83%95%E3%82%A7%E3%83%B3%E3%83%80%E3%83%BC%E3%83%9E%E3%83%83 HTTP/1.1" 301 0 "-" "Mozilla/5.0 (Linux; Android 6.0.1; Nexus 5X Build/MMB29P) AppleWebKit/537.36 (KHTML, like Gecko) Chrome/137.0.7151.103 Mobile Safari/537.36 (compatible; Googlebot/2.1; +http://www.google.com/bot.html)"
66.249.79.4 - - [17/Jul/2025:12:53:09 -0400] "GET /?n=47122194613905&channel=c71716&from=brands.php%3Fid%3D1946139-8857%26name%3DHAENJA%20%E3%82%AB%E3%83%AF%E3%82%B5%E3%82%AD%E7%94%A8%E5%BF%8D%E8%80%85%20650R%20For%20ER6N%20%E7%94%A8ER6F%202012%202013-2016%20%E3%82%AA%E3%83%BC%E3%83%88%E3%83%90%E3%82%A4%E3%83%95%E3%83%AD%E3%83%B3%E3%83%88%E3%83%95%E3%82%A7%E3%83%B3%E3%83%80%E3%83%BC%E3%83%9E%E3%83%83 HTTP/1.1" 200 29828 "-" "Mozilla/5.0 (Linux; Android 6.0.1; Nexus 5X Build/MMB29P) AppleWebKit/537.36 (KHTML, like Gecko) Chrome/137.0.7151.103 Mobile Safari/537.36 (compatible; Googlebot/2.1; +http://www.google.com/bot.html)"
66.249.68.129 - - [17/Jul/2025:12:53:20 -0400] "GET /?n=2797526064206&channel=b73004&from=info.php%3Fid%3D260642-12831%26name%3D%E3%83%8A%E3%83%83%E3%83%84%E3%81%A8%E3%82%AD%E3%83%A3%E3%83%B3%E3%83%87%E3%82%A3%E3%82%BB%E3%83%A9%E3%83%9F%E3%83%83%E3%82%AF%E3%82%B9%E4%BB%95%E5%88%87%E3%82%8A%E3%82%B5%E3%83%BC%E3%83%93%E3%83%B3%E3%82%B0%E3%83%88%E3%83%AC%E3%82%A4+%E8%93%8B%E4%BB%98%E3%81%8D+%E5%8F%96%E3%82%8A%E5%A4%96%E3%81%97%E5%8F%AF%E8%83%BD%E3%81%AA%E3%83%9B%E3%83%AF%E3%82%A4%E3%83%88%E3%83%A9%E3%82%A6%E3%83%B3%E3%83%89%E3%83%97%E3%83%A9%E3%83%83%E3%82%BF%E3%83%BC+%E9%A3%9F%E5%93%81%E4%BF%9D%E5%AD%98%E5%AE%B9%E5%99%A8+4%2F8%E3%82%B3%E3%83%B3%E3%83%91%E3%83%BC HTTP/1.1" 301 0 "-" "Mozilla/5.0 (Linux; Android 6.0.1; Nexus 5X Build/MMB29P) AppleWebKit/537.36 (KHTML, like Gecko) Chrome/137.0.7151.103 Mobile Safari/537.36 (compatible; Googlebot/2.1; +http://www.google.com/bot.html)"
66.249.79.2 - - [17/Jul/2025:12:53:22 -0400] "GET /?n=2797526064206&channel=b73004&from=info.php%3Fid%3D260642-12831%26name%3D%E3%83%8A%E3%83%83%E3%83%84%E3%81%A8%E3%82%AD%E3%83%A3%E3%83%B3%E3%83%87%E3%82%A3%E3%82%BB%E3%83%A9%E3%83%9F%E3%83%83%E3%82%AF%E3%82%B9%E4%BB%95%E5%88%87%E3%82%8A%E3%82%B5%E3%83%BC%E3%83%93%E3%83%B3%E3%82%B0%E3%83%88%E3%83%AC%E3%82%A4%20%E8%93%8B%E4%BB%98%E3%81%8D%20%E5%8F%96%E3%82%8A%E5%A4%96%E3%81%97%E5%8F%AF%E8%83%BD%E3%81%AA%E3%83%9B%E3%83%AF%E3%82%A4%E3%83%88%E3%83%A9%E3%82%A6%E3%83%B3%E3%83%89%E3%83%97%E3%83%A9%E3%83%83%E3%82%BF%E3%83%BC%20%E9%A3%9F%E5%93%81%E4%BF%9D%E5%AD%98%E5%AE%B9%E5%99%A8%204%2F8%E3%82%B3%E3%83%B3%E3%83%91%E3%83%BC HTTP/1.1" 200 29832 "-" "Mozilla/5.0 (Linux; Android 6.0.1; Nexus 5X Build/MMB29P) AppleWebKit/537.36 (KHTML, like Gecko) Chrome/137.0.7151.103 Mobile Safari/537.36 (compatible; Googlebot/2.1; +http://www.google.com/bot.html)"
66.249.68.129 - - [17/Jul/2025:12:53:34 -0400] "GET /robots.txt HTTP/1.1" 200 91 "-" "Mozilla/5.0 (compatible; Googlebot/2.1; +http://www.google.com/bot.html)"
66.249.68.129 - - [17/Jul/2025:12:53:33 -0400] "GET /?n=5379398587300&channel=af4437&from=brands.php%3Fid%3D985873-666%26name%3D%E3%80%90%E5%B1%B1%E5%B4%8E%E6%AD%A6%E5%8F%B8%E3%80%91%E7%9B%B4%E7%AD%86%E3%82%B5%E3%82%A4%E3%83%B3%E3%82%AB%E3%83%BC%E3%83%89+28%E6%9E%9A%E9%99%90%E5%AE%9A+2021+EPOCH+%E6%9D%B1%E5%8C%97%E6%A5%BD%E5%A4%A9%E3%82%B4%E3%83%BC%E3%83%AB%E3%83%87%E3%83%B3%E3%82%A4%E3%83%BC%E3%82%B0%E3%83%AB%E3%82%B9+STARS%26LEGENDS+%E5%B1%B1%EF%A8%91%E6%AD%A6%E5%8F%B8%E3%80%8A%E5%B0%82%E7%94%A8%E3%82%B1%E3%83%BC%E3%82%B9%E5%85%A5%E3%82%8A%E3%80%8B%23%E6%A4%9C%E7%B4%A2+BBM HTTP/1.1" 301 0 "-" "Mozilla/5.0 (Linux; Android 6.0.1; Nexus 5X Build/MMB29P) AppleWebKit/537.36 (KHTML, like Gecko) Chrome/137.0.7151.103 Mobile Safari/537.36 (compatible; Googlebot/2.1; +http://www.google.com/bot.html)"
66.249.79.2 - - [17/Jul/2025:12:53:35 -0400] "GET /?n=5379398587300&channel=af4437&from=brands.php%3Fid%3D985873-666%26name%3D%E3%80%90%E5%B1%B1%E5%B4%8E%E6%AD%A6%E5%8F%B8%E3%80%91%E7%9B%B4%E7%AD%86%E3%82%B5%E3%82%A4%E3%83%B3%E3%82%AB%E3%83%BC%E3%83%89%2028%E6%9E%9A%E9%99%90%E5%AE%9A%202021%20EPOCH%20%E6%9D%B1%E5%8C%97%E6%A5%BD%E5%A4%A9%E3%82%B4%E3%83%BC%E3%83%AB%E3%83%87%E3%83%B3%E3%82%A4%E3%83%BC%E3%82%B0%E3%83%AB%E3%82%B9%20STARS%26LEGENDS%20%E5%B1%B1%EF%A8%91%E6%AD%A6%E5%8F%B8%E3%80%8A%E5%B0%82%E7%94%A8%E3%82%B1%E3%83%BC%E3%82%B9%E5%85%A5%E3%82%8A%E3%80%8B%23%E6%A4%9C%E7%B4%A2%20BBM HTTP/1.1" 200 29822 "-" "Mozilla/5.0 (Linux; Android 6.0.1; Nexus 5X Build/MMB29P) AppleWebKit/537.36 (KHTML, like Gecko) Chrome/137.0.7151.103 Mobile Safari/537.36 (compatible; Googlebot/2.1; +http://www.google.com/bot.html)"
158.170.68.64 - - [17/Jul/2025:12:53:39 -0400] "POST /xmlrpc.php HTTP/1.1" 403 1242 "https://fnf.group" "Mozilla/5.0 (Macintosh; Intel Mac OS X 10_15_7; rv:125.0.1) Gecko/20100101 Firefox/125.0.1"
63.250.38.117 - - [17/Jul/2025:12:54:43 -0400] "POST /wp-cron.php?doing_wp_cron=1752771283.6887319087982177734375 HTTP/1.1" 403 1242 "-" "WordPress/6.8.1; https://fnf.group"
66.249.79.4 - - [17/Jul/2025:12:54:41 -0400] "GET /?n=1818623331300&channel=b9e086&from=shared.php%3Fid%3D233313-4165%26name%3D%E3%83%90%E3%82%A4%E3%82%B6%E3%83%BC+PVC+%E3%83%AA%E3%82%A2%E3%82%B5%E3%82%A4%E3%83%89%E7%AA%93%E3%82%AC%E3%83%A9%E3%82%B9%E8%A3%85%E9%A3%BE%E3%82%B9%E3%83%86%E3%83%83%E3%82%AB%E3%83%BC%E5%A4%96%E8%A3%85%E6%88%90%E5%BD%A2%E3%82%A2%E3%82%AF%E3%82%BB%E3%82%B5%E3%83%AA%E3%83%BC+%E3%81%AE%E3%81%9F%E3%82%81%E3%81%AB+%E3%83%AD%E3%83%BC%E3%83%90%E3%83%BC%E3%83%B4%E3%82%A9%E3%83%BC%E3%82%B0+2013-2022%28Style HTTP/1.1" 301 0 "-" "Mozilla/5.0 (Linux; Android 6.0.1; Nexus 5X Build/MMB29P) AppleWebKit/537.36 (KHTML, like Gecko) Chrome/137.0.7151.103 Mobile Safari/537.36 (compatible; Googlebot/2.1; +http://www.google.com/bot.html)"
66.249.79.4 - - [17/Jul/2025:12:54:44 -0400] "GET /?n=1818623331300&channel=b9e086&from=shared.php%3Fid%3D233313-4165%26name%3D%E3%83%90%E3%82%A4%E3%82%B6%E3%83%BC%20PVC%20%E3%83%AA%E3%82%A2%E3%82%B5%E3%82%A4%E3%83%89%E7%AA%93%E3%82%AC%E3%83%A9%E3%82%B9%E8%A3%85%E9%A3%BE%E3%82%B9%E3%83%86%E3%83%83%E3%82%AB%E3%83%BC%E5%A4%96%E8%A3%85%E6%88%90%E5%BD%A2%E3%82%A2%E3%82%AF%E3%82%BB%E3%82%B5%E3%83%AA%E3%83%BC%20%E3%81%AE%E3%81%9F%E3%82%81%E3%81%AB%20%E3%83%AD%E3%83%BC%E3%83%90%E3%83%BC%E3%83%B4%E3%82%A9%E3%83%BC%E3%82%B0%202013-2022%28Style HTTP/1.1" 200 29828 "-" "Mozilla/5.0 (Linux; Android 6.0.1; Nexus 5X Build/MMB29P) AppleWebKit/537.36 (KHTML, like Gecko) Chrome/137.0.7151.103 Mobile Safari/537.36 (compatible; Googlebot/2.1; +http://www.google.com/bot.html)"
66.249.68.131 - - [17/Jul/2025:12:54:52 -0400] "GET /robots.txt HTTP/1.1" 200 91 "-" "Mozilla/5.0 (compatible; Googlebot/2.1; +http://www.google.com/bot.html)"
66.249.68.129 - - [17/Jul/2025:12:54:52 -0400] "GET /?n=9098820609604&channel=ebb680&from=info.php%3Fid%3D206096-4149%26name%3D%E3%82%AA%E3%83%BC%E3%83%88%E3%83%90%E3%82%A4%E3%81%AE%E6%96%B9%E5%90%91%E6%8C%87%E7%A4%BA%E5%99%A8%E3%83%A9%E3%82%A4%E3%83%88+%E3%82%AA%E3%83%BC%E3%83%88%E3%83%90%E3%82%A4+2+In+1+%E3%83%95%E3%83%AD%E3%83%B3%E3%83%88+%E3%82%A6%E3%82%A4%E3%83%B3%E3%82%AB%E3%83%BC+%E3%83%87%E3%82%A4%E3%83%A9%E3%82%A4%E3%83%88+%E3%82%A6%E3%82%A4%E3%83%B3%E3%82%AB%E3%83%BC%E4%BB%98%E3%81%8D+3+In+1+%E3%83%AA%E3%82%A2+%E3%82%A6%E3%82%A4%E3%83%B3 HTTP/1.1" 301 0 "-" "Mozilla/5.0 (Linux; Android 6.0.1; Nexus 5X Build/MMB29P) AppleWebKit/537.36 (KHTML, like Gecko) Chrome/137.0.7151.103 Mobile Safari/537.36 (compatible; Googlebot/2.1; +http://www.google.com/bot.html)"
66.249.79.3 - - [17/Jul/2025:12:54:54 -0400] "GET /?n=9098820609604&channel=ebb680&from=info.php%3Fid%3D206096-4149%26name%3D%E3%82%AA%E3%83%BC%E3%83%88%E3%83%90%E3%82%A4%E3%81%AE%E6%96%B9%E5%90%91%E6%8C%87%E7%A4%BA%E5%99%A8%E3%83%A9%E3%82%A4%E3%83%88%20%E3%82%AA%E3%83%BC%E3%83%88%E3%83%90%E3%82%A4%202%20In%201%20%E3%83%95%E3%83%AD%E3%83%B3%E3%83%88%20%E3%82%A6%E3%82%A4%E3%83%B3%E3%82%AB%E3%83%BC%20%E3%83%87%E3%82%A4%E3%83%A9%E3%82%A4%E3%83%88%20%E3%82%A6%E3%82%A4%E3%83%B3%E3%82%AB%E3%83%BC%E4%BB%98%E3%81%8D%203%20In%201%20%E3%83%AA%E3%82%A2%20%E3%82%A6%E3%82%A4%E3%83%B3 HTTP/1.1" 200 29827 "-" "Mozilla/5.0 (Linux; Android 6.0.1; Nexus 5X Build/MMB29P) AppleWebKit/537.36 (KHTML, like Gecko) Chrome/137.0.7151.103 Mobile Safari/537.36 (compatible; Googlebot/2.1; +http://www.google.com/bot.html)"
66.249.79.3 - - [17/Jul/2025:12:54:55 -0400] "GET /?n=01002107591000&channel=a2d1e6&from=category-info.php%3Fid%3D1075910-24059%26name%3D25+QUIKSILVER+%E3%82%AF%E3%82%A4%E3%83%83%E3%82%AF%E3%82%B7%E3%83%AB%E3%83%90%E3%83%BC+%E3%83%A9%E3%83%83%E3%82%B7%E3%83%A5%E3%82%AC%E3%83%BC%E3%83%89+GW+QUIK+DROP+SS+%E5%8D%8A%E8%A2%96+UPF50%2B+%E6%B0%B4%E7%9D%80+%E3%83%88%E3%83%83%E3%83%97%E3%82%B9+%E3%83%AD%E3%82%B4+%E3%82%B5%E3%83%BC%E3%83%95%E3%82%A3%E3%83%B3+%E3%83%A1%E3%83%B3%E3%82%BA+2025%E5%B9%B4%E6%98%A5%E5%A4%8F+%E5%93%81%E7%95%AA+QLY251014+%E6%97%A5%E6%9C%AC%E6%AD%A3%E8%A6%8F%E5%93%81 HTTP/1.1" 301 0 "-" "Mozilla/5.0 (Linux; Android 6.0.1; Nexus 5X Build/MMB29P) AppleWebKit/537.36 (KHTML, like Gecko) Chrome/137.0.7151.103 Mobile Safari/537.36 (compatible; Googlebot/2.1; +http://www.google.com/bot.html)"
66.249.79.4 - - [17/Jul/2025:12:54:57 -0400] "GET /?n=01002107591000&channel=a2d1e6&from=category-info.php%3Fid%3D1075910-24059%26name%3D25%20QUIKSILVER%20%E3%82%AF%E3%82%A4%E3%83%83%E3%82%AF%E3%82%B7%E3%83%AB%E3%83%90%E3%83%BC%20%E3%83%A9%E3%83%83%E3%82%B7%E3%83%A5%E3%82%AC%E3%83%BC%E3%83%89%20GW%20QUIK%20DROP%20SS%20%E5%8D%8A%E8%A2%96%20UPF50%2B%20%E6%B0%B4%E7%9D%80%20%E3%83%88%E3%83%83%E3%83%97%E3%82%B9%20%E3%83%AD%E3%82%B4%20%E3%82%B5%E3%83%BC%E3%83%95%E3%82%A3%E3%83%B3%20%E3%83%A1%E3%83%B3%E3%82%BA%202025%E5%B9%B4%E6%98%A5%E5%A4%8F%20%E5%93%81%E7%95%AA%20QLY251014%20%E6%97%A5%E6%9C%AC%E6%AD%A3%E8%A6%8F%E5%93%81 HTTP/1.1" 200 29826 "-" "Mozilla/5.0 (Linux; Android 6.0.1; Nexus 5X Build/MMB29P) AppleWebKit/537.36 (KHTML, like Gecko) Chrome/137.0.7151.103 Mobile Safari/537.36 (compatible; Googlebot/2.1; +http://www.google.com/bot.html)"
66.249.79.5 - - [17/Jul/2025:12:55:06 -0400] "GET /?n=10730196048900&channel=66e8b5&from=info.php%3Fid%3D1960489-9027%26name%3D100%E5%80%8B%E5%85%A5%E3%82%8A+%E3%83%9C%E3%83%83%E3%82%AF%E3%82%B9+%E6%9C%A8%E7%AE%B1%E3%82%B3%E3%83%BC%E3%83%8A%E3%83%BC+%E3%83%86%E3%83%BC%E3%83%96%E3%83%AB%E3%82%B3%E3%83%BC%E3%83%8A%E3%83%BC%E3%83%97%E3%83%AD%E3%83%86%E3%82%AF%E3%82%BF%E3%83%BC+%E3%83%86%E3%83%BC%E3%83%96%E3%83%AB%E3%82%B3%E3%83%BC%E3%83%8A%E3%83%BC%E3%82%AC%E3%83%BC%E3%83%89+%E6%A3%9A%E7%94%A8%E3%81%AE%E5%B0%8F%E3%81%95%E3%81%AA%E3%83%96%E3%83%A9%E3%82%B1%E3%83%83%E3%83%88+%E8%A3%85%E9%A3%BE%E7%9A%84%E3%81%AA%E3%82%B3%E3%83%BC%E3%83%8A%E3%83%BC HTTP/1.1" 301 0 "-" "Mozilla/5.0 (Linux; Android 6.0.1; Nexus 5X Build/MMB29P) AppleWebKit/537.36 (KHTML, like Gecko) Chrome/137.0.7151.103 Mobile Safari/537.36 (compatible; Googlebot/2.1; +http://www.google.com/bot.html)"
66.249.68.129 - - [17/Jul/2025:12:55:08 -0400] "GET /?n=42958125517605&channel=aae14a&from=brands.php%3Fid%3D1255176-16264%26name%3D%E3%82%88%E3%81%A3%E3%81%93%E6%A7%98%E3%81%94%E5%B0%82%E7%94%A8%E3%83%91%E3%83%83%E3%83%81%E3%83%B3%E3%81%AF%E3%83%94%E3%83%B3 HTTP/1.1" 301 0 "-" "Mozilla/5.0 (Linux; Android 6.0.1; Nexus 5X Build/MMB29P) AppleWebKit/537.36 (KHTML, like Gecko) Chrome/137.0.7151.103 Mobile Safari/537.36 (compatible; Googlebot/2.1; +http://www.google.com/bot.html)"
66.249.79.4 - - [17/Jul/2025:12:55:08 -0400] "GET /?n=10730196048900&channel=66e8b5&from=info.php%3Fid%3D1960489-9027%26name%3D100%E5%80%8B%E5%85%A5%E3%82%8A%20%E3%83%9C%E3%83%83%E3%82%AF%E3%82%B9%20%E6%9C%A8%E7%AE%B1%E3%82%B3%E3%83%BC%E3%83%8A%E3%83%BC%20%E3%83%86%E3%83%BC%E3%83%96%E3%83%AB%E3%82%B3%E3%83%BC%E3%83%8A%E3%83%BC%E3%83%97%E3%83%AD%E3%83%86%E3%82%AF%E3%82%BF%E3%83%BC%20%E3%83%86%E3%83%BC%E3%83%96%E3%83%AB%E3%82%B3%E3%83%BC%E3%83%8A%E3%83%BC%E3%82%AC%E3%83%BC%E3%83%89%20%E6%A3%9A%E7%94%A8%E3%81%AE%E5%B0%8F%E3%81%95%E3%81%AA%E3%83%96%E3%83%A9%E3%82%B1%E3%83%83%E3%83%88%20%E8%A3%85%E9%A3%BE%E7%9A%84%E3%81%AA%E3%82%B3%E3%83%BC%E3%83%8A%E3%83%BC HTTP/1.1" 200 29831 "-" "Mozilla/5.0 (Linux; Android 6.0.1; Nexus 5X Build/MMB29P) AppleWebKit/537.36 (KHTML, like Gecko) Chrome/137.0.7151.103 Mobile Safari/537.36 (compatible; Googlebot/2.1; +http://www.google.com/bot.html)"
66.249.79.3 - - [17/Jul/2025:12:55:10 -0400] "GET /?n=42958125517605&channel=aae14a&from=brands.php%3Fid%3D1255176-16264%26name%3D%E3%82%88%E3%81%A3%E3%81%93%E6%A7%98%E3%81%94%E5%B0%82%E7%94%A8%E3%83%91%E3%83%83%E3%83%81%E3%83%B3%E3%81%AF%E3%83%94%E3%83%B3 HTTP/1.1" 200 29824 "-" "Mozilla/5.0 (Linux; Android 6.0.1; Nexus 5X Build/MMB29P) AppleWebKit/537.36 (KHTML, like Gecko) Chrome/137.0.7151.103 Mobile Safari/537.36 (compatible; Googlebot/2.1; +http://www.google.com/bot.html)"
63.250.38.117 - - [17/Jul/2025:12:55:47 -0400] "POST /wp-cron.php?doing_wp_cron=1752771346.8918271064758300781250 HTTP/1.1" 403 1242 "-" "WordPress/6.8.1; https://fnf.group"
66.249.79.3 - - [17/Jul/2025:12:55:45 -0400] "GET /?n=8907275021500&channel=66a5c0&from=info.php%3Fid%3D750215-6995%26name%3D%E9%95%B7%E6%96%B9%E5%BD%A2%E3%81%AE%E3%82%B8%E3%83%A5%E3%83%BC%E3%83%88%E3%83%A9%E3%82%B0100%EF%BC%85%E5%A4%A9%E7%84%B6%E7%B9%8A%E7%B6%AD%E3%80%81%E3%82%B5%E3%82%A4%E3%82%B6%E3%83%AB%E9%BA%BB%E3%81%AE%E6%89%8B%E7%B9%94%E3%82%8A%E3%81%AE%E3%83%A9%E3%82%B0%E3%80%81%E3%83%95%E3%83%AD%E3%82%A2%E3%83%97%E3%83%AD%E3%83%86%E3%82%AF%E3%82%BF%E3%83%BC%E3%83%9E%E3%83%83%E3%83%88%E3%80%81%E6%BB%91%E3%82%8A%E6%AD%A2%E3%82%81%E4%BB%98%E3%81%8D%E3%81%AE%E3%82%B8%E3%83%A5%E3%83%BC%E3%83%88%E3%82%AB%E3%83%BC%E3%83%9A%E3%83%83%E3%83%88%E3%80%81%E3%83%99%E3%83%83%E3%83%89%E3%83%AB HTTP/1.1" 200 29828 "-" "Mozilla/5.0 (Linux; Android 6.0.1; Nexus 5X Build/MMB29P) AppleWebKit/537.36 (KHTML, like Gecko) Chrome/137.0.7151.103 Mobile Safari/537.36 (compatible; Googlebot/2.1; +http://www.google.com/bot.html)"
66.249.68.129 - - [17/Jul/2025:12:56:10 -0400] "GET /?n=76899139513200&channel=af4437&from=info.php%3Fid%3D1395132-666%26name%3DToppsMLB%E3%82%AB%E3%83%BC%E3%83%89%E3%81%BE%E3%81%A8%E3%82%81%E5%A3%B2%E3%82%8A+%E3%82%A6%E3%82%A9%E3%83%BC%E3%82%AB%E3%83%BC%E3%82%B8%E3%82%A7%E3%83%B3%E3%82%AD%E3%83%B3%E3%82%B9+%E3%82%B2%E3%83%AA%E3%83%83%E3%83%88%E3%82%B3%E3%83%BC%E3%83%AB HTTP/1.1" 301 0 "-" "Mozilla/5.0 (Linux; Android 6.0.1; Nexus 5X Build/MMB29P) AppleWebKit/537.36 (KHTML, like Gecko) Chrome/137.0.7151.103 Mobile Safari/537.36 (compatible; Googlebot/2.1; +http://www.google.com/bot.html)"
66.249.79.4 - - [17/Jul/2025:12:56:12 -0400] "GET /?n=76899139513200&channel=af4437&from=info.php%3Fid%3D1395132-666%26name%3DToppsMLB%E3%82%AB%E3%83%BC%E3%83%89%E3%81%BE%E3%81%A8%E3%82%81%E5%A3%B2%E3%82%8A%20%E3%82%A6%E3%82%A9%E3%83%BC%E3%82%AB%E3%83%BC%E3%82%B8%E3%82%A7%E3%83%B3%E3%82%AD%E3%83%B3%E3%82%B9%20%E3%82%B2%E3%83%AA%E3%83%83%E3%83%88%E3%82%B3%E3%83%BC%E3%83%AB HTTP/1.1" 200 29816 "-" "Mozilla/5.0 (Linux; Android 6.0.1; Nexus 5X Build/MMB29P) AppleWebKit/537.36 (KHTML, like Gecko) Chrome/137.0.7151.103 Mobile Safari/537.36 (compatible; Googlebot/2.1; +http://www.google.com/bot.html)"
66.249.68.129 - - [17/Jul/2025:12:56:37 -0400] "GET /?n=02874169203301&channel=52f688&from=form.php%3Fid%3D1692033-4156%26name%3DXIAOQR+BMW+X5+E70+2011+2012+2013+%E8%BB%8A%E3%81%AE%E3%83%AA%E3%82%A2%E3%83%86%E3%83%BC%E3%83%AB%E3%83%A9%E3%82%A4%E3%83%88%E3%82%B7%E3%82%A7%E3%83%AB%E3%83%96%E3%83%AC%E3%83%BC%E3%82%AD%E3%83%A9%E3%82%A4%E3%83%88%E3%82%B7%E3%82%A7%E3%83%AB%E4%BA%A4%E6%8F%9B%E7%94%A8%E8%87%AA%E5%8B%95%E3%83%AA%E3%82%A2%E3%83%A9%E3%83%B3%E3%83%97 HTTP/1.1" 301 0 "-" "Mozilla/5.0 (Linux; Android 6.0.1; Nexus 5X Build/MMB29P) AppleWebKit/537.36 (KHTML, like Gecko) Chrome/137.0.7151.103 Mobile Safari/537.36 (compatible; Googlebot/2.1; +http://www.google.com/bot.html)"
66.249.79.4 - - [17/Jul/2025:12:56:38 -0400] "GET /?n=02874169203301&channel=52f688&from=form.php%3Fid%3D1692033-4156%26name%3DXIAOQR%20BMW%20X5%20E70%202011%202012%202013%20%E8%BB%8A%E3%81%AE%E3%83%AA%E3%82%A2%E3%83%86%E3%83%BC%E3%83%AB%E3%83%A9%E3%82%A4%E3%83%88%E3%82%B7%E3%82%A7%E3%83%AB%E3%83%96%E3%83%AC%E3%83%BC%E3%82%AD%E3%83%A9%E3%82%A4%E3%83%88%E3%82%B7%E3%82%A7%E3%83%AB%E4%BA%A4%E6%8F%9B%E7%94%A8%E8%87%AA%E5%8B%95%E3%83%AA%E3%82%A2%E3%83%A9%E3%83%B3%E3%83%97 HTTP/1.1" 200 29829 "-" "Mozilla/5.0 (Linux; Android 6.0.1; Nexus 5X Build/MMB29P) AppleWebKit/537.36 (KHTML, like Gecko) Chrome/137.0.7151.103 Mobile Safari/537.36 (compatible; Googlebot/2.1; +http://www.google.com/bot.html)"
66.249.79.4 - - [17/Jul/2025:12:56:39 -0400] "GET /?n=2073942014305&channel=c91963&from=jp.php%3Fid%3D420143-6269%26name%3D%E9%96%93%E6%8E%A5%E7%85%A7%E6%98%8E+%E3%83%95%E3%83%AD%E3%82%A2%E3%83%A9%E3%82%A4%E3%83%88+%E3%83%95%E3%83%AD%E3%82%A2%E3%83%A9%E3%83%B3%E3%83%97+%E9%8C%AC%E9%89%84%E8%A3%BD%E3%81%AE%E3%83%95%E3%83%AD%E3%82%A2%E3%83%A9%E3%83%B3%E3%83%97%E3%83%86%E3%83%BC%E3%83%96%E3%83%AB%E3%83%9B%E3%83%AF%E3%82%A4%E3%83%88%E3%82%AC%E3%83%A9%E3%82%B9%E3%83%A9%E3%83%B3%E3%83%97%E3%82%B7%E3%82%A7%E3%83%BC%E3%83%89%E5%A4%A7%E7%90%86%E7%9F%B3%E3%83%99%E3%83%BC%E3%82%B9%E3%82%B9%E3%82%BF%E3%83%B3%E3%83%87%E3%82%A3%E3%83%B3%E3%82%B0%E8%AA%AD%E6%9B%B8%E3%83%A9%E3%83%B3%E3%83%97%E7%94%A8 HTTP/1.1" 301 0 "-" "Mozilla/5.0 (Linux; Android 6.0.1; Nexus 5X Build/MMB29P) AppleWebKit/537.36 (KHTML, like Gecko) Chrome/137.0.7151.103 Mobile Safari/537.36 (compatible; Googlebot/2.1; +http://www.google.com/bot.html)"
66.249.79.4 - - [17/Jul/2025:12:56:41 -0400] "GET /?n=2073942014305&channel=c91963&from=jp.php%3Fid%3D420143-6269%26name%3D%E9%96%93%E6%8E%A5%E7%85%A7%E6%98%8E%20%E3%83%95%E3%83%AD%E3%82%A2%E3%83%A9%E3%82%A4%E3%83%88%20%E3%83%95%E3%83%AD%E3%82%A2%E3%83%A9%E3%83%B3%E3%83%97%20%E9%8C%AC%E9%89%84%E8%A3%BD%E3%81%AE%E3%83%95%E3%83%AD%E3%82%A2%E3%83%A9%E3%83%B3%E3%83%97%E3%83%86%E3%83%BC%E3%83%96%E3%83%AB%E3%83%9B%E3%83%AF%E3%82%A4%E3%83%88%E3%82%AC%E3%83%A9%E3%82%B9%E3%83%A9%E3%83%B3%E3%83%97%E3%82%B7%E3%82%A7%E3%83%BC%E3%83%89%E5%A4%A7%E7%90%86%E7%9F%B3%E3%83%99%E3%83%BC%E3%82%B9%E3%82%B9%E3%82%BF%E3%83%B3%E3%83%87%E3%82%A3%E3%83%B3%E3%82%B0%E8%AA%AD%E6%9B%B8%E3%83%A9%E3%83%B3%E3%83%97%E7%94%A8 HTTP/1.1" 200 29825 "-" "Mozilla/5.0 (Linux; Android 6.0.1; Nexus 5X Build/MMB29P) AppleWebKit/537.36 (KHTML, like Gecko) Chrome/137.0.7151.103 Mobile Safari/537.36 (compatible; Googlebot/2.1; +http://www.google.com/bot.html)"
66.249.79.3 - - [17/Jul/2025:12:56:42 -0400] "GET /?n=10101105621503&channel=0817d1&from=blog.php%3Fid%3D1056215-5962%26name%3D%E3%83%95%E3%82%A7%E3%83%A9%E3%83%BC%E3%83%AA+488+2015-2019+%E3%83%AA%E3%82%A2%E3%83%AB%E3%82%AB%E3%83%BC%E3%83%9C%E3%83%B3%E3%83%95%E3%82%A1%E3%82%A4%E3%83%90%E3%83%BC%E8%BB%8A%E3%81%AE%E3%83%AA%E3%82%A2%E3%83%AA%E3%83%83%E3%83%97%E3%83%90%E3%83%B3%E3%83%91%E3%83%BC%E3%83%87%E3%82%A3%E3%83%95%E3%83%A5%E3%83%BC%E3%82%B6%E3%83%BC%E3%82%B9%E3%83%9D%E3%82%A4%E3%83%A9%E3%83%BC%E3%83%97%E3%83%AD%E3%83%86%E3%82%AF%E3%82%BF%E3%83%BC%E3%82%AB%E3%83%90%E3%83%BC HTTP/1.1" 301 0 "-" "Mozilla/5.0 (Linux; Android 6.0.1; Nexus 5X Build/MMB29P) AppleWebKit/537.36 (KHTML, like Gecko) Chrome/137.0.7151.103 Mobile Safari/537.36 (compatible; Googlebot/2.1; +http://www.google.com/bot.html)"
66.249.79.3 - - [17/Jul/2025:12:56:44 -0400] "GET /?n=10101105621503&channel=0817d1&from=blog.php%3Fid%3D1056215-5962%26name%3D%E3%83%95%E3%82%A7%E3%83%A9%E3%83%BC%E3%83%AA%20488%202015-2019%20%E3%83%AA%E3%82%A2%E3%83%AB%E3%82%AB%E3%83%BC%E3%83%9C%E3%83%B3%E3%83%95%E3%82%A1%E3%82%A4%E3%83%90%E3%83%BC%E8%BB%8A%E3%81%AE%E3%83%AA%E3%82%A2%E3%83%AA%E3%83%83%E3%83%97%E3%83%90%E3%83%B3%E3%83%91%E3%83%BC%E3%83%87%E3%82%A3%E3%83%95%E3%83%A5%E3%83%BC%E3%82%B6%E3%83%BC%E3%82%B9%E3%83%9D%E3%82%A4%E3%83%A9%E3%83%BC%E3%83%97%E3%83%AD%E3%83%86%E3%82%AF%E3%82%BF%E3%83%BC%E3%82%AB%E3%83%90%E3%83%BC HTTP/1.1" 200 29824 "-" "Mozilla/5.0 (Linux; Android 6.0.1; Nexus 5X Build/MMB29P) AppleWebKit/537.36 (KHTML, like Gecko) Chrome/137.0.7151.103 Mobile Safari/537.36 (compatible; Googlebot/2.1; +http://www.google.com/bot.html)"
216.244.66.226 - - [17/Jul/2025:12:56:50 -0400] "GET /robots.txt HTTP/1.1" 500 1034 "-" "Mozilla/5.0 (compatible; DotBot/1.2; +https://opensiteexplorer.org/dotbot; help@moz.com)"
63.250.38.117 - - [17/Jul/2025:12:56:53 -0400] "POST /wp-cron.php?doing_wp_cron=1752771412.8774330615997314453125 HTTP/1.1" 403 1242 "-" "WordPress/6.8.1; https://fnf.group"
66.249.68.129 - - [17/Jul/2025:12:56:50 -0400] "GET /?n=20001108311004&channel=2c9cd8&from=form.php%3Fid%3D1083110-3508%26name%3DS196GPS+%E3%83%89%E3%83%AD%E3%83%BC%E3%83%B3+8K+5G+%E3%83%97%E3%83%AD%E3%83%95%E3%82%A7%E3%83%83%E3%82%B7%E3%83%A7%E3%83%8A%E3%83%AB+HD+%E7%A9%BA%E4%B8%AD%E5%86%99%E7%9C%9F%E6%92%AE%E5%BD%B1+%E3%83%87%E3%83%A5%E3%82%A2%E3%83%AB%E3%82%AB%E3%83%A1%E3%83%A9+%E9%9A%9C%E5%AE%B3%E7%89%A9%E5%9B%9E%E9%81%BF+4%E3%83%AD%E3%83%BC%E3%82%BF%E3%83%BC%E3%83%98%E3%83%AA%E3%82%B3%E3%83%97%E3%82%BF%E3%83%BC+8 HTTP/1.1" 301 0 "-" "Mozilla/5.0 (Linux; Android 6.0.1; Nexus 5X Build/MMB29P) AppleWebKit/537.36 (KHTML, like Gecko) Chrome/137.0.7151.103 Mobile Safari/537.36 (compatible; Googlebot/2.1; +http://www.google.com/bot.html)"
66.249.79.3 - - [17/Jul/2025:12:56:53 -0400] "GET /?n=20001108311004&channel=2c9cd8&from=form.php%3Fid%3D1083110-3508%26name%3DS196GPS%20%E3%83%89%E3%83%AD%E3%83%BC%E3%83%B3%208K%205G%20%E3%83%97%E3%83%AD%E3%83%95%E3%82%A7%E3%83%83%E3%82%B7%E3%83%A7%E3%83%8A%E3%83%AB%20HD%20%E7%A9%BA%E4%B8%AD%E5%86%99%E7%9C%9F%E6%92%AE%E5%BD%B1%20%E3%83%87%E3%83%A5%E3%82%A2%E3%83%AB%E3%82%AB%E3%83%A1%E3%83%A9%20%E9%9A%9C%E5%AE%B3%E7%89%A9%E5%9B%9E%E9%81%BF%204%E3%83%AD%E3%83%BC%E3%82%BF%E3%83%BC%E3%83%98%E3%83%AA%E3%82%B3%E3%83%97%E3%82%BF%E3%83%BC%208 HTTP/1.1" 200 29824 "-" "Mozilla/5.0 (Linux; Android 6.0.1; Nexus 5X Build/MMB29P) AppleWebKit/537.36 (KHTML, like Gecko) Chrome/137.0.7151.103 Mobile Safari/537.36 (compatible; Googlebot/2.1; +http://www.google.com/bot.html)"
66.249.79.3 - - [17/Jul/2025:12:57:05 -0400] "GET /?n=2887147910304&channel=faf15c&from=brands.php%3Fid%3D479103-8855%26name%3D%E3%82%AA%E3%83%BC%E3%83%88%E3%83%90%E3%82%A4+%E3%83%95%E3%83%AD%E3%83%B3%E3%83%88%E3%83%95%E3%82%A9%E3%83%BC%E3%82%AF%E3%82%B7%E3%83%BC%E3%83%AB%E3%83%89+%E3%82%A2%E3%83%97%E3%83%AA%E3%83%AA%E3%82%A2%E7%94%A8+RSV4+RF+RSV4-RF+RSV4R+2009-2016+%E3%82%AA%E3%83%BC%E3%83%88%E3%83%90%E3%82%A4%E3%83%9E%E3%83%83%E3%83%89 HTTP/1.1" 301 0 "-" "Mozilla/5.0 (Linux; Android 6.0.1; Nexus 5X Build/MMB29P) AppleWebKit/537.36 (KHTML, like Gecko) Chrome/137.0.7151.103 Mobile Safari/537.36 (compatible; Googlebot/2.1; +http://www.google.com/bot.html)"
66.249.79.3 - - [17/Jul/2025:12:57:09 -0400] "GET /?n=2887147910304&channel=faf15c&from=brands.php%3Fid%3D479103-8855%26name%3D%E3%82%AA%E3%83%BC%E3%83%88%E3%83%90%E3%82%A4%20%E3%83%95%E3%83%AD%E3%83%B3%E3%83%88%E3%83%95%E3%82%A9%E3%83%BC%E3%82%AF%E3%82%B7%E3%83%BC%E3%83%AB%E3%83%89%20%E3%82%A2%E3%83%97%E3%83%AA%E3%83%AA%E3%82%A2%E7%94%A8%20RSV4%20RF%20RSV4-RF%20RSV4R%202009-2016%20%E3%82%AA%E3%83%BC%E3%83%88%E3%83%90%E3%82%A4%E3%83%9E%E3%83%83%E3%83%89 HTTP/1.1" 200 29823 "-" "Mozilla/5.0 (Linux; Android 6.0.1; Nexus 5X Build/MMB29P) AppleWebKit/537.36 (KHTML, like Gecko) Chrome/137.0.7151.103 Mobile Safari/537.36 (compatible; Googlebot/2.1; +http://www.google.com/bot.html)"
66.249.68.131 - - [17/Jul/2025:12:57:32 -0400] "GET /?n=85776100157502&channel=e500dc&from=brands.php%3Fid%3D1001575-6269%26name%3D%E3%83%95%E3%83%AD%E3%82%A2%E3%83%A9%E3%83%B3%E3%83%97+%E3%83%95%E3%83%AD%E3%82%A2%E3%83%A9%E3%83%B3%E3%83%97%E3%82%8F%E3%81%B3%E3%81%95%E3%81%B3%E3%82%B9%E3%82%BF%E3%82%A4%E3%83%AB%E4%B8%AD%E5%9B%BD%E7%B8%A6%E5%9E%8B%E3%83%95%E3%83%AD%E3%82%A2%E3%83%A9%E3%83%B3%E3%83%97%E3%83%AA%E3%83%93%E3%83%B3%E3%82%B0%E3%83%AB%E3%83%BC%E3%83%A0%E5%AF%9D%E5%AE%A4%E7%A0%94%E7%A9%B6%E7%A6%85%E3%83%AC%E3%83%88%E3%83%AD%E3%83%95%E3%83%AD%E3%82%A2%E3%83%A9%E3%83%B3%E3%83%97+%E3%82%B9%E3%82%BF%E3%83%B3%E3%83%89%E3%83%A9%E3%83%B3%E3%83%97%28B%29 HTTP/1.1" 301 0 "-" "Mozilla/5.0 (Linux; Android 6.0.1; Nexus 5X Build/MMB29P) AppleWebKit/537.36 (KHTML, like Gecko) Chrome/137.0.7151.103 Mobile Safari/537.36 (compatible; Googlebot/2.1; +http://www.google.com/bot.html)"
66.249.79.4 - - [17/Jul/2025:12:57:34 -0400] "GET /?n=85776100157502&channel=e500dc&from=brands.php%3Fid%3D1001575-6269%26name%3D%E3%83%95%E3%83%AD%E3%82%A2%E3%83%A9%E3%83%B3%E3%83%97%20%E3%83%95%E3%83%AD%E3%82%A2%E3%83%A9%E3%83%B3%E3%83%97%E3%82%8F%E3%81%B3%E3%81%95%E3%81%B3%E3%82%B9%E3%82%BF%E3%82%A4%E3%83%AB%E4%B8%AD%E5%9B%BD%E7%B8%A6%E5%9E%8B%E3%83%95%E3%83%AD%E3%82%A2%E3%83%A9%E3%83%B3%E3%83%97%E3%83%AA%E3%83%93%E3%83%B3%E3%82%B0%E3%83%AB%E3%83%BC%E3%83%A0%E5%AF%9D%E5%AE%A4%E7%A0%94%E7%A9%B6%E7%A6%85%E3%83%AC%E3%83%88%E3%83%AD%E3%83%95%E3%83%AD%E3%82%A2%E3%83%A9%E3%83%B3%E3%83%97%20%E3%82%B9%E3%82%BF%E3%83%B3%E3%83%89%E3%83%A9%E3%83%B3%E3%83%97%28B%29 HTTP/1.1" 200 29828 "-" "Mozilla/5.0 (Linux; Android 6.0.1; Nexus 5X Build/MMB29P) AppleWebKit/537.36 (KHTML, like Gecko) Chrome/137.0.7151.103 Mobile Safari/537.36 (compatible; Googlebot/2.1; +http://www.google.com/bot.html)"
63.250.38.117 - - [17/Jul/2025:12:58:01 -0400] "POST /wp-cron.php?doing_wp_cron=1752771481.1771340370178222656250 HTTP/1.1" 403 1242 "-" "WordPress/6.8.1; https://fnf.group"
66.249.68.135 - - [17/Jul/2025:12:58:00 -0400] "GET /?n=97809137010302&channel=28f645&from=product.php%3Fid%3D1370103-16297%26name%3D%E3%83%9E%E3%83%8A%E3%83%A9+%E3%83%9B%E3%83%83%E3%83%88%E3%82%AF%E3%83%AC%E3%83%B3%E3%82%B8%E3%83%B3%E3%82%B0%E3%82%B2%E3%83%AB+%E3%83%9E%E3%83%83%E3%82%B5%E3%83%BC%E3%82%B8%E3%83%97%E3%83%A9%E3%82%B9+2%E5%8C%85 HTTP/1.1" 301 0 "-" "Mozilla/5.0 (Linux; Android 6.0.1; Nexus 5X Build/MMB29P) AppleWebKit/537.36 (KHTML, like Gecko) Chrome/137.0.7151.103 Mobile Safari/537.36 (compatible; Googlebot/2.1; +http://www.google.com/bot.html)"
66.249.79.5 - - [17/Jul/2025:12:58:01 -0400] "GET /?n=97809137010302&channel=28f645&from=product.php%3Fid%3D1370103-16297%26name%3D%E3%83%9E%E3%83%8A%E3%83%A9%20%E3%83%9B%E3%83%83%E3%83%88%E3%82%AF%E3%83%AC%E3%83%B3%E3%82%B8%E3%83%B3%E3%82%B0%E3%82%B2%E3%83%AB%20%E3%83%9E%E3%83%83%E3%82%B5%E3%83%BC%E3%82%B8%E3%83%97%E3%83%A9%E3%82%B9%202%E5%8C%85 HTTP/1.1" 200 29830 "-" "Mozilla/5.0 (Linux; Android 6.0.1; Nexus 5X Build/MMB29P) AppleWebKit/537.36 (KHTML, like Gecko) Chrome/137.0.7151.103 Mobile Safari/537.36 (compatible; Googlebot/2.1; +http://www.google.com/bot.html)"
66.249.68.135 - - [17/Jul/2025:12:58:27 -0400] "GET /?n=7754164951501&channel=773c0a&from=goods.php%3Fid%3D649515-3033%26name%3D2x+%E3%83%95%E3%83%AD%E3%83%B3%E3%83%88%E3%82%B5%E3%82%B9%E3%83%9A%E3%83%B3%E3%82%B7%E3%83%A7%E3%83%B3%E3%82%B7%E3%83%A7%E3%83%83%E3%82%AF%E3%82%A2%E3%83%96%E3%82%BD%E3%83%BC%E3%83%90%E3%83%BC%E7%A3%81%E6%B0%97%E5%B7%A6%E5%8F%B3%E3%82%B9%E3%83%88%E3%83%A9%E3%83%83%E3%83%88%E3%82%A2%E3%82%A6%E3%83%87%E3%82%A3+TT+TTS+TTRS+8J+MKII+%E3%82%AF%E3%83%AF%E3%83%88%E3%83%AD+200 HTTP/1.1" 301 0 "-" "Mozilla/5.0 (Linux; Android 6.0.1; Nexus 5X Build/MMB29P) AppleWebKit/537.36 (KHTML, like Gecko) Chrome/137.0.7151.103 Mobile Safari/537.36 (compatible; Googlebot/2.1; +http://www.google.com/bot.html)"
66.249.79.4 - - [17/Jul/2025:12:58:27 -0400] "GET /?n=51302146435804&channel=adffe8&from=news.php%3Fid%3D1464358-10041%26name%3D%E3%82%A4%E3%83%B3%E3%83%97%E3%83%AC%E3%83%83%E3%82%B5%E3%80%80GRB+HKS%E3%83%9E%E3%83%95%E3%83%A9%E3%83%BC+%EF%BC%88%E3%83%9E%E3%83%95%E3%83%A9%E3%83%BC%E4%BA%A4%E6%8F%9B%E3%82%82%E8%89%AF%E3%81%8F%E3%81%94%E4%BE%9D%E9%A0%BC%E9%A0%82%E3%81%84%E3%81%A6%E3%81%84%E3%81%BE%E3%81%99%E3%80%82+VAB+GRB+GDA+%7C+%E3%82%BC%E3%83%AD%E3%83%9E%E3%83%83%E3%82%AF%E3%82%B9%E5%8D%97%E9%96%A2%E6%9D%B1%E5%BA%97%E3%81%AE%E3%83%96%E3%83%AD%E3%82%B0%EF%BC%89 HTTP/1.1" 301 0 "-" "Mozilla/5.0 (Linux; Android 6.0.1; Nexus 5X Build/MMB29P) AppleWebKit/537.36 (KHTML, like Gecko) Chrome/137.0.7151.103 Mobile Safari/537.36 (compatible; Googlebot/2.1; +http://www.google.com/bot.html)"
66.249.79.4 - - [17/Jul/2025:12:58:28 -0400] "GET /?n=7754164951501&channel=773c0a&from=goods.php%3Fid%3D649515-3033%26name%3D2x%20%E3%83%95%E3%83%AD%E3%83%B3%E3%83%88%E3%82%B5%E3%82%B9%E3%83%9A%E3%83%B3%E3%82%B7%E3%83%A7%E3%83%B3%E3%82%B7%E3%83%A7%E3%83%83%E3%82%AF%E3%82%A2%E3%83%96%E3%82%BD%E3%83%BC%E3%83%90%E3%83%BC%E7%A3%81%E6%B0%97%E5%B7%A6%E5%8F%B3%E3%82%B9%E3%83%88%E3%83%A9%E3%83%83%E3%83%88%E3%82%A2%E3%82%A6%E3%83%87%E3%82%A3%20TT%20TTS%20TTRS%208J%20MKII%20%E3%82%AF%E3%83%AF%E3%83%88%E3%83%AD%20200 HTTP/1.1" 200 29821 "-" "Mozilla/5.0 (Linux; Android 6.0.1; Nexus 5X Build/MMB29P) AppleWebKit/537.36 (KHTML, like Gecko) Chrome/137.0.7151.103 Mobile Safari/537.36 (compatible; Googlebot/2.1; +http://www.google.com/bot.html)"
66.249.79.3 - - [17/Jul/2025:12:58:28 -0400] "GET /?n=51302146435804&channel=adffe8&from=news.php%3Fid%3D1464358-10041%26name%3D%E3%82%A4%E3%83%B3%E3%83%97%E3%83%AC%E3%83%83%E3%82%B5%E3%80%80GRB%20HKS%E3%83%9E%E3%83%95%E3%83%A9%E3%83%BC%20%EF%BC%88%E3%83%9E%E3%83%95%E3%83%A9%E3%83%BC%E4%BA%A4%E6%8F%9B%E3%82%82%E8%89%AF%E3%81%8F%E3%81%94%E4%BE%9D%E9%A0%BC%E9%A0%82%E3%81%84%E3%81%A6%E3%81%84%E3%81%BE%E3%81%99%E3%80%82%20VAB%20GRB%20GDA%20%7C%20%E3%82%BC%E3%83%AD%E3%83%9E%E3%83%83%E3%82%AF%E3%82%B9%E5%8D%97%E9%96%A2%E6%9D%B1%E5%BA%97%E3%81%AE%E3%83%96%E3%83%AD%E3%82%B0%EF%BC%89 HTTP/1.1" 200 29831 "-" "Mozilla/5.0 (Linux; Android 6.0.1; Nexus 5X Build/MMB29P) AppleWebKit/537.36 (KHTML, like Gecko) Chrome/137.0.7151.103 Mobile Safari/537.36 (compatible; Googlebot/2.1; +http://www.google.com/bot.html)"
66.249.79.3 - - [17/Jul/2025:12:58:31 -0400] "GET /?n=6072895799803&channel=641f77&from=brands.php%3Fid%3D957998-9378%26name%3D%E3%81%B5%E3%82%8B%E3%81%95%E3%81%A8%E7%B4%8D%E7%A8%8E+%E8%96%A9%E6%91%A9%E5%B7%9D%E5%86%85%E5%B8%82+%E5%9B%BD%E7%94%A3%E3%81%86%E3%81%AA%E3%81%8E%E8%92%B2%E7%84%BC%28%E3%81%8D%E3%81%96%E3%81%BF%29%E5%90%88%E8%A8%88160g%2880g%C3%972%E8%A2%8B%29+ZSR-603+%EF%BC%88AS-2031+%E5%9B%BD%E7%94%A3%E3%81%8D%E3%81%96%E3%81%BF%E3%81%86%E3%81%AA%E3%81%8E+%E3%81%94%E3%81%BC%E3%81%86%E5%85%A5%E3%82%8A%EF%BC%88%E3%82%BF%E3%83%AC%E4%BB%98%E3%81%8D%EF%BC%89+%E5%90%88%E8%A8%88425g%2885g%C3%975%E8%A2%8B%29+-+%E3%81%B5%E3%82%8B%E3%81%95%E3%81%A8%E7%B4%8D%E7%A8%8E%E8%BF%94%E7%A4%BC%E5%93%81+%E8%96%A9%E6%91%A9%E9%B9%BF%E5%85%90%E5%B3%B6%E7%9C%8C+%E8%96%A9%E6%91%A9%E5%B7%9D%E5%86%85%E5%B8%82%E5%BF%9C%E6%8F%B4%E3%82%B5%E3%82%A4%E3%83%88%EF%BC%89 HTTP/1.1" 301 0 "-" "Mozilla/5.0 (Linux; Android 6.0.1; Nexus 5X Build/MMB29P) AppleWebKit/537.36 (KHTML, like Gecko) Chrome/137.0.7151.103 Mobile Safari/537.36 (compatible; Googlebot/2.1; +http://www.google.com/bot.html)"
