66.249.79.3 - - [17/Jul/2025:12:58:32 -0400] "GET /?n=6072895799803&channel=641f77&from=brands.php%3Fid%3D957998-9378%26name%3D%E3%81%B5%E3%82%8B%E3%81%95%E3%81%A8%E7%B4%8D%E7%A8%8E%20%E8%96%A9%E6%91%A9%E5%B7%9D%E5%86%85%E5%B8%82%20%E5%9B%BD%E7%94%A3%E3%81%86%E3%81%AA%E3%81%8E%E8%92%B2%E7%84%BC%28%E3%81%8D%E3%81%96%E3%81%BF%29%E5%90%88%E8%A8%88160g%2880g%C3%972%E8%A2%8B%29%20ZSR-603%20%EF%BC%88AS-2031%20%E5%9B%BD%E7%94%A3%E3%81%8D%E3%81%96%E3%81%BF%E3%81%86%E3%81%AA%E3%81%8E%20%E3%81%94%E3%81%BC%E3%81%86%E5%85%A5%E3%82%8A%EF%BC%88%E3%82%BF%E3%83%AC%E4%BB%98%E3%81%8D%EF%BC%89%20%E5%90%88%E8%A8%88425g%2885g%C3%975%E8%A2%8B%29%20-%20%E3%81%B5%E3%82%8B%E3%81%95%E3%81%A8%E7%B4%8D%E7%A8%8E%E8%BF%94%E7%A4%BC%E5%93%81%20%E8%96%A9%E6%91%A9%E9%B9%BF%E5%85%90%E5%B3%B6%E7%9C%8C%20%E8%96%A9%E6%91%A9%E5%B7%9D%E5%86%85%E5%B8%82%E5%BF%9C%E6%8F%B4%E3%82%B5%E3%82%A4%E3%83%88%EF%BC%89 HTTP/1.1" 200 29826 "-" "Mozilla/5.0 (Linux; Android 6.0.1; Nexus 5X Build/MMB29P) AppleWebKit/537.36 (KHTML, like Gecko) Chrome/137.0.7151.103 Mobile Safari/537.36 (compatible; Googlebot/2.1; +http://www.google.com/bot.html)"
66.249.79.3 - - [17/Jul/2025:12:58:33 -0400] "GET /?n=1163719014400&channel=a47e1d&from=form.php%3Fid%3D190144-10981%26name%3D%E4%B9%83%E6%9C%A8%E5%9D%8246+%E4%BA%95%E4%B8%8A%E5%92%8C%E3%80%80SC+%E3%82%B7%E3%83%BC%E3%82%AF%E3%83%AC%E3%83%83%E3%83%88+%E3%83%93%E3%83%AB%E3%83%87%E3%82%A3%E3%83%90%E3%82%A4%E3%83%89+%EF%BC%88%E4%B9%83%E6%9C%A8%E5%9D%8246%C3%97%E3%83%93%E3%83%AB%E3%83%87%E3%82%A3%E3%83%90%E3%82%A4%E3%83%89+-%E3%83%96%E3%83%A9%E3%82%A4%E3%83%88-%E3%80%8D%E7%89%B9%E8%A8%AD%E3%82%B5%E3%82%A4%E3%83%88%EF%BC%89 HTTP/1.1" 301 0 "-" "Mozilla/5.0 (Linux; Android 6.0.1; Nexus 5X Build/MMB29P) AppleWebKit/537.36 (KHTML, like Gecko) Chrome/137.0.7151.103 Mobile Safari/537.36 (compatible; Googlebot/2.1; +http://www.google.com/bot.html)"
66.249.79.3 - - [17/Jul/2025:12:58:34 -0400] "GET /?n=1163719014400&channel=a47e1d&from=form.php%3Fid%3D190144-10981%26name%3D%E4%B9%83%E6%9C%A8%E5%9D%8246%20%E4%BA%95%E4%B8%8A%E5%92%8C%E3%80%80SC%20%E3%82%B7%E3%83%BC%E3%82%AF%E3%83%AC%E3%83%83%E3%83%88%20%E3%83%93%E3%83%AB%E3%83%87%E3%82%A3%E3%83%90%E3%82%A4%E3%83%89%20%EF%BC%88%E4%B9%83%E6%9C%A8%E5%9D%8246%C3%97%E3%83%93%E3%83%AB%E3%83%87%E3%82%A3%E3%83%90%E3%82%A4%E3%83%89%20-%E3%83%96%E3%83%A9%E3%82%A4%E3%83%88-%E3%80%8D%E7%89%B9%E8%A8%AD%E3%82%B5%E3%82%A4%E3%83%88%EF%BC%89 HTTP/1.1" 200 29830 "-" "Mozilla/5.0 (Linux; Android 6.0.1; Nexus 5X Build/MMB29P) AppleWebKit/537.36 (KHTML, like Gecko) Chrome/137.0.7151.103 Mobile Safari/537.36 (compatible; Googlebot/2.1; +http://www.google.com/bot.html)"
66.249.68.135 - - [17/Jul/2025:12:58:55 -0400] "GET /robots.txt HTTP/1.1" 200 91 "-" "Mozilla/5.0 (compatible; Googlebot/2.1; +http://www.google.com/bot.html)"
66.249.68.135 - - [17/Jul/2025:12:58:55 -0400] "GET /?n=90605155695100&channel=8cd1e3&from=form.php%3Fid%3D1556951-2916%26name%3DAEROSPARK+49mm+EX+LONG+%E3%83%86%E3%82%A3%E3%83%BC+24%E6%9C%AC%E3%82%BB%E3%83%83%E3%83%88 HTTP/1.1" 301 0 "-" "Mozilla/5.0 (Linux; Android 6.0.1; Nexus 5X Build/MMB29P) AppleWebKit/537.36 (KHTML, like Gecko) Chrome/137.0.7151.103 Mobile Safari/537.36 (compatible; Googlebot/2.1; +http://www.google.com/bot.html)"
66.249.79.3 - - [17/Jul/2025:12:58:55 -0400] "GET /?n=9801254553604&channel=1a5faf&from=article.php%3Fid%3D545536-11904%26name%3D60100000+EC210BLC+EC240BLC+EC290BLC+PRIME+G930+G940+D6E+D7E+%E3%82%A8%E3%83%B3%E3%82%B8%E3%83%B3%E3%82%B3%E3%83%B3 HTTP/1.1" 301 0 "-" "Mozilla/5.0 (Linux; Android 6.0.1; Nexus 5X Build/MMB29P) AppleWebKit/537.36 (KHTML, like Gecko) Chrome/137.0.7151.103 Mobile Safari/537.36 (compatible; Googlebot/2.1; +http://www.google.com/bot.html)"
66.249.79.3 - - [17/Jul/2025:12:58:57 -0400] "GET /?n=90605155695100&channel=8cd1e3&from=form.php%3Fid%3D1556951-2916%26name%3DAEROSPARK%2049mm%20EX%20LONG%20%E3%83%86%E3%82%A3%E3%83%BC%2024%E6%9C%AC%E3%82%BB%E3%83%83%E3%83%88 HTTP/1.1" 200 29837 "-" "Mozilla/5.0 (Linux; Android 6.0.1; Nexus 5X Build/MMB29P) AppleWebKit/537.36 (KHTML, like Gecko) Chrome/137.0.7151.103 Mobile Safari/537.36 (compatible; Googlebot/2.1; +http://www.google.com/bot.html)"
66.249.79.3 - - [17/Jul/2025:12:58:57 -0400] "GET /?n=9801254553604&channel=1a5faf&from=article.php%3Fid%3D545536-11904%26name%3D60100000%20EC210BLC%20EC240BLC%20EC290BLC%20PRIME%20G930%20G940%20D6E%20D7E%20%E3%82%A8%E3%83%B3%E3%82%B8%E3%83%B3%E3%82%B3%E3%83%B3 HTTP/1.1" 200 29832 "-" "Mozilla/5.0 (Linux; Android 6.0.1; Nexus 5X Build/MMB29P) AppleWebKit/537.36 (KHTML, like Gecko) Chrome/137.0.7151.103 Mobile Safari/537.36 (compatible; Googlebot/2.1; +http://www.google.com/bot.html)"
63.250.38.117 - - [17/Jul/2025:12:59:20 -0400] "POST /wp-cron.php?doing_wp_cron=1752771559.8824350833892822265625 HTTP/1.1" 403 1242 "-" "WordPress/6.8.1; https://fnf.group"
66.249.68.137 - - [17/Jul/2025:12:59:18 -0400] "GET /?n=4195672454702&channel=daec68&from=blog.php%3Fid%3D724547-8809%26name%3D%E3%83%A2%E3%83%80%E3%83%B3%E3%83%AA%E3%83%93%E3%83%B3%E3%82%B0%E3%82%B3%E3%82%BF%E3%83%8490cm+%E3%81%93%E3%81%9F%E3%81%A4%E3%83%86%E3%83%BC%E3%83%96%E3%83%AB+%E9%95%B7%E6%96%B9%E5%BD%A2+%E3%83%B4%E3%82%A3%E3%83%B3%E3%83%86%E3%83%BC%E3%82%B8%E3%83%96%E3%83%A9%E3%82%A6%E3%83%B3+DCI-90VBR HTTP/1.1" 301 0 "-" "Mozilla/5.0 (Linux; Android 6.0.1; Nexus 5X Build/MMB29P) AppleWebKit/537.36 (KHTML, like Gecko) Chrome/137.0.7151.103 Mobile Safari/537.36 (compatible; Googlebot/2.1; +http://www.google.com/bot.html)"
66.249.79.4 - - [17/Jul/2025:12:59:20 -0400] "GET /?n=4195672454702&channel=daec68&from=blog.php%3Fid%3D724547-8809%26name%3D%E3%83%A2%E3%83%80%E3%83%B3%E3%83%AA%E3%83%93%E3%83%B3%E3%82%B0%E3%82%B3%E3%82%BF%E3%83%8490cm%20%E3%81%93%E3%81%9F%E3%81%A4%E3%83%86%E3%83%BC%E3%83%96%E3%83%AB%20%E9%95%B7%E6%96%B9%E5%BD%A2%20%E3%83%B4%E3%82%A3%E3%83%B3%E3%83%86%E3%83%BC%E3%82%B8%E3%83%96%E3%83%A9%E3%82%A6%E3%83%B3%20DCI-90VBR HTTP/1.1" 200 29832 "-" "Mozilla/5.0 (Linux; Android 6.0.1; Nexus 5X Build/MMB29P) AppleWebKit/537.36 (KHTML, like Gecko) Chrome/137.0.7151.103 Mobile Safari/537.36 (compatible; Googlebot/2.1; +http://www.google.com/bot.html)"
66.249.79.4 - - [17/Jul/2025:12:59:22 -0400] "GET /?n=799776687500&channel=eb6002&from=news.php%3Fid%3D66875-6178%26name%3D%E7%BE%8E%E5%93%81%E3%80%80%E3%82%B3%E3%83%BC%E3%83%81%E9%95%B7%E8%B2%A1%E5%B8%83%E3%83%80%E3%83%96%E3%83%AB%E3%82%B8%E3%83%83%E3%83%97%E3%83%88%E3%83%A9%E3%83%99%E3%83%AB%E3%82%BB%E3%82%AB%E3%83%B3%E3%83%89%E3%83%90%E3%83%83%E3%82%AF HTTP/1.1" 200 29819 "-" "Mozilla/5.0 (Linux; Android 6.0.1; Nexus 5X Build/MMB29P) AppleWebKit/537.36 (KHTML, like Gecko) Chrome/137.0.7151.103 Mobile Safari/537.36 (compatible; Googlebot/2.1; +http://www.google.com/bot.html)"
66.249.79.4 - - [17/Jul/2025:12:59:24 -0400] "GET /?n=9987065909304&channel=9b9e55&from=goods.php%3Fid%3D659093-6413%26name%3D%5B%E3%83%AA%E3%83%BC%E3%82%AC%E3%83%AB%E3%82%A6%E3%82%A9%E3%83%BC%E3%82%AB%E3%83%BC%5D+%E3%83%AD%E3%83%BC%E3%83%95%E3%82%A1%E3%83%BC+%E3%83%B4%E3%82%A1%E3%83%B3%E3%83%97%E3%83%A2%E3%82%AB%E3%82%B9%E3%83%AA%E3%83%83%E3%83%9D%E3%83%B3+HC63++%E3%83%AC%E3%83%87%E3%82%A3%E3%83%BC%E3%82%B9%EF%BC%88%E3%83%AA%E3%83%BC%E3%82%AC%E3%83%AB%E3%83%AC%E3%83%87%E3%82%A3%E3%83%BC%E3%82%B9%E3%80%91F02Q+%E3%82%B7%E3%83%B3%E3%83%97%E3%83%AB%E3%83%A2%E3%82%AB%E3%82%B7%E3%83%B3+%2F+REGAL+FOOT+COMMUNITY+%7C+%E3%83%95%E3%82%A1%E3%83%83%E3%82%B7%E3%83%A7%E3%83%B3%E9%80%9A%E8%B2%A9+%E3%80%90%E5%85%AC%E5%BC%8F%E9%80%9A%E8%B2%A9%E3%80%91%E3%82%AA%E3%83%B3%E3%83%AF%E3%83%BC%E3%83%89%E3%83%BB%E3%82%AF%E3%83%AD%E3%83%BC%E3%82%BC%E3%83%83%E3%83%88%EF%BC%89 HTTP/1.1" 301 0 "-" "Mozilla/5.0 (Linux; Android 6.0.1; Nexus 5X Build/MMB29P) AppleWebKit/537.36 (KHTML, like Gecko) Chrome/137.0.7151.103 Mobile Safari/537.36 (compatible; Googlebot/2.1; +http://www.google.com/bot.html)"
66.249.79.3 - - [17/Jul/2025:12:59:26 -0400] "GET /?n=6408777002604&channel=268cc3&from=jp.php%3Fid%3D770026-3825%26name%3DCPKMLUXDZ%28%E5%A3%B2%E5%BA%97%29+A2C5334326880+%E9%9B%BB%E6%B0%97%E7%87%83%E6%96%99%E3%83%9D%E3%83%B3%E3%83%97+4H0906089A+%E3%82%A2%E3%82%A6%E3%83%87%E3%82%A3+A8+4H+S8+%E3%81%AB%E9%81%A9%E5%90%88 HTTP/1.1" 301 0 "-" "Mozilla/5.0 (Linux; Android 6.0.1; Nexus 5X Build/MMB29P) AppleWebKit/537.36 (KHTML, like Gecko) Chrome/137.0.7151.103 Mobile Safari/537.36 (compatible; Googlebot/2.1; +http://www.google.com/bot.html)"
66.249.79.4 - - [17/Jul/2025:12:59:26 -0400] "GET /?n=9987065909304&channel=9b9e55&from=goods.php%3Fid%3D659093-6413%26name%3D%5B%E3%83%AA%E3%83%BC%E3%82%AC%E3%83%AB%E3%82%A6%E3%82%A9%E3%83%BC%E3%82%AB%E3%83%BC%5D%20%E3%83%AD%E3%83%BC%E3%83%95%E3%82%A1%E3%83%BC%20%E3%83%B4%E3%82%A1%E3%83%B3%E3%83%97%E3%83%A2%E3%82%AB%E3%82%B9%E3%83%AA%E3%83%83%E3%83%9D%E3%83%B3%20HC63%20%20%E3%83%AC%E3%83%87%E3%82%A3%E3%83%BC%E3%82%B9%EF%BC%88%E3%83%AA%E3%83%BC%E3%82%AC%E3%83%AB%E3%83%AC%E3%83%87%E3%82%A3%E3%83%BC%E3%82%B9%E3%80%91F02Q%20%E3%82%B7%E3%83%B3%E3%83%97%E3%83%AB%E3%83%A2%E3%82%AB%E3%82%B7%E3%83%B3%20%2F%20REGAL%20FOOT%20COMMUNITY%20%7C%20%E3%83%95%E3%82%A1%E3%83%83%E3%82%B7%E3%83%A7%E3%83%B3%E9%80%9A%E8%B2%A9%20%E3%80%90%E5%85%AC%E5%BC%8F%E9%80%9A%E8%B2%A9%E3%80%91%E3%82%AA%E3%83%B3%E3%83%AF%E3%83%BC%E3%83%89%E3%83%BB%E3%82%AF%E3%83%AD%E3%83%BC%E3%82%BC%E3%83%83%E3%83%88%EF%BC%89 HTTP/1.1" 200 29826 "-" "Mozilla/5.0 (Linux; Android 6.0.1; Nexus 5X Build/MMB29P) AppleWebKit/537.36 (KHTML, like Gecko) Chrome/137.0.7151.103 Mobile Safari/537.36 (compatible; Googlebot/2.1; +http://www.google.com/bot.html)"
66.249.79.4 - - [17/Jul/2025:12:59:28 -0400] "GET /?n=6408777002604&channel=268cc3&from=jp.php%3Fid%3D770026-3825%26name%3DCPKMLUXDZ%28%E5%A3%B2%E5%BA%97%29%20A2C5334326880%20%E9%9B%BB%E6%B0%97%E7%87%83%E6%96%99%E3%83%9D%E3%83%B3%E3%83%97%204H0906089A%20%E3%82%A2%E3%82%A6%E3%83%87%E3%82%A3%20A8%204H%20S8%20%E3%81%AB%E9%81%A9%E5%90%88 HTTP/1.1" 200 29831 "-" "Mozilla/5.0 (Linux; Android 6.0.1; Nexus 5X Build/MMB29P) AppleWebKit/537.36 (KHTML, like Gecko) Chrome/137.0.7151.103 Mobile Safari/537.36 (compatible; Googlebot/2.1; +http://www.google.com/bot.html)"
66.249.68.135 - - [17/Jul/2025:12:59:30 -0400] "GET /?n=7072789210500&channel=3a54ae&from=form.php%3Fid%3D892105-6878%26name%3DAURALEE+%E3%82%AA%E3%83%BC%E3%83%A9%E3%83%AA%E3%83%BC+%E3%83%97%E3%83%AA%E3%83%BC%E3%83%84%E3%82%B9%E3%82%AB%E3%83%BC%E3%83%88 HTTP/1.1" 301 0 "-" "Mozilla/5.0 (Linux; Android 6.0.1; Nexus 5X Build/MMB29P) AppleWebKit/537.36 (KHTML, like Gecko) Chrome/137.0.7151.103 Mobile Safari/537.36 (compatible; Googlebot/2.1; +http://www.google.com/bot.html)"
66.249.79.3 - - [17/Jul/2025:12:59:31 -0400] "GET /?n=7072789210500&channel=3a54ae&from=form.php%3Fid%3D892105-6878%26name%3DAURALEE%20%E3%82%AA%E3%83%BC%E3%83%A9%E3%83%AA%E3%83%BC%20%E3%83%97%E3%83%AA%E3%83%BC%E3%83%84%E3%82%B9%E3%82%AB%E3%83%BC%E3%83%88 HTTP/1.1" 200 29827 "-" "Mozilla/5.0 (Linux; Android 6.0.1; Nexus 5X Build/MMB29P) AppleWebKit/537.36 (KHTML, like Gecko) Chrome/137.0.7151.103 Mobile Safari/537.36 (compatible; Googlebot/2.1; +http://www.google.com/bot.html)"
66.249.68.135 - - [17/Jul/2025:12:59:52 -0400] "GET /?n=9171089883602&channel=d2444b&from=brands.php%3Fid%3D898836-21855%26name%3D%E3%82%B4%E3%83%AB%E3%83%95%E3%80%80%E3%83%88%E3%83%A9%E3%83%99%E3%83%AB%E3%83%90%E3%83%83%E3%82%B0 HTTP/1.1" 301 0 "-" "Mozilla/5.0 (Linux; Android 6.0.1; Nexus 5X Build/MMB29P) AppleWebKit/537.36 (KHTML, like Gecko) Chrome/137.0.7151.103 Mobile Safari/537.36 (compatible; Googlebot/2.1; +http://www.google.com/bot.html)"
66.249.79.2 - - [17/Jul/2025:12:59:53 -0400] "GET /?n=9171089883602&channel=d2444b&from=brands.php%3Fid%3D898836-21855%26name%3D%E3%82%B4%E3%83%AB%E3%83%95%E3%80%80%E3%83%88%E3%83%A9%E3%83%99%E3%83%AB%E3%83%90%E3%83%83%E3%82%B0 HTTP/1.1" 200 29826 "-" "Mozilla/5.0 (Linux; Android 6.0.1; Nexus 5X Build/MMB29P) AppleWebKit/537.36 (KHTML, like Gecko) Chrome/137.0.7151.103 Mobile Safari/537.36 (compatible; Googlebot/2.1; +http://www.google.com/bot.html)"
66.249.79.3 - - [17/Jul/2025:13:00:14 -0400] "GET /?n=059392868400&channel=2efb44&from=form.php%3Fid%3D28684-2734%26name%3D%E3%83%95%E3%83%A9%E3%83%83%E3%82%B7%E3%83%A5%E3%82%BB%E3%83%BC%E3%83%AB+%E3%82%B3%E3%83%BC%E3%83%81+COACH+CS032+%E3%82%A8%E3%83%83%E3%82%BB%E3%83%B3%E3%82%B7%E3%83%A3%E3%83%AB+%E3%82%B9%E3%83%AA%E3%83%A0+%E3%82%A2%E3%82%B3%E3%83%BC%E3%83%87%E3%82%A3%E3%82%AA%E3%83%B3+%E3%82%B8%E3%83%83%E3%83%97+%E3%82%A6%E3%82%A9%E3%83%AC%E3%83%83%E3%83%88+%E9%95%B7%E8%B2%A1%E5%B8%83+%E3%83%80%E3%83%BC%E3%82%AF%E3%83%8D%E3%82%A4%E3%83%93%E3%83%BC+%E7%B4%BA%E8%89%B2+%E9%80%81%E6%96%99%E7%84%A1%E6%96%99+%E6%AD%A3%E8%A6%8F%E5%BA%97%E5%95%86%E5%93%81 HTTP/1.1" 301 0 "-" "Mozilla/5.0 (Linux; Android 6.0.1; Nexus 5X Build/MMB29P) AppleWebKit/537.36 (KHTML, like Gecko) Chrome/137.0.7151.103 Mobile Safari/537.36 (compatible; Googlebot/2.1; +http://www.google.com/bot.html)"
66.249.79.3 - - [17/Jul/2025:13:00:16 -0400] "GET /?n=059392868400&channel=2efb44&from=form.php%3Fid%3D28684-2734%26name%3D%E3%83%95%E3%83%A9%E3%83%83%E3%82%B7%E3%83%A5%E3%82%BB%E3%83%BC%E3%83%AB%20%E3%82%B3%E3%83%BC%E3%83%81%20COACH%20CS032%20%E3%82%A8%E3%83%83%E3%82%BB%E3%83%B3%E3%82%B7%E3%83%A3%E3%83%AB%20%E3%82%B9%E3%83%AA%E3%83%A0%20%E3%82%A2%E3%82%B3%E3%83%BC%E3%83%87%E3%82%A3%E3%82%AA%E3%83%B3%20%E3%82%B8%E3%83%83%E3%83%97%20%E3%82%A6%E3%82%A9%E3%83%AC%E3%83%83%E3%83%88%20%E9%95%B7%E8%B2%A1%E5%B8%83%20%E3%83%80%E3%83%BC%E3%82%AF%E3%83%8D%E3%82%A4%E3%83%93%E3%83%BC%20%E7%B4%BA%E8%89%B2%20%E9%80%81%E6%96%99%E7%84%A1%E6%96%99%20%E6%AD%A3%E8%A6%8F%E5%BA%97%E5%95%86%E5%93%81 HTTP/1.1" 200 29830 "-" "Mozilla/5.0 (Linux; Android 6.0.1; Nexus 5X Build/MMB29P) AppleWebKit/537.36 (KHTML, like Gecko) Chrome/137.0.7151.103 Mobile Safari/537.36 (compatible; Googlebot/2.1; +http://www.google.com/bot.html)"
63.250.38.117 - - [17/Jul/2025:13:00:39 -0400] "POST /wp-cron.php?doing_wp_cron=1752771638.8914039134979248046875 HTTP/1.1" 403 1242 "-" "WordPress/6.8.1; https://fnf.group"
66.249.79.2 - - [17/Jul/2025:13:00:37 -0400] "GET /?n=59819109961602&channel=47c445&from=pin.php%3Fid%3D1099616-20449%26name%3D%E3%80%90%E6%95%B0%E9%87%8F%E9%99%90%E5%AE%9A%E3%80%91%E3%83%9A%E3%82%B0%26%E3%83%AD%E3%83%BC%E3%83%97%26%E5%8F%8E%E7%B4%8D%E8%A2%8B%E4%BB%98+2%E6%9C%AC%E3%82%BB%E3%83%83%E3%83%88+%E3%82%BF%E3%83%BC%E3%83%97%E3%83%9D%E3%83%BC%E3%83%AB+%E3%83%86%E3%83%B3%E3%83%88+DOD%28%E3%83%87%E3%82%A3%E3%83%BC%E3%82%AA%E3%83%BC%E3%83%87%E3%82%A3%E3%83%BC%29 HTTP/1.1" 301 0 "-" "Mozilla/5.0 (Linux; Android 6.0.1; Nexus 5X Build/MMB29P) AppleWebKit/537.36 (KHTML, like Gecko) Chrome/137.0.7151.103 Mobile Safari/537.36 (compatible; Googlebot/2.1; +http://www.google.com/bot.html)"
66.249.79.2 - - [17/Jul/2025:13:00:39 -0400] "GET /?n=59819109961602&channel=47c445&from=pin.php%3Fid%3D1099616-20449%26name%3D%E3%80%90%E6%95%B0%E9%87%8F%E9%99%90%E5%AE%9A%E3%80%91%E3%83%9A%E3%82%B0%26%E3%83%AD%E3%83%BC%E3%83%97%26%E5%8F%8E%E7%B4%8D%E8%A2%8B%E4%BB%98%202%E6%9C%AC%E3%82%BB%E3%83%83%E3%83%88%20%E3%82%BF%E3%83%BC%E3%83%97%E3%83%9D%E3%83%BC%E3%83%AB%20%E3%83%86%E3%83%B3%E3%83%88%20DOD%28%E3%83%87%E3%82%A3%E3%83%BC%E3%82%AA%E3%83%BC%E3%83%87%E3%82%A3%E3%83%BC%29 HTTP/1.1" 200 29832 "-" "Mozilla/5.0 (Linux; Android 6.0.1; Nexus 5X Build/MMB29P) AppleWebKit/537.36 (KHTML, like Gecko) Chrome/137.0.7151.103 Mobile Safari/537.36 (compatible; Googlebot/2.1; +http://www.google.com/bot.html)"
66.249.68.137 - - [17/Jul/2025:13:00:59 -0400] "GET /?n=56798125690302&channel=c8b24c&from=pin.php%3Fid%3D1256903-16244%26name%3D%E3%83%80%E3%82%A4%E3%82%BD%E3%83%B3%E3%83%98%E3%83%83%E3%83%89+LED%E3%83%A9%E3%82%A4%E3%83%88%E4%BB%98%E3%81%8D%E3%80%80+%E3%83%80%E3%82%A4%E3%82%BD%E3%83%B3V10+Slim%2FV12+%2F+V15 HTTP/1.1" 301 0 "-" "Mozilla/5.0 (Linux; Android 6.0.1; Nexus 5X Build/MMB29P) AppleWebKit/537.36 (KHTML, like Gecko) Chrome/137.0.7151.103 Mobile Safari/537.36 (compatible; Googlebot/2.1; +http://www.google.com/bot.html)"
66.249.79.2 - - [17/Jul/2025:13:01:01 -0400] "GET /?n=56798125690302&channel=c8b24c&from=pin.php%3Fid%3D1256903-16244%26name%3D%E3%83%80%E3%82%A4%E3%82%BD%E3%83%B3%E3%83%98%E3%83%83%E3%83%89%20LED%E3%83%A9%E3%82%A4%E3%83%88%E4%BB%98%E3%81%8D%E3%80%80%20%E3%83%80%E3%82%A4%E3%82%BD%E3%83%B3V10%20Slim%2FV12%20%2F%20V15 HTTP/1.1" 200 29829 "-" "Mozilla/5.0 (Linux; Android 6.0.1; Nexus 5X Build/MMB29P) AppleWebKit/537.36 (KHTML, like Gecko) Chrome/137.0.7151.103 Mobile Safari/537.36 (compatible; Googlebot/2.1; +http://www.google.com/bot.html)"
66.249.79.2 - - [17/Jul/2025:13:01:22 -0400] "GET /?n=49222159713503&channel=0d79d6&from=goods.php%3Fid%3D1597135-14273%26name%3DCBX400F%2FCBX550F%2F%E5%B7%9D%E5%8F%A3%E4%B8%89%E6%AE%B585%E3%82%BB%E3%83%B3%E3%83%81 HTTP/1.1" 200 29824 "-" "Mozilla/5.0 (Linux; Android 6.0.1; Nexus 5X Build/MMB29P) AppleWebKit/537.36 (KHTML, like Gecko) Chrome/137.0.7151.103 Mobile Safari/537.36 (compatible; Googlebot/2.1; +http://www.google.com/bot.html)"
63.250.38.117 - - [17/Jul/2025:13:01:45 -0400] "POST /wp-cron.php?doing_wp_cron=1752771705.7917549610137939453125 HTTP/1.1" 403 1242 "-" "WordPress/6.8.1; https://fnf.group"
66.249.68.136 - - [17/Jul/2025:13:01:44 -0400] "GET /?n=8847470745600&channel=1e25a6&from=product.php%3Fid%3D707456-373%26name%3D4pc%2Fpackage+Fuel+Injector+23209-0H050+23250-0M010+23250-40020+2320 HTTP/1.1" 301 0 "-" "Mozilla/5.0 (Linux; Android 6.0.1; Nexus 5X Build/MMB29P) AppleWebKit/537.36 (KHTML, like Gecko) Chrome/137.0.7151.103 Mobile Safari/537.36 (compatible; Googlebot/2.1; +http://www.google.com/bot.html)"
66.249.79.2 - - [17/Jul/2025:13:01:46 -0400] "GET /?n=8847470745600&channel=1e25a6&from=product.php%3Fid%3D707456-373%26name%3D4pc%2Fpackage%20Fuel%20Injector%2023209-0H050%2023250-0M010%2023250-40020%202320 HTTP/1.1" 200 29824 "-" "Mozilla/5.0 (Linux; Android 6.0.1; Nexus 5X Build/MMB29P) AppleWebKit/537.36 (KHTML, like Gecko) Chrome/137.0.7151.103 Mobile Safari/537.36 (compatible; Googlebot/2.1; +http://www.google.com/bot.html)"
216.244.66.226 - - [17/Jul/2025:13:02:03 -0400] "GET /tag/grilled-chicken/ HTTP/1.1" 500 1034 "-" "Mozilla/5.0 (compatible; DotBot/1.2; +https://opensiteexplorer.org/dotbot; help@moz.com)"
66.249.68.137 - - [17/Jul/2025:13:02:07 -0400] "GET /robots.txt HTTP/1.1" 200 91 "-" "Mozilla/5.0 (compatible; Googlebot/2.1; +http://www.google.com/bot.html)"
66.249.68.137 - - [17/Jul/2025:13:02:07 -0400] "GET /?n=365172586804&channel=1ae62f&from=shared.php%3Fid%3D25868-2649%26name%3DMatani+%E7%AB%B9%E8%A3%BD%E6%AD%AF%E3%83%96%E3%83%A9%E3%82%B7%E3%83%9B%E3%83%AB%E3%83%80%E3%83%BC+%E7%8F%AA%E8%97%BB%E5%9C%9F+%E6%AD%AF%E3%83%96%E3%83%A9%E3%82%B7%E3%82%AA%E3%83%BC%E3%82%AC%E3%83%8A%E3%82%A4%E3%82%B6%E3%83%BC+-+%E5%B0%8F%E3%81%95%E3%81%AA%E3%83%90%E3%82%B9%E3%83%AB%E3%83%BC%E3%83%A0%26amp%3B%E3%82%AB%E3%82%A6%E3%83%B3%E3%82%BF%E3%83%BC%E7%94%A8%E3%82%B9%E3%83%88%E3%83%AC%E3%83%BC%E3%82%B8%E3%82%B9%E3%82%BF%E3%83%B3%E3%83%89+- HTTP/1.1" 301 0 "-" "Mozilla/5.0 (Linux; Android 6.0.1; Nexus 5X Build/MMB29P) AppleWebKit/537.36 (KHTML, like Gecko) Chrome/137.0.7151.103 Mobile Safari/537.36 (compatible; Googlebot/2.1; +http://www.google.com/bot.html)"
66.249.79.2 - - [17/Jul/2025:13:02:08 -0400] "GET /?n=365172586804&channel=1ae62f&from=shared.php%3Fid%3D25868-2649%26name%3DMatani%20%E7%AB%B9%E8%A3%BD%E6%AD%AF%E3%83%96%E3%83%A9%E3%82%B7%E3%83%9B%E3%83%AB%E3%83%80%E3%83%BC%20%E7%8F%AA%E8%97%BB%E5%9C%9F%20%E6%AD%AF%E3%83%96%E3%83%A9%E3%82%B7%E3%82%AA%E3%83%BC%E3%82%AC%E3%83%8A%E3%82%A4%E3%82%B6%E3%83%BC%20-%20%E5%B0%8F%E3%81%95%E3%81%AA%E3%83%90%E3%82%B9%E3%83%AB%E3%83%BC%E3%83%A0%26amp%3B%E3%82%AB%E3%82%A6%E3%83%B3%E3%82%BF%E3%83%BC%E7%94%A8%E3%82%B9%E3%83%88%E3%83%AC%E3%83%BC%E3%82%B8%E3%82%B9%E3%82%BF%E3%83%B3%E3%83%89%20- HTTP/1.1" 200 29826 "-" "Mozilla/5.0 (Linux; Android 6.0.1; Nexus 5X Build/MMB29P) AppleWebKit/537.36 (KHTML, like Gecko) Chrome/137.0.7151.103 Mobile Safari/537.36 (compatible; Googlebot/2.1; +http://www.google.com/bot.html)"
216.244.66.226 - - [17/Jul/2025:13:02:26 -0400] "GET /tag/grilled-chicken/feed/ HTTP/1.1" 500 1034 "-" "Mozilla/5.0 (compatible; DotBot/1.2; +https://opensiteexplorer.org/dotbot; help@moz.com)"
66.249.79.3 - - [17/Jul/2025:13:02:29 -0400] "GET /?n=2327770476601&channel=126edb&from=info.php%3Fid%3D704766-12688%26name%3D%E8%BB%8A%E5%86%85%E8%A3%85%E3%83%91%E3%83%BC%E3%83%84+%E3%82%BB%E3%83%B3%E3%82%BF%E3%83%BC%E3%82%B3%E3%83%B3%E3%82%BD%E3%83%BC%E3%83%AB%E3%82%AB%E3%83%83%E3%83%97%E3%83%9B%E3%83%AB%E3%83%80%E3%83%BC%E3%83%88%E3%83%AA%E3%83%A0%E3%82%AB%E3%83%90%E3%83%BC+20468002308+W204+C+%E3%82%AF%E3%83%A9%E3%82%B9+X204+GLK+%E3%82%AF%E3%83%A9%E3%82%B9 HTTP/1.1" 301 0 "-" "Mozilla/5.0 (Linux; Android 6.0.1; Nexus 5X Build/MMB29P) AppleWebKit/537.36 (KHTML, like Gecko) Chrome/137.0.7151.103 Mobile Safari/537.36 (compatible; Googlebot/2.1; +http://www.google.com/bot.html)"
66.249.79.2 - - [17/Jul/2025:13:02:30 -0400] "GET /?n=2327770476601&channel=126edb&from=info.php%3Fid%3D704766-12688%26name%3D%E8%BB%8A%E5%86%85%E8%A3%85%E3%83%91%E3%83%BC%E3%83%84%20%E3%82%BB%E3%83%B3%E3%82%BF%E3%83%BC%E3%82%B3%E3%83%B3%E3%82%BD%E3%83%BC%E3%83%AB%E3%82%AB%E3%83%83%E3%83%97%E3%83%9B%E3%83%AB%E3%83%80%E3%83%BC%E3%83%88%E3%83%AA%E3%83%A0%E3%82%AB%E3%83%90%E3%83%BC%2020468002308%20W204%20C%20%E3%82%AF%E3%83%A9%E3%82%B9%20X204%20GLK%20%E3%82%AF%E3%83%A9%E3%82%B9 HTTP/1.1" 200 29822 "-" "Mozilla/5.0 (Linux; Android 6.0.1; Nexus 5X Build/MMB29P) AppleWebKit/537.36 (KHTML, like Gecko) Chrome/137.0.7151.103 Mobile Safari/537.36 (compatible; Googlebot/2.1; +http://www.google.com/bot.html)"
216.244.66.226 - - [17/Jul/2025:13:02:50 -0400] "GET /2016/09/05/the-endless-green-layers/feed/ HTTP/1.1" 500 1034 "-" "Mozilla/5.0 (compatible; DotBot/1.2; +https://opensiteexplorer.org/dotbot; help@moz.com)"
63.250.38.117 - - [17/Jul/2025:13:02:56 -0400] "POST /wp-cron.php?doing_wp_cron=1752771775.8851909637451171875000 HTTP/1.1" 403 1242 "-" "WordPress/6.8.1; https://fnf.group"
66.249.68.135 - - [17/Jul/2025:13:02:52 -0400] "GET /?n=8803834561205&channel=fc783c&from=shop.php%3Fid%3D345612-14767%26name%3D1pc+L3K9-13-215+197400-2240+sensor HTTP/1.1" 301 0 "-" "Mozilla/5.0 (Linux; Android 6.0.1; Nexus 5X Build/MMB29P) AppleWebKit/537.36 (KHTML, like Gecko) Chrome/137.0.7151.103 Mobile Safari/537.36 (compatible; Googlebot/2.1; +http://www.google.com/bot.html)"
66.249.79.2 - - [17/Jul/2025:13:02:56 -0400] "GET /?n=8803834561205&channel=fc783c&from=shop.php%3Fid%3D345612-14767%26name%3D1pc%20L3K9-13-215%20197400-2240%20sensor HTTP/1.1" 200 29831 "-" "Mozilla/5.0 (Linux; Android 6.0.1; Nexus 5X Build/MMB29P) AppleWebKit/537.36 (KHTML, like Gecko) Chrome/137.0.7151.103 Mobile Safari/537.36 (compatible; Googlebot/2.1; +http://www.google.com/bot.html)"
114.119.128.253 - - [17/Jul/2025:13:03:08 -0400] "GET /tag/grilled HTTP/1.1" 301 0 "-" "Mozilla/5.0 (Linux; Android 7.0;) AppleWebKit/537.36 (KHTML, like Gecko) Mobile Safari/537.36 (compatible; PetalBot;+https://webmaster.petalsearch.com/site/petalbot)"
216.244.66.226 - - [17/Jul/2025:13:03:15 -0400] "GET /tag/recipe/page/6/ HTTP/1.1" 500 1034 "-" "Mozilla/5.0 (compatible; DotBot/1.2; +https://opensiteexplorer.org/dotbot; help@moz.com)"
114.119.128.253 - - [17/Jul/2025:13:03:12 -0400] "GET /tag/grilled/ HTTP/1.1" 200 14288 "-" "Mozilla/5.0 (Linux; Android 7.0;) AppleWebKit/537.36 (KHTML, like Gecko) Mobile Safari/537.36 (compatible; PetalBot;+https://webmaster.petalsearch.com/site/petalbot)"
66.249.68.135 - - [17/Jul/2025:13:03:14 -0400] "GET /?n=9043948882300&channel=136ac9&from=goods.php%3Fid%3D488823-12164%26name%3DGeyi+Wrestling+Headgear%E3%82%B9%E3%82%A6%E3%82%A7%E3%83%BC%E3%83%87%E3%83%B3%E3%83%95%E3%83%A9%E3%82%B0%E3%83%87%E3%82%AB%E3%83%BC%E3%83%AB HTTP/1.1" 301 0 "-" "Mozilla/5.0 (Linux; Android 6.0.1; Nexus 5X Build/MMB29P) AppleWebKit/537.36 (KHTML, like Gecko) Chrome/137.0.7151.103 Mobile Safari/537.36 (compatible; Googlebot/2.1; +http://www.google.com/bot.html)"
66.249.79.2 - - [17/Jul/2025:13:03:19 -0400] "GET /?n=9043948882300&channel=136ac9&from=goods.php%3Fid%3D488823-12164%26name%3DGeyi%20Wrestling%20Headgear%E3%82%B9%E3%82%A6%E3%82%A7%E3%83%BC%E3%83%87%E3%83%B3%E3%83%95%E3%83%A9%E3%82%B0%E3%83%87%E3%82%AB%E3%83%BC%E3%83%AB HTTP/1.1" 200 29827 "-" "Mozilla/5.0 (Linux; Android 6.0.1; Nexus 5X Build/MMB29P) AppleWebKit/537.36 (KHTML, like Gecko) Chrome/137.0.7151.103 Mobile Safari/537.36 (compatible; Googlebot/2.1; +http://www.google.com/bot.html)"
66.249.68.135 - - [17/Jul/2025:13:03:37 -0400] "GET /?n=2280677848000&channel=ecdfc2&from=jp.php%3Fid%3D778480-16040%26name%3D%E3%82%B7%E3%83%A3%E3%83%AB%E3%83%AC%E3%80%80%E3%83%91%E3%83%AC%E3%83%83%E3%83%86%E3%82%A3%E3%80%80%E3%82%AC%E3%83%BC%E3%83%89%E3%83%AB%E3%80%8070 HTTP/1.1" 301 0 "-" "Mozilla/5.0 (Linux; Android 6.0.1; Nexus 5X Build/MMB29P) AppleWebKit/537.36 (KHTML, like Gecko) Chrome/137.0.7151.103 Mobile Safari/537.36 (compatible; Googlebot/2.1; +http://www.google.com/bot.html)"
66.249.79.2 - - [17/Jul/2025:13:03:40 -0400] "GET /?n=2280677848000&channel=ecdfc2&from=jp.php%3Fid%3D778480-16040%26name%3D%E3%82%B7%E3%83%A3%E3%83%AB%E3%83%AC%E3%80%80%E3%83%91%E3%83%AC%E3%83%83%E3%83%86%E3%82%A3%E3%80%80%E3%82%AC%E3%83%BC%E3%83%89%E3%83%AB%E3%80%8070 HTTP/1.1" 200 29836 "-" "Mozilla/5.0 (Linux; Android 6.0.1; Nexus 5X Build/MMB29P) AppleWebKit/537.36 (KHTML, like Gecko) Chrome/137.0.7151.103 Mobile Safari/537.36 (compatible; Googlebot/2.1; +http://www.google.com/bot.html)"
63.250.38.117 - - [17/Jul/2025:13:04:04 -0400] "POST /wp-cron.php?doing_wp_cron=1752771843.7844119071960449218750 HTTP/1.1" 403 1242 "-" "WordPress/6.8.1; https://fnf.group"
66.249.68.135 - - [17/Jul/2025:13:03:59 -0400] "GET /?n=60391143265200&channel=0b63ee&from=pin.php%3Fid%3D1432652-14562%26name%3D%E3%83%8F%E3%83%96%E3%83%A6%E3%83%8B%E3%83%83%E3%83%88%E5%BE%8C%E9%83%A8+REAR+THE+WHEEL+HUB+UNIT+B35N-26-15X+B35N2615X HTTP/1.1" 301 0 "-" "Mozilla/5.0 (Linux; Android 6.0.1; Nexus 5X Build/MMB29P) AppleWebKit/537.36 (KHTML, like Gecko) Chrome/137.0.7151.103 Mobile Safari/537.36 (compatible; Googlebot/2.1; +http://www.google.com/bot.html)"
66.249.79.3 - - [17/Jul/2025:13:04:04 -0400] "GET /?n=60391143265200&channel=0b63ee&from=pin.php%3Fid%3D1432652-14562%26name%3D%E3%83%8F%E3%83%96%E3%83%A6%E3%83%8B%E3%83%83%E3%83%88%E5%BE%8C%E9%83%A8%20REAR%20THE%20WHEEL%20HUB%20UNIT%20B35N-26-15X%20B35N2615X HTTP/1.1" 200 29833 "-" "Mozilla/5.0 (Linux; Android 6.0.1; Nexus 5X Build/MMB29P) AppleWebKit/537.36 (KHTML, like Gecko) Chrome/137.0.7151.103 Mobile Safari/537.36 (compatible; Googlebot/2.1; +http://www.google.com/bot.html)"
66.249.79.2 - - [17/Jul/2025:13:04:22 -0400] "GET /?n=3899938324303&channel=eef451&from=form.php%3Fid%3D383243-5890%26name%3D%E3%83%93%E3%83%AC%E3%83%83%E3%83%88%E3%82%A2%E3%83%AB%E3%83%9F+92+%E3%83%9F%E3%83%AA%E3%83%A1%E3%83%BC%E3%83%88%E3%83%AB%2F102+%E3%83%9F%E3%83%AA%E3%83%A1%E3%83%BC%E3%83%88%E3%83%AB%E3%82%B9%E3%83%AD%E3%83%83%E3%83%88%E3%83%AB%E3%83%9C%E3%83%87%E3%82%A3+LS1+LS2+LS3+LS6+%E3%81%AB%E9%81%A9%E5%90%88+LSX+%E8%BB%8A%E3%81%AE%E6%94%B9%E9%80%A0%E9%83%A8 HTTP/1.1" 301 0 "-" "Mozilla/5.0 (Linux; Android 6.0.1; Nexus 5X Build/MMB29P) AppleWebKit/537.36 (KHTML, like Gecko) Chrome/137.0.7151.103 Mobile Safari/537.36 (compatible; Googlebot/2.1; +http://www.google.com/bot.html)"
20.244.25.192 - - [17/Jul/2025:13:04:24 -0400] "POST /wp-login.php HTTP/1.1" 200 3938 "-" "Mozilla/5.0"
66.249.79.3 - - [17/Jul/2025:13:04:24 -0400] "GET /?n=3899938324303&channel=eef451&from=form.php%3Fid%3D383243-5890%26name%3D%E3%83%93%E3%83%AC%E3%83%83%E3%83%88%E3%82%A2%E3%83%AB%E3%83%9F%2092%20%E3%83%9F%E3%83%AA%E3%83%A1%E3%83%BC%E3%83%88%E3%83%AB%2F102%20%E3%83%9F%E3%83%AA%E3%83%A1%E3%83%BC%E3%83%88%E3%83%AB%E3%82%B9%E3%83%AD%E3%83%83%E3%83%88%E3%83%AB%E3%83%9C%E3%83%87%E3%82%A3%20LS1%20LS2%20LS3%20LS6%20%E3%81%AB%E9%81%A9%E5%90%88%20LSX%20%E8%BB%8A%E3%81%AE%E6%94%B9%E9%80%A0%E9%83%A8 HTTP/1.1" 200 29831 "-" "Mozilla/5.0 (Linux; Android 6.0.1; Nexus 5X Build/MMB29P) AppleWebKit/537.36 (KHTML, like Gecko) Chrome/137.0.7151.103 Mobile Safari/537.36 (compatible; Googlebot/2.1; +http://www.google.com/bot.html)"
114.119.148.60 - - [17/Jul/2025:13:04:29 -0400] "GET /author/admin123/page/82/ HTTP/1.1" 200 15107 "https://fnf.group/author/admin123/page/83/" "Mozilla/5.0 (Linux; Android 7.0;) AppleWebKit/537.36 (KHTML, like Gecko) Mobile Safari/537.36 (compatible; PetalBot;+https://webmaster.petalsearch.com/site/petalbot)"
66.249.68.135 - - [17/Jul/2025:13:04:44 -0400] "GET /?n=8102058509001&channel=706371&from=pin.php%3Fid%3D585090-6077%26name%3D%E4%B8%80%E7%95%AA%E3%81%8F%E3%81%98%E3%80%80MG%E3%82%B9%E3%83%88%E3%83%A9%E3%82%A4%E3%82%AF%E3%82%AC%E3%83%B3%E3%83%80%E3%83%A0%E3%80%80B%E8%B3%9E%2B%E3%83%A9%E3%82%B9%E3%83%88%E3%83%AF%E3%83%B3%E8%B3%9E HTTP/1.1" 301 0 "-" "Mozilla/5.0 (Linux; Android 6.0.1; Nexus 5X Build/MMB29P) AppleWebKit/537.36 (KHTML, like Gecko) Chrome/137.0.7151.103 Mobile Safari/537.36 (compatible; Googlebot/2.1; +http://www.google.com/bot.html)"
66.249.79.2 - - [17/Jul/2025:13:04:47 -0400] "GET /?n=8102058509001&channel=706371&from=pin.php%3Fid%3D585090-6077%26name%3D%E4%B8%80%E7%95%AA%E3%81%8F%E3%81%98%E3%80%80MG%E3%82%B9%E3%83%88%E3%83%A9%E3%82%A4%E3%82%AF%E3%82%AC%E3%83%B3%E3%83%80%E3%83%A0%E3%80%80B%E8%B3%9E%2B%E3%83%A9%E3%82%B9%E3%83%88%E3%83%AF%E3%83%B3%E8%B3%9E HTTP/1.1" 200 29822 "-" "Mozilla/5.0 (Linux; Android 6.0.1; Nexus 5X Build/MMB29P) AppleWebKit/537.36 (KHTML, like Gecko) Chrome/137.0.7151.103 Mobile Safari/537.36 (compatible; Googlebot/2.1; +http://www.google.com/bot.html)"
216.244.66.226 - - [17/Jul/2025:13:05:09 -0400] "GET /2020/09/05/shredded-beef-cheesy-heaven-garlicbread-by-renu-luq/feed/ HTTP/1.1" 500 1034 "-" "Mozilla/5.0 (compatible; DotBot/1.2; +https://opensiteexplorer.org/dotbot; help@moz.com)"
63.250.38.117 - - [17/Jul/2025:13:05:11 -0400] "POST /wp-cron.php?doing_wp_cron=1752771910.7900900840759277343750 HTTP/1.1" 403 1242 "-" "WordPress/6.8.1; https://fnf.group"
66.249.68.135 - - [17/Jul/2025:13:05:07 -0400] "GET /?n=1597723699105&channel=1b409a&from=form.php%3Fid%3D236991-7650%26name%3DJSEIAJB+%E6%9E%95%E3%82%B7%E3%83%B3%E3%82%B0%E3%83%AB%E3%83%94%E3%83%AD%E3%83%BC%E3%83%8D%E3%83%83%E3%82%AF%E4%BF%9D%E8%AD%B7%E5%A4%A7%E4%BA%BA%E3%81%AE%E7%9D%A1%E7%9C%A0%E6%9E%95%E7%B9%8A%E7%B6%AD%E3%83%91%E3%83%BC%E3%83%86%E3%82%A3%E3%82%B7%E3%83%A7%E3%83%B3%E3%83%9E%E3%83%83%E3%82%B5%E3%83%BC%E3%82%B8%E5%A4%A7%E8%B1%86%E3%82%BF%E3%83%B3%E3%83%91%E3%82%AF%E8%B3%AA%E6%9E%95 HTTP/1.1" 301 0 "-" "Mozilla/5.0 (Linux; Android 6.0.1; Nexus 5X Build/MMB29P) AppleWebKit/537.36 (KHTML, like Gecko) Chrome/137.0.7151.103 Mobile Safari/537.36 (compatible; Googlebot/2.1; +http://www.google.com/bot.html)"
66.249.79.3 - - [17/Jul/2025:13:05:11 -0400] "GET /?n=1597723699105&channel=1b409a&from=form.php%3Fid%3D236991-7650%26name%3DJSEIAJB%20%E6%9E%95%E3%82%B7%E3%83%B3%E3%82%B0%E3%83%AB%E3%83%94%E3%83%AD%E3%83%BC%E3%83%8D%E3%83%83%E3%82%AF%E4%BF%9D%E8%AD%B7%E5%A4%A7%E4%BA%BA%E3%81%AE%E7%9D%A1%E7%9C%A0%E6%9E%95%E7%B9%8A%E7%B6%AD%E3%83%91%E3%83%BC%E3%83%86%E3%82%A3%E3%82%B7%E3%83%A7%E3%83%B3%E3%83%9E%E3%83%83%E3%82%B5%E3%83%BC%E3%82%B8%E5%A4%A7%E8%B1%86%E3%82%BF%E3%83%B3%E3%83%91%E3%82%AF%E8%B3%AA%E6%9E%95 HTTP/1.1" 200 29829 "-" "Mozilla/5.0 (Linux; Android 6.0.1; Nexus 5X Build/MMB29P) AppleWebKit/537.36 (KHTML, like Gecko) Chrome/137.0.7151.103 Mobile Safari/537.36 (compatible; Googlebot/2.1; +http://www.google.com/bot.html)"
66.249.68.135 - - [17/Jul/2025:13:05:29 -0400] "GET /?n=27898126668900&channel=97ccc9&from=article.php%3Fid%3D1266689-6503%26name%3D%E3%82%B3%E3%83%B3%E3%82%BF%E3%82%AF%E3%83%88%E3%82%B1%E3%83%BC%E3%82%B9+%E3%83%9C%E3%82%B7%E3%83%A5%E3%83%AD%E3%83%A0+%E3%82%B3%E3%83%B3%E3%82%BF%E3%82%AF%E3%83%88+%E3%82%B1%E3%83%BC%E3%82%B9+BAUSCH+%EF%BC%8B+LOME HTTP/1.1" 301 0 "-" "Mozilla/5.0 (Linux; Android 6.0.1; Nexus 5X Build/MMB29P) AppleWebKit/537.36 (KHTML, like Gecko) Chrome/137.0.7151.103 Mobile Safari/537.36 (compatible; Googlebot/2.1; +http://www.google.com/bot.html)"
66.249.79.4 - - [17/Jul/2025:13:05:31 -0400] "GET /?n=27898126668900&channel=97ccc9&from=article.php%3Fid%3D1266689-6503%26name%3D%E3%82%B3%E3%83%B3%E3%82%BF%E3%82%AF%E3%83%88%E3%82%B1%E3%83%BC%E3%82%B9%20%E3%83%9C%E3%82%B7%E3%83%A5%E3%83%AD%E3%83%A0%20%E3%82%B3%E3%83%B3%E3%82%BF%E3%82%AF%E3%83%88%20%E3%82%B1%E3%83%BC%E3%82%B9%20BAUSCH%20%EF%BC%8B%20LOME HTTP/1.1" 200 29831 "-" "Mozilla/5.0 (Linux; Android 6.0.1; Nexus 5X Build/MMB29P) AppleWebKit/537.36 (KHTML, like Gecko) Chrome/137.0.7151.103 Mobile Safari/537.36 (compatible; Googlebot/2.1; +http://www.google.com/bot.html)"
66.249.79.3 - - [17/Jul/2025:13:05:52 -0400] "GET /?n=30730108412706&channel=c3fd8d&from=info.php%3Fid%3D1084127-14315%26name%3D%E3%83%95%E3%83%AD%E3%83%B3%E3%83%88%E3%83%AA%E3%82%A2%E3%82%A6%E3%82%A3%E3%83%B3%E3%83%89%E3%82%A6%E3%83%95%E3%83%AD%E3%83%B3%E3%83%88%E3%82%AC%E3%83%A9%E3%82%B9%E3%83%AF%E3%82%A4%E3%83%91%E3%83%BC%E3%83%96%E3%83%AC%E3%83%BC%E3%83%89%E3%81%AB%E9%81%A9%E5%90%88%E3%81%99%E3%82%8B%E6%97%A5%E7%94%A3%E3%81%AE%E5%A0%B4%E5%90%88%E3%82%B8%E3%83%A5%E3%83%BC%E3%82%AF%E3%81%AE%E5%A0%B4%E5%90%88F15+2010+2011+2012+2013 HTTP/1.1" 301 0 "-" "Mozilla/5.0 (Linux; Android 6.0.1; Nexus 5X Build/MMB29P) AppleWebKit/537.36 (KHTML, like Gecko) Chrome/137.0.7151.103 Mobile Safari/537.36 (compatible; Googlebot/2.1; +http://www.google.com/bot.html)"
66.249.79.3 - - [17/Jul/2025:13:05:56 -0400] "GET /?n=30730108412706&channel=c3fd8d&from=info.php%3Fid%3D1084127-14315%26name%3D%E3%83%95%E3%83%AD%E3%83%B3%E3%83%88%E3%83%AA%E3%82%A2%E3%82%A6%E3%82%A3%E3%83%B3%E3%83%89%E3%82%A6%E3%83%95%E3%83%AD%E3%83%B3%E3%83%88%E3%82%AC%E3%83%A9%E3%82%B9%E3%83%AF%E3%82%A4%E3%83%91%E3%83%BC%E3%83%96%E3%83%AC%E3%83%BC%E3%83%89%E3%81%AB%E9%81%A9%E5%90%88%E3%81%99%E3%82%8B%E6%97%A5%E7%94%A3%E3%81%AE%E5%A0%B4%E5%90%88%E3%82%B8%E3%83%A5%E3%83%BC%E3%82%AF%E3%81%AE%E5%A0%B4%E5%90%88F15%202010%202011%202012%202013 HTTP/1.1" 200 29835 "-" "Mozilla/5.0 (Linux; Android 6.0.1; Nexus 5X Build/MMB29P) AppleWebKit/537.36 (KHTML, like Gecko) Chrome/137.0.7151.103 Mobile Safari/537.36 (compatible; Googlebot/2.1; +http://www.google.com/bot.html)"
114.119.135.196 - - [17/Jul/2025:13:05:58 -0400] "GET /2025/07/02/casino-uden-rofus-spil-og-fa-udbetalinger-pa-udenlandske-casinoer/ HTTP/1.1" 200 27657 "https://fnf.group/2025/07/02/casino-online-y-apuestas-deportivas-en-espana/" "Mozilla/5.0 (Linux; Android 7.0;) AppleWebKit/537.36 (KHTML, like Gecko) Mobile Safari/537.36 (compatible; PetalBot;+https://webmaster.petalsearch.com/site/petalbot)"
63.250.38.117 - - [17/Jul/2025:13:06:18 -0400] "POST /wp-cron.php?doing_wp_cron=1752771977.9852390289306640625000 HTTP/1.1" 403 1242 "-" "WordPress/6.8.1; https://fnf.group"
66.249.68.135 - - [17/Jul/2025:13:06:14 -0400] "GET /?n=95919155746601&channel=4e3440&from=shared.php%3Fid%3D1557466-6461%26name%3D%E3%82%AD%E3%83%A3%E3%83%B3%E3%83%94%E3%83%B3%E3%82%B0%E3%82%AC%E3%82%B9%E3%80%80CV360+5%E6%9C%AC%E3%82%BB%E3%83%83%E3%83%88%E3%80%80%E6%9C%AA%E4%BD%BF%E7%94%A8%E6%96%B0%E5%93%81%E3%80%80%E5%B8%8C%E5%B0%91%E5%93%81 HTTP/1.1" 301 0 "-" "Mozilla/5.0 (Linux; Android 6.0.1; Nexus 5X Build/MMB29P) AppleWebKit/537.36 (KHTML, like Gecko) Chrome/137.0.7151.103 Mobile Safari/537.36 (compatible; Googlebot/2.1; +http://www.google.com/bot.html)"
66.249.79.3 - - [17/Jul/2025:13:06:18 -0400] "GET /?n=95919155746601&channel=4e3440&from=shared.php%3Fid%3D1557466-6461%26name%3D%E3%82%AD%E3%83%A3%E3%83%B3%E3%83%94%E3%83%B3%E3%82%B0%E3%82%AC%E3%82%B9%E3%80%80CV360%205%E6%9C%AC%E3%82%BB%E3%83%83%E3%83%88%E3%80%80%E6%9C%AA%E4%BD%BF%E7%94%A8%E6%96%B0%E5%93%81%E3%80%80%E5%B8%8C%E5%B0%91%E5%93%81 HTTP/1.1" 200 29831 "-" "Mozilla/5.0 (Linux; Android 6.0.1; Nexus 5X Build/MMB29P) AppleWebKit/537.36 (KHTML, like Gecko) Chrome/137.0.7151.103 Mobile Safari/537.36 (compatible; Googlebot/2.1; +http://www.google.com/bot.html)"
66.249.68.136 - - [17/Jul/2025:13:06:37 -0400] "GET /?n=2692944113605&channel=39beb7&from=shop.php%3Fid%3D441136-9017%26name%3D20%E5%80%8B%E3%83%92%E3%83%B3%E3%82%B8+%E3%82%AB%E3%83%BC%E3%83%9C%E3%83%B3%E3%82%B9%E3%83%81%E3%83%BC%E3%83%AB+%E3%82%BD%E3%83%95%E3%83%88%E3%82%AF%E3%83%AD%E3%83%BC%E3%82%BA+%E6%B2%B9%E5%9C%A7%E3%83%80%E3%83%B3%E3%83%91%E3%83%BC+%E3%82%AD%E3%83%A3%E3%83%93%E3%83%8D%E3%83%83%E3%83%88%E3%83%92%E3%83%B3%E3%82%B8+%E3%82%B9%E3%83%AD%E3%83%BC%E3%82%AF%E3%83%AD%E3%83%BC%E3%82%BA+%E3%82%AF%E3%83%AA%E3%83%83%E3%83%97%E3%82%AA%E3%83%B3+35mm+%E3%83%92%E3%83%B3%E3%82%B8%E3%82%AB%E3%83%83 HTTP/1.1" 301 0 "-" "Mozilla/5.0 (Linux; Android 6.0.1; Nexus 5X Build/MMB29P) AppleWebKit/537.36 (KHTML, like Gecko) Chrome/137.0.7151.103 Mobile Safari/537.36 (compatible; Googlebot/2.1; +http://www.google.com/bot.html)"
66.249.79.3 - - [17/Jul/2025:13:06:40 -0400] "GET /?n=2692944113605&channel=39beb7&from=shop.php%3Fid%3D441136-9017%26name%3D20%E5%80%8B%E3%83%92%E3%83%B3%E3%82%B8%20%E3%82%AB%E3%83%BC%E3%83%9C%E3%83%B3%E3%82%B9%E3%83%81%E3%83%BC%E3%83%AB%20%E3%82%BD%E3%83%95%E3%83%88%E3%82%AF%E3%83%AD%E3%83%BC%E3%82%BA%20%E6%B2%B9%E5%9C%A7%E3%83%80%E3%83%B3%E3%83%91%E3%83%BC%20%E3%82%AD%E3%83%A3%E3%83%93%E3%83%8D%E3%83%83%E3%83%88%E3%83%92%E3%83%B3%E3%82%B8%20%E3%82%B9%E3%83%AD%E3%83%BC%E3%82%AF%E3%83%AD%E3%83%BC%E3%82%BA%20%E3%82%AF%E3%83%AA%E3%83%83%E3%83%97%E3%82%AA%E3%83%B3%2035mm%20%E3%83%92%E3%83%B3%E3%82%B8%E3%82%AB%E3%83%83 HTTP/1.1" 200 29837 "-" "Mozilla/5.0 (Linux; Android 6.0.1; Nexus 5X Build/MMB29P) AppleWebKit/537.36 (KHTML, like Gecko) Chrome/137.0.7151.103 Mobile Safari/537.36 (compatible; Googlebot/2.1; +http://www.google.com/bot.html)"
213.209.150.137 - - [17/Jul/2025:13:06:46 -0400] "POST /wp-login.php?action=register HTTP/1.1" 302 0 "-" "-"
213.209.150.137 - - [17/Jul/2025:13:06:59 -0400] "POST /wp-login.php?action=register HTTP/1.1" 302 0 "-" "-"
68.183.157.208 - - [17/Jul/2025:13:07:16 -0400] "POST /xmlrpc.php HTTP/1.1" 403 1242 "https://fnf.group" "Mozilla/5.0 (Windows NT 10.0; Win64; x64) AppleWebKit/537.36 (KHTML, like Gecko) Chrome/126.0.0.0 Safari/537.36 Edg/126.0.0.0"
85.208.96.195 - - [17/Jul/2025:13:07:18 -0400] "GET /robots.txt HTTP/1.1" 500 1034 "-" "Mozilla/5.0 (compatible; SemrushBot/7~bl; +http://www.semrush.com/bot.html)"
213.209.150.137 - - [17/Jul/2025:13:07:13 -0400] "POST /wp-login.php?action=register HTTP/1.1" 302 0 "-" "-"
63.250.38.117 - - [17/Jul/2025:13:07:22 -0400] "POST /wp-cron.php?doing_wp_cron=1752772041.5813651084899902343750 HTTP/1.1" 403 1242 "-" "WordPress/6.8.1; https://fnf.group"
185.191.171.13 - - [17/Jul/2025:13:07:21 -0400] "GET /plus_wpgallery/mew-at-sumo/ HTTP/1.1" 500 262 "-" "Mozilla/5.0 (compatible; SemrushBot/7~bl; +http://www.semrush.com/bot.html)"
63.250.38.117 - - [17/Jul/2025:13:07:24 -0400] "POST /wp-cron.php?doing_wp_cron=1752772044.2811770439147949218750 HTTP/1.1" 403 1242 "-" "WordPress/6.8.1; https://fnf.group"
66.249.68.136 - - [17/Jul/2025:13:07:18 -0400] "GET /?n=01615180368702&channel=8cd1e3&from=category-info.php%3Fid%3D1803687-2916%26name%3D%E6%96%B0%E5%93%81%E3%80%80%E3%82%B4%E3%83%AB%E3%83%95%E3%83%86%E3%82%A3%E3%83%BC%E3%80%80%E3%83%86%E3%83%BC%E3%83%A9%E3%83%BC%E3%83%A1%E3%82%A4%E3%83%89%E3%80%803%E5%80%8B%E3%82%BB%E3%83%83%E3%83%88%E3%80%8069mm+10P HTTP/1.1" 301 0 "-" "Mozilla/5.0 (Linux; Android 6.0.1; Nexus 5X Build/MMB29P) AppleWebKit/537.36 (KHTML, like Gecko) Chrome/137.0.7151.103 Mobile Safari/537.36 (compatible; Googlebot/2.1; +http://www.google.com/bot.html)"
114.119.135.196 - - [17/Jul/2025:13:07:16 -0400] "GET /2025/06/14/leading-bitcoin-casino-sites-an-informative-overview-for-players/ HTTP/1.1" 200 19078 "https://fnf.group/author/admin123/page/74/" "Mozilla/5.0 (Linux; Android 7.0;) AppleWebKit/537.36 (KHTML, like Gecko) Mobile Safari/537.36 (compatible; PetalBot;+https://webmaster.petalsearch.com/site/petalbot)"
66.249.79.5 - - [17/Jul/2025:13:07:25 -0400] "GET /?n=01615180368702&channel=8cd1e3&from=category-info.php%3Fid%3D1803687-2916%26name%3D%E6%96%B0%E5%93%81%E3%80%80%E3%82%B4%E3%83%AB%E3%83%95%E3%83%86%E3%82%A3%E3%83%BC%E3%80%80%E3%83%86%E3%83%BC%E3%83%A9%E3%83%BC%E3%83%A1%E3%82%A4%E3%83%89%E3%80%803%E5%80%8B%E3%82%BB%E3%83%83%E3%83%88%E3%80%8069mm%2010P HTTP/1.1" 200 29829 "-" "Mozilla/5.0 (Linux; Android 6.0.1; Nexus 5X Build/MMB29P) AppleWebKit/537.36 (KHTML, like Gecko) Chrome/137.0.7151.103 Mobile Safari/537.36 (compatible; Googlebot/2.1; +http://www.google.com/bot.html)"
213.209.150.137 - - [17/Jul/2025:13:07:27 -0400] "POST /wp-login.php?action=register HTTP/1.1" 302 0 "-" "-"
66.249.68.135 - - [17/Jul/2025:13:07:29 -0400] "GET /?n=786182210201&channel=f199b7&from=news.php%3Fid%3D22102-1963%26name%3DStandard+Motor+Products+ALS1069+%E3%83%AA%E3%82%A2ABS%E3%83%9B%E3%82%A4%E3%83%BC%E3%83%AB%E3%82%BB%E3%83%B3%E3%82%B5%E3%83%BC HTTP/1.1" 301 0 "-" "Mozilla/5.0 (Linux; Android 6.0.1; Nexus 5X Build/MMB29P) AppleWebKit/537.36 (KHTML, like Gecko) Chrome/137.0.7151.103 Mobile Safari/537.36 (compatible; Googlebot/2.1; +http://www.google.com/bot.html)"
66.249.79.4 - - [17/Jul/2025:13:07:33 -0400] "GET /?n=786182210201&channel=f199b7&from=news.php%3Fid%3D22102-1963%26name%3DStandard%20Motor%20Products%20ALS1069%20%E3%83%AA%E3%82%A2ABS%E3%83%9B%E3%82%A4%E3%83%BC%E3%83%AB%E3%82%BB%E3%83%B3%E3%82%B5%E3%83%BC HTTP/1.1" 200 29833 "-" "Mozilla/5.0 (Linux; Android 6.0.1; Nexus 5X Build/MMB29P) AppleWebKit/537.36 (KHTML, like Gecko) Chrome/137.0.7151.103 Mobile Safari/537.36 (compatible; Googlebot/2.1; +http://www.google.com/bot.html)"
213.209.150.137 - - [17/Jul/2025:13:07:38 -0400] "POST /wp-login.php?action=register HTTP/1.1" 302 0 "-" "-"
66.249.68.135 - - [17/Jul/2025:13:07:44 -0400] "GET /?n=9097728042704&channel=7eb670&from=article.php%3Fid%3D280427-593%26name%3D%E3%83%AF%E3%82%A4%E3%83%AB%E3%83%89%E3%82%A6%E3%82%A3%E3%83%B3%E3%82%B0%E3%80%80%E3%82%A4%E3%83%BC%E3%82%B0%E3%83%AB%E3%80%80%E8%B6%85%E5%8E%9A%E5%BA%95%E3%80%80OD50+24.5 HTTP/1.1" 301 0 "-" "Mozilla/5.0 (Linux; Android 6.0.1; Nexus 5X Build/MMB29P) AppleWebKit/537.36 (KHTML, like Gecko) Chrome/137.0.7151.103 Mobile Safari/537.36 (compatible; Googlebot/2.1; +http://www.google.com/bot.html)"
66.249.79.3 - - [17/Jul/2025:13:07:51 -0400] "GET /?n=9097728042704&channel=7eb670&from=article.php%3Fid%3D280427-593%26name%3D%E3%83%AF%E3%82%A4%E3%83%AB%E3%83%89%E3%82%A6%E3%82%A3%E3%83%B3%E3%82%B0%E3%80%80%E3%82%A4%E3%83%BC%E3%82%B0%E3%83%AB%E3%80%80%E8%B6%85%E5%8E%9A%E5%BA%95%E3%80%80OD50%2024.5 HTTP/1.1" 200 29830 "-" "Mozilla/5.0 (Linux; Android 6.0.1; Nexus 5X Build/MMB29P) AppleWebKit/537.36 (KHTML, like Gecko) Chrome/137.0.7151.103 Mobile Safari/537.36 (compatible; Googlebot/2.1; +http://www.google.com/bot.html)"
213.209.150.137 - - [17/Jul/2025:13:07:53 -0400] "POST /wp-login.php?action=register HTTP/1.1" 302 0 "-" "-"
66.249.68.135 - - [17/Jul/2025:13:08:07 -0400] "GET /?n=83677125403900&channel=47e182&from=blog.php%3Fid%3D1254039-701%26name%3D%E2%98%85PANINI+2021-22+NBA+DONRUSS+%2372+RUSSELL+WESTBROOK%EF%BC%BBLOS+ANGELES+LAKERS%EF%BC%BD%E3%83%99%E3%83%BC%E3%82%B9%E3%82%AB%E3%83%BC%E3%83%89%E3%80%8CBASE%E3%80%8D%E2%98%85 HTTP/1.1" 301 0 "-" "Mozilla/5.0 (Linux; Android 6.0.1; Nexus 5X Build/MMB29P) AppleWebKit/537.36 (KHTML, like Gecko) Chrome/137.0.7151.103 Mobile Safari/537.36 (compatible; Googlebot/2.1; +http://www.google.com/bot.html)"
66.249.79.3 - - [17/Jul/2025:13:08:09 -0400] "GET /?n=83677125403900&channel=47e182&from=blog.php%3Fid%3D1254039-701%26name%3D%E2%98%85PANINI%202021-22%20NBA%20DONRUSS%20%2372%20RUSSELL%20WESTBROOK%EF%BC%BBLOS%20ANGELES%20LAKERS%EF%BC%BD%E3%83%99%E3%83%BC%E3%82%B9%E3%82%AB%E3%83%BC%E3%83%89%E3%80%8CBASE%E3%80%8D%E2%98%85 HTTP/1.1" 200 29833 "-" "Mozilla/5.0 (Linux; Android 6.0.1; Nexus 5X Build/MMB29P) AppleWebKit/537.36 (KHTML, like Gecko) Chrome/137.0.7151.103 Mobile Safari/537.36 (compatible; Googlebot/2.1; +http://www.google.com/bot.html)"
63.250.38.117 - - [17/Jul/2025:13:08:32 -0400] "POST /wp-cron.php?doing_wp_cron=1752772111.8852159976959228515625 HTTP/1.1" 403 1242 "-" "WordPress/6.8.1; https://fnf.group"
66.249.68.136 - - [17/Jul/2025:13:08:29 -0400] "GET /?n=42289162094601&channel=479670&from=news.php%3Fid%3D1620946-6564%26name%3D%E8%8A%AF%E3%82%B1%E3%83%BC%E3%82%B9%E3%81%BE%E3%81%A8%E3%82%81%E5%A3%B2%E3%82%8A HTTP/1.1" 301 0 "-" "Mozilla/5.0 (Linux; Android 6.0.1; Nexus 5X Build/MMB29P) AppleWebKit/537.36 (KHTML, like Gecko) Chrome/137.0.7151.103 Mobile Safari/537.36 (compatible; Googlebot/2.1; +http://www.google.com/bot.html)"
66.249.79.3 - - [17/Jul/2025:13:08:32 -0400] "GET /?n=42289162094601&channel=479670&from=news.php%3Fid%3D1620946-6564%26name%3D%E8%8A%AF%E3%82%B1%E3%83%BC%E3%82%B9%E3%81%BE%E3%81%A8%E3%82%81%E5%A3%B2%E3%82%8A HTTP/1.1" 200 29835 "-" "Mozilla/5.0 (Linux; Android 6.0.1; Nexus 5X Build/MMB29P) AppleWebKit/537.36 (KHTML, like Gecko) Chrome/137.0.7151.103 Mobile Safari/537.36 (compatible; Googlebot/2.1; +http://www.google.com/bot.html)"
40.77.167.158 - - [17/Jul/2025:13:08:34 -0400] "GET /sitemap.txt HTTP/1.1" 404 11507 "-" "Mozilla/5.0 AppleWebKit/537.36 (KHTML, like Gecko; compatible; bingbot/2.0; +http://www.bing.com/bingbot.htm) Chrome/116.0.1938.76 Safari/537.36"
114.119.128.253 - - [17/Jul/2025:13:08:40 -0400] "GET /tag/pickles HTTP/1.1" 301 0 "http://fnf.group/2020/12/13/instant-carrot-achar-by-faiza-ghazi" "Mozilla/5.0 (Linux; Android 7.0;) AppleWebKit/537.36 (KHTML, like Gecko) Mobile Safari/537.36 (compatible; PetalBot;+https://webmaster.petalsearch.com/site/petalbot)"
114.119.128.253 - - [17/Jul/2025:13:08:42 -0400] "GET /tag/pickles/ HTTP/1.1" 200 14168 "http://fnf.group/2020/12/13/instant-carrot-achar-by-faiza-ghazi" "Mozilla/5.0 (Linux; Android 7.0;) AppleWebKit/537.36 (KHTML, like Gecko) Mobile Safari/537.36 (compatible; PetalBot;+https://webmaster.petalsearch.com/site/petalbot)"
66.249.68.135 - - [17/Jul/2025:13:08:51 -0400] "GET /?n=72838182152602&channel=fbdfc3&from=blog.php%3Fid%3D1821526-11902%26name%3D12361-28240+%E3%83%9E%E3%82%B7%E3%83%B3%E3%83%95%E3%83%83%E3%83%88%E3%83%95%E3%83%AD%E3%83%B3%E3%83%88%E6%8E%A5%E7%9D%80%E5%89%A4%E3%82%A8%E3%83%B3%E3%82%B8%E3%83%B3%E3%83%96%E3%83%A9%E3%82%B1%E3%83%83%E3%83%88%E3%83%88%E3%83%A8%E3%82%BF%E3%81%A8%E4%BA%92%E6%8F%9B%E6%80%A7%E3%81%AE%E3%81%82%E3%82%8B+RAV4+%E3%81%A8%E4%BA%92%E6%8F%9B%E6%80%A7%E3%81%82%E3%82%8A+ACA31+ACA HTTP/1.1" 301 0 "-" "Mozilla/5.0 (Linux; Android 6.0.1; Nexus 5X Build/MMB29P) AppleWebKit/537.36 (KHTML, like Gecko) Chrome/137.0.7151.103 Mobile Safari/537.36 (compatible; Googlebot/2.1; +http://www.google.com/bot.html)"
66.249.79.3 - - [17/Jul/2025:13:08:53 -0400] "GET /?n=72838182152602&channel=fbdfc3&from=blog.php%3Fid%3D1821526-11902%26name%3D12361-28240%20%E3%83%9E%E3%82%B7%E3%83%B3%E3%83%95%E3%83%83%E3%83%88%E3%83%95%E3%83%AD%E3%83%B3%E3%83%88%E6%8E%A5%E7%9D%80%E5%89%A4%E3%82%A8%E3%83%B3%E3%82%B8%E3%83%B3%E3%83%96%E3%83%A9%E3%82%B1%E3%83%83%E3%83%88%E3%83%88%E3%83%A8%E3%82%BF%E3%81%A8%E4%BA%92%E6%8F%9B%E6%80%A7%E3%81%AE%E3%81%82%E3%82%8B%20RAV4%20%E3%81%A8%E4%BA%92%E6%8F%9B%E6%80%A7%E3%81%82%E3%82%8A%20ACA31%20ACA HTTP/1.1" 200 29822 "-" "Mozilla/5.0 (Linux; Android 6.0.1; Nexus 5X Build/MMB29P) AppleWebKit/537.36 (KHTML, like Gecko) Chrome/137.0.7151.103 Mobile Safari/537.36 (compatible; Googlebot/2.1; +http://www.google.com/bot.html)"
63.250.38.117 - - [17/Jul/2025:13:09:36 -0400] "POST /wp-cron.php?doing_wp_cron=1752772176.0051720142364501953125 HTTP/1.1" 403 1242 "-" "WordPress/6.8.1; https://fnf.group"
66.249.68.137 - - [17/Jul/2025:13:09:33 -0400] "GET /?n=4905151833900&channel=7b3cd2&from=news.php%3Fid%3D518339-7285%26name%3D%E3%83%91%E3%83%94%E3%83%AA%E3%82%AA%E3%82%B9%E3%83%86%E3%82%A4%E3%83%96%E3%83%AD%E3%82%A6%EF%BC%A7001%E3%83%A9%E3%82%A4%E3%83%88%E3%83%96%E3%83%A9%E3%82%A6%E3%83%B3%E3%82%AD%E3%83%A3%E3%83%83%E3%83%97%E4%BB%98%E3%81%8D%E3%83%AA%E3%83%95%E3%82%A3%E3%83%AB6%E6%9C%AC+%E3%81%BE%E3%82%86%E5%A2%A8 HTTP/1.1" 301 0 "-" "Mozilla/5.0 (Linux; Android 6.0.1; Nexus 5X Build/MMB29P) AppleWebKit/537.36 (KHTML, like Gecko) Chrome/137.0.7151.103 Mobile Safari/537.36 (compatible; Googlebot/2.1; +http://www.google.com/bot.html)"
66.249.79.5 - - [17/Jul/2025:13:09:36 -0400] "GET /?n=4905151833900&channel=7b3cd2&from=news.php%3Fid%3D518339-7285%26name%3D%E3%83%91%E3%83%94%E3%83%AA%E3%82%AA%E3%82%B9%E3%83%86%E3%82%A4%E3%83%96%E3%83%AD%E3%82%A6%EF%BC%A7001%E3%83%A9%E3%82%A4%E3%83%88%E3%83%96%E3%83%A9%E3%82%A6%E3%83%B3%E3%82%AD%E3%83%A3%E3%83%83%E3%83%97%E4%BB%98%E3%81%8D%E3%83%AA%E3%83%95%E3%82%A3%E3%83%AB6%E6%9C%AC%20%E3%81%BE%E3%82%86%E5%A2%A8 HTTP/1.1" 200 29828 "-" "Mozilla/5.0 (Linux; Android 6.0.1; Nexus 5X Build/MMB29P) AppleWebKit/537.36 (KHTML, like Gecko) Chrome/137.0.7151.103 Mobile Safari/537.36 (compatible; Googlebot/2.1; +http://www.google.com/bot.html)"
66.249.68.136 - - [17/Jul/2025:13:09:44 -0400] "GET /?n=27614116476002&channel=298e77&from=jp.php%3Fid%3D1164760-11446%26name%3D%5BYUWYOP%5D+%E3%82%AD%E3%83%83%E3%82%BA%E5%AD%90%E4%BE%9B%E5%B9%BC%E5%85%90%E5%B9%BC%E5%85%90%E8%B5%A4%E3%81%A1%E3%82%83%E3%82%93%E5%A5%B3%E3%81%AE%E5%AD%90%E3%82%BD%E3%83%AA%E3%83%83%E3%83%89%E3%83%AD%E3%83%B3%E3%82%B0%E3%83%90%E3%83%96%E3%83%AB%E3%82%B9%E3%83%AA%E3%83%BC%E3%83%96%E3%83%96%E3%83%A9%E3%82%A6%E3%82%B9%E3%83%88%E3%83%83%E3%83%97%E3%82%B9%E8%A1%A3%E8%A3%85%E6%9C%8D+T%E3%82%B7%E3%83%A3%E3%83%84+%E3%81%8A%E3%82%82%E3%81%97%E3%82%8D+%E6%96%87%E5%AD%97 HTTP/1.1" 301 0 "-" "Mozilla/5.0 (Linux; Android 6.0.1; Nexus 5X Build/MMB29P) AppleWebKit/537.36 (KHTML, like Gecko) Chrome/137.0.7151.103 Mobile Safari/537.36 (compatible; Googlebot/2.1; +http://www.google.com/bot.html)"
66.249.79.4 - - [17/Jul/2025:13:09:47 -0400] "GET /?n=27614116476002&channel=298e77&from=jp.php%3Fid%3D1164760-11446%26name%3D%5BYUWYOP%5D%20%E3%82%AD%E3%83%83%E3%82%BA%E5%AD%90%E4%BE%9B%E5%B9%BC%E5%85%90%E5%B9%BC%E5%85%90%E8%B5%A4%E3%81%A1%E3%82%83%E3%82%93%E5%A5%B3%E3%81%AE%E5%AD%90%E3%82%BD%E3%83%AA%E3%83%83%E3%83%89%E3%83%AD%E3%83%B3%E3%82%B0%E3%83%90%E3%83%96%E3%83%AB%E3%82%B9%E3%83%AA%E3%83%BC%E3%83%96%E3%83%96%E3%83%A9%E3%82%A6%E3%82%B9%E3%83%88%E3%83%83%E3%83%97%E3%82%B9%E8%A1%A3%E8%A3%85%E6%9C%8D%20T%E3%82%B7%E3%83%A3%E3%83%84%20%E3%81%8A%E3%82%82%E3%81%97%E3%82%8D%20%E6%96%87%E5%AD%97 HTTP/1.1" 200 29832 "-" "Mozilla/5.0 (Linux; Android 6.0.1; Nexus 5X Build/MMB29P) AppleWebKit/537.36 (KHTML, like Gecko) Chrome/137.0.7151.103 Mobile Safari/537.36 (compatible; Googlebot/2.1; +http://www.google.com/bot.html)"
