66.249.79.3 - - [17/Jul/2025:14:20:26 -0400] "GET /?n=08235121327000&channel=6f5809&from=form.php%3Fid%3D1213270-9031%26name%3D12%E5%80%8B+%E3%83%86%E3%83%BC%E3%83%96%E3%83%AB%E3%81%A8%E6%A4%85%E5%AD%90%E3%81%AE%E3%83%95%E3%83%83%E3%83%88%E3%82%AB%E3%83%90%E3%83%BC+%E5%86%8D%E5%88%A9%E7%94%A8%E5%8F%AF%E8%83%BD+%E4%BF%9D%E8%AD%B7%E7%9A%84%E3%81%AA+%E5%BA%8A+%E9%80%8F%E6%98%8E+%E4%BA%A4%E6%8F%9B+%E3%82%A4%E3%82%B9+%E5%AE%B6%E5%85%B7%E7%94%A8%E3%82%B9%E3%82%AF%E3%83%A9%E3%83%83%E3%83%81%E3%83%97%E3%83%AD%E3%83%86%E3%82%AF%E3%82%BF%E3%83%BC+%E6%A4%85%E5%AD%90%E3%81%AE%E8%84%9A%E3%81%AE%E3%83%95%E3%83%AD%E3%82%A2%E3%83%97%E3%83%AD HTTP/1.1" 301 0 "-" "Mozilla/5.0 (Linux; Android 6.0.1; Nexus 5X Build/MMB29P) AppleWebKit/537.36 (KHTML, like Gecko) Chrome/137.0.7151.103 Mobile Safari/537.36 (compatible; Googlebot/2.1; +http://www.google.com/bot.html)"
66.249.79.2 - - [17/Jul/2025:14:20:30 -0400] "GET /?n=08235121327000&channel=6f5809&from=form.php%3Fid%3D1213270-9031%26name%3D12%E5%80%8B%20%E3%83%86%E3%83%BC%E3%83%96%E3%83%AB%E3%81%A8%E6%A4%85%E5%AD%90%E3%81%AE%E3%83%95%E3%83%83%E3%83%88%E3%82%AB%E3%83%90%E3%83%BC%20%E5%86%8D%E5%88%A9%E7%94%A8%E5%8F%AF%E8%83%BD%20%E4%BF%9D%E8%AD%B7%E7%9A%84%E3%81%AA%20%E5%BA%8A%20%E9%80%8F%E6%98%8E%20%E4%BA%A4%E6%8F%9B%20%E3%82%A4%E3%82%B9%20%E5%AE%B6%E5%85%B7%E7%94%A8%E3%82%B9%E3%82%AF%E3%83%A9%E3%83%83%E3%83%81%E3%83%97%E3%83%AD%E3%83%86%E3%82%AF%E3%82%BF%E3%83%BC%20%E6%A4%85%E5%AD%90%E3%81%AE%E8%84%9A%E3%81%AE%E3%83%95%E3%83%AD%E3%82%A2%E3%83%97%E3%83%AD HTTP/1.1" 200 29834 "-" "Mozilla/5.0 (Linux; Android 6.0.1; Nexus 5X Build/MMB29P) AppleWebKit/537.36 (KHTML, like Gecko) Chrome/137.0.7151.103 Mobile Safari/537.36 (compatible; Googlebot/2.1; +http://www.google.com/bot.html)"
43.155.195.141 - - [17/Jul/2025:14:20:32 -0400] "GET / HTTP/1.1" 200 29836 "http://fnf.group" "Mozilla/5.0 (iPhone; CPU iPhone OS 13_2_3 like Mac OS X) AppleWebKit/605.1.15 (KHTML, like Gecko) Version/13.0.3 Mobile/15E148 Safari/604.1"
63.250.38.117 - - [17/Jul/2025:14:20:50 -0400] "POST /wp-cron.php?doing_wp_cron=1752776450.5070879459381103515625 HTTP/1.1" 403 1242 "-" "WordPress/6.8.1; https://fnf.group"
66.249.68.135 - - [17/Jul/2025:14:20:48 -0400] "GET /?n=2710840142903&channel=3a54ae&from=brands.php%3Fid%3D401429-6878%26name%3D%E2%98%852760%E2%98%85+%E3%83%88%E3%83%AA%E3%82%B3+%E3%82%B3%E3%83%A0%E3%83%87%E3%82%AE%E3%83%A3%E3%83%AB%E3%82%BD%E3%83%B3+%E9%BB%92+%E3%83%97%E3%83%AA%E3%83%BC%E3%83%84%E5%8A%A0%E5%B7%A5+%E3%82%B9%E3%82%AB%E3%83%BC%E3%83%88 HTTP/1.1" 301 0 "-" "Mozilla/5.0 (Linux; Android 6.0.1; Nexus 5X Build/MMB29P) AppleWebKit/537.36 (KHTML, like Gecko) Chrome/137.0.7151.103 Mobile Safari/537.36 (compatible; Googlebot/2.1; +http://www.google.com/bot.html)"
66.249.79.2 - - [17/Jul/2025:14:20:50 -0400] "GET /?n=2710840142903&channel=3a54ae&from=brands.php%3Fid%3D401429-6878%26name%3D%E2%98%852760%E2%98%85%20%E3%83%88%E3%83%AA%E3%82%B3%20%E3%82%B3%E3%83%A0%E3%83%87%E3%82%AE%E3%83%A3%E3%83%AB%E3%82%BD%E3%83%B3%20%E9%BB%92%20%E3%83%97%E3%83%AA%E3%83%BC%E3%83%84%E5%8A%A0%E5%B7%A5%20%E3%82%B9%E3%82%AB%E3%83%BC%E3%83%88 HTTP/1.1" 200 29818 "-" "Mozilla/5.0 (Linux; Android 6.0.1; Nexus 5X Build/MMB29P) AppleWebKit/537.36 (KHTML, like Gecko) Chrome/137.0.7151.103 Mobile Safari/537.36 (compatible; Googlebot/2.1; +http://www.google.com/bot.html)"
66.249.68.135 - - [17/Jul/2025:14:21:11 -0400] "GET /?n=16828139632411&channel=e7d534&from=brands.php%3Fid%3D1396324-14087%26name%3D4477%E3%80%90cigarette%26valentine%E3%80%91%E3%82%86%E3%81%A3%E3%81%9F%E3%82%8A+%E3%83%95%E3%82%A7%E3%82%A4%E3%82%AF%E3%83%95%E3%82%A1%E3%83%BC%E3%82%B3%E3%83%BC%E3%83%88 HTTP/1.1" 301 0 "-" "Mozilla/5.0 (Linux; Android 6.0.1; Nexus 5X Build/MMB29P) AppleWebKit/537.36 (KHTML, like Gecko) Chrome/137.0.7151.103 Mobile Safari/537.36 (compatible; Googlebot/2.1; +http://www.google.com/bot.html)"
66.249.79.2 - - [17/Jul/2025:14:21:13 -0400] "GET /?n=16828139632411&channel=e7d534&from=brands.php%3Fid%3D1396324-14087%26name%3D4477%E3%80%90cigarette%26valentine%E3%80%91%E3%82%86%E3%81%A3%E3%81%9F%E3%82%8A%20%E3%83%95%E3%82%A7%E3%82%A4%E3%82%AF%E3%83%95%E3%82%A1%E3%83%BC%E3%82%B3%E3%83%BC%E3%83%88 HTTP/1.1" 200 29827 "-" "Mozilla/5.0 (Linux; Android 6.0.1; Nexus 5X Build/MMB29P) AppleWebKit/537.36 (KHTML, like Gecko) Chrome/137.0.7151.103 Mobile Safari/537.36 (compatible; Googlebot/2.1; +http://www.google.com/bot.html)"
114.119.135.196 - - [17/Jul/2025:14:21:24 -0400] "GET /2025/07/01/plinko-trends-vad-ar-populart-inom-varlden-av-pinnar/ HTTP/1.1" 200 19099 "https://fnf.group/recipes/page/11/" "Mozilla/5.0 (Linux; Android 7.0;) AppleWebKit/537.36 (KHTML, like Gecko) Mobile Safari/537.36 (compatible; PetalBot;+https://webmaster.petalsearch.com/site/petalbot)"
63.250.38.117 - - [17/Jul/2025:14:21:52 -0400] "POST /wp-cron.php?doing_wp_cron=1752776512.4792690277099609375000 HTTP/1.1" 403 1242 "-" "WordPress/6.8.1; https://fnf.group"
57.141.0.24 - - [17/Jul/2025:14:21:46 -0400] "GET /2020/09/04/arizona-fire-steak-by-madiha-abdul-samad/ HTTP/1.1" 200 18328 "-" "meta-externalagent/1.1 (+https://developers.facebook.com/docs/sharing/webmasters/crawler)"
66.249.79.3 - - [17/Jul/2025:14:21:52 -0400] "GET /?n=7710728571300&channel=a3a8f0&from=shop.php%3Fid%3D285713-9516%26name%3D%E5%82%98%E7%AB%8B%E3%81%A6+%E9%87%91%E5%B1%9E%E8%A3%BD%E3%80%81%E6%AD%A3%E6%96%B9%E5%BD%A2%E3%81%AE%E5%82%98%E3%83%9B%E3%83%AB%E3%83%80%E3%83%BC%E3%83%A9%E3%83%83%E3%82%AF%E3%80%81%E5%8F%96%E3%82%8A%E5%A4%96%E3%81%97%E5%8F%AF%E8%83%BD%E3%81%AA%E3%83%89%E3%83%AA%E3%83%83%E3%83%97%E3%83%88%E3%83%AC%E3%82%A4%E4%BB%98%E3%81%8D%E3%81%AE%E5%BB%8A%E4%B8%8B%E3%82%B9%E3%83%86%E3%83%83%E3%82%AD%E3%83%9B%E3%83%AB%E3%83%80%E3%83%BC%E3%80%8115.5+X+15.5+X+49 HTTP/1.1" 301 0 "-" "Mozilla/5.0 (Linux; Android 6.0.1; Nexus 5X Build/MMB29P) AppleWebKit/537.36 (KHTML, like Gecko) Chrome/137.0.7151.103 Mobile Safari/537.36 (compatible; Googlebot/2.1; +http://www.google.com/bot.html)"
114.119.155.200 - - [17/Jul/2025:14:22:03 -0400] "GET /recipes/page/2 HTTP/1.1" 301 0 "-" "Mozilla/5.0 (Linux; Android 7.0;) AppleWebKit/537.36 (KHTML, like Gecko) Mobile Safari/537.36 (compatible; PetalBot;+https://webmaster.petalsearch.com/site/petalbot)"
66.249.68.136 - - [17/Jul/2025:14:22:03 -0400] "GET /?n=62405157083300&channel=795477&from=category-info.php%3Fid%3D1570833-669%26name%3D%E3%80%90%E5%8D%B3%E6%97%A5%E7%99%BA%E9%80%81+%E5%90%8C%E6%A2%B1%E5%8F%AF+4%E6%9E%9A%E3%82%BB%E3%83%83%E3%83%88+%E5%9C%A8%E5%BA%AB6%E3%80%91%E3%83%9D%E3%82%B1%E3%83%A2%E3%83%B3%E3%82%AB%E3%83%BC%E3%83%89+%E3%83%94%E3%82%B8%E3%83%A7%E3%83%83%E3%83%88ex+%E3%83%8E%E3%83%BC%E3%83%9E%E3%83%AB%E4%BB%95%E6%A7%98+%E3%83%94%E3%82%B8%E3%83%A7%E3%83%B3+%E3%83%9D%E3%83%83%E3%83%9D+%E3%83%90%E3%83%88%E3%83%AB%E3%83%91%E3%83%BC%E3%83%88%E3%83%8A%E3%83%BC%E3%82%BA%E3%83%87%E3%83%83%E3%82%AD%E3%83%93%E3%83%AB%E3%83%89BOX+svN HTTP/1.1" 301 0 "-" "Mozilla/5.0 (Linux; Android 6.0.1; Nexus 5X Build/MMB29P) AppleWebKit/537.36 (KHTML, like Gecko) Chrome/137.0.7151.103 Mobile Safari/537.36 (compatible; Googlebot/2.1; +http://www.google.com/bot.html)"
66.249.79.2 - - [17/Jul/2025:14:22:00 -0400] "GET /?n=7710728571300&channel=a3a8f0&from=shop.php%3Fid%3D285713-9516%26name%3D%E5%82%98%E7%AB%8B%E3%81%A6%20%E9%87%91%E5%B1%9E%E8%A3%BD%E3%80%81%E6%AD%A3%E6%96%B9%E5%BD%A2%E3%81%AE%E5%82%98%E3%83%9B%E3%83%AB%E3%83%80%E3%83%BC%E3%83%A9%E3%83%83%E3%82%AF%E3%80%81%E5%8F%96%E3%82%8A%E5%A4%96%E3%81%97%E5%8F%AF%E8%83%BD%E3%81%AA%E3%83%89%E3%83%AA%E3%83%83%E3%83%97%E3%83%88%E3%83%AC%E3%82%A4%E4%BB%98%E3%81%8D%E3%81%AE%E5%BB%8A%E4%B8%8B%E3%82%B9%E3%83%86%E3%83%83%E3%82%AD%E3%83%9B%E3%83%AB%E3%83%80%E3%83%BC%E3%80%8115.5%20X%2015.5%20X%2049 HTTP/1.1" 200 29836 "-" "Mozilla/5.0 (Linux; Android 6.0.1; Nexus 5X Build/MMB29P) AppleWebKit/537.36 (KHTML, like Gecko) Chrome/137.0.7151.103 Mobile Safari/537.36 (compatible; Googlebot/2.1; +http://www.google.com/bot.html)"
114.119.155.200 - - [17/Jul/2025:14:22:09 -0400] "GET /recipes/page/2/ HTTP/1.1" 200 14374 "-" "Mozilla/5.0 (Linux; Android 7.0;) AppleWebKit/537.36 (KHTML, like Gecko) Mobile Safari/537.36 (compatible; PetalBot;+https://webmaster.petalsearch.com/site/petalbot)"
66.249.79.2 - - [17/Jul/2025:14:22:09 -0400] "GET /?n=62405157083300&channel=795477&from=category-info.php%3Fid%3D1570833-669%26name%3D%E3%80%90%E5%8D%B3%E6%97%A5%E7%99%BA%E9%80%81%20%E5%90%8C%E6%A2%B1%E5%8F%AF%204%E6%9E%9A%E3%82%BB%E3%83%83%E3%83%88%20%E5%9C%A8%E5%BA%AB6%E3%80%91%E3%83%9D%E3%82%B1%E3%83%A2%E3%83%B3%E3%82%AB%E3%83%BC%E3%83%89%20%E3%83%94%E3%82%B8%E3%83%A7%E3%83%83%E3%83%88ex%20%E3%83%8E%E3%83%BC%E3%83%9E%E3%83%AB%E4%BB%95%E6%A7%98%20%E3%83%94%E3%82%B8%E3%83%A7%E3%83%B3%20%E3%83%9D%E3%83%83%E3%83%9D%20%E3%83%90%E3%83%88%E3%83%AB%E3%83%91%E3%83%BC%E3%83%88%E3%83%8A%E3%83%BC%E3%82%BA%E3%83%87%E3%83%83%E3%82%AD%E3%83%93%E3%83%AB%E3%83%89BOX%20svN HTTP/1.1" 200 29831 "-" "Mozilla/5.0 (Linux; Android 6.0.1; Nexus 5X Build/MMB29P) AppleWebKit/537.36 (KHTML, like Gecko) Chrome/137.0.7151.103 Mobile Safari/537.36 (compatible; Googlebot/2.1; +http://www.google.com/bot.html)"
66.249.68.136 - - [17/Jul/2025:14:22:18 -0400] "GET /?n=57875107571701&channel=e81913&from=blog.php%3Fid%3D1075717-24057%26name%3DSNOOPY%E3%80%80%E3%82%B9%E3%83%8C%E3%83%BC%E3%83%94%E3%83%BC%E3%80%80%E3%80%80%E3%83%89%E3%83%A9%E3%82%A4%E3%83%96%E3%83%AC%E3%82%B3%E3%83%BC%E3%83%80%E3%83%BC%E3%80%80%E3%82%B9%E3%82%A4%E3%83%B3%E3%82%B0%E3%82%B5%E3%82%A4%E3%83%B3+%E3%80%80%E3%83%89%E3%83%A9%E3%83%AC%E3%82%B3%E3%82%B9%E3%83%86%E3%83%83%E3%82%AB%E3%83%BC%E3%80%80%E3%82%B7%E3%83%BC%E3%83%AB%E3%80%80%E5%90%B8%E7%9B%A4%E3%82%BF%E3%82%A4%E3%83%97%E3%80%90%E9%80%81%E6%96%99%E7%84%A1%E6%96%99%E3%80%91 HTTP/1.1" 301 0 "-" "Mozilla/5.0 (Linux; Android 6.0.1; Nexus 5X Build/MMB29P) AppleWebKit/537.36 (KHTML, like Gecko) Chrome/137.0.7151.103 Mobile Safari/537.36 (compatible; Googlebot/2.1; +http://www.google.com/bot.html)"
66.249.79.2 - - [17/Jul/2025:14:22:20 -0400] "GET /?n=57875107571701&channel=e81913&from=blog.php%3Fid%3D1075717-24057%26name%3DSNOOPY%E3%80%80%E3%82%B9%E3%83%8C%E3%83%BC%E3%83%94%E3%83%BC%E3%80%80%E3%80%80%E3%83%89%E3%83%A9%E3%82%A4%E3%83%96%E3%83%AC%E3%82%B3%E3%83%BC%E3%83%80%E3%83%BC%E3%80%80%E3%82%B9%E3%82%A4%E3%83%B3%E3%82%B0%E3%82%B5%E3%82%A4%E3%83%B3%20%E3%80%80%E3%83%89%E3%83%A9%E3%83%AC%E3%82%B3%E3%82%B9%E3%83%86%E3%83%83%E3%82%AB%E3%83%BC%E3%80%80%E3%82%B7%E3%83%BC%E3%83%AB%E3%80%80%E5%90%B8%E7%9B%A4%E3%82%BF%E3%82%A4%E3%83%97%E3%80%90%E9%80%81%E6%96%99%E7%84%A1%E6%96%99%E3%80%91 HTTP/1.1" 200 29829 "-" "Mozilla/5.0 (Linux; Android 6.0.1; Nexus 5X Build/MMB29P) AppleWebKit/537.36 (KHTML, like Gecko) Chrome/137.0.7151.103 Mobile Safari/537.36 (compatible; Googlebot/2.1; +http://www.google.com/bot.html)"
66.249.68.135 - - [17/Jul/2025:14:22:41 -0400] "GET /?n=9372020690501&channel=18d162&from=info.php%3Fid%3D206905-5962%26name%3D%E3%82%B7%E3%83%A3%E3%83%A9%E3%83%B32012-2019+%E7%94%A8+%E3%82%B9%E3%83%86%E3%83%B3%E3%83%AC%E3%82%B9%E3%82%B9%E3%83%81%E3%83%BC%E3%83%AB%E8%A3%BD+%E8%BB%8A%E3%81%AE%E3%83%88%E3%83%A9%E3%83%B3%E3%82%AF%E3%81%AE%E6%95%B7%E5%B1%85%E3%82%B7%E3%83%BC%E3%83%AB%E3%83%89+%E5%82%B7%E9%98%B2%E6%AD%A2%E4%BF%9D%E8%AD%B7+%E3%82%AB%E3%83%BC%E3%82%A2%E3%82%AF%E3%82%BB%E3%82%B5%E3%83%AA%E3%83%BC+%E8%BB%8A%E7%94%A8%E3%83%AA%E3%82%A2%E3%83%90%E3%83%B3%E3%83%91%E3%83%BC%E3%82%AC%E3%83%BC HTTP/1.1" 301 0 "-" "Mozilla/5.0 (Linux; Android 6.0.1; Nexus 5X Build/MMB29P) AppleWebKit/537.36 (KHTML, like Gecko) Chrome/137.0.7151.103 Mobile Safari/537.36 (compatible; Googlebot/2.1; +http://www.google.com/bot.html)"
66.249.79.2 - - [17/Jul/2025:14:22:43 -0400] "GET /?n=9372020690501&channel=18d162&from=info.php%3Fid%3D206905-5962%26name%3D%E3%82%B7%E3%83%A3%E3%83%A9%E3%83%B32012-2019%20%E7%94%A8%20%E3%82%B9%E3%83%86%E3%83%B3%E3%83%AC%E3%82%B9%E3%82%B9%E3%83%81%E3%83%BC%E3%83%AB%E8%A3%BD%20%E8%BB%8A%E3%81%AE%E3%83%88%E3%83%A9%E3%83%B3%E3%82%AF%E3%81%AE%E6%95%B7%E5%B1%85%E3%82%B7%E3%83%BC%E3%83%AB%E3%83%89%20%E5%82%B7%E9%98%B2%E6%AD%A2%E4%BF%9D%E8%AD%B7%20%E3%82%AB%E3%83%BC%E3%82%A2%E3%82%AF%E3%82%BB%E3%82%B5%E3%83%AA%E3%83%BC%20%E8%BB%8A%E7%94%A8%E3%83%AA%E3%82%A2%E3%83%90%E3%83%B3%E3%83%91%E3%83%BC%E3%82%AC%E3%83%BC HTTP/1.1" 200 29827 "-" "Mozilla/5.0 (Linux; Android 6.0.1; Nexus 5X Build/MMB29P) AppleWebKit/537.36 (KHTML, like Gecko) Chrome/137.0.7151.103 Mobile Safari/537.36 (compatible; Googlebot/2.1; +http://www.google.com/bot.html)"
63.250.38.117 - - [17/Jul/2025:14:23:05 -0400] "POST /wp-cron.php?doing_wp_cron=1752776585.5892210006713867187500 HTTP/1.1" 403 1242 "-" "WordPress/6.8.1; https://fnf.group"
66.249.79.4 - - [17/Jul/2025:14:23:03 -0400] "GET /?n=39368140456209&channel=6fcb94&from=shop.php%3Fid%3D1404562-18504%26name%3D%E3%83%8F%E3%83%B3%E3%83%89%E3%83%A1%E3%82%A4%E3%83%89%E3%83%90%E3%83%83%E3%82%AF%EF%BC%88%E3%82%A2%E3%83%AC%E3%82%AD%E3%82%B5%E3%83%B3%E3%83%80%E3%83%BC%E3%83%98%E3%83%B3%E3%83%AA%E3%83%BC%E3%80%80%E3%83%90%E3%82%A4%E3%82%AF%E3%82%AC%E3%83%BC%E3%83%AB%EF%BC%89 HTTP/1.1" 200 29826 "-" "Mozilla/5.0 (Linux; Android 6.0.1; Nexus 5X Build/MMB29P) AppleWebKit/537.36 (KHTML, like Gecko) Chrome/137.0.7151.103 Mobile Safari/537.36 (compatible; Googlebot/2.1; +http://www.google.com/bot.html)"
66.249.68.136 - - [17/Jul/2025:14:23:45 -0400] "GET /?n=49325153165902&channel=4cb6b2&from=jp.php%3Fid%3D1531659-15711%26name%3D%E3%82%B2%E3%83%BC%E3%83%A0%E3%83%86%E3%83%83%E3%82%AF+Switch%E7%94%A8%E3%82%A8%E3%82%AF%E3%82%B9%E3%83%88%E3%83%A9%E3%83%91%E3%83%83%E3%83%89 HTTP/1.1" 301 0 "-" "Mozilla/5.0 (Linux; Android 6.0.1; Nexus 5X Build/MMB29P) AppleWebKit/537.36 (KHTML, like Gecko) Chrome/137.0.7151.103 Mobile Safari/537.36 (compatible; Googlebot/2.1; +http://www.google.com/bot.html)"
66.249.79.3 - - [17/Jul/2025:14:23:45 -0400] "GET /?n=97015168903805&channel=f5b5cd&from=brands.php%3Fid%3D1689038-20953%26name%3D%E3%80%90%E4%B8%AD%E5%8F%A4%E3%80%91M%E2%96%BD%E3%82%BD%E3%83%8B%E3%83%BC+%E6%B6%B2%E6%99%B6%E3%83%86%E3%83%AC%E3%83%93+%E3%83%96%E3%83%A9%E3%83%93%E3%82%A2++KJ-32W730E+%2827106%29%EF%BC%88%E4%B8%AD%E5%8F%A4+SONY+%E6%B6%B2%E6%99%B6%E3%83%86%E3%83%AC%E3%83%93+BRAVIA+32%E5%9E%8B+KJ-32W730C+2017%E5%B9%B4%E8%A3%BD+%7C+Office+Hut+%EF%BD%9C+%E5%B0%BE%E5%BC%B5%E6%97%AD%E5%B8%82%E3%81%AE%E3%83%AA%E3%82%B5%E3%82%A4%E3%82%AF%E3%83%AB%E3%82%B7%E3%83%A7%E3%83%83%E3%83%97%EF%BC%89 HTTP/1.1" 301 0 "-" "Mozilla/5.0 (Linux; Android 6.0.1; Nexus 5X Build/MMB29P) AppleWebKit/537.36 (KHTML, like Gecko) Chrome/137.0.7151.103 Mobile Safari/537.36 (compatible; Googlebot/2.1; +http://www.google.com/bot.html)"
66.249.79.3 - - [17/Jul/2025:14:23:48 -0400] "GET /?n=49325153165902&channel=4cb6b2&from=jp.php%3Fid%3D1531659-15711%26name%3D%E3%82%B2%E3%83%BC%E3%83%A0%E3%83%86%E3%83%83%E3%82%AF%20Switch%E7%94%A8%E3%82%A8%E3%82%AF%E3%82%B9%E3%83%88%E3%83%A9%E3%83%91%E3%83%83%E3%83%89 HTTP/1.1" 200 29836 "-" "Mozilla/5.0 (Linux; Android 6.0.1; Nexus 5X Build/MMB29P) AppleWebKit/537.36 (KHTML, like Gecko) Chrome/137.0.7151.103 Mobile Safari/537.36 (compatible; Googlebot/2.1; +http://www.google.com/bot.html)"
66.249.79.2 - - [17/Jul/2025:14:24:02 -0400] "GET /wp-content/uploads/2020/10/IMG-20201026-WA0033.jpg HTTP/1.1" 200 152562 "-" "Googlebot-Image/1.0"
66.249.79.2 - - [17/Jul/2025:14:23:49 -0400] "GET /?n=97015168903805&channel=f5b5cd&from=brands.php%3Fid%3D1689038-20953%26name%3D%E3%80%90%E4%B8%AD%E5%8F%A4%E3%80%91M%E2%96%BD%E3%82%BD%E3%83%8B%E3%83%BC%20%E6%B6%B2%E6%99%B6%E3%83%86%E3%83%AC%E3%83%93%20%E3%83%96%E3%83%A9%E3%83%93%E3%82%A2%20%20KJ-32W730E%20%2827106%29%EF%BC%88%E4%B8%AD%E5%8F%A4%20SONY%20%E6%B6%B2%E6%99%B6%E3%83%86%E3%83%AC%E3%83%93%20BRAVIA%2032%E5%9E%8B%20KJ-32W730C%202017%E5%B9%B4%E8%A3%BD%20%7C%20Office%20Hut%20%EF%BD%9C%20%E5%B0%BE%E5%BC%B5%E6%97%AD%E5%B8%82%E3%81%AE%E3%83%AA%E3%82%B5%E3%82%A4%E3%82%AF%E3%83%AB%E3%82%B7%E3%83%A7%E3%83%83%E3%83%97%EF%BC%89 HTTP/1.1" 200 29836 "-" "Mozilla/5.0 (Linux; Android 6.0.1; Nexus 5X Build/MMB29P) AppleWebKit/537.36 (KHTML, like Gecko) Chrome/137.0.7151.103 Mobile Safari/537.36 (compatible; Googlebot/2.1; +http://www.google.com/bot.html)"
63.250.38.117 - - [17/Jul/2025:14:24:06 -0400] "POST /wp-cron.php?doing_wp_cron=1752776646.3795599937438964843750 HTTP/1.1" 403 1242 "-" "WordPress/6.8.1; https://fnf.group"
66.249.79.2 - - [17/Jul/2025:14:24:01 -0400] "GET /?n=17882165524500&channel=37b3b4&from=blog.php%3Fid%3D1655245-13919%26name%3D%E3%82%B9%E3%83%88%E3%83%A9%E3%82%A4%E3%83%97+%E3%83%95%E3%82%A9%E3%83%BC%E3%83%9E%E3%83%AB%E3%82%B9%E3%83%BC%E3%83%84+%28100cm%7E%29 HTTP/1.1" 301 0 "-" "Mozilla/5.0 (Linux; Android 6.0.1; Nexus 5X Build/MMB29P) AppleWebKit/537.36 (KHTML, like Gecko) Chrome/137.0.7151.103 Mobile Safari/537.36 (compatible; Googlebot/2.1; +http://www.google.com/bot.html)"
66.249.79.2 - - [17/Jul/2025:14:24:06 -0400] "GET /?n=17882165524500&channel=37b3b4&from=blog.php%3Fid%3D1655245-13919%26name%3D%E3%82%B9%E3%83%88%E3%83%A9%E3%82%A4%E3%83%97%20%E3%83%95%E3%82%A9%E3%83%BC%E3%83%9E%E3%83%AB%E3%82%B9%E3%83%BC%E3%83%84%20%28100cm~%29 HTTP/1.1" 200 29829 "-" "Mozilla/5.0 (Linux; Android 6.0.1; Nexus 5X Build/MMB29P) AppleWebKit/537.36 (KHTML, like Gecko) Chrome/137.0.7151.103 Mobile Safari/537.36 (compatible; Googlebot/2.1; +http://www.google.com/bot.html)"
66.249.79.2 - - [17/Jul/2025:14:24:32 -0400] "GET /?n=7930539600902&channel=58ae13&from=brands.php%3Fid%3D396009-4156%26name%3D%E3%81%A8%E4%BA%92%E6%8F%9B%E6%80%A7%E3%81%8C%E3%81%82%E3%82%8B+%E3%83%88%E3%83%A8%E3%82%BF+4Runner+%E3%83%98%E3%83%83%E3%83%89%E3%83%A9%E3%82%A4%E3%83%88+2014-2022+%E5%AF%BE%E5%BF%9C%E3%83%98%E3%83%83%E3%83%89%E3%83%A9%E3%83%B3%E3%83%97+4Runner+DRL+%E3%83%A0%E3%83%BC%E3%83%93%E3%83%B3%E3%82%B0%E3%82%BF%E3%83%BC%E3%83%B3 HTTP/1.1" 301 0 "-" "Mozilla/5.0 (Linux; Android 6.0.1; Nexus 5X Build/MMB29P) AppleWebKit/537.36 (KHTML, like Gecko) Chrome/137.0.7151.103 Mobile Safari/537.36 (compatible; Googlebot/2.1; +http://www.google.com/bot.html)"
66.249.79.2 - - [17/Jul/2025:14:24:37 -0400] "GET /?n=7930539600902&channel=58ae13&from=brands.php%3Fid%3D396009-4156%26name%3D%E3%81%A8%E4%BA%92%E6%8F%9B%E6%80%A7%E3%81%8C%E3%81%82%E3%82%8B%20%E3%83%88%E3%83%A8%E3%82%BF%204Runner%20%E3%83%98%E3%83%83%E3%83%89%E3%83%A9%E3%82%A4%E3%83%88%202014-2022%20%E5%AF%BE%E5%BF%9C%E3%83%98%E3%83%83%E3%83%89%E3%83%A9%E3%83%B3%E3%83%97%204Runner%20DRL%20%E3%83%A0%E3%83%BC%E3%83%93%E3%83%B3%E3%82%B0%E3%82%BF%E3%83%BC%E3%83%B3 HTTP/1.1" 200 29832 "-" "Mozilla/5.0 (Linux; Android 6.0.1; Nexus 5X Build/MMB29P) AppleWebKit/537.36 (KHTML, like Gecko) Chrome/137.0.7151.103 Mobile Safari/537.36 (compatible; Googlebot/2.1; +http://www.google.com/bot.html)"
66.249.79.2 - - [17/Jul/2025:14:24:43 -0400] "GET /?n=71934104725903&channel=569ba4&from=article.php%3Fid%3D1047259-10861%26name%3D%E3%81%AB%E9%81%A9%E5%90%88%E3%81%99%E3%82%8B%E3%82%B9%E3%82%BA%E3%82%AD+DL250+DL+250+V-STROM+2017-2018+%E3%82%AA%E3%83%BC%E3%83%88%E3%83%90%E3%82%A4%E3%81%AE%E3%82%AF%E3%83%A9%E3%83%83%E3%83%81%E3%83%96%E3%83%AC%E3%83%BC%E3%82%AD%E3%83%AC%E3%83%90%E3%83%BC%E6%8B%A1%E5%BC%B5%E5%8F%AF%E8%83%BD%E3%81%AA%E8%AA%BF%E7%AF%80%E5%8F%AF%E8%83%BD HTTP/1.1" 301 0 "-" "Mozilla/5.0 (Linux; Android 6.0.1; Nexus 5X Build/MMB29P) AppleWebKit/537.36 (KHTML, like Gecko) Chrome/137.0.7151.103 Mobile Safari/537.36 (compatible; Googlebot/2.1; +http://www.google.com/bot.html)"
66.249.79.2 - - [17/Jul/2025:14:24:47 -0400] "GET /?n=71934104725903&channel=569ba4&from=article.php%3Fid%3D1047259-10861%26name%3D%E3%81%AB%E9%81%A9%E5%90%88%E3%81%99%E3%82%8B%E3%82%B9%E3%82%BA%E3%82%AD%20DL250%20DL%20250%20V-STROM%202017-2018%20%E3%82%AA%E3%83%BC%E3%83%88%E3%83%90%E3%82%A4%E3%81%AE%E3%82%AF%E3%83%A9%E3%83%83%E3%83%81%E3%83%96%E3%83%AC%E3%83%BC%E3%82%AD%E3%83%AC%E3%83%90%E3%83%BC%E6%8B%A1%E5%BC%B5%E5%8F%AF%E8%83%BD%E3%81%AA%E8%AA%BF%E7%AF%80%E5%8F%AF%E8%83%BD HTTP/1.1" 200 29828 "-" "Mozilla/5.0 (Linux; Android 6.0.1; Nexus 5X Build/MMB29P) AppleWebKit/537.36 (KHTML, like Gecko) Chrome/137.0.7151.103 Mobile Safari/537.36 (compatible; Googlebot/2.1; +http://www.google.com/bot.html)"
66.249.68.131 - - [17/Jul/2025:14:24:56 -0400] "GET /?n=29262171866100&channel=5f5694&from=product.php%3Fid%3D1718661-20838%26name%3D%E3%83%90%E3%83%AB%E3%82%BB%E3%83%AD%E3%83%8A%E3%83%A6%E3%83%8B%E3%83%95%E3%82%A9%E3%83%BC%E3%83%A0%E2%AD%90%EF%B8%8E%E3%82%AD%E3%83%83%E3%82%BA%E3%80%808A%E3%82%B5%E3%82%A4%E3%82%BA HTTP/1.1" 301 0 "-" "Mozilla/5.0 (Linux; Android 6.0.1; Nexus 5X Build/MMB29P) AppleWebKit/537.36 (KHTML, like Gecko) Chrome/137.0.7151.103 Mobile Safari/537.36 (compatible; Googlebot/2.1; +http://www.google.com/bot.html)"
66.249.79.2 - - [17/Jul/2025:14:24:58 -0400] "GET /?n=29262171866100&channel=5f5694&from=product.php%3Fid%3D1718661-20838%26name%3D%E3%83%90%E3%83%AB%E3%82%BB%E3%83%AD%E3%83%8A%E3%83%A6%E3%83%8B%E3%83%95%E3%82%A9%E3%83%BC%E3%83%A0%E2%AD%90%EF%B8%8E%E3%82%AD%E3%83%83%E3%82%BA%E3%80%808A%E3%82%B5%E3%82%A4%E3%82%BA HTTP/1.1" 200 29827 "-" "Mozilla/5.0 (Linux; Android 6.0.1; Nexus 5X Build/MMB29P) AppleWebKit/537.36 (KHTML, like Gecko) Chrome/137.0.7151.103 Mobile Safari/537.36 (compatible; Googlebot/2.1; +http://www.google.com/bot.html)"
63.250.38.117 - - [17/Jul/2025:14:25:13 -0400] "POST /wp-cron.php?doing_wp_cron=1752776712.7151699066162109375000 HTTP/1.1" 403 1242 "-" "WordPress/6.8.1; https://fnf.group"
66.249.79.2 - - [17/Jul/2025:14:25:06 -0400] "GET /?n=28574150340204&channel=32e185&from=article.php%3Fid%3D1503402-13878%26name%3D%E5%A2%97%E5%B1%B1%E6%96%87++%E3%82%AB%E3%83%83%E3%83%97+2%E5%80%8B%E3%82%BB%E3%83%83%E3%83%88+%E6%9C%AA%E4%BD%BF%E7%94%A8%E5%93%81%EF%BC%88%E5%8C%97%E6%AC%A7%E6%9A%AE%E3%82%89%E3%81%97%E3%81%AE%E9%81%93%E5%85%B7%E5%BA%97%E3%80%90%E5%8F%96%E6%89%B1%E7%B5%82%E4%BA%86%E3%80%91%E5%A2%97%E5%B1%B1%E6%96%87+%E6%83%9C%E3%81%97%E3%81%8F+%E3%82%B9%E3%83%BC%E3%83%97%E3%82%AB%E3%83%83%E3%83%97%EF%BC%89 HTTP/1.1" 301 0 "-" "Mozilla/5.0 (Linux; Android 6.0.1; Nexus 5X Build/MMB29P) AppleWebKit/537.36 (KHTML, like Gecko) Chrome/137.0.7151.103 Mobile Safari/537.36 (compatible; Googlebot/2.1; +http://www.google.com/bot.html)"
66.249.79.2 - - [17/Jul/2025:14:25:13 -0400] "GET /?n=28574150340204&channel=32e185&from=article.php%3Fid%3D1503402-13878%26name%3D%E5%A2%97%E5%B1%B1%E6%96%87%20%20%E3%82%AB%E3%83%83%E3%83%97%202%E5%80%8B%E3%82%BB%E3%83%83%E3%83%88%20%E6%9C%AA%E4%BD%BF%E7%94%A8%E5%93%81%EF%BC%88%E5%8C%97%E6%AC%A7%E6%9A%AE%E3%82%89%E3%81%97%E3%81%AE%E9%81%93%E5%85%B7%E5%BA%97%E3%80%90%E5%8F%96%E6%89%B1%E7%B5%82%E4%BA%86%E3%80%91%E5%A2%97%E5%B1%B1%E6%96%87%20%E6%83%9C%E3%81%97%E3%81%8F%20%E3%82%B9%E3%83%BC%E3%83%97%E3%82%AB%E3%83%83%E3%83%97%EF%BC%89 HTTP/1.1" 200 29837 "-" "Mozilla/5.0 (Linux; Android 6.0.1; Nexus 5X Build/MMB29P) AppleWebKit/537.36 (KHTML, like Gecko) Chrome/137.0.7151.103 Mobile Safari/537.36 (compatible; Googlebot/2.1; +http://www.google.com/bot.html)"
66.249.68.131 - - [17/Jul/2025:14:25:18 -0400] "GET /?n=677671939501&channel=a067e8&from=pin.php%3Fid%3D19395-1996%26name%3D%E3%82%B5%E3%83%B3%E3%83%94%E3%83%BC%E3%83%89%E3%83%95%E3%83%AC%E3%83%BC%E3%83%A0 HTTP/1.1" 301 0 "-" "Mozilla/5.0 (Linux; Android 6.0.1; Nexus 5X Build/MMB29P) AppleWebKit/537.36 (KHTML, like Gecko) Chrome/137.0.7151.103 Mobile Safari/537.36 (compatible; Googlebot/2.1; +http://www.google.com/bot.html)"
66.249.79.2 - - [17/Jul/2025:14:25:23 -0400] "GET /?n=677671939501&channel=a067e8&from=pin.php%3Fid%3D19395-1996%26name%3D%E3%82%B5%E3%83%B3%E3%83%94%E3%83%BC%E3%83%89%E3%83%95%E3%83%AC%E3%83%BC%E3%83%A0 HTTP/1.1" 200 29831 "-" "Mozilla/5.0 (Linux; Android 6.0.1; Nexus 5X Build/MMB29P) AppleWebKit/537.36 (KHTML, like Gecko) Chrome/137.0.7151.103 Mobile Safari/537.36 (compatible; Googlebot/2.1; +http://www.google.com/bot.html)"
66.249.79.2 - - [17/Jul/2025:14:25:41 -0400] "GET /?n=42504144876302&channel=bdfaf9&from=form.php%3Fid%3D1448763-17604%26name%3Dmorethan+Scooter110f%E3%80%80%E3%82%AD%E3%83%A3%E3%82%B9%E3%83%86%E3%82%A3%E3%83%B3%E3%82%B0%E3%82%AA%E3%83%AA%E3%82%AB%E3%83%A9%E3%80%80%E3%80%8C%E5%BB%83%E7%9B%A4%E3%83%AB%E3%82%A2%E3%83%BC%E3%80%8D HTTP/1.1" 301 0 "-" "Mozilla/5.0 (Linux; Android 6.0.1; Nexus 5X Build/MMB29P) AppleWebKit/537.36 (KHTML, like Gecko) Chrome/137.0.7151.103 Mobile Safari/537.36 (compatible; Googlebot/2.1; +http://www.google.com/bot.html)"
66.249.79.2 - - [17/Jul/2025:14:25:46 -0400] "GET /?n=42504144876302&channel=bdfaf9&from=form.php%3Fid%3D1448763-17604%26name%3Dmorethan%20Scooter110f%E3%80%80%E3%82%AD%E3%83%A3%E3%82%B9%E3%83%86%E3%82%A3%E3%83%B3%E3%82%B0%E3%82%AA%E3%83%AA%E3%82%AB%E3%83%A9%E3%80%80%E3%80%8C%E5%BB%83%E7%9B%A4%E3%83%AB%E3%82%A2%E3%83%BC%E3%80%8D HTTP/1.1" 200 29830 "-" "Mozilla/5.0 (Linux; Android 6.0.1; Nexus 5X Build/MMB29P) AppleWebKit/537.36 (KHTML, like Gecko) Chrome/137.0.7151.103 Mobile Safari/537.36 (compatible; Googlebot/2.1; +http://www.google.com/bot.html)"
66.249.68.130 - - [17/Jul/2025:14:26:03 -0400] "GET /?n=1982818232002&channel=157b9d&from=goods.php%3Fid%3D182320-10233%26name%3D%2A%E3%81%B5%E3%81%A3%E3%81%8F%E3%82%89%E7%82%8A%E3%81%91%E3%82%8B%E7%89%B9%E8%A3%BD%E9%87%9C%E2%98%85+%E9%80%81%E6%96%99%E7%84%A1%E6%96%99+%E3%82%BF%E3%82%A4%E3%82%AC%E3%83%BC+%E7%82%8A%E9%A3%AF%E5%99%A8+5.5%E5%90%88+%E6%97%A9%E7%82%8A%E3%81%8D+%E3%81%8A%E7%B2%A5 HTTP/1.1" 301 0 "-" "Mozilla/5.0 (Linux; Android 6.0.1; Nexus 5X Build/MMB29P) AppleWebKit/537.36 (KHTML, like Gecko) Chrome/137.0.7151.103 Mobile Safari/537.36 (compatible; Googlebot/2.1; +http://www.google.com/bot.html)"
66.249.79.2 - - [17/Jul/2025:14:26:07 -0400] "GET /?n=1982818232002&channel=157b9d&from=goods.php%3Fid%3D182320-10233%26name%3D%2A%E3%81%B5%E3%81%A3%E3%81%8F%E3%82%89%E7%82%8A%E3%81%91%E3%82%8B%E7%89%B9%E8%A3%BD%E9%87%9C%E2%98%85%20%E9%80%81%E6%96%99%E7%84%A1%E6%96%99%20%E3%82%BF%E3%82%A4%E3%82%AC%E3%83%BC%20%E7%82%8A%E9%A3%AF%E5%99%A8%205.5%E5%90%88%20%E6%97%A9%E7%82%8A%E3%81%8D%20%E3%81%8A%E7%B2%A5 HTTP/1.1" 200 29836 "-" "Mozilla/5.0 (Linux; Android 6.0.1; Nexus 5X Build/MMB29P) AppleWebKit/537.36 (KHTML, like Gecko) Chrome/137.0.7151.103 Mobile Safari/537.36 (compatible; Googlebot/2.1; +http://www.google.com/bot.html)"
63.250.38.117 - - [17/Jul/2025:14:26:29 -0400] "POST /wp-cron.php?doing_wp_cron=1752776788.8851609230041503906250 HTTP/1.1" 403 1242 "-" "WordPress/6.8.1; https://fnf.group"
66.249.79.2 - - [17/Jul/2025:14:26:25 -0400] "GET /?n=79928165697703&channel=93113c&from=pin.php%3Fid%3D1656977-9523%26name%3D%E4%B8%AD%E5%8F%A4%E5%93%81%E3%80%80WINBALL+%E3%82%A6%E3%82%A4%E3%83%B3%E3%83%9C%E3%83%BC%E3%83%AB+%E3%83%94%E3%83%B3%E3%82%AF.%E3%82%A4%E3%82%A8%E3%83%AD%E3%83%BC.%E3%83%96%E3%83%AB%E3%83%BC%EF%BC%93%E5%80%8B%E3%82%BB%E3%83%83%E3%83%88%E3%80%80UCHIDA+120g HTTP/1.1" 301 0 "-" "Mozilla/5.0 (Linux; Android 6.0.1; Nexus 5X Build/MMB29P) AppleWebKit/537.36 (KHTML, like Gecko) Chrome/137.0.7151.103 Mobile Safari/537.36 (compatible; Googlebot/2.1; +http://www.google.com/bot.html)"
66.249.79.2 - - [17/Jul/2025:14:26:29 -0400] "GET /?n=79928165697703&channel=93113c&from=pin.php%3Fid%3D1656977-9523%26name%3D%E4%B8%AD%E5%8F%A4%E5%93%81%E3%80%80WINBALL%20%E3%82%A6%E3%82%A4%E3%83%B3%E3%83%9C%E3%83%BC%E3%83%AB%20%E3%83%94%E3%83%B3%E3%82%AF.%E3%82%A4%E3%82%A8%E3%83%AD%E3%83%BC.%E3%83%96%E3%83%AB%E3%83%BC%EF%BC%93%E5%80%8B%E3%82%BB%E3%83%83%E3%83%88%E3%80%80UCHIDA%20120g HTTP/1.1" 200 29828 "-" "Mozilla/5.0 (Linux; Android 6.0.1; Nexus 5X Build/MMB29P) AppleWebKit/537.36 (KHTML, like Gecko) Chrome/137.0.7151.103 Mobile Safari/537.36 (compatible; Googlebot/2.1; +http://www.google.com/bot.html)"
66.249.79.2 - - [17/Jul/2025:14:27:07 -0400] "GET /?n=1689823206605&channel=a5e56f&from=article.php%3Fid%3D232066-10463%26name%3D%E3%83%8F%E3%83%B3%E3%83%89%E3%82%AC%E3%83%BC%E3%83%89%E3%83%90%E3%82%A4%E3%82%AF%E3%82%B0%E3%83%AA%E3%83%83%E3%83%97+%E3%82%AA%E3%83%BC%E3%83%88%E3%83%90%E3%82%A4%E3%83%8F%E3%83%B3%E3%83%89%E3%82%AC%E3%83%BC%E3%83%89%E6%89%8B%E3%81%AE%E4%BF%9D%E8%AD%B7%E9%A2%A8%E9%98%B2%E3%83%8F%E3%83%B3%E3%83%89%E3%82%AC%E3%83%BC%E3%83%89%E3%82%AB%E3%83%90%E3%83%BC+CB+500X+C+B500+%C3%97+2022+202 HTTP/1.1" 301 0 "-" "Mozilla/5.0 (Linux; Android 6.0.1; Nexus 5X Build/MMB29P) AppleWebKit/537.36 (KHTML, like Gecko) Chrome/137.0.7151.103 Mobile Safari/537.36 (compatible; Googlebot/2.1; +http://www.google.com/bot.html)"
66.249.79.2 - - [17/Jul/2025:14:27:12 -0400] "GET /?n=1689823206605&channel=a5e56f&from=article.php%3Fid%3D232066-10463%26name%3D%E3%83%8F%E3%83%B3%E3%83%89%E3%82%AC%E3%83%BC%E3%83%89%E3%83%90%E3%82%A4%E3%82%AF%E3%82%B0%E3%83%AA%E3%83%83%E3%83%97%20%E3%82%AA%E3%83%BC%E3%83%88%E3%83%90%E3%82%A4%E3%83%8F%E3%83%B3%E3%83%89%E3%82%AC%E3%83%BC%E3%83%89%E6%89%8B%E3%81%AE%E4%BF%9D%E8%AD%B7%E9%A2%A8%E9%98%B2%E3%83%8F%E3%83%B3%E3%83%89%E3%82%AC%E3%83%BC%E3%83%89%E3%82%AB%E3%83%90%E3%83%BC%20CB%20500X%20C%20B500%20%C3%97%202022%20202 HTTP/1.1" 200 29835 "-" "Mozilla/5.0 (Linux; Android 6.0.1; Nexus 5X Build/MMB29P) AppleWebKit/537.36 (KHTML, like Gecko) Chrome/137.0.7151.103 Mobile Safari/537.36 (compatible; Googlebot/2.1; +http://www.google.com/bot.html)"
66.249.68.131 - - [17/Jul/2025:14:27:18 -0400] "GET /?n=7562743829101&channel=2b300d&from=goods.php%3Fid%3D438291-16281%26name%3Doasis+%E3%82%AA%E3%82%A2%E3%82%B7%E3%82%B9%E3%80%80%E3%83%84%E3%82%A4%E3%82%B9%E3%83%88%E3%82%B9%E3%83%86%E3%83%83%E3%83%91%E3%83%BC+%E8%B5%A4 HTTP/1.1" 301 0 "-" "Mozilla/5.0 (Linux; Android 6.0.1; Nexus 5X Build/MMB29P) AppleWebKit/537.36 (KHTML, like Gecko) Chrome/137.0.7151.103 Mobile Safari/537.36 (compatible; Googlebot/2.1; +http://www.google.com/bot.html)"
104.210.140.136 - - [17/Jul/2025:14:27:22 -0400] "GET /robots.txt HTTP/1.1" 200 84 "-" "Mozilla/5.0 (Macintosh; Intel Mac OS X 10_15_7) AppleWebKit/537.36 (KHTML, like Gecko) Chrome/131.0.0.0 Safari/537.36; compatible; OAI-SearchBot/1.0; +https://openai.com/searchbot"
66.249.79.2 - - [17/Jul/2025:14:27:24 -0400] "GET /?n=7562743829101&channel=2b300d&from=goods.php%3Fid%3D438291-16281%26name%3Doasis%20%E3%82%AA%E3%82%A2%E3%82%B7%E3%82%B9%E3%80%80%E3%83%84%E3%82%A4%E3%82%B9%E3%83%88%E3%82%B9%E3%83%86%E3%83%83%E3%83%91%E3%83%BC%20%E8%B5%A4 HTTP/1.1" 200 29836 "-" "Mozilla/5.0 (Linux; Android 6.0.1; Nexus 5X Build/MMB29P) AppleWebKit/537.36 (KHTML, like Gecko) Chrome/137.0.7151.103 Mobile Safari/537.36 (compatible; Googlebot/2.1; +http://www.google.com/bot.html)"
63.250.38.117 - - [17/Jul/2025:14:27:35 -0400] "POST /wp-cron.php?doing_wp_cron=1752776855.6473429203033447265625 HTTP/1.1" 403 1242 "-" "WordPress/6.8.1; https://fnf.group"
66.249.79.2 - - [17/Jul/2025:14:27:33 -0400] "GET /?n=02498145360901&channel=2653d4&from=shared.php%3Fid%3D1453609-5534%26name%3D%EF%BC%BB%E5%85%83AKB48%E9%AB%98%E6%A9%8B%E6%9C%B1%E9%87%8C%EF%BC%BD%E6%B0%B4%E7%9D%80%E3%82%AF%E3%83%AA%E3%82%A2%E3%83%95%E3%82%A1%E3%82%A4%E3%83%AB%E3%80%80%E3%83%9F%E3%83%8B HTTP/1.1" 200 29833 "-" "Mozilla/5.0 (Linux; Android 6.0.1; Nexus 5X Build/MMB29P) AppleWebKit/537.36 (KHTML, like Gecko) Chrome/137.0.7151.103 Mobile Safari/537.36 (compatible; Googlebot/2.1; +http://www.google.com/bot.html)"
213.209.150.137 - - [17/Jul/2025:14:27:40 -0400] "POST /wp-login.php?action=register HTTP/1.1" 302 0 "-" "-"
213.209.150.137 - - [17/Jul/2025:14:27:52 -0400] "POST /wp-login.php?action=register HTTP/1.1" 302 0 "-" "-"
66.249.79.4 - - [17/Jul/2025:14:28:14 -0400] "GET /?n=0096678910700&channel=01f96c&from=blog.php%3Fid%3D789107-19825%26name%3D%E3%82%A4%E3%82%AA%E3%83%B3%E3%80%80%E3%83%8E%E3%83%BC%E3%82%BF%E3%83%83%E3%82%AF%E3%82%B9%E3%83%A9%E3%83%83%E3%82%AF%E3%82%B9%E3%80%80%E3%82%B9%E3%83%88%E3%83%AC%E3%83%83%E3%83%81%E3%80%80DarkBlue+W76 HTTP/1.1" 301 0 "-" "Mozilla/5.0 (Linux; Android 6.0.1; Nexus 5X Build/MMB29P) AppleWebKit/537.36 (KHTML, like Gecko) Chrome/137.0.7151.103 Mobile Safari/537.36 (compatible; Googlebot/2.1; +http://www.google.com/bot.html)"
66.249.79.2 - - [17/Jul/2025:14:28:19 -0400] "GET /?n=0096678910700&channel=01f96c&from=blog.php%3Fid%3D789107-19825%26name%3D%E3%82%A4%E3%82%AA%E3%83%B3%E3%80%80%E3%83%8E%E3%83%BC%E3%82%BF%E3%83%83%E3%82%AF%E3%82%B9%E3%83%A9%E3%83%83%E3%82%AF%E3%82%B9%E3%80%80%E3%82%B9%E3%83%88%E3%83%AC%E3%83%83%E3%83%81%E3%80%80DarkBlue%20W76 HTTP/1.1" 200 29837 "-" "Mozilla/5.0 (Linux; Android 6.0.1; Nexus 5X Build/MMB29P) AppleWebKit/537.36 (KHTML, like Gecko) Chrome/137.0.7151.103 Mobile Safari/537.36 (compatible; Googlebot/2.1; +http://www.google.com/bot.html)"
66.249.79.2 - - [17/Jul/2025:14:28:27 -0400] "GET /?n=8287455219703&channel=a337b6&from=shop.php%3Fid%3D552197-8954%26name%3D%E3%83%95%E3%82%A7%E3%82%A2%E3%83%AA%E3%83%B3%E3%82%B0%E3%83%86%E3%83%BC%E3%83%AB%E3%82%AB%E3%83%90%E3%83%BC+%E4%B9%97%E5%AE%A2%E3%83%94%E3%83%AA%E3%82%AA%E3%83%B3%E3%83%AA%E3%82%A2%E3%82%AB%E3%83%90%E3%83%BC%E3%83%95%E3%82%A7%E3%82%A2%E3%83%AA%E3%83%B3%E3%82%B0%E3%82%AB%E3%82%A6%E3%83%AB%E3%83%89%E3%82%A5%E3%82%AB%E3%83%86%E3%82%A3%E3%83%A2%E3%83%B3%E3%82%B9%E3%82%BF%E3%83%BC+821+2018-2021++M1200+%2F%EF%BC%88%E3%83%95%E3%82%A7%E3%82%A2%E3%83%AA%E3%83%B3%E3%82%B0%E3%83%86%E3%83%BC%E3%83%AB%E3%82%AB%E3%83%90%E3%83%BC+%E4%B9%97%E5%AE%A2%E3%83%94%E3%83%AA%E3%82%AA%E3%83%B3%E3%83%AA%E3%82%A2%E3%82%AB%E3%83%90%E3%83%BC%E3%83%95%E3%82%A7%E3%82%A2%E3%83%AA%E3%83%B3%E3%82%B0%E3%82%AB%E3%82%A6%E3%83%AB%E3%83%89%E3%82%A5%E3%82%AB%E3%83%86%E3%82%A3%E3%83%A2%E3%83%B3%E3%82%B9%E3%82%BF%E3%83%BC+821+2018-2021+M1200%EF%BC%89 HTTP/1.1" 301 0 "-" "Mozilla/5.0 (Linux; Android 6.0.1; Nexus 5X Build/MMB29P) AppleWebKit/537.36 (KHTML, like Gecko) Chrome/137.0.7151.103 Mobile Safari/537.36 (compatible; Googlebot/2.1; +http://www.google.com/bot.html)"
66.249.79.2 - - [17/Jul/2025:14:28:26 -0400] "GET /?n=15875141516103&channel=83ca48&from=goods.php%3Fid%3D1415161-8945%26name%3D%E3%82%AF%E3%83%AD%E3%82%B9%E3%82%B9%E3%83%86%E3%83%83%E3%83%81%E3%82%AD%E3%83%83%E3%83%88%E2%98%85+%E3%83%B4%E3%82%A7%E3%83%AD%E3%83%8B%E3%82%AF%E3%83%BB%E3%82%A2%E3%83%B3%E3%82%B8%E3%83%A3%E3%83%B3%E3%82%B8%E3%82%A7%E2%98%85%E3%82%AF%E3%83%AA%E3%82%B9%E3%83%9E%E3%82%B9%E3%81%AE%E3%83%91%E3%83%AA%E3%82%B8%E3%82%A7%E3%83%B3%E3%83%8C HTTP/1.1" 301 0 "-" "Mozilla/5.0 (Linux; Android 6.0.1; Nexus 5X Build/MMB29P) AppleWebKit/537.36 (KHTML, like Gecko) Chrome/137.0.7151.103 Mobile Safari/537.36 (compatible; Googlebot/2.1; +http://www.google.com/bot.html)"
63.250.38.117 - - [17/Jul/2025:14:28:36 -0400] "POST /wp-cron.php?doing_wp_cron=1752776915.7805259227752685546875 HTTP/1.1" 403 1242 "-" "WordPress/6.8.1; https://fnf.group"
63.250.38.117 - - [17/Jul/2025:14:28:37 -0400] "POST /wp-cron.php?doing_wp_cron=1752776917.5924320220947265625000 HTTP/1.1" 403 1242 "-" "WordPress/6.8.1; https://fnf.group"
66.249.79.2 - - [17/Jul/2025:14:28:31 -0400] "GET /?n=8287455219703&channel=a337b6&from=shop.php%3Fid%3D552197-8954%26name%3D%E3%83%95%E3%82%A7%E3%82%A2%E3%83%AA%E3%83%B3%E3%82%B0%E3%83%86%E3%83%BC%E3%83%AB%E3%82%AB%E3%83%90%E3%83%BC%20%E4%B9%97%E5%AE%A2%E3%83%94%E3%83%AA%E3%82%AA%E3%83%B3%E3%83%AA%E3%82%A2%E3%82%AB%E3%83%90%E3%83%BC%E3%83%95%E3%82%A7%E3%82%A2%E3%83%AA%E3%83%B3%E3%82%B0%E3%82%AB%E3%82%A6%E3%83%AB%E3%83%89%E3%82%A5%E3%82%AB%E3%83%86%E3%82%A3%E3%83%A2%E3%83%B3%E3%82%B9%E3%82%BF%E3%83%BC%20821%202018-2021%20%20M1200%20%2F%EF%BC%88%E3%83%95%E3%82%A7%E3%82%A2%E3%83%AA%E3%83%B3%E3%82%B0%E3%83%86%E3%83%BC%E3%83%AB%E3%82%AB%E3%83%90%E3%83%BC%20%E4%B9%97%E5%AE%A2%E3%83%94%E3%83%AA%E3%82%AA%E3%83%B3%E3%83%AA%E3%82%A2%E3%82%AB%E3%83%90%E3%83%BC%E3%83%95%E3%82%A7%E3%82%A2%E3%83%AA%E3%83%B3%E3%82%B0%E3%82%AB%E3%82%A6%E3%83%AB%E3%83%89%E3%82%A5%E3%82%AB%E3%83%86%E3%82%A3%E3%83%A2%E3%83%B3%E3%82%B9%E3%82%BF%E3%83%BC%20821%202018-2021%20M1200%EF%BC%89 HTTP/1.1" 200 29836 "-" "Mozilla/5.0 (Linux; Android 6.0.1; Nexus 5X Build/MMB29P) AppleWebKit/537.36 (KHTML, like Gecko) Chrome/137.0.7151.103 Mobile Safari/537.36 (compatible; Googlebot/2.1; +http://www.google.com/bot.html)"
66.249.79.2 - - [17/Jul/2025:14:28:32 -0400] "GET /?n=15875141516103&channel=83ca48&from=goods.php%3Fid%3D1415161-8945%26name%3D%E3%82%AF%E3%83%AD%E3%82%B9%E3%82%B9%E3%83%86%E3%83%83%E3%83%81%E3%82%AD%E3%83%83%E3%83%88%E2%98%85%20%E3%83%B4%E3%82%A7%E3%83%AD%E3%83%8B%E3%82%AF%E3%83%BB%E3%82%A2%E3%83%B3%E3%82%B8%E3%83%A3%E3%83%B3%E3%82%B8%E3%82%A7%E2%98%85%E3%82%AF%E3%83%AA%E3%82%B9%E3%83%9E%E3%82%B9%E3%81%AE%E3%83%91%E3%83%AA%E3%82%B8%E3%82%A7%E3%83%B3%E3%83%8C HTTP/1.1" 200 29830 "-" "Mozilla/5.0 (Linux; Android 6.0.1; Nexus 5X Build/MMB29P) AppleWebKit/537.36 (KHTML, like Gecko) Chrome/137.0.7151.103 Mobile Safari/537.36 (compatible; Googlebot/2.1; +http://www.google.com/bot.html)"
66.249.68.131 - - [17/Jul/2025:14:28:40 -0400] "GET /?n=4421735478004&channel=44fd77&from=jp.php%3Fid%3D354780-14961%26name%3D%E3%83%90%E3%83%B3%E3%82%AF%E3%82%B7%E3%83%A3%26%E3%83%91%E3%82%A4%E3%83%B3%E3%83%95%E3%83%A9%E3%83%AF%E3%83%BC%E5%85%A5%E3%82%8A%E3%81%AE%E7%AB%8B%E4%BD%93%E5%9E%8B%E3%83%AA%E3%83%BC%E3%82%B9%E5%A3%81%E6%8E%9B%E3%81%91 HTTP/1.1" 301 0 "-" "Mozilla/5.0 (Linux; Android 6.0.1; Nexus 5X Build/MMB29P) AppleWebKit/537.36 (KHTML, like Gecko) Chrome/137.0.7151.103 Mobile Safari/537.36 (compatible; Googlebot/2.1; +http://www.google.com/bot.html)"
54.83.56.1 - - [17/Jul/2025:14:28:44 -0400] "GET /wp-includes/error-protection.php HTTP/1.1" 403 1242 "-" "Mozilla/5.0 AppleWebKit/537.36 (KHTML, like Gecko; compatible; Amazonbot/0.1; +https://developer.amazon.com/support/amazonbot) Chrome/119.0.6045.214 Safari/537.36"
3.222.85.38 - - [17/Jul/2025:14:28:48 -0400] "GET /wp-includes/class-phpass.php HTTP/1.1" 403 1242 "-" "Mozilla/5.0 AppleWebKit/537.36 (KHTML, like Gecko; compatible; Amazonbot/0.1; +https://developer.amazon.com/support/amazonbot) Chrome/119.0.6045.214 Safari/537.36"
66.249.79.2 - - [17/Jul/2025:14:28:44 -0400] "GET /?n=4421735478004&channel=44fd77&from=jp.php%3Fid%3D354780-14961%26name%3D%E3%83%90%E3%83%B3%E3%82%AF%E3%82%B7%E3%83%A3%26%E3%83%91%E3%82%A4%E3%83%B3%E3%83%95%E3%83%A9%E3%83%AF%E3%83%BC%E5%85%A5%E3%82%8A%E3%81%AE%E7%AB%8B%E4%BD%93%E5%9E%8B%E3%83%AA%E3%83%BC%E3%82%B9%E5%A3%81%E6%8E%9B%E3%81%91 HTTP/1.1" 200 29835 "-" "Mozilla/5.0 (Linux; Android 6.0.1; Nexus 5X Build/MMB29P) AppleWebKit/537.36 (KHTML, like Gecko) Chrome/137.0.7151.103 Mobile Safari/537.36 (compatible; Googlebot/2.1; +http://www.google.com/bot.html)"
44.221.105.234 - - [17/Jul/2025:14:28:52 -0400] "GET /wp-includes/pomo/po.php HTTP/1.1" 403 1242 "-" "Mozilla/5.0 AppleWebKit/537.36 (KHTML, like Gecko; compatible; Amazonbot/0.1; +https://developer.amazon.com/support/amazonbot) Chrome/119.0.6045.214 Safari/537.36"
18.214.238.178 - - [17/Jul/2025:14:28:56 -0400] "GET /wp-includes/Requests/src/IdnaEncoder.php HTTP/1.1" 403 1242 "-" "Mozilla/5.0 AppleWebKit/537.36 (KHTML, like Gecko; compatible; Amazonbot/0.1; +https://developer.amazon.com/support/amazonbot) Chrome/119.0.6045.214 Safari/537.36"
52.71.216.196 - - [17/Jul/2025:14:29:00 -0400] "GET /wp-includes/Requests/src/Ssl.php HTTP/1.1" 403 1242 "-" "Mozilla/5.0 AppleWebKit/537.36 (KHTML, like Gecko; compatible; Amazonbot/0.1; +https://developer.amazon.com/support/amazonbot) Chrome/119.0.6045.214 Safari/537.36"
66.249.79.4 - - [17/Jul/2025:14:29:03 -0400] "GET /?n=0795078823401&channel=b9eceb&from=form.php%3Fid%3D788234-5707%26name%3D%E7%87%83%E6%96%99%E3%83%9D%E3%83%B3%E3%83%97%E3%83%A2%E3%82%B8%E3%83%A5%E3%83%BC%E3%83%AB%E3%82%A2%E3%82%BB%E3%83%B3%E3%83%96%E3%83%AA+%E3%82%B9%E3%82%BA%E3%82%AD+SX4+SX-4+M16A+M15+%E3%81%A8%E4%BA%92%E6%8F%9B%E6%80%A7%E3%81%82%E3%82%8A+%E3%83%95%E3%82%A3%E3%82%A2%E3%83%83%E3%83%88+%E3%82%BB%E3%83%87%E3%82%A3%E3%83%81+%E3%83%91%E3%83%B3%E3%83%80+%E3%83%8F%E3%83%83%E3%83%81%E3%83%90%E3%83%83%E3%82%AF HTTP/1.1" 301 0 "-" "Mozilla/5.0 (Linux; Android 6.0.1; Nexus 5X Build/MMB29P) AppleWebKit/537.36 (KHTML, like Gecko) Chrome/137.0.7151.103 Mobile Safari/537.36 (compatible; Googlebot/2.1; +http://www.google.com/bot.html)"
34.202.88.37 - - [17/Jul/2025:14:29:08 -0400] "GET /wp-includes/Requests/src/Auth.php HTTP/1.1" 403 1242 "-" "Mozilla/5.0 AppleWebKit/537.36 (KHTML, like Gecko; compatible; Amazonbot/0.1; +https://developer.amazon.com/support/amazonbot) Chrome/119.0.6045.214 Safari/537.36"
52.4.238.8 - - [17/Jul/2025:14:29:08 -0400] "GET /wp-includes/ID3/?NA HTTP/1.1" 200 1339 "-" "Mozilla/5.0 AppleWebKit/537.36 (KHTML, like Gecko; compatible; Amazonbot/0.1; +https://developer.amazon.com/support/amazonbot) Chrome/119.0.6045.214 Safari/537.36"
66.249.79.4 - - [17/Jul/2025:14:29:05 -0400] "GET /?n=0795078823401&channel=b9eceb&from=form.php%3Fid%3D788234-5707%26name%3D%E7%87%83%E6%96%99%E3%83%9D%E3%83%B3%E3%83%97%E3%83%A2%E3%82%B8%E3%83%A5%E3%83%BC%E3%83%AB%E3%82%A2%E3%82%BB%E3%83%B3%E3%83%96%E3%83%AA%20%E3%82%B9%E3%82%BA%E3%82%AD%20SX4%20SX-4%20M16A%20M15%20%E3%81%A8%E4%BA%92%E6%8F%9B%E6%80%A7%E3%81%82%E3%82%8A%20%E3%83%95%E3%82%A3%E3%82%A2%E3%83%83%E3%83%88%20%E3%82%BB%E3%83%87%E3%82%A3%E3%83%81%20%E3%83%91%E3%83%B3%E3%83%80%20%E3%83%8F%E3%83%83%E3%83%81%E3%83%90%E3%83%83%E3%82%AF HTTP/1.1" 200 29836 "-" "Mozilla/5.0 (Linux; Android 6.0.1; Nexus 5X Build/MMB29P) AppleWebKit/537.36 (KHTML, like Gecko) Chrome/137.0.7151.103 Mobile Safari/537.36 (compatible; Googlebot/2.1; +http://www.google.com/bot.html)"
57.141.0.6 - - [17/Jul/2025:14:29:08 -0400] "GET /category/featured/page/19/ HTTP/1.1" 200 15646 "-" "meta-externalagent/1.1 (+https://developers.facebook.com/docs/sharing/webmasters/crawler)"
114.119.155.200 - - [17/Jul/2025:14:29:13 -0400] "GET /tag/chawal/ HTTP/1.1" 200 14161 "https://fnf.group/2020/12/13/daal-chawal-combo-by-ayesha-karwa/" "Mozilla/5.0 (Linux; Android 7.0;) AppleWebKit/537.36 (KHTML, like Gecko) Mobile Safari/537.36 (compatible; PetalBot;+https://webmaster.petalsearch.com/site/petalbot)"
165.232.152.242 - - [17/Jul/2025:14:29:15 -0400] "GET /wp-content/plugins/wpbookit/README.txt HTTP/1.1" 404 11507 "-" "Mozilla/5.0 (X11; Linux x86_64) AppleWebKit/537.36 (KHTML, like Gecko) Chrome/78.0.3904.62 Safari/537.36"
165.232.152.242 - - [17/Jul/2025:14:29:23 -0400] "GET /wp-content/plugins/ht-contactform/readme.txt HTTP/1.1" 404 11559 "-" "Mozilla/5.0 (X11; Linux x86_64) AppleWebKit/537.36 (KHTML, like Gecko) Chrome/78.0.3904.62 Safari/537.36"
66.249.79.3 - - [17/Jul/2025:14:29:25 -0400] "GET /?n=3975032869300&channel=5e6c67&from=jp.php%3Fid%3D328693-10367%26name%3DNew+Balance+%E3%83%A1%E3%83%B3%E3%82%BA+%E3%82%B9%E3%83%9D%E3%83%BC%E3%83%84+%E3%82%A8%E3%83%83%E3%82%BB%E3%83%B3%E3%82%B7%E3%83%A3%E3%83%AB+%E3%82%B7%E3%83%A7%E3%83%BC%E3%83%84+7.6+cm HTTP/1.1" 301 0 "-" "Mozilla/5.0 (Linux; Android 6.0.1; Nexus 5X Build/MMB29P) AppleWebKit/537.36 (KHTML, like Gecko) Chrome/137.0.7151.103 Mobile Safari/537.36 (compatible; Googlebot/2.1; +http://www.google.com/bot.html)"
63.250.38.117 - - [17/Jul/2025:14:29:39 -0400] "POST /wp-cron.php?doing_wp_cron=1752776979.2854540348052978515625 HTTP/1.1" 403 1242 "-" "WordPress/6.8.1; https://fnf.group"
66.249.79.2 - - [17/Jul/2025:14:29:31 -0400] "GET /?n=3975032869300&channel=5e6c67&from=jp.php%3Fid%3D328693-10367%26name%3DNew%20Balance%20%E3%83%A1%E3%83%B3%E3%82%BA%20%E3%82%B9%E3%83%9D%E3%83%BC%E3%83%84%20%E3%82%A8%E3%83%83%E3%82%BB%E3%83%B3%E3%82%B7%E3%83%A3%E3%83%AB%20%E3%82%B7%E3%83%A7%E3%83%BC%E3%83%84%207.6%20cm HTTP/1.1" 200 29834 "-" "Mozilla/5.0 (Linux; Android 6.0.1; Nexus 5X Build/MMB29P) AppleWebKit/537.36 (KHTML, like Gecko) Chrome/137.0.7151.103 Mobile Safari/537.36 (compatible; Googlebot/2.1; +http://www.google.com/bot.html)"
114.119.134.95 - - [17/Jul/2025:14:30:36 -0400] "GET /author/admin123/page/48/ HTTP/1.1" 200 15557 "https://fnf.group/author/admin123/page/50/" "Mozilla/5.0 (Linux; Android 7.0;) AppleWebKit/537.36 (KHTML, like Gecko) Mobile Safari/537.36 (compatible; PetalBot;+https://webmaster.petalsearch.com/site/petalbot)"
63.250.38.117 - - [17/Jul/2025:14:30:46 -0400] "POST /wp-cron.php?doing_wp_cron=1752777045.9899449348449707031250 HTTP/1.1" 403 1242 "-" "WordPress/6.8.1; https://fnf.group"
66.249.79.3 - - [17/Jul/2025:14:30:43 -0400] "GET /?n=18480113297800&channel=8bef4c&from=shared.php%3Fid%3D1132978-6583%26name%3D%E3%82%B5%E3%82%A4%E3%83%89%E3%83%86%E3%83%BC%E3%83%96%E3%83%AB+%E3%83%AA%E3%83%93%E3%83%B3%E3%82%B0%E3%83%AB%E3%83%BC%E3%83%A0%E3%80%81C%E5%9E%8B%E3%82%B5%E3%82%A4%E3%83%89%E3%83%86%E3%83%BC%E3%83%96%E3%83%AB%E3%80%81%E3%83%99%E3%83%83%E3%83%89%E3%82%B5%E3%82%A4%E3%83%89%E3%83%86%E3%83%BC%E3%83%96%E3%83%AB%E3%80%81%E3%82%BD%E3%83%95%E3%82%A1%E3%82%B5%E3%82%A4%E3%83%89%E3%83%86%E3%83%BC%E3%83%96%E3%83%AB%E3%80%81%E3%83%A9%E3%82%A6%E3%83%B3%E3%83%89%E3%82%B3%E3%83%BC%E3%83%92%E3%83%BC%E3%83%86%E3%83%BC%E3%83%96%E3%83%AB%E3%80%81%E9%87%91%E5%B1%9E%E3%83%95%E3%83%AC%E3%83%BC HTTP/1.1" 301 0 "-" "Mozilla/5.0 (Linux; Android 6.0.1; Nexus 5X Build/MMB29P) AppleWebKit/537.36 (KHTML, like Gecko) Chrome/137.0.7151.103 Mobile Safari/537.36 (compatible; Googlebot/2.1; +http://www.google.com/bot.html)"
63.250.38.117 - - [17/Jul/2025:14:30:47 -0400] "POST /wp-cron.php?doing_wp_cron=1752777047.0042440891265869140625 HTTP/1.1" 403 1242 "-" "WordPress/6.8.1; https://fnf.group"
66.249.79.3 - - [17/Jul/2025:14:30:43 -0400] "GET /?n=7045854910101&channel=f7adf7&from=article.php%3Fid%3D549101-6706%26name%3Daudio-technica+AT4040+++%E3%82%B3%E3%83%B3%E3%83%87%E3%83%B3%E3%82%B5%E3%83%BC%E3%83%9E%E3%82%A4%E3%82%AF HTTP/1.1" 301 0 "-" "Mozilla/5.0 (Linux; Android 6.0.1; Nexus 5X Build/MMB29P) AppleWebKit/537.36 (KHTML, like Gecko) Chrome/137.0.7151.103 Mobile Safari/537.36 (compatible; Googlebot/2.1; +http://www.google.com/bot.html)"
66.249.79.3 - - [17/Jul/2025:14:30:46 -0400] "GET /?n=18480113297800&channel=8bef4c&from=shared.php%3Fid%3D1132978-6583%26name%3D%E3%82%B5%E3%82%A4%E3%83%89%E3%83%86%E3%83%BC%E3%83%96%E3%83%AB%20%E3%83%AA%E3%83%93%E3%83%B3%E3%82%B0%E3%83%AB%E3%83%BC%E3%83%A0%E3%80%81C%E5%9E%8B%E3%82%B5%E3%82%A4%E3%83%89%E3%83%86%E3%83%BC%E3%83%96%E3%83%AB%E3%80%81%E3%83%99%E3%83%83%E3%83%89%E3%82%B5%E3%82%A4%E3%83%89%E3%83%86%E3%83%BC%E3%83%96%E3%83%AB%E3%80%81%E3%82%BD%E3%83%95%E3%82%A1%E3%82%B5%E3%82%A4%E3%83%89%E3%83%86%E3%83%BC%E3%83%96%E3%83%AB%E3%80%81%E3%83%A9%E3%82%A6%E3%83%B3%E3%83%89%E3%82%B3%E3%83%BC%E3%83%92%E3%83%BC%E3%83%86%E3%83%BC%E3%83%96%E3%83%AB%E3%80%81%E9%87%91%E5%B1%9E%E3%83%95%E3%83%AC%E3%83%BC HTTP/1.1" 200 29829 "-" "Mozilla/5.0 (Linux; Android 6.0.1; Nexus 5X Build/MMB29P) AppleWebKit/537.36 (KHTML, like Gecko) Chrome/137.0.7151.103 Mobile Safari/537.36 (compatible; Googlebot/2.1; +http://www.google.com/bot.html)"
66.249.79.3 - - [17/Jul/2025:14:30:47 -0400] "GET /?n=7045854910101&channel=f7adf7&from=article.php%3Fid%3D549101-6706%26name%3Daudio-technica%20AT4040%20%20%20%E3%82%B3%E3%83%B3%E3%83%87%E3%83%B3%E3%82%B5%E3%83%BC%E3%83%9E%E3%82%A4%E3%82%AF HTTP/1.1" 200 29825 "-" "Mozilla/5.0 (Linux; Android 6.0.1; Nexus 5X Build/MMB29P) AppleWebKit/537.36 (KHTML, like Gecko) Chrome/137.0.7151.103 Mobile Safari/537.36 (compatible; Googlebot/2.1; +http://www.google.com/bot.html)"
66.249.68.131 - - [17/Jul/2025:14:30:53 -0400] "GET /?n=6468830243301&channel=521fd3&from=shared.php%3Fid%3D302433-4154%26name%3DAUTO-PALPAL+%E3%82%AB%E3%83%A0%E3%82%B7%E3%83%A3%E3%83%95%E3%83%88%E3%82%A2%E3%82%B8%E3%83%A3%E3%82%B9%E3%82%BF%E3%83%BC+CAMSHAFT+ADJUSTER+06E109083Q+06E+109+083Q HTTP/1.1" 301 0 "-" "Mozilla/5.0 (Linux; Android 6.0.1; Nexus 5X Build/MMB29P) AppleWebKit/537.36 (KHTML, like Gecko) Chrome/137.0.7151.103 Mobile Safari/537.36 (compatible; Googlebot/2.1; +http://www.google.com/bot.html)"
66.249.79.3 - - [17/Jul/2025:14:30:54 -0400] "GET /?n=22798134912701&channel=3a294e&from=jp.php%3Fid%3D1349127-1005%26name%3D%E6%B5%B7%E6%B4%8B%E6%8E%92%E6%B0%B4%E7%AE%A1+%E8%88%B9%E4%BD%93%E3%82%B3%E3%83%8D%E3%82%AF%E3%82%BF%E3%82%92%E9%80%9A%E3%82%8B%E3%83%9C%E3%83%BC%E3%83%88+%E3%82%AC%E3%83%BC%E3%83%9C%E3%83%BC%E3%83%89%E3%83%89%E3%83%AC%E3%83%B3%E3%83%97%E3%83%A9%E3%82%B0+%E3%83%87%E3%83%83%E3%82%AD%E3%83%89%E2%80%8B%E2%80%8B%E3%83%AC%E3%82%A4%E3%83%B3%E3%82%B3%E3%83%8D%E3%82%AF%E3%82%BF+%E3%83%9C%E3%83%BC%E3%83%88%E3%83%89%E3%83%AC%E3%83%B3+%E3%83%9C%E3%83%BC%E3%83%88%E5%BA%8A%E3%83%89%E3%83%AC%E3%83%B3+%E3%83%9E%E3%83%AA%E3%83%B3%E3%83%9C%E3%83%BC%E3%83%88 HTTP/1.1" 301 0 "-" "Mozilla/5.0 (Linux; Android 6.0.1; Nexus 5X Build/MMB29P) AppleWebKit/537.36 (KHTML, like Gecko) Chrome/137.0.7151.103 Mobile Safari/537.36 (compatible; Googlebot/2.1; +http://www.google.com/bot.html)"
66.249.79.2 - - [17/Jul/2025:14:30:59 -0400] "GET /?n=6468830243301&channel=521fd3&from=shared.php%3Fid%3D302433-4154%26name%3DAUTO-PALPAL%20%E3%82%AB%E3%83%A0%E3%82%B7%E3%83%A3%E3%83%95%E3%83%88%E3%82%A2%E3%82%B8%E3%83%A3%E3%82%B9%E3%82%BF%E3%83%BC%20CAMSHAFT%20ADJUSTER%2006E109083Q%2006E%20109%20083Q HTTP/1.1" 200 29823 "-" "Mozilla/5.0 (Linux; Android 6.0.1; Nexus 5X Build/MMB29P) AppleWebKit/537.36 (KHTML, like Gecko) Chrome/137.0.7151.103 Mobile Safari/537.36 (compatible; Googlebot/2.1; +http://www.google.com/bot.html)"
66.249.79.2 - - [17/Jul/2025:14:31:01 -0400] "GET /?n=22798134912701&channel=3a294e&from=jp.php%3Fid%3D1349127-1005%26name%3D%E6%B5%B7%E6%B4%8B%E6%8E%92%E6%B0%B4%E7%AE%A1%20%E8%88%B9%E4%BD%93%E3%82%B3%E3%83%8D%E3%82%AF%E3%82%BF%E3%82%92%E9%80%9A%E3%82%8B%E3%83%9C%E3%83%BC%E3%83%88%20%E3%82%AC%E3%83%BC%E3%83%9C%E3%83%BC%E3%83%89%E3%83%89%E3%83%AC%E3%83%B3%E3%83%97%E3%83%A9%E3%82%B0%20%E3%83%87%E3%83%83%E3%82%AD%E3%83%89%E2%80%8B%E2%80%8B%E3%83%AC%E3%82%A4%E3%83%B3%E3%82%B3%E3%83%8D%E3%82%AF%E3%82%BF%20%E3%83%9C%E3%83%BC%E3%83%88%E3%83%89%E3%83%AC%E3%83%B3%20%E3%83%9C%E3%83%BC%E3%83%88%E5%BA%8A%E3%83%89%E3%83%AC%E3%83%B3%20%E3%83%9E%E3%83%AA%E3%83%B3%E3%83%9C%E3%83%BC%E3%83%88 HTTP/1.1" 200 29834 "-" "Mozilla/5.0 (Linux; Android 6.0.1; Nexus 5X Build/MMB29P) AppleWebKit/537.36 (KHTML, like Gecko) Chrome/137.0.7151.103 Mobile Safari/537.36 (compatible; Googlebot/2.1; +http://www.google.com/bot.html)"
66.249.68.129 - - [17/Jul/2025:14:31:06 -0400] "GET /?n=61409194134201&channel=745cf2&from=jp.php%3Fid%3D1941342-28653%26name%3D%E6%96%B0%E5%93%81%E2%9C%B3%EF%B8%8E%E5%AD%90%E3%81%A9%E3%82%82%E7%94%A8%E9%9D%B4%E4%B8%8B5%E8%B6%B3%E3%82%BB%E3%83%83%E3%83%88%E3%80%80S%E3%82%B5%E3%82%A4%E3%82%BA%EF%BC%8813-16cm%EF%BC%89 HTTP/1.1" 301 0 "-" "Mozilla/5.0 (Linux; Android 6.0.1; Nexus 5X Build/MMB29P) AppleWebKit/537.36 (KHTML, like Gecko) Chrome/137.0.7151.103 Mobile Safari/537.36 (compatible; Googlebot/2.1; +http://www.google.com/bot.html)"
