66.249.68.130 - - [17/Jul/2025:14:01:05 -0400] "GET /?n=909787436402&channel=705e2e&from=form.php%3Fid%3D74364-5217%26name%3D%E3%80%90%E6%96%B0%E5%93%81%E3%80%91Beetle%C3%97Morozoff%E3%80%80%E7%B4%99%E8%A2%8B%E3%80%80%EF%BC%92%E6%9E%9A%E3%82%BB%E3%83%83%E3%83%88 HTTP/1.1" 301 0 "-" "Mozilla/5.0 (Linux; Android 6.0.1; Nexus 5X Build/MMB29P) AppleWebKit/537.36 (KHTML, like Gecko) Chrome/137.0.7151.103 Mobile Safari/537.36 (compatible; Googlebot/2.1; +http://www.google.com/bot.html)"
66.249.79.3 - - [17/Jul/2025:14:01:06 -0400] "GET /?n=1893971389902&channel=5ed61d&from=form.php%3Fid%3D713899-6272%26name%3D10%E3%82%A4%E3%83%B3%E3%83%81+%E3%83%88%E3%83%B3%E3%83%9C+%E3%83%86%E3%82%A3%E3%83%95%E3%82%A1%E3%83%8B%E3%83%BC+%E5%A3%81%E5%8F%96%E3%82%8A%E4%BB%98%E3%81%91%E7%94%A8%E7%87%AD%E5%8F%B0+%E3%82%A2%E3%83%BC%E3%83%88%E3%82%B9%E3%83%86%E3%83%B3%E3%83%89%E3%82%B0%E3%83%A9%E3%82%B9+%E8%B1%AA%E8%8F%AF%E3%81%AA%E5%A3%81%E7%85%A7%E6%98%8E%E5%99%A8%E5%85%B7+%E5%AF%9D%E5%AE%A4++%E3%83%AA%E3%83%93%E3%83%B3%E3%82%B0%E3%83%AB%E3%83%BC%E3%83%A0+%E3%83%99%E3%83%83%E3%83%89%E3%82%B5%E3%82%A4%E3%83%89+%E5%BB%8A%E4%B8%8B%EF%BC%88%E3%83%86%E3%82%A3%E3%83%95%E3%82%A1%E3%83%8B%E3%83%BC%E3%82%B9%E3%82%BF%E3%82%A4%E3%83%AB%E3%83%A9%E3%83%B3%E3%83%9732+%22%E3%83%88%E3%83%BC%E3%83%AB%E3%82%AA%E3%83%AC%E3%83%B3%E3%82%B8%E6%89%8B%E4%BD%9C%E3%82%8A%E3%82%B9%E3%83%86%E3%83%B3%E3%83%89%E3%82%B0%E3%83%A9%E3%82%B9%E3%81%B2%E3%81%BE%E3%82%8F%E3%82%8A%E3%83%91%E3%82%BF%E3%83%BC%E3%83%B3%E8%AA%AD%E6%9B%B8%E3%83%86%E3%83%BC%E3%83%96%E3%83%AB%E3%83%A9%E3%83%B3%E3%83%97%E3%83%99%E3%83%83%E3%83%89%E3%82%B5%E3%82%A4%E3%83%89%E3%83%86%E3%83%BC%E3%83%96%E3%83%AB%E3%83%99%EF%BC%88Amazon.co.jp++%3A+Byrotson+%E3%83%86%E3%82%A3%E3%83%95%E3%82%A1%E3%83%8B%E3%83%BC%E3%83%A9%E3%83%B3%E3%83%97%E3%82%B9%E3%83%86%E3%83%B3%E3%83%89%E3%82%B0%E3%83%A9%E3%82%B9%E3%83%88%E3%83%B3%E3%83%9C%E3%82%B9%E3%82%BF%E3%82%A4%E3%83%AB%E3%83%99%E3%83%83%E3%83%89%E3%82%B5%E3%82%A4%E3%83%89%E3%83%86%E3%83%BC%E3%83%96%E3%83%AB%E3%83%A9%E3%83%B3%E3%83%97%E3%83%87%E3%82%B9%E3%82%AF%E8%AA%AD%E6%9B%B8+%E3%82%A2%E3%82%AF%E3%82%BB%E3%83%B3%E3%83%88%E5%85%89%E8%A3%85%E9%A3%BE%E6%81%8B%E4%BA%BA+...%EF%BC%89 HTTP/1.1" 301 0 "-" "Mozilla/5.0 (Linux; Android 6.0.1; Nexus 5X Build/MMB29P) AppleWebKit/537.36 (KHTML, like Gecko) Chrome/137.0.7151.103 Mobile Safari/537.36 (compatible; Googlebot/2.1; +http://www.google.com/bot.html)"
66.249.79.3 - - [17/Jul/2025:14:01:10 -0400] "GET /?n=909787436402&channel=705e2e&from=form.php%3Fid%3D74364-5217%26name%3D%E3%80%90%E6%96%B0%E5%93%81%E3%80%91Beetle%C3%97Morozoff%E3%80%80%E7%B4%99%E8%A2%8B%E3%80%80%EF%BC%92%E6%9E%9A%E3%82%BB%E3%83%83%E3%83%88 HTTP/1.1" 200 29829 "-" "Mozilla/5.0 (Linux; Android 6.0.1; Nexus 5X Build/MMB29P) AppleWebKit/537.36 (KHTML, like Gecko) Chrome/137.0.7151.103 Mobile Safari/537.36 (compatible; Googlebot/2.1; +http://www.google.com/bot.html)"
66.249.79.3 - - [17/Jul/2025:14:01:11 -0400] "GET /?n=1893971389902&channel=5ed61d&from=form.php%3Fid%3D713899-6272%26name%3D10%E3%82%A4%E3%83%B3%E3%83%81%20%E3%83%88%E3%83%B3%E3%83%9C%20%E3%83%86%E3%82%A3%E3%83%95%E3%82%A1%E3%83%8B%E3%83%BC%20%E5%A3%81%E5%8F%96%E3%82%8A%E4%BB%98%E3%81%91%E7%94%A8%E7%87%AD%E5%8F%B0%20%E3%82%A2%E3%83%BC%E3%83%88%E3%82%B9%E3%83%86%E3%83%B3%E3%83%89%E3%82%B0%E3%83%A9%E3%82%B9%20%E8%B1%AA%E8%8F%AF%E3%81%AA%E5%A3%81%E7%85%A7%E6%98%8E%E5%99%A8%E5%85%B7%20%E5%AF%9D%E5%AE%A4%20%20%E3%83%AA%E3%83%93%E3%83%B3%E3%82%B0%E3%83%AB%E3%83%BC%E3%83%A0%20%E3%83%99%E3%83%83%E3%83%89%E3%82%B5%E3%82%A4%E3%83%89%20%E5%BB%8A%E4%B8%8B%EF%BC%88%E3%83%86%E3%82%A3%E3%83%95%E3%82%A1%E3%83%8B%E3%83%BC%E3%82%B9%E3%82%BF%E3%82%A4%E3%83%AB%E3%83%A9%E3%83%B3%E3%83%9732%20%22%E3%83%88%E3%83%BC%E3%83%AB%E3%82%AA%E3%83%AC%E3%83%B3%E3%82%B8%E6%89%8B%E4%BD%9C%E3%82%8A%E3%82%B9%E3%83%86%E3%83%B3%E3%83%89%E3%82%B0%E3%83%A9%E3%82%B9%E3%81%B2%E3%81%BE%E3%82%8F%E3%82%8A%E3%83%91%E3%82%BF%E3%83%BC%E3%83%B3%E8%AA%AD%E6%9B%B8%E3%83%86%E3%83%BC%E3%83%96%E3%83%AB%E3%83%A9%E3%83%B3%E3%83%97%E3%83%99%E3%83%83%E3%83%89%E3%82%B5%E3%82%A4%E3%83%89%E3%83%86%E3%83%BC%E3%83%96%E3%83%AB%E3%83%99%EF%BC%88Amazon.co.jp%20%20%3A%20Byrotson%20%E3%83%86%E3%82%A3%E3%83%95%E3%82%A1%E3%83%8B%E3%83%BC%E3%83%A9%E3%83%B3%E3%83%97%E3%82%B9%E3%83%86%E3%83%B3%E3%83%89%E3%82%B0%E3%83%A9%E3%82%B9%E3%83%88%E3%83%B3%E3%83%9C%E3%82%B9%E3%82%BF%E3%82%A4%E3%83%AB%E3%83%99%E3%83%83%E3%83%89%E3%82%B5%E3%82%A4%E3%83%89%E3%83%86%E3%83%BC%E3%83%96%E3%83%AB%E3%83%A9%E3%83%B3%E3%83%97%E3%83%87%E3%82%B9%E3%82%AF%E8%AA%AD%E6%9B%B8%20%E3%82%A2%E3%82%AF%E3%82%BB%E3%83%B3%E3%83%88%E5%85%89%E8%A3%85%E9%A3%BE%E6%81%8B%E4%BA%BA%20...%EF%BC%89 HTTP/1.1" 200 29830 "-" "Mozilla/5.0 (Linux; Android 6.0.1; Nexus 5X Build/MMB29P) AppleWebKit/537.36 (KHTML, like Gecko) Chrome/137.0.7151.103 Mobile Safari/537.36 (compatible; Googlebot/2.1; +http://www.google.com/bot.html)"
66.249.68.130 - - [17/Jul/2025:14:01:35 -0400] "GET /?n=4001468887707&channel=4efd96&from=jp.php%3Fid%3D688877-6427%26name%3DIconic+T7+Leggings+Light+Lavender HTTP/1.1" 301 0 "-" "Mozilla/5.0 (Linux; Android 6.0.1; Nexus 5X Build/MMB29P) AppleWebKit/537.36 (KHTML, like Gecko) Chrome/137.0.7151.103 Mobile Safari/537.36 (compatible; Googlebot/2.1; +http://www.google.com/bot.html)"
66.249.79.3 - - [17/Jul/2025:14:01:35 -0400] "GET /?n=7648354160502&channel=459594&from=jp.php%3Fid%3D541605-8672%26name%3D%E3%83%90%E3%82%A4%E3%82%AF%E7%94%A8%E3%83%95%E3%83%AD%E3%83%B3%E3%83%88%EF%BC%86%E3%83%AA%E3%82%A2%E3%83%96%E3%83%AC%E3%83%BC%E3%82%AD%E3%83%91%E3%83%83%E3%83%89%E3%83%89%E3%83%A9%E3%83%A0%E3%82%B7%E3%83%A5%E3%83%BC%E3%82%AD%E3%83%83%E3%83%88%E3%82%BB%E3%83%83%E3%83%88+PCX%E7%94%A8+125%E7%94%A8++S+PCX125S%E7%94%A8+WW125AK%E7%94%A8+2018%EF%BC%88%E6%A5%BD%E5%A4%A9%E5%B8%82%E5%A0%B4%E3%80%91%E3%83%96%E3%83%AC%E3%83%BC%E3%82%AD%E3%82%B7%E3%83%A5%E3%83%BC+pcx+jf56%E3%81%AE%E9%80%9A%E8%B2%A9%EF%BC%89 HTTP/1.1" 301 0 "-" "Mozilla/5.0 (Linux; Android 6.0.1; Nexus 5X Build/MMB29P) AppleWebKit/537.36 (KHTML, like Gecko) Chrome/137.0.7151.103 Mobile Safari/537.36 (compatible; Googlebot/2.1; +http://www.google.com/bot.html)"
66.249.79.3 - - [17/Jul/2025:14:01:38 -0400] "GET /?n=4001468887707&channel=4efd96&from=jp.php%3Fid%3D688877-6427%26name%3DIconic%20T7%20Leggings%20Light%20Lavender HTTP/1.1" 200 29834 "-" "Mozilla/5.0 (Linux; Android 6.0.1; Nexus 5X Build/MMB29P) AppleWebKit/537.36 (KHTML, like Gecko) Chrome/137.0.7151.103 Mobile Safari/537.36 (compatible; Googlebot/2.1; +http://www.google.com/bot.html)"
66.249.79.3 - - [17/Jul/2025:14:01:38 -0400] "GET /?n=7648354160502&channel=459594&from=jp.php%3Fid%3D541605-8672%26name%3D%E3%83%90%E3%82%A4%E3%82%AF%E7%94%A8%E3%83%95%E3%83%AD%E3%83%B3%E3%83%88%EF%BC%86%E3%83%AA%E3%82%A2%E3%83%96%E3%83%AC%E3%83%BC%E3%82%AD%E3%83%91%E3%83%83%E3%83%89%E3%83%89%E3%83%A9%E3%83%A0%E3%82%B7%E3%83%A5%E3%83%BC%E3%82%AD%E3%83%83%E3%83%88%E3%82%BB%E3%83%83%E3%83%88%20PCX%E7%94%A8%20125%E7%94%A8%20%20S%20PCX125S%E7%94%A8%20WW125AK%E7%94%A8%202018%EF%BC%88%E6%A5%BD%E5%A4%A9%E5%B8%82%E5%A0%B4%E3%80%91%E3%83%96%E3%83%AC%E3%83%BC%E3%82%AD%E3%82%B7%E3%83%A5%E3%83%BC%20pcx%20jf56%E3%81%AE%E9%80%9A%E8%B2%A9%EF%BC%89 HTTP/1.1" 200 29840 "-" "Mozilla/5.0 (Linux; Android 6.0.1; Nexus 5X Build/MMB29P) AppleWebKit/537.36 (KHTML, like Gecko) Chrome/137.0.7151.103 Mobile Safari/537.36 (compatible; Googlebot/2.1; +http://www.google.com/bot.html)"
114.119.134.95 - - [17/Jul/2025:14:01:39 -0400] "GET /2013/09/28/serious-bikes-are-fun/ HTTP/1.1" 200 18836 "https://fnf.group/2013/09/" "Mozilla/5.0 (Linux; Android 7.0;) AppleWebKit/537.36 (KHTML, like Gecko) Mobile Safari/537.36 (compatible; PetalBot;+https://webmaster.petalsearch.com/site/petalbot)"
66.249.68.129 - - [17/Jul/2025:14:01:47 -0400] "GET /?n=0967912292504&channel=5c2b88&from=jp.php%3Fid%3D122925-8256%26name%3D%E6%B0%91%E8%8A%B8%E7%AE%AA%E7%AC%A5%E3%80%80%E6%95%B4%E7%90%86%E7%AE%AA%E7%AC%A5%E3%80%80%E7%9D%80%E7%89%A9%E7%AE%AA%E7%AC%A5%E3%80%80%E3%81%9F%E3%82%93%E3%81%99%E3%80%80%E3%82%BF%E3%83%B3%E3%82%B9%E3%80%80%E7%AE%AA%E7%AC%A5%E3%80%80%E3%83%81%E3%82%A7%E3%82%B9%E3%83%88%E3%80%80%E6%8A%BD%E6%96%97%E3%80%80%E5%BC%95%E3%81%8D%E5%87%BA%E3%81%97 HTTP/1.1" 301 0 "-" "Mozilla/5.0 (Linux; Android 6.0.1; Nexus 5X Build/MMB29P) AppleWebKit/537.36 (KHTML, like Gecko) Chrome/137.0.7151.103 Mobile Safari/537.36 (compatible; Googlebot/2.1; +http://www.google.com/bot.html)"
66.249.79.3 - - [17/Jul/2025:14:01:50 -0400] "GET /?n=0967912292504&channel=5c2b88&from=jp.php%3Fid%3D122925-8256%26name%3D%E6%B0%91%E8%8A%B8%E7%AE%AA%E7%AC%A5%E3%80%80%E6%95%B4%E7%90%86%E7%AE%AA%E7%AC%A5%E3%80%80%E7%9D%80%E7%89%A9%E7%AE%AA%E7%AC%A5%E3%80%80%E3%81%9F%E3%82%93%E3%81%99%E3%80%80%E3%82%BF%E3%83%B3%E3%82%B9%E3%80%80%E7%AE%AA%E7%AC%A5%E3%80%80%E3%83%81%E3%82%A7%E3%82%B9%E3%83%88%E3%80%80%E6%8A%BD%E6%96%97%E3%80%80%E5%BC%95%E3%81%8D%E5%87%BA%E3%81%97 HTTP/1.1" 200 29833 "-" "Mozilla/5.0 (Linux; Android 6.0.1; Nexus 5X Build/MMB29P) AppleWebKit/537.36 (KHTML, like Gecko) Chrome/137.0.7151.103 Mobile Safari/537.36 (compatible; Googlebot/2.1; +http://www.google.com/bot.html)"
63.250.38.117 - - [17/Jul/2025:14:02:08 -0400] "POST /wp-cron.php?doing_wp_cron=1752775327.8845140933990478515625 HTTP/1.1" 403 1242 "-" "WordPress/6.8.1; https://fnf.group"
66.249.68.137 - - [17/Jul/2025:14:02:04 -0400] "GET /?n=70172169687601&channel=e690f6&from=pin.php%3Fid%3D1696876-13497%26name%3D%E3%82%B4%E3%83%AB%E3%83%95%E3%82%A6%E3%82%A7%E3%82%A2+%E3%83%A6%E3%83%8B%E3%82%AF%E3%83%AD+%E3%82%A2%E3%83%80%E3%83%A0%E3%82%B9%E3%82%B3%E3%83%83%E3%83%88+%E3%83%A2%E3%83%83%E3%82%AF%E3%83%8D%E3%83%83%E3%82%AF%E3%83%88%E3%83%83%E3%83%97%E3%82%B9+3%E8%89%B2%E3%82%BB%E3%83%83%E3%83%88 HTTP/1.1" 301 0 "-" "Mozilla/5.0 (Linux; Android 6.0.1; Nexus 5X Build/MMB29P) AppleWebKit/537.36 (KHTML, like Gecko) Chrome/137.0.7151.103 Mobile Safari/537.36 (compatible; Googlebot/2.1; +http://www.google.com/bot.html)"
66.249.79.5 - - [17/Jul/2025:14:02:08 -0400] "GET /?n=70172169687601&channel=e690f6&from=pin.php%3Fid%3D1696876-13497%26name%3D%E3%82%B4%E3%83%AB%E3%83%95%E3%82%A6%E3%82%A7%E3%82%A2%20%E3%83%A6%E3%83%8B%E3%82%AF%E3%83%AD%20%E3%82%A2%E3%83%80%E3%83%A0%E3%82%B9%E3%82%B3%E3%83%83%E3%83%88%20%E3%83%A2%E3%83%83%E3%82%AF%E3%83%8D%E3%83%83%E3%82%AF%E3%83%88%E3%83%83%E3%83%97%E3%82%B9%203%E8%89%B2%E3%82%BB%E3%83%83%E3%83%88 HTTP/1.1" 200 29831 "-" "Mozilla/5.0 (Linux; Android 6.0.1; Nexus 5X Build/MMB29P) AppleWebKit/537.36 (KHTML, like Gecko) Chrome/137.0.7151.103 Mobile Safari/537.36 (compatible; Googlebot/2.1; +http://www.google.com/bot.html)"
66.249.68.135 - - [17/Jul/2025:14:02:40 -0400] "GET /?n=9786213235906&channel=4180d5&from=shop.php%3Fid%3D132359-8040%26name%3D%E5%A4%8F%E3%81%AE%E6%97%85%E8%A1%8C+A1%E7%94%A8+2%E3%83%89%E3%82%A2%E3%83%90%E3%83%BC%E3%82%B8%E3%83%A7%E3%83%B3%E7%94%A8+%E8%BB%8A%E7%94%A8%E3%82%B5%E3%83%B3%E3%82%B7%E3%82%A7%E3%83%BC%E3%83%89+%E3%83%9E%E3%82%B0%E3%83%8D%E3%83%83%E3%83%88%E5%BC%8F+%E8%BB%8A%E7%94%A8%E3%82%AB%E3%83%BC%E3%83%86%E3%83%B3+%E3%82%B5%E3%83%B3%E3%82%B7%E3%82%A7%E3%83%BC%E3%83%89+%E3%82%B5%E3%82%A4%E3%83%89%E3%82%A6%E3%82%A3%E3%83%B3%E3%83%89%E3%82%A6%284+Side+W HTTP/1.1" 301 0 "-" "Mozilla/5.0 (Linux; Android 6.0.1; Nexus 5X Build/MMB29P) AppleWebKit/537.36 (KHTML, like Gecko) Chrome/137.0.7151.103 Mobile Safari/537.36 (compatible; Googlebot/2.1; +http://www.google.com/bot.html)"
66.249.79.4 - - [17/Jul/2025:14:02:42 -0400] "GET /?n=9786213235906&channel=4180d5&from=shop.php%3Fid%3D132359-8040%26name%3D%E5%A4%8F%E3%81%AE%E6%97%85%E8%A1%8C%20A1%E7%94%A8%202%E3%83%89%E3%82%A2%E3%83%90%E3%83%BC%E3%82%B8%E3%83%A7%E3%83%B3%E7%94%A8%20%E8%BB%8A%E7%94%A8%E3%82%B5%E3%83%B3%E3%82%B7%E3%82%A7%E3%83%BC%E3%83%89%20%E3%83%9E%E3%82%B0%E3%83%8D%E3%83%83%E3%83%88%E5%BC%8F%20%E8%BB%8A%E7%94%A8%E3%82%AB%E3%83%BC%E3%83%86%E3%83%B3%20%E3%82%B5%E3%83%B3%E3%82%B7%E3%82%A7%E3%83%BC%E3%83%89%20%E3%82%B5%E3%82%A4%E3%83%89%E3%82%A6%E3%82%A3%E3%83%B3%E3%83%89%E3%82%A6%284%20Side%20W HTTP/1.1" 200 29831 "-" "Mozilla/5.0 (Linux; Android 6.0.1; Nexus 5X Build/MMB29P) AppleWebKit/537.36 (KHTML, like Gecko) Chrome/137.0.7151.103 Mobile Safari/537.36 (compatible; Googlebot/2.1; +http://www.google.com/bot.html)"
63.250.38.117 - - [17/Jul/2025:14:03:08 -0400] "POST /wp-cron.php?doing_wp_cron=1752775388.2002220153808593750000 HTTP/1.1" 403 1242 "-" "WordPress/6.8.1; https://fnf.group"
114.119.134.95 - - [17/Jul/2025:14:03:05 -0400] "GET /tag/sweet-dish HTTP/1.1" 301 0 "http://fnf.group/2020/12/15/rose-cake-by-fatmah-ashdar" "Mozilla/5.0 (Linux; Android 7.0;) AppleWebKit/537.36 (KHTML, like Gecko) Mobile Safari/537.36 (compatible; PetalBot;+https://webmaster.petalsearch.com/site/petalbot)"
63.250.38.117 - - [17/Jul/2025:14:03:09 -0400] "POST /wp-cron.php?doing_wp_cron=1752775389.4042038917541503906250 HTTP/1.1" 403 1242 "-" "WordPress/6.8.1; https://fnf.group"
66.249.68.136 - - [17/Jul/2025:14:03:05 -0400] "GET /?n=82516178045302&channel=270c18&from=jp.php%3Fid%3D1780453-3936%26name%3D%E3%82%BB%E3%83%AB%E3%83%A2%E3%83%BC%E3%82%BF%E3%83%BC%E3%83%BB%E3%82%B9%E3%82%BF%E3%83%BC%E3%82%BF%E3%83%BC+31210-LBA7-900+%E3%82%AD%E3%83%A0%E3%82%B3+%E3%81%9F%E3%82%81+%E3%83%9E%E3%82%AF%E3%82%B5%E3%83%BC+250+300+%E3%83%9E%E3%83%B3%E3%82%B0%E3%83%BC%E3%82%B9+KXR250+MXU30 HTTP/1.1" 301 0 "-" "Mozilla/5.0 (Linux; Android 6.0.1; Nexus 5X Build/MMB29P) AppleWebKit/537.36 (KHTML, like Gecko) Chrome/137.0.7151.103 Mobile Safari/537.36 (compatible; Googlebot/2.1; +http://www.google.com/bot.html)"
114.119.134.95 - - [17/Jul/2025:14:03:09 -0400] "GET /tag/sweet-dish/ HTTP/1.1" 200 14325 "http://fnf.group/2020/12/15/rose-cake-by-fatmah-ashdar" "Mozilla/5.0 (Linux; Android 7.0;) AppleWebKit/537.36 (KHTML, like Gecko) Mobile Safari/537.36 (compatible; PetalBot;+https://webmaster.petalsearch.com/site/petalbot)"
66.249.79.4 - - [17/Jul/2025:14:03:10 -0400] "GET /?n=82516178045302&channel=270c18&from=jp.php%3Fid%3D1780453-3936%26name%3D%E3%82%BB%E3%83%AB%E3%83%A2%E3%83%BC%E3%82%BF%E3%83%BC%E3%83%BB%E3%82%B9%E3%82%BF%E3%83%BC%E3%82%BF%E3%83%BC%2031210-LBA7-900%20%E3%82%AD%E3%83%A0%E3%82%B3%20%E3%81%9F%E3%82%81%20%E3%83%9E%E3%82%AF%E3%82%B5%E3%83%BC%20250%20300%20%E3%83%9E%E3%83%B3%E3%82%B0%E3%83%BC%E3%82%B9%20KXR250%20MXU30 HTTP/1.1" 200 29827 "-" "Mozilla/5.0 (Linux; Android 6.0.1; Nexus 5X Build/MMB29P) AppleWebKit/537.36 (KHTML, like Gecko) Chrome/137.0.7151.103 Mobile Safari/537.36 (compatible; Googlebot/2.1; +http://www.google.com/bot.html)"
66.249.68.135 - - [17/Jul/2025:14:03:35 -0400] "GET /?n=68787175312100&channel=f2438e&from=form.php%3Fid%3D1753121-14187%26name%3D5%E5%80%8B%E3%82%BB%E3%83%83%E3%83%88+%E3%83%9A%E3%82%A4%E3%83%B3%E3%83%88%EF%BC%86%E3%83%91%E3%83%86%E3%82%B9%E3%82%AF%E3%83%AC%E3%83%BC%E3%83%91%E3%83%BC+%E3%82%AD%E3%83%A3%E3%83%93%E3%83%8D%E3%83%83%E3%83%88%EF%BC%86%E3%83%97%E3%83%A9%E3%82%B9%E3%83%81%E3%83%83%E3%82%AF%E7%94%A8+%E9%AB%98%E8%80%90%E4%B9%85ABS%E7%B4%A0%E6%9D%90+%E4%BA%BA%E9%96%93%E5%B7%A5%E5%AD%A6%E8%A8%AD%E8%A8%88%E3%83%8F%E3%83%B3%E3%83%89%E3%83%AB+%E7%9F%B3%E8%86%8F%E3%83%BB%E3%82%B3%E3%83%B3%E3%82%AF%E3%83%AA%E3%83%BC%E3%83%88%E5%AF%BE%E5%BF%9C HTTP/1.1" 301 0 "-" "Mozilla/5.0 (Linux; Android 6.0.1; Nexus 5X Build/MMB29P) AppleWebKit/537.36 (KHTML, like Gecko) Chrome/137.0.7151.103 Mobile Safari/537.36 (compatible; Googlebot/2.1; +http://www.google.com/bot.html)"
66.249.79.3 - - [17/Jul/2025:14:03:35 -0400] "GET /?n=968254532904&channel=e55f2a&from=shared.php%3Fid%3D45329-3798%26name%3DCDL+Canvas+Tote++Bag+SMALL+Off+White%EF%BC%88CDL+%E6%96%B0%E5%93%81Canvas+Tote+Bag+SMALL+Off+White+%E3%83%AC%E3%83%87%E3%82%A3%E3%83%BC%E3%82%B9%EF%BC%89 HTTP/1.1" 301 0 "-" "Mozilla/5.0 (Linux; Android 6.0.1; Nexus 5X Build/MMB29P) AppleWebKit/537.36 (KHTML, like Gecko) Chrome/137.0.7151.103 Mobile Safari/537.36 (compatible; Googlebot/2.1; +http://www.google.com/bot.html)"
66.249.79.2 - - [17/Jul/2025:14:03:39 -0400] "GET /?n=968254532904&channel=e55f2a&from=shared.php%3Fid%3D45329-3798%26name%3DCDL%20Canvas%20Tote%20%20Bag%20SMALL%20Off%20White%EF%BC%88CDL%20%E6%96%B0%E5%93%81Canvas%20Tote%20Bag%20SMALL%20Off%20White%20%E3%83%AC%E3%83%87%E3%82%A3%E3%83%BC%E3%82%B9%EF%BC%89 HTTP/1.1" 200 29826 "-" "Mozilla/5.0 (Linux; Android 6.0.1; Nexus 5X Build/MMB29P) AppleWebKit/537.36 (KHTML, like Gecko) Chrome/137.0.7151.103 Mobile Safari/537.36 (compatible; Googlebot/2.1; +http://www.google.com/bot.html)"
66.249.79.2 - - [17/Jul/2025:14:03:39 -0400] "GET /?n=68787175312100&channel=f2438e&from=form.php%3Fid%3D1753121-14187%26name%3D5%E5%80%8B%E3%82%BB%E3%83%83%E3%83%88%20%E3%83%9A%E3%82%A4%E3%83%B3%E3%83%88%EF%BC%86%E3%83%91%E3%83%86%E3%82%B9%E3%82%AF%E3%83%AC%E3%83%BC%E3%83%91%E3%83%BC%20%E3%82%AD%E3%83%A3%E3%83%93%E3%83%8D%E3%83%83%E3%83%88%EF%BC%86%E3%83%97%E3%83%A9%E3%82%B9%E3%83%81%E3%83%83%E3%82%AF%E7%94%A8%20%E9%AB%98%E8%80%90%E4%B9%85ABS%E7%B4%A0%E6%9D%90%20%E4%BA%BA%E9%96%93%E5%B7%A5%E5%AD%A6%E8%A8%AD%E8%A8%88%E3%83%8F%E3%83%B3%E3%83%89%E3%83%AB%20%E7%9F%B3%E8%86%8F%E3%83%BB%E3%82%B3%E3%83%B3%E3%82%AF%E3%83%AA%E3%83%BC%E3%83%88%E5%AF%BE%E5%BF%9C HTTP/1.1" 200 29834 "-" "Mozilla/5.0 (Linux; Android 6.0.1; Nexus 5X Build/MMB29P) AppleWebKit/537.36 (KHTML, like Gecko) Chrome/137.0.7151.103 Mobile Safari/537.36 (compatible; Googlebot/2.1; +http://www.google.com/bot.html)"
66.249.68.135 - - [17/Jul/2025:14:03:46 -0400] "GET /?n=1081749439102&channel=e1eb38&from=news.php%3Fid%3D494391-5574%26name%3D%E3%82%AA%E3%83%A1%E3%82%AC+OMEGA+3592.50+%E3%82%B9%E3%83%94%E3%83%BC%E3%83%89%E3%83%9E%E3%82%B9%E3%82%BF%E3%83%BC+%E3%83%97%E3%83%AD%E3%83%95%E3%82%A7%E3%83%83%E3%82%B7%E3%83%A7%E3%83%8A%E3%83%AB+%E3%82%AF%E3%83%AD%E3%83%8E%E3%82%B0%E3%83%A9%E3%83%95+%E3%83%90%E3%83%83%E3%82%AF%E3%82%B9%E3%82%B1%E3%83%AB%E3%83%88%E3%83%B3+%E6%89%8B%E5%B7%BB%E3%81%8D+%E3%83%A1%E3%83%B3%E3%82%BA%E8%89%AF%E5%93%81_882543 HTTP/1.1" 301 0 "-" "Mozilla/5.0 (Linux; Android 6.0.1; Nexus 5X Build/MMB29P) AppleWebKit/537.36 (KHTML, like Gecko) Chrome/137.0.7151.103 Mobile Safari/537.36 (compatible; Googlebot/2.1; +http://www.google.com/bot.html)"
66.249.79.2 - - [17/Jul/2025:14:03:51 -0400] "GET /?n=1081749439102&channel=e1eb38&from=news.php%3Fid%3D494391-5574%26name%3D%E3%82%AA%E3%83%A1%E3%82%AC%20OMEGA%203592.50%20%E3%82%B9%E3%83%94%E3%83%BC%E3%83%89%E3%83%9E%E3%82%B9%E3%82%BF%E3%83%BC%20%E3%83%97%E3%83%AD%E3%83%95%E3%82%A7%E3%83%83%E3%82%B7%E3%83%A7%E3%83%8A%E3%83%AB%20%E3%82%AF%E3%83%AD%E3%83%8E%E3%82%B0%E3%83%A9%E3%83%95%20%E3%83%90%E3%83%83%E3%82%AF%E3%82%B9%E3%82%B1%E3%83%AB%E3%83%88%E3%83%B3%20%E6%89%8B%E5%B7%BB%E3%81%8D%20%E3%83%A1%E3%83%B3%E3%82%BA%E8%89%AF%E5%93%81_882543 HTTP/1.1" 200 29837 "-" "Mozilla/5.0 (Linux; Android 6.0.1; Nexus 5X Build/MMB29P) AppleWebKit/537.36 (KHTML, like Gecko) Chrome/137.0.7151.103 Mobile Safari/537.36 (compatible; Googlebot/2.1; +http://www.google.com/bot.html)"
66.249.68.135 - - [17/Jul/2025:14:03:57 -0400] "GET /?n=1787067639801&channel=0f203b&from=product.php%3Fid%3D676398-7862%26name%3D1pc%2Fpackage+Fuel+Filter+77020-60382+7702060382+YANGMO-AUTO HTTP/1.1" 301 0 "-" "Mozilla/5.0 (Linux; Android 6.0.1; Nexus 5X Build/MMB29P) AppleWebKit/537.36 (KHTML, like Gecko) Chrome/137.0.7151.103 Mobile Safari/537.36 (compatible; Googlebot/2.1; +http://www.google.com/bot.html)"
66.249.79.3 - - [17/Jul/2025:14:04:01 -0400] "GET /%E3%83%9E%E3%83%AB%E3%83%99%E3%83%AA%E3%83%BC%E3%82%B7%E3%83%AB%E3%82%AF%E3%83%A1%E3%83%B3%E3%82%BA%E3%82%BD%E3%83%AA%E3%83%83%E3%83%89%E3%82%AB%E3%83%A9%E3%83%BC%E3%83%97%E3%83%AB%E3%82%AA%E3%83%BC%E3%83%90%E3%83%BC%E3%83%8B%E3%83%83%E3%83%88%E5%8D%8A%E8%A2%96%E5%BF%AB%E9%81%A9%E3%81%AA%E5%8D%8A%E8%A2%96%E3%83%8B%E3%83%83%E3%83%88%E3%82%BB%E3%83%BC%E3%82%BF%E3%83%BC%E3%82%B8%E3%83%A3%E3%82%B1%E3%83%83%E3%83%88(Color:B,Size:XL%20cod%20%EF%BC%88Sfaf8b35762794ffc9b83396f2e65704dD.jpg?width=750&height=1341&hash=2091%EF%BC%89 HTTP/1.1" 404 11507 "-" "Googlebot-Image/1.0"
66.249.79.4 - - [17/Jul/2025:14:04:00 -0400] "GET /?n=1787067639801&channel=0f203b&from=product.php%3Fid%3D676398-7862%26name%3D1pc%2Fpackage%20Fuel%20Filter%2077020-60382%207702060382%20YANGMO-AUTO HTTP/1.1" 200 29833 "-" "Mozilla/5.0 (Linux; Android 6.0.1; Nexus 5X Build/MMB29P) AppleWebKit/537.36 (KHTML, like Gecko) Chrome/137.0.7151.103 Mobile Safari/537.36 (compatible; Googlebot/2.1; +http://www.google.com/bot.html)"
63.250.38.117 - - [17/Jul/2025:14:04:23 -0400] "POST /wp-cron.php?doing_wp_cron=1752775463.2985100746154785156250 HTTP/1.1" 403 1242 "-" "WordPress/6.8.1; https://fnf.group"
66.249.68.135 - - [17/Jul/2025:14:04:19 -0400] "GET /?n=9976966269701&channel=5fad5b&from=goods.php%3Fid%3D662697-1964%26name%3DC-HORSE+ABS%E3%83%9B%E3%82%A4%E3%83%BC%E3%83%AB%E3%82%B9%E3%83%94%E3%83%BC%E3%83%89%E3%82%BB%E3%83%B3%E3%82%B5%E3%83%BC+%E3%83%95%E3%83%AD%E3%83%B3%E3%83%88%E5%B7%A6%E3%81%BE%E3%81%9F%E3%81%AF%E5%8F%B3+%E3%83%95%E3%82%A9%E3%83%BC%E3%83%89%E3%83%88%E3%83%A9%E3%83%B3%E3%82%B8%E3%83%83%E3%83%88%282010%29%E3%82%B3%E3%83%8D%E3%82%AF%E3%83%88%282010-2013%29%E3%83%AA HTTP/1.1" 301 0 "-" "Mozilla/5.0 (Linux; Android 6.0.1; Nexus 5X Build/MMB29P) AppleWebKit/537.36 (KHTML, like Gecko) Chrome/137.0.7151.103 Mobile Safari/537.36 (compatible; Googlebot/2.1; +http://www.google.com/bot.html)"
66.249.79.3 - - [17/Jul/2025:14:04:23 -0400] "GET /?n=9976966269701&channel=5fad5b&from=goods.php%3Fid%3D662697-1964%26name%3DC-HORSE%20ABS%E3%83%9B%E3%82%A4%E3%83%BC%E3%83%AB%E3%82%B9%E3%83%94%E3%83%BC%E3%83%89%E3%82%BB%E3%83%B3%E3%82%B5%E3%83%BC%20%E3%83%95%E3%83%AD%E3%83%B3%E3%83%88%E5%B7%A6%E3%81%BE%E3%81%9F%E3%81%AF%E5%8F%B3%20%E3%83%95%E3%82%A9%E3%83%BC%E3%83%89%E3%83%88%E3%83%A9%E3%83%B3%E3%82%B8%E3%83%83%E3%83%88%282010%29%E3%82%B3%E3%83%8D%E3%82%AF%E3%83%88%282010-2013%29%E3%83%AA HTTP/1.1" 200 29828 "-" "Mozilla/5.0 (Linux; Android 6.0.1; Nexus 5X Build/MMB29P) AppleWebKit/537.36 (KHTML, like Gecko) Chrome/137.0.7151.103 Mobile Safari/537.36 (compatible; Googlebot/2.1; +http://www.google.com/bot.html)"
114.119.135.196 - - [17/Jul/2025:14:04:29 -0400] "GET /tag/daal-chawal-combo HTTP/1.1" 301 0 "https://fnf.group/2020/12/13/daal-chawal-combo-by-ayesha-karwa" "Mozilla/5.0 (Linux; Android 7.0;) AppleWebKit/537.36 (KHTML, like Gecko) Mobile Safari/537.36 (compatible; PetalBot;+https://webmaster.petalsearch.com/site/petalbot)"
114.119.135.196 - - [17/Jul/2025:14:04:34 -0400] "GET /tag/daal-chawal-combo/ HTTP/1.1" 200 14149 "https://fnf.group/2020/12/13/daal-chawal-combo-by-ayesha-karwa" "Mozilla/5.0 (Linux; Android 7.0;) AppleWebKit/537.36 (KHTML, like Gecko) Mobile Safari/537.36 (compatible; PetalBot;+https://webmaster.petalsearch.com/site/petalbot)"
66.249.68.135 - - [17/Jul/2025:14:04:42 -0400] "GET /?n=32478123789102&channel=38afeb&from=blog.php%3Fid%3D1237891-12099%26name%3DMACKDADDY+%E3%82%B9%E3%82%AB%E3%83%AB%E3%83%87%E3%82%B6%E3%82%A4%E3%83%B3+%E3%83%AF%E3%83%BC%E3%82%AF%E3%82%AD%E3%83%A3%E3%83%83%E3%83%97 HTTP/1.1" 301 0 "-" "Mozilla/5.0 (Linux; Android 6.0.1; Nexus 5X Build/MMB29P) AppleWebKit/537.36 (KHTML, like Gecko) Chrome/137.0.7151.103 Mobile Safari/537.36 (compatible; Googlebot/2.1; +http://www.google.com/bot.html)"
66.249.79.2 - - [17/Jul/2025:14:04:45 -0400] "GET /?n=32478123789102&channel=38afeb&from=blog.php%3Fid%3D1237891-12099%26name%3DMACKDADDY%20%E3%82%B9%E3%82%AB%E3%83%AB%E3%83%87%E3%82%B6%E3%82%A4%E3%83%B3%20%E3%83%AF%E3%83%BC%E3%82%AF%E3%82%AD%E3%83%A3%E3%83%83%E3%83%97 HTTP/1.1" 200 29830 "-" "Mozilla/5.0 (Linux; Android 6.0.1; Nexus 5X Build/MMB29P) AppleWebKit/537.36 (KHTML, like Gecko) Chrome/137.0.7151.103 Mobile Safari/537.36 (compatible; Googlebot/2.1; +http://www.google.com/bot.html)"
66.249.68.135 - - [17/Jul/2025:14:05:04 -0400] "GET /?n=2870896135404&channel=1a03e4&from=article.php%3Fid%3D961354-1608%26name%3DSelleItalia%28%E3%82%BB%E3%83%A9%E3%82%A4%E3%82%BF%E3%83%AA%E3%82%A2%29+SLR+%E3%82%B5%E3%83%89%E3%83%AB+%E3%82%AB%E3%83%BC%E3%83%9C%E3%83%B3%E3%83%AC%E3%83%BC%E3%83%AB+%E3%83%9B%E3%83%AF%E3%82%A4%E3%83%88 HTTP/1.1" 301 0 "-" "Mozilla/5.0 (Linux; Android 6.0.1; Nexus 5X Build/MMB29P) AppleWebKit/537.36 (KHTML, like Gecko) Chrome/137.0.7151.103 Mobile Safari/537.36 (compatible; Googlebot/2.1; +http://www.google.com/bot.html)"
66.249.79.3 - - [17/Jul/2025:14:05:10 -0400] "GET /?n=2870896135404&channel=1a03e4&from=article.php%3Fid%3D961354-1608%26name%3DSelleItalia%28%E3%82%BB%E3%83%A9%E3%82%A4%E3%82%BF%E3%83%AA%E3%82%A2%29%20SLR%20%E3%82%B5%E3%83%89%E3%83%AB%20%E3%82%AB%E3%83%BC%E3%83%9C%E3%83%B3%E3%83%AC%E3%83%BC%E3%83%AB%20%E3%83%9B%E3%83%AF%E3%82%A4%E3%83%88 HTTP/1.1" 200 29829 "-" "Mozilla/5.0 (Linux; Android 6.0.1; Nexus 5X Build/MMB29P) AppleWebKit/537.36 (KHTML, like Gecko) Chrome/137.0.7151.103 Mobile Safari/537.36 (compatible; Googlebot/2.1; +http://www.google.com/bot.html)"
63.250.38.117 - - [17/Jul/2025:14:05:29 -0400] "POST /wp-cron.php?doing_wp_cron=1752775529.4113240242004394531250 HTTP/1.1" 403 1242 "-" "WordPress/6.8.1; https://fnf.group"
66.249.68.135 - - [17/Jul/2025:14:05:27 -0400] "GET /?n=2821892793102&channel=1c1a7d&from=form.php%3Fid%3D927931-22363%26name%3D%E8%87%AA%E8%BB%A2%E8%BB%8A+%E3%81%8B%E3%81%94+%E3%82%AB%E3%83%90%E3%83%BC+%E5%89%8D%E3%82%AB%E3%82%B4%E3%82%AB%E3%83%90%E3%83%BC+D%E5%9E%8B+%E3%83%A9%E3%82%A6%E3%83%B3%E3%83%89+%E4%B8%B8%E5%9E%8B+%E3%81%8A%E3%81%97%E3%82%83%E3%82%8C+%E6%92%A5%E6%B0%B4+%E9%98%B2%E6%B0%B4 HTTP/1.1" 301 0 "-" "Mozilla/5.0 (Linux; Android 6.0.1; Nexus 5X Build/MMB29P) AppleWebKit/537.36 (KHTML, like Gecko) Chrome/137.0.7151.103 Mobile Safari/537.36 (compatible; Googlebot/2.1; +http://www.google.com/bot.html)"
66.249.79.3 - - [17/Jul/2025:14:05:29 -0400] "GET /?n=2821892793102&channel=1c1a7d&from=form.php%3Fid%3D927931-22363%26name%3D%E8%87%AA%E8%BB%A2%E8%BB%8A%20%E3%81%8B%E3%81%94%20%E3%82%AB%E3%83%90%E3%83%BC%20%E5%89%8D%E3%82%AB%E3%82%B4%E3%82%AB%E3%83%90%E3%83%BC%20D%E5%9E%8B%20%E3%83%A9%E3%82%A6%E3%83%B3%E3%83%89%20%E4%B8%B8%E5%9E%8B%20%E3%81%8A%E3%81%97%E3%82%83%E3%82%8C%20%E6%92%A5%E6%B0%B4%20%E9%98%B2%E6%B0%B4 HTTP/1.1" 200 29828 "-" "Mozilla/5.0 (Linux; Android 6.0.1; Nexus 5X Build/MMB29P) AppleWebKit/537.36 (KHTML, like Gecko) Chrome/137.0.7151.103 Mobile Safari/537.36 (compatible; Googlebot/2.1; +http://www.google.com/bot.html)"
66.249.68.135 - - [17/Jul/2025:14:05:49 -0400] "GET /?n=2327930654604&channel=816291&from=goods.php%3Fid%3D306546-8366%26name%3DApple+Pencil+%E7%AC%AC2%E4%B8%96%E4%BB%A3+%E3%82%A2%E3%83%83%E3%83%97%E3%83%AB+%E7%B4%94%E6%AD%A3%E5%93%81+MU8F2J%2FA HTTP/1.1" 301 0 "-" "Mozilla/5.0 (Linux; Android 6.0.1; Nexus 5X Build/MMB29P) AppleWebKit/537.36 (KHTML, like Gecko) Chrome/137.0.7151.103 Mobile Safari/537.36 (compatible; Googlebot/2.1; +http://www.google.com/bot.html)"
114.119.148.60 - - [17/Jul/2025:14:05:52 -0400] "GET /author/admin123/page/88/ HTTP/1.1" 200 15578 "https://fnf.group/author/admin123/page/90/" "Mozilla/5.0 (Linux; Android 7.0;) AppleWebKit/537.36 (KHTML, like Gecko) Mobile Safari/537.36 (compatible; PetalBot;+https://webmaster.petalsearch.com/site/petalbot)"
66.249.79.2 - - [17/Jul/2025:14:05:55 -0400] "GET /?n=2327930654604&channel=816291&from=goods.php%3Fid%3D306546-8366%26name%3DApple%20Pencil%20%E7%AC%AC2%E4%B8%96%E4%BB%A3%20%E3%82%A2%E3%83%83%E3%83%97%E3%83%AB%20%E7%B4%94%E6%AD%A3%E5%93%81%20MU8F2J%2FA HTTP/1.1" 200 29838 "-" "Mozilla/5.0 (Linux; Android 6.0.1; Nexus 5X Build/MMB29P) AppleWebKit/537.36 (KHTML, like Gecko) Chrome/137.0.7151.103 Mobile Safari/537.36 (compatible; Googlebot/2.1; +http://www.google.com/bot.html)"
63.250.38.117 - - [17/Jul/2025:14:06:35 -0400] "POST /wp-cron.php?doing_wp_cron=1752775595.2748649120330810546875 HTTP/1.1" 403 1242 "-" "WordPress/6.8.1; https://fnf.group"
66.249.68.135 - - [17/Jul/2025:14:06:31 -0400] "GET /?n=8180998749401&channel=8bc5ed&from=shared.php%3Fid%3D987494-17585%26name%3DBLACK+YAK%28%E3%83%96%E3%83%A9%E3%83%83%E3%82%AF%E3%83%A4%E3%82%AF%29+%E3%83%A1%E3%83%B3%E3%82%BA+%E5%8D%8A%E8%A2%96T%E3%82%B7%E3%83%A3%E3%83%84+95M+%40+9942 HTTP/1.1" 301 0 "-" "Mozilla/5.0 (Linux; Android 6.0.1; Nexus 5X Build/MMB29P) AppleWebKit/537.36 (KHTML, like Gecko) Chrome/137.0.7151.103 Mobile Safari/537.36 (compatible; Googlebot/2.1; +http://www.google.com/bot.html)"
66.249.79.2 - - [17/Jul/2025:14:06:35 -0400] "GET /?n=8180998749401&channel=8bc5ed&from=shared.php%3Fid%3D987494-17585%26name%3DBLACK%20YAK%28%E3%83%96%E3%83%A9%E3%83%83%E3%82%AF%E3%83%A4%E3%82%AF%29%20%E3%83%A1%E3%83%B3%E3%82%BA%20%E5%8D%8A%E8%A2%96T%E3%82%B7%E3%83%A3%E3%83%84%2095M%20%40%209942 HTTP/1.1" 200 29839 "-" "Mozilla/5.0 (Linux; Android 6.0.1; Nexus 5X Build/MMB29P) AppleWebKit/537.36 (KHTML, like Gecko) Chrome/137.0.7151.103 Mobile Safari/537.36 (compatible; Googlebot/2.1; +http://www.google.com/bot.html)"
66.249.79.2 - - [17/Jul/2025:14:06:42 -0400] "GET /?n=86829183950705&channel=e7e930&from=shop.php%3Fid%3D1839507-17183%26name%3D%E3%83%9B%E3%83%BC%E3%83%AD%E3%83%BC%E7%89%87%E6%89%8B%E9%8D%8B+1%E4%BA%BA%E7%94%A8%E5%9C%9F%E9%8D%8B%EF%BC%88%E3%81%8A%E3%81%BE%E3%81%91%EF%BC%89 HTTP/1.1" 301 0 "-" "Mozilla/5.0 (Linux; Android 6.0.1; Nexus 5X Build/MMB29P) AppleWebKit/537.36 (KHTML, like Gecko) Chrome/137.0.7151.103 Mobile Safari/537.36 (compatible; Googlebot/2.1; +http://www.google.com/bot.html)"
66.249.79.2 - - [17/Jul/2025:14:06:44 -0400] "GET /?n=86829183950705&channel=e7e930&from=shop.php%3Fid%3D1839507-17183%26name%3D%E3%83%9B%E3%83%BC%E3%83%AD%E3%83%BC%E7%89%87%E6%89%8B%E9%8D%8B%201%E4%BA%BA%E7%94%A8%E5%9C%9F%E9%8D%8B%EF%BC%88%E3%81%8A%E3%81%BE%E3%81%91%EF%BC%89 HTTP/1.1" 200 29834 "-" "Mozilla/5.0 (Linux; Android 6.0.1; Nexus 5X Build/MMB29P) AppleWebKit/537.36 (KHTML, like Gecko) Chrome/137.0.7151.103 Mobile Safari/537.36 (compatible; Googlebot/2.1; +http://www.google.com/bot.html)"
66.249.68.136 - - [17/Jul/2025:14:06:57 -0400] "GET /?n=2708719844307&channel=ffde54&from=brands.php%3Fid%3D198443-6473%26name%3D%E3%82%AD%E3%83%89%E3%83%8B%E3%83%BC%E3%82%B0%E3%83%AA%E3%83%AB+%E3%83%95%E3%83%AD%E3%83%B3%E3%83%88%E3%83%90%E3%83%B3%E3%83%91%E3%83%BC+GT+%E3%83%80%E3%82%A4%E3%83%A4%E3%83%A2%E3%83%B3%E3%83%89+AMG+%E3%82%B0%E3%83%AA%E3%83%AB+CLA+W118+CLA180+CLA200+CLA250+C HTTP/1.1" 301 0 "-" "Mozilla/5.0 (Linux; Android 6.0.1; Nexus 5X Build/MMB29P) AppleWebKit/537.36 (KHTML, like Gecko) Chrome/137.0.7151.103 Mobile Safari/537.36 (compatible; Googlebot/2.1; +http://www.google.com/bot.html)"
66.249.79.2 - - [17/Jul/2025:14:07:02 -0400] "GET /?n=2708719844307&channel=ffde54&from=brands.php%3Fid%3D198443-6473%26name%3D%E3%82%AD%E3%83%89%E3%83%8B%E3%83%BC%E3%82%B0%E3%83%AA%E3%83%AB%20%E3%83%95%E3%83%AD%E3%83%B3%E3%83%88%E3%83%90%E3%83%B3%E3%83%91%E3%83%BC%20GT%20%E3%83%80%E3%82%A4%E3%83%A4%E3%83%A2%E3%83%B3%E3%83%89%20AMG%20%E3%82%B0%E3%83%AA%E3%83%AB%20CLA%20W118%20CLA180%20CLA200%20CLA250%20C HTTP/1.1" 200 29827 "-" "Mozilla/5.0 (Linux; Android 6.0.1; Nexus 5X Build/MMB29P) AppleWebKit/537.36 (KHTML, like Gecko) Chrome/137.0.7151.103 Mobile Safari/537.36 (compatible; Googlebot/2.1; +http://www.google.com/bot.html)"
114.119.155.200 - - [17/Jul/2025:14:07:13 -0400] "GET /tag/instant-carrot-achar HTTP/1.1" 301 0 "http://fnf.group/2020/12/13/instant-carrot-achar-by-faiza-ghazi" "Mozilla/5.0 (Linux; Android 7.0;) AppleWebKit/537.36 (KHTML, like Gecko) Mobile Safari/537.36 (compatible; PetalBot;+https://webmaster.petalsearch.com/site/petalbot)"
120.24.23.234 - - [17/Jul/2025:14:07:16 -0400] "POST /xmlrpc.php HTTP/1.1" 403 1242 "https://fnf.group" "Mozilla/5.0 (Windows NT 10.0; Win64; x64) AppleWebKit/537.36 (KHTML, like Gecko) Chrome/112.0.5615.138 Safari/537.36"
114.119.155.200 - - [17/Jul/2025:14:07:15 -0400] "GET /tag/instant-carrot-achar/ HTTP/1.1" 200 14205 "http://fnf.group/2020/12/13/instant-carrot-achar-by-faiza-ghazi" "Mozilla/5.0 (Linux; Android 7.0;) AppleWebKit/537.36 (KHTML, like Gecko) Mobile Safari/537.36 (compatible; PetalBot;+https://webmaster.petalsearch.com/site/petalbot)"
63.250.38.117 - - [17/Jul/2025:14:07:41 -0400] "POST /wp-cron.php?doing_wp_cron=1752775661.3921399116516113281250 HTTP/1.1" 403 1242 "-" "WordPress/6.8.1; https://fnf.group"
66.249.68.135 - - [17/Jul/2025:14:07:38 -0400] "GET /?n=5882773019103&channel=35db77&from=goods.php%3Fid%3D730191-8429%26name%3D%E3%82%B3%E3%83%BC%E3%83%88%E3%83%8F%E3%83%B3%E3%82%AC%E3%83%BC+%E8%87%AA%E7%AB%8B%E5%BC%8F%E6%9C%A8%E8%A3%BD%E3%82%B3%E3%83%BC%E3%83%88%E3%83%A9%E3%83%83%E3%82%AF+%E3%83%95%E3%83%83%E3%82%AF9%E5%80%8B%E4%BB%98%E3%81%8D+%E7%8E%84%E9%96%A2%E3%83%9B%E3%83%BC%E3%83%AB+%E3%83%99%E3%83%83%E3%83%89%E3%83%AB%E3%83%BC%E3%83%A0%E3%82%B9%E3%82%BF%E3%83%B3%E3%83%89+%E3%83%84%E3%83%AA%E3%83%BC%E3%82%B3%E3%83%BC%E3%83%88+%E3%82%B9%E3%82%BF%E3%83%B3%E3%83%89+%E6%B4%8B%E6%9C%8D+%E5%B8%BD%E5%AD%90+%E3%82%B9%E3%82%AB%E3%83%BC HTTP/1.1" 301 0 "-" "Mozilla/5.0 (Linux; Android 6.0.1; Nexus 5X Build/MMB29P) AppleWebKit/537.36 (KHTML, like Gecko) Chrome/137.0.7151.103 Mobile Safari/537.36 (compatible; Googlebot/2.1; +http://www.google.com/bot.html)"
66.249.79.2 - - [17/Jul/2025:14:07:41 -0400] "GET /?n=5882773019103&channel=35db77&from=goods.php%3Fid%3D730191-8429%26name%3D%E3%82%B3%E3%83%BC%E3%83%88%E3%83%8F%E3%83%B3%E3%82%AC%E3%83%BC%20%E8%87%AA%E7%AB%8B%E5%BC%8F%E6%9C%A8%E8%A3%BD%E3%82%B3%E3%83%BC%E3%83%88%E3%83%A9%E3%83%83%E3%82%AF%20%E3%83%95%E3%83%83%E3%82%AF9%E5%80%8B%E4%BB%98%E3%81%8D%20%E7%8E%84%E9%96%A2%E3%83%9B%E3%83%BC%E3%83%AB%20%E3%83%99%E3%83%83%E3%83%89%E3%83%AB%E3%83%BC%E3%83%A0%E3%82%B9%E3%82%BF%E3%83%B3%E3%83%89%20%E3%83%84%E3%83%AA%E3%83%BC%E3%82%B3%E3%83%BC%E3%83%88%20%E3%82%B9%E3%82%BF%E3%83%B3%E3%83%89%20%E6%B4%8B%E6%9C%8D%20%E5%B8%BD%E5%AD%90%20%E3%82%B9%E3%82%AB%E3%83%BC HTTP/1.1" 200 29824 "-" "Mozilla/5.0 (Linux; Android 6.0.1; Nexus 5X Build/MMB29P) AppleWebKit/537.36 (KHTML, like Gecko) Chrome/137.0.7151.103 Mobile Safari/537.36 (compatible; Googlebot/2.1; +http://www.google.com/bot.html)"
66.249.68.135 - - [17/Jul/2025:14:07:49 -0400] "GET /?n=70795135193907&channel=af0c6f&from=info.php%3Fid%3D1351939-3849%26name%3D3%E3%83%94%E3%83%B3+%E3%82%AA%E3%82%B9+-+%E3%83%A1%E3%82%B9+%E3%83%9E%E3%82%A4%E3%82%AF+%E5%BB%B6%E9%95%B7%E3%82%B1%E3%83%BC%E3%83%96%E3%83%AB+%E3%83%A9%E3%82%A4%E3%83%B3+%E5%B9%B2%E6%B8%89%E8%80%90%E6%80%A7+%E8%A8%AD%E8%A8%88+%E3%82%B3%E3%83%BC%E3%83%89%E3%83%AF%E3%82%A4%E3%83%A4%E3%83%BC+%E8%A4%87%E6%95%B0%E3%81%AE%E9%95%B7%E3%81%95 HTTP/1.1" 301 0 "-" "Mozilla/5.0 (Linux; Android 6.0.1; Nexus 5X Build/MMB29P) AppleWebKit/537.36 (KHTML, like Gecko) Chrome/137.0.7151.103 Mobile Safari/537.36 (compatible; Googlebot/2.1; +http://www.google.com/bot.html)"
66.249.79.2 - - [17/Jul/2025:14:07:54 -0400] "GET /?n=70795135193907&channel=af0c6f&from=info.php%3Fid%3D1351939-3849%26name%3D3%E3%83%94%E3%83%B3%20%E3%82%AA%E3%82%B9%20-%20%E3%83%A1%E3%82%B9%20%E3%83%9E%E3%82%A4%E3%82%AF%20%E5%BB%B6%E9%95%B7%E3%82%B1%E3%83%BC%E3%83%96%E3%83%AB%20%E3%83%A9%E3%82%A4%E3%83%B3%20%E5%B9%B2%E6%B8%89%E8%80%90%E6%80%A7%20%E8%A8%AD%E8%A8%88%20%E3%82%B3%E3%83%BC%E3%83%89%E3%83%AF%E3%82%A4%E3%83%A4%E3%83%BC%20%E8%A4%87%E6%95%B0%E3%81%AE%E9%95%B7%E3%81%95 HTTP/1.1" 200 29834 "-" "Mozilla/5.0 (Linux; Android 6.0.1; Nexus 5X Build/MMB29P) AppleWebKit/537.36 (KHTML, like Gecko) Chrome/137.0.7151.103 Mobile Safari/537.36 (compatible; Googlebot/2.1; +http://www.google.com/bot.html)"
66.249.68.137 - - [17/Jul/2025:14:08:04 -0400] "GET /?n=91019102546503&channel=56861d&from=shared.php%3Fid%3D1025465-23388%26name%3DA-1048+%E8%84%9A%E9%95%B7%E3%81%95%E8%AA%BF%E6%95%B4%E5%8F%AF%E8%83%BD%E3%82%B9%E3%83%81%E3%83%BC%E3%83%AB%E3%83%A9%E3%83%83%E3%82%AF HTTP/1.1" 301 0 "-" "Mozilla/5.0 (Linux; Android 6.0.1; Nexus 5X Build/MMB29P) AppleWebKit/537.36 (KHTML, like Gecko) Chrome/137.0.7151.103 Mobile Safari/537.36 (compatible; Googlebot/2.1; +http://www.google.com/bot.html)"
66.249.79.4 - - [17/Jul/2025:14:08:08 -0400] "GET /?n=91019102546503&channel=56861d&from=shared.php%3Fid%3D1025465-23388%26name%3DA-1048%20%E8%84%9A%E9%95%B7%E3%81%95%E8%AA%BF%E6%95%B4%E5%8F%AF%E8%83%BD%E3%82%B9%E3%83%81%E3%83%BC%E3%83%AB%E3%83%A9%E3%83%83%E3%82%AF HTTP/1.1" 200 29834 "-" "Mozilla/5.0 (Linux; Android 6.0.1; Nexus 5X Build/MMB29P) AppleWebKit/537.36 (KHTML, like Gecko) Chrome/137.0.7151.103 Mobile Safari/537.36 (compatible; Googlebot/2.1; +http://www.google.com/bot.html)"
66.249.68.135 - - [17/Jul/2025:14:08:27 -0400] "GET /?n=7526029151002&channel=f7d55b&from=pin.php%3Fid%3D291510-5045%26name%3D%E7%94%A8+R+9+T+%E7%94%A8+R9T+%E7%94%A8+R1200+%E7%94%A8+%E3%82%B9%E3%82%AF%E3%83%A9%E3%83%B3%E3%83%96%E3%83%A9%E3%83%BC+2014-2022+%E3%82%AA%E3%83%BC%E3%83%88%E3%83%90%E3%82%A4%E3%82%A8%E3%83%B3%E3%82%B8%E3%83%B3%E4%BF%AE%E7%90%86%E3%81%95%E3%82%8C%E3%81%9F%E3%82%BF%E3%83%B3%E3%82%AF%E4%BF%9D%E8%AD%B7%E3%82%AC%E3%83%BC%E3%83%89%E3%82%AF%E3%83%A9 HTTP/1.1" 301 0 "-" "Mozilla/5.0 (Linux; Android 6.0.1; Nexus 5X Build/MMB29P) AppleWebKit/537.36 (KHTML, like Gecko) Chrome/137.0.7151.103 Mobile Safari/537.36 (compatible; Googlebot/2.1; +http://www.google.com/bot.html)"
66.249.79.2 - - [17/Jul/2025:14:08:29 -0400] "GET /?n=7526029151002&channel=f7d55b&from=pin.php%3Fid%3D291510-5045%26name%3D%E7%94%A8%20R%209%20T%20%E7%94%A8%20R9T%20%E7%94%A8%20R1200%20%E7%94%A8%20%E3%82%B9%E3%82%AF%E3%83%A9%E3%83%B3%E3%83%96%E3%83%A9%E3%83%BC%202014-2022%20%E3%82%AA%E3%83%BC%E3%83%88%E3%83%90%E3%82%A4%E3%82%A8%E3%83%B3%E3%82%B8%E3%83%B3%E4%BF%AE%E7%90%86%E3%81%95%E3%82%8C%E3%81%9F%E3%82%BF%E3%83%B3%E3%82%AF%E4%BF%9D%E8%AD%B7%E3%82%AC%E3%83%BC%E3%83%89%E3%82%AF%E3%83%A9 HTTP/1.1" 200 29829 "-" "Mozilla/5.0 (Linux; Android 6.0.1; Nexus 5X Build/MMB29P) AppleWebKit/537.36 (KHTML, like Gecko) Chrome/137.0.7151.103 Mobile Safari/537.36 (compatible; Googlebot/2.1; +http://www.google.com/bot.html)"
114.119.154.189 - - [17/Jul/2025:14:08:38 -0400] "GET /2025/06/30/mostbet-login-bangladesh-sign-in-to-your-bd-account-2/ HTTP/1.1" 200 28025 "https://fnf.group/2025/06/30/mostbet-login-bangladesh-sign-in-to-your-bd-account/" "Mozilla/5.0 (Linux; Android 7.0;) AppleWebKit/537.36 (KHTML, like Gecko) Mobile Safari/537.36 (compatible; PetalBot;+https://webmaster.petalsearch.com/site/petalbot)"
63.250.38.117 - - [17/Jul/2025:14:08:49 -0400] "POST /wp-cron.php?doing_wp_cron=1752775729.5942730903625488281250 HTTP/1.1" 403 1242 "-" "WordPress/6.8.1; https://fnf.group"
2a03:2880:f800:18:: - - [17/Jul/2025:14:08:48 -0400] "GET /wp-json/wp/v2/posts/11093 HTTP/1.1" 200 37450 "-" "meta-externalagent/1.1 (+https://developers.facebook.com/docs/sharing/webmasters/crawler)"
2602:fa59:3:161::1 - - [17/Jul/2025:14:08:55 -0400] "HEAD / HTTP/1.1" 200 0 "-" "Mozilla/5.0 (Windows NT 10.0; Win64; x64) AppleWebKit/537.36 (KHTML, like Gecko) Chrome/120.0.0.0 Safari/537.36"
66.249.68.136 - - [17/Jul/2025:14:09:08 -0400] "GET /?n=1279976083301&channel=9f8623&from=product.php%3Fid%3D760833-18536%26name%3D%E5%8D%B0%E5%82%B3%E5%B1%8B%E3%80%80%E5%8D%B0%E4%BC%9D%E3%80%80INDEN-YA+%E5%89%B5%E4%BD%9C%E3%83%96%E3%83%A9%E3%83%B3%E3%83%89%E3%80%80%E3%83%95%E3%82%A9%E3%83%AB%E3%82%AD%E3%82%A3+%E3%83%9D%E3%83%BC%E3%83%81 HTTP/1.1" 301 0 "-" "Mozilla/5.0 (Linux; Android 6.0.1; Nexus 5X Build/MMB29P) AppleWebKit/537.36 (KHTML, like Gecko) Chrome/137.0.7151.103 Mobile Safari/537.36 (compatible; Googlebot/2.1; +http://www.google.com/bot.html)"
66.249.79.2 - - [17/Jul/2025:14:09:13 -0400] "GET /?n=1279976083301&channel=9f8623&from=product.php%3Fid%3D760833-18536%26name%3D%E5%8D%B0%E5%82%B3%E5%B1%8B%E3%80%80%E5%8D%B0%E4%BC%9D%E3%80%80INDEN-YA%20%E5%89%B5%E4%BD%9C%E3%83%96%E3%83%A9%E3%83%B3%E3%83%89%E3%80%80%E3%83%95%E3%82%A9%E3%83%AB%E3%82%AD%E3%82%A3%20%E3%83%9D%E3%83%BC%E3%83%81 HTTP/1.1" 200 29833 "-" "Mozilla/5.0 (Linux; Android 6.0.1; Nexus 5X Build/MMB29P) AppleWebKit/537.36 (KHTML, like Gecko) Chrome/137.0.7151.103 Mobile Safari/537.36 (compatible; Googlebot/2.1; +http://www.google.com/bot.html)"
66.249.68.135 - - [17/Jul/2025:14:09:36 -0400] "GET /?n=6307273894802&channel=7b1bf2&from=category-info.php%3Fid%3D738948-5709%26name%3D%E3%83%8E%E3%82%BA%E3%83%AB%E7%87%83%E6%96%99%E3%82%A4%E3%83%B3%E3%82%B8%E3%82%A7%E3%82%AF%E3%82%BF%E3%83%BC+4x+%E7%87%83%E6%96%99%E3%82%A4%E3%83%B3%E3%82%B8%E3%82%A7%E3%82%AF%E3%82%BF%E3%83%BC+0280158103+MX5+%E3%81%9F%E3%82%81+%E3%83%9F%E3%82%A2%E3%82%BF%E7%94%A8+2.0L+2006-2012+%E3%83%95%E3%83%AD HTTP/1.1" 301 0 "-" "Mozilla/5.0 (Linux; Android 6.0.1; Nexus 5X Build/MMB29P) AppleWebKit/537.36 (KHTML, like Gecko) Chrome/137.0.7151.103 Mobile Safari/537.36 (compatible; Googlebot/2.1; +http://www.google.com/bot.html)"
66.249.79.2 - - [17/Jul/2025:14:09:37 -0400] "GET /?n=2802254218808&channel=d0f7a9&from=brands.php%3Fid%3D542188-1617%26name%3D%E3%83%9E%E3%83%B3%E3%83%95%E3%83%AD%E3%83%83%E3%83%88%E3%80%80%E3%83%AD%E3%83%BC%E3%83%A9%E3%83%BC%E3%83%90%E3%83%83%E3%82%B0%E3%80%80TOUGH55+%EF%BC%88%E3%83%9E%E3%83%B3%E3%83%95%E3%83%AD%E3%83%83%E3%83%88Pro+Light+%E3%83%AD%E3%83%BC%E3%83%A9%E3%83%BC%E3%83%90%E3%83%83%E3%82%B0TOUGH%E6%96%B0%E8%A3%BD%E5%93%81%E7%99%BA%E5%A3%B2%E3%81%AE%E3%81%94%E6%A1%88%E5%86%85+%7C+%E3%83%B4%E3%82%A3%E3%83%87%E3%83%B3%E3%83%80%E3%83%A0%E3%83%A1%E3%83%87%E3%82%A3%E3%82%A2%E3%82%BD%E3%83%AA%E3%83%A5%E3%83%BC%E3%82%B7%E3%83%A7%E3%83%B3%E3%82%BA%E6%A0%AA%E5%BC%8F%E4%BC%9A%E7%A4%BE%E3%81%AE%E3%83%97%E3%83%AC%E3%82%B9%E3%83%AA%E3%83%AA%E3%83%BC%E3%82%B9%EF%BC%89 HTTP/1.1" 301 0 "-" "Mozilla/5.0 (Linux; Android 6.0.1; Nexus 5X Build/MMB29P) AppleWebKit/537.36 (KHTML, like Gecko) Chrome/137.0.7151.103 Mobile Safari/537.36 (compatible; Googlebot/2.1; +http://www.google.com/bot.html)"
63.250.38.117 - - [17/Jul/2025:14:09:50 -0400] "POST /wp-cron.php?doing_wp_cron=1752775789.7800090312957763671875 HTTP/1.1" 403 1242 "-" "WordPress/6.8.1; https://fnf.group"
63.250.38.117 - - [17/Jul/2025:14:09:50 -0400] "POST /wp-cron.php?doing_wp_cron=1752775789.8843600749969482421875 HTTP/1.1" 403 1242 "-" "WordPress/6.8.1; https://fnf.group"
63.250.38.117 - - [17/Jul/2025:14:09:54 -0400] "POST /wp-cron.php?doing_wp_cron=1752775793.8899641036987304687500 HTTP/1.1" 403 1242 "-" "WordPress/6.8.1; https://fnf.group"
66.249.79.2 - - [17/Jul/2025:14:09:44 -0400] "GET /?n=2802254218808&channel=d0f7a9&from=brands.php%3Fid%3D542188-1617%26name%3D%E3%83%9E%E3%83%B3%E3%83%95%E3%83%AD%E3%83%83%E3%83%88%E3%80%80%E3%83%AD%E3%83%BC%E3%83%A9%E3%83%BC%E3%83%90%E3%83%83%E3%82%B0%E3%80%80TOUGH55%20%EF%BC%88%E3%83%9E%E3%83%B3%E3%83%95%E3%83%AD%E3%83%83%E3%83%88Pro%20Light%20%E3%83%AD%E3%83%BC%E3%83%A9%E3%83%BC%E3%83%90%E3%83%83%E3%82%B0TOUGH%E6%96%B0%E8%A3%BD%E5%93%81%E7%99%BA%E5%A3%B2%E3%81%AE%E3%81%94%E6%A1%88%E5%86%85%20%7C%20%E3%83%B4%E3%82%A3%E3%83%87%E3%83%B3%E3%83%80%E3%83%A0%E3%83%A1%E3%83%87%E3%82%A3%E3%82%A2%E3%82%BD%E3%83%AA%E3%83%A5%E3%83%BC%E3%82%B7%E3%83%A7%E3%83%B3%E3%82%BA%E6%A0%AA%E5%BC%8F%E4%BC%9A%E7%A4%BE%E3%81%AE%E3%83%97%E3%83%AC%E3%82%B9%E3%83%AA%E3%83%AA%E3%83%BC%E3%82%B9%EF%BC%89 HTTP/1.1" 200 29834 "-" "Mozilla/5.0 (Linux; Android 6.0.1; Nexus 5X Build/MMB29P) AppleWebKit/537.36 (KHTML, like Gecko) Chrome/137.0.7151.103 Mobile Safari/537.36 (compatible; Googlebot/2.1; +http://www.google.com/bot.html)"
66.249.79.2 - - [17/Jul/2025:14:09:42 -0400] "GET /?n=6307273894802&channel=7b1bf2&from=category-info.php%3Fid%3D738948-5709%26name%3D%E3%83%8E%E3%82%BA%E3%83%AB%E7%87%83%E6%96%99%E3%82%A4%E3%83%B3%E3%82%B8%E3%82%A7%E3%82%AF%E3%82%BF%E3%83%BC%204x%20%E7%87%83%E6%96%99%E3%82%A4%E3%83%B3%E3%82%B8%E3%82%A7%E3%82%AF%E3%82%BF%E3%83%BC%200280158103%20MX5%20%E3%81%9F%E3%82%81%20%E3%83%9F%E3%82%A2%E3%82%BF%E7%94%A8%202.0L%202006-2012%20%E3%83%95%E3%83%AD HTTP/1.1" 200 29835 "-" "Mozilla/5.0 (Linux; Android 6.0.1; Nexus 5X Build/MMB29P) AppleWebKit/537.36 (KHTML, like Gecko) Chrome/137.0.7151.103 Mobile Safari/537.36 (compatible; Googlebot/2.1; +http://www.google.com/bot.html)"
213.209.150.137 - - [17/Jul/2025:14:09:47 -0400] "POST /wp-login.php?action=register HTTP/1.1" 302 0 "-" "-"
66.249.68.135 - - [17/Jul/2025:14:09:54 -0400] "GET /?n=1984177181304&channel=d9b03b&from=blog.php%3Fid%3D771813-3825%26name%3DCPKMLUXDZ%28%E5%A3%B2%E5%BA%97%29+%E7%87%83%E6%96%99%E3%83%9D%E3%83%B3%E3%83%97%E3%82%A2%E3%82%BB%E3%83%B3%E3%83%96%E3%83%AA+OEM%3A+9633294680+E10204M+0986580291+1525H8 HTTP/1.1" 301 0 "-" "Mozilla/5.0 (Linux; Android 6.0.1; Nexus 5X Build/MMB29P) AppleWebKit/537.36 (KHTML, like Gecko) Chrome/137.0.7151.103 Mobile Safari/537.36 (compatible; Googlebot/2.1; +http://www.google.com/bot.html)"
114.119.131.93 - - [17/Jul/2025:14:10:01 -0400] "GET /2025/06/13/top-online-gambling-establishments-that-approve-neteller-down-payments/ HTTP/1.1" 200 19031 "https://fnf.group/recipes/page/25/" "Mozilla/5.0 (Linux; Android 7.0;) AppleWebKit/537.36 (KHTML, like Gecko) Mobile Safari/537.36 (compatible; PetalBot;+https://webmaster.petalsearch.com/site/petalbot)"
66.249.79.2 - - [17/Jul/2025:14:10:00 -0400] "GET /?n=1984177181304&channel=d9b03b&from=blog.php%3Fid%3D771813-3825%26name%3DCPKMLUXDZ%28%E5%A3%B2%E5%BA%97%29%20%E7%87%83%E6%96%99%E3%83%9D%E3%83%B3%E3%83%97%E3%82%A2%E3%82%BB%E3%83%B3%E3%83%96%E3%83%AA%20OEM%3A%209633294680%20E10204M%200986580291%201525H8 HTTP/1.1" 200 29834 "-" "Mozilla/5.0 (Linux; Android 6.0.1; Nexus 5X Build/MMB29P) AppleWebKit/537.36 (KHTML, like Gecko) Chrome/137.0.7151.103 Mobile Safari/537.36 (compatible; Googlebot/2.1; +http://www.google.com/bot.html)"
213.209.150.137 - - [17/Jul/2025:14:10:06 -0400] "POST /wp-login.php?action=register HTTP/1.1" 302 0 "-" "-"
66.249.68.135 - - [17/Jul/2025:14:10:10 -0400] "GET /?n=27244190367200&channel=220568&from=category-info.php%3Fid%3D1903672-11424%26name%3D%E5%90%8D%E6%8E%A2%E5%81%B5%E3%82%B3%E3%83%8A%E3%83%B3%E3%80%80%E3%82%B3%E3%83%8A%E3%83%B3%E3%82%AB%E3%83%BC%E3%83%89%E3%80%80%E6%80%AA%E7%9B%97%E3%82%AD%E3%83%83%E3%83%89%E3%80%80%E3%81%BE%E3%81%A8%E3%82%81%E5%A3%B2%E3%82%8A HTTP/1.1" 301 0 "-" "Mozilla/5.0 (Linux; Android 6.0.1; Nexus 5X Build/MMB29P) AppleWebKit/537.36 (KHTML, like Gecko) Chrome/137.0.7151.103 Mobile Safari/537.36 (compatible; Googlebot/2.1; +http://www.google.com/bot.html)"
66.249.79.2 - - [17/Jul/2025:14:10:10 -0400] "GET /?n=60263106958300&channel=6dc45d&from=article.php%3Fid%3D1069583-18789%26name%3D%E3%83%8F%E3%83%96%E3%82%BB%E3%83%B3%E3%83%88%E3%83%AA%E3%83%83%E3%82%AF+%E3%83%9B%E3%82%A4%E3%83%BC%E3%83%AB%E3%82%B9%E3%83%9A%E3%83%BC%E3%82%B5%E3%83%BC++20-35mm+PCD+5x114.3+CB+70.6+%E3%81%BE%E3%81%9F%E3%81%AF+63.4mm+%E3%83%9B%E3%82%A4%E3%83%BC%E3%83%AB%E3%82%B9%E3%83%9A%E3%83%BC%E3%82%B5%EF%BC%88Amazon+%7C+uxcell+%E3%83%8F%E3%83%96%E3%83%AA%E3%83%B3%E3%82%B0+76mm%2F66.6mm+%E3%82%A2%E3%83%AB%E3%83%9F%E8%A3%BD%E3%83%9B%E3%82%A4%E3%83%BC%E3%83%AB%E3%83%8F%E3%83%96%E3%83%AA%E3%83%B3%E3%82%B0+%E3%83%8F%E3%83%96%E3%82%BB%E3%83%B3%E3%83%88%E3%83%AA%E3%83%83%E3%82%AF%E3%83%AA%E3%83%B3%E3%82%B0+%E3%83%8F%E3%83%96%E4%B8%AD%E5%BF%83%E3%83%AA%E3%83%B3%E3%82%B0+%E9%AB%98%E9%80%9F%E8%B5%B0%E8%A1%8C++%E3%83%9B%E3%82%A4%E3%83%BC%E3%83%AB%E3%81%AE%E3%82%BB%E3%83%B3%E3%82%BF%E3%83%BC+%E3%83%9B%E3%82%A4%E3%83%BC%E3%83%AB%E3%82%B9%E3%83%9A%E3%83%BC%E3%82%B5%E3%83%BC+%E3%83%AA%E3%83%B3%E3%82%B0%E3%82%B9%E3%83%9A%E3%83%BC%E3%82%B5%E3%83%BC+%E3%83%9B%E3%82%A4%E3%83%BC%E3%83%AB%E3%83%AA%E3%83%B3%E3%82%B0+%7C+%E3%83%9B%E3%82%A4%E3%83%BC%E3%83%AB%E3%82%B9%E3%83%9A%E3%83%BC%E3%82%B5%E3%83%BC+%7C+%E8%BB%8A%EF%BC%86%E3%83%90%E3%82%A4%E3%82%AF%EF%BC%89 HTTP/1.1" 301 0 "-" "Mozilla/5.0 (Linux; Android 6.0.1; Nexus 5X Build/MMB29P) AppleWebKit/537.36 (KHTML, like Gecko) Chrome/137.0.7151.103 Mobile Safari/537.36 (compatible; Googlebot/2.1; +http://www.google.com/bot.html)"
66.249.79.3 - - [17/Jul/2025:14:10:11 -0400] "GET /?n=11313109054300&channel=f7fe93&from=shop.php%3Fid%3D1090543-18894%26name%3DUGG++%E3%82%A2%E3%82%B0+CA805+Classic+Weather+%E3%83%A0%E3%83%BC%E3%83%88%E3%83%B3+%E3%83%96%E3%83%BC%E3%83%84+28%EF%BC%88UGG+australia%28%E3%82%A2%E3%82%B0%E3%82%AA%E3%83%BC%E3%82%B9%E3%83%88%E3%83%A9%E3%83%AA%E3%82%A2%29+%2F+CA805+Classic+Weather%2F%E3%82%AF%E3%83%A9%E3%82%B7%E3%83%83%E3%82%AF%E3%82%A6%E3%82%A7%E3%82%B6%E3%83%BC%2F1112369%2F24.5cm+%7C++%E4%B8%AD%E5%8F%A4%E5%93%81%E3%81%AE%E8%B2%A9%E5%A3%B2%E3%83%BB%E9%80%9A%E8%B2%A9%E3%81%AA%E3%82%89%E3%82%BB%E3%82%AB%E3%83%B3%E3%83%89%E3%82%B9%E3%83%88%E3%83%AA%E3%83%BC%E3%83%88%EF%BC%89 HTTP/1.1" 301 0 "-" "Mozilla/5.0 (Linux; Android 6.0.1; Nexus 5X Build/MMB29P) AppleWebKit/537.36 (KHTML, like Gecko) Chrome/137.0.7151.103 Mobile Safari/537.36 (compatible; Googlebot/2.1; +http://www.google.com/bot.html)"
66.249.79.2 - - [17/Jul/2025:14:10:16 -0400] "GET /?n=27244190367200&channel=220568&from=category-info.php%3Fid%3D1903672-11424%26name%3D%E5%90%8D%E6%8E%A2%E5%81%B5%E3%82%B3%E3%83%8A%E3%83%B3%E3%80%80%E3%82%B3%E3%83%8A%E3%83%B3%E3%82%AB%E3%83%BC%E3%83%89%E3%80%80%E6%80%AA%E7%9B%97%E3%82%AD%E3%83%83%E3%83%89%E3%80%80%E3%81%BE%E3%81%A8%E3%82%81%E5%A3%B2%E3%82%8A HTTP/1.1" 200 29837 "-" "Mozilla/5.0 (Linux; Android 6.0.1; Nexus 5X Build/MMB29P) AppleWebKit/537.36 (KHTML, like Gecko) Chrome/137.0.7151.103 Mobile Safari/537.36 (compatible; Googlebot/2.1; +http://www.google.com/bot.html)"
66.249.79.2 - - [17/Jul/2025:14:10:17 -0400] "GET /?n=60263106958300&channel=6dc45d&from=article.php%3Fid%3D1069583-18789%26name%3D%E3%83%8F%E3%83%96%E3%82%BB%E3%83%B3%E3%83%88%E3%83%AA%E3%83%83%E3%82%AF%20%E3%83%9B%E3%82%A4%E3%83%BC%E3%83%AB%E3%82%B9%E3%83%9A%E3%83%BC%E3%82%B5%E3%83%BC%20%2020-35mm%20PCD%205x114.3%20CB%2070.6%20%E3%81%BE%E3%81%9F%E3%81%AF%2063.4mm%20%E3%83%9B%E3%82%A4%E3%83%BC%E3%83%AB%E3%82%B9%E3%83%9A%E3%83%BC%E3%82%B5%EF%BC%88Amazon%20%7C%20uxcell%20%E3%83%8F%E3%83%96%E3%83%AA%E3%83%B3%E3%82%B0%2076mm%2F66.6mm%20%E3%82%A2%E3%83%AB%E3%83%9F%E8%A3%BD%E3%83%9B%E3%82%A4%E3%83%BC%E3%83%AB%E3%83%8F%E3%83%96%E3%83%AA%E3%83%B3%E3%82%B0%20%E3%83%8F%E3%83%96%E3%82%BB%E3%83%B3%E3%83%88%E3%83%AA%E3%83%83%E3%82%AF%E3%83%AA%E3%83%B3%E3%82%B0%20%E3%83%8F%E3%83%96%E4%B8%AD%E5%BF%83%E3%83%AA%E3%83%B3%E3%82%B0%20%E9%AB%98%E9%80%9F%E8%B5%B0%E8%A1%8C%20%20%E3%83%9B%E3%82%A4%E3%83%BC%E3%83%AB%E3%81%AE%E3%82%BB%E3%83%B3%E3%82%BF%E3%83%BC%20%E3%83%9B%E3%82%A4%E3%83%BC%E3%83%AB%E3%82%B9%E3%83%9A%E3%83%BC%E3%82%B5%E3%83%BC%20%E3%83%AA%E3%83%B3%E3%82%B0%E3%82%B9%E3%83%9A%E3%83%BC%E3%82%B5%E3%83%BC%20%E3%83%9B%E3%82%A4%E3%83%BC%E3%83%AB%E3%83%AA%E3%83%B3%E3%82%B0%20%7C%20%E3%83%9B%E3%82%A4%E3%83%BC%E3%83%AB%E3%82%B9%E3%83%9A%E3%83%BC%E3%82%B5%E3%83%BC%20%7C%20%E8%BB%8A%EF%BC%86%E3%83%90%E3%82%A4%E3%82%AF%EF%BC%89 HTTP/1.1" 200 29832 "-" "Mozilla/5.0 (Linux; Android 6.0.1; Nexus 5X Build/MMB29P) AppleWebKit/537.36 (KHTML, like Gecko) Chrome/137.0.7151.103 Mobile Safari/537.36 (compatible; Googlebot/2.1; +http://www.google.com/bot.html)"
