158.170.66.238 - - [17/Jul/2025:13:41:10 -0400] "POST /xmlrpc.php HTTP/1.1" 403 1242 "https://fnf.group" "Mozilla/5.0 (Windows NT 10.0; Win64; x64) AppleWebKit/537.36 (KHTML, like Gecko) Chrome/112.0.5615.138 Safari/537.36"
66.249.79.3 - - [17/Jul/2025:13:41:08 -0400] "GET /?n=7409531856302&channel=d26e66&from=pin.php%3Fid%3D318563-14168%26name%3D%5BEKSIL%5D%20%E6%9C%AC%E9%9D%A9%E6%99%82%E8%A8%88%E3%83%90%E3%83%B3%E3%83%89%E3%83%91%E3%83%86%E3%83%83%E3%82%AF%E3%83%95%E3%82%A3%E3%83%AA%E3%83%83%E3%83%97%205711%205712G%20%E3%83%8E%E3%83%BC%E3%83%81%E3%83%A9%E3%82%B9%E8%85%95%E6%99%82%E8%A8%88%E7%94%B7%E6%80%A7%E3%81%A8%E5%A5%B3%E6%80%A7%E3%81%AE%E7%89%B9%E5%88%A5%E3%81%AA%E3%83%8E%E3%83%83%E3%83%81%E6%99%82%E8%A8%88%E3%82%B9%E3%83%88%E3%83%A9%E3%83%83%E3%83%97%2025 HTTP/1.1" 200 29832 "-" "Mozilla/5.0 (Linux; Android 6.0.1; Nexus 5X Build/MMB29P) AppleWebKit/537.36 (KHTML, like Gecko) Chrome/137.0.7151.103 Mobile Safari/537.36 (compatible; Googlebot/2.1; +http://www.google.com/bot.html)"
66.249.68.135 - - [17/Jul/2025:13:41:28 -0400] "GET /?n=28166101373800&channel=ca1c44&from=info.php%3Fid%3D1013738-13143%26name%3D%E3%82%AB%E3%83%AC%E3%82%A4%E3%83%89%E3%82%A4%E3%83%B4+%E3%82%A2%E3%83%8B%E3%83%A1%E3%82%A4%E3%83%88%E9%99%90%E5%AE%9A%E7%89%88 HTTP/1.1" 301 0 "-" "Mozilla/5.0 (Linux; Android 6.0.1; Nexus 5X Build/MMB29P) AppleWebKit/537.36 (KHTML, like Gecko) Chrome/137.0.7151.103 Mobile Safari/537.36 (compatible; Googlebot/2.1; +http://www.google.com/bot.html)"
66.249.79.2 - - [17/Jul/2025:13:41:30 -0400] "GET /?n=28166101373800&channel=ca1c44&from=info.php%3Fid%3D1013738-13143%26name%3D%E3%82%AB%E3%83%AC%E3%82%A4%E3%83%89%E3%82%A4%E3%83%B4%20%E3%82%A2%E3%83%8B%E3%83%A1%E3%82%A4%E3%83%88%E9%99%90%E5%AE%9A%E7%89%88 HTTP/1.1" 200 29832 "-" "Mozilla/5.0 (Linux; Android 6.0.1; Nexus 5X Build/MMB29P) AppleWebKit/537.36 (KHTML, like Gecko) Chrome/137.0.7151.103 Mobile Safari/537.36 (compatible; Googlebot/2.1; +http://www.google.com/bot.html)"
63.250.38.117 - - [17/Jul/2025:13:42:16 -0400] "POST /wp-cron.php?doing_wp_cron=1752774135.6721239089965820312500 HTTP/1.1" 403 1242 "-" "WordPress/6.8.1; https://fnf.group"
66.249.79.3 - - [17/Jul/2025:13:42:09 -0400] "GET /?n=0483086794302&channel=fa5555&from=pin.php%3Fid%3D867943-21509%26name%3D%E7%A0%82%E6%99%82%E8%A8%88+%E3%82%BF%E3%82%A4%E3%83%9E%E3%83%BC+6%E5%80%8B%E3%82%BB%E3%83%83%E3%83%88+1%E5%88%86+3%E5%88%86+5%E5%88%86+10%E5%88%86+15%E5%88%86+30%E5%88%86+%E5%AD%90%E4%BE%9B+%E7%A0%82%E3%82%BF%E3%82%A4%E3%83%9E%E3%83%BC+%E3%82%BF%E3%82%A4%E3%83%9E%E3%83%BC%E6%99%82%E8%A8%88+%E3%81%8A%E3%81%97%E3%82%83%E3%82%8C+%E3%82%AB%E3%83%A9%E3%83%95%E3%83%AB+%E3%82%B5%E3%83%B3%E3%83%89%E3%82%BF%E3%82%A4%E3%83%9E%E3%83%BC+%E3%82%AD%E3%83%83%E3%83%81%E3%83%B3%E3%82%BF%E3%82%A4%E3%83%9E%E3%83%BC+%E6%99%82%E9%96%93%E7%AE%A1%E7%90%86+%E3%82%A4%E3%83%B3%E3%83%86%E3%83%AA%E3%82%A2+%E3%83%97%E3%83%AC%E3%82%BC%E3%83%B3%E3%83%88+%E5%AE%B6%E5%BA%AD+%E8%AA%95%E7%94%9F%E6%97%A5+zixia01 HTTP/1.1" 301 0 "-" "Mozilla/5.0 (Linux; Android 6.0.1; Nexus 5X Build/MMB29P) AppleWebKit/537.36 (KHTML, like Gecko) Chrome/137.0.7151.103 Mobile Safari/537.36 (compatible; Googlebot/2.1; +http://www.google.com/bot.html)"
66.249.68.135 - - [17/Jul/2025:13:42:21 -0400] "GET /?n=42481132892203&channel=2f9a5f&from=pin.php%3Fid%3D1328922-15618%26name%3D%E5%85%85%E9%9B%BB%E5%BC%8F%E5%8D%93%E4%B8%8A%E5%BC%8F%E5%99%B4%E9%9C%A7%E5%99%A8%E3%80%80%E3%83%A6%E3%83%8A%E3%82%A4%E3%83%86%E3%83%83%E3%83%89%E3%82%B9%E3%83%9E%E3%82%A4%E3%83%AB%E3%82%BA HTTP/1.1" 301 0 "-" "Mozilla/5.0 (Linux; Android 6.0.1; Nexus 5X Build/MMB29P) AppleWebKit/537.36 (KHTML, like Gecko) Chrome/137.0.7151.103 Mobile Safari/537.36 (compatible; Googlebot/2.1; +http://www.google.com/bot.html)"
66.249.79.3 - - [17/Jul/2025:13:42:16 -0400] "GET /?n=0483086794302&channel=fa5555&from=pin.php%3Fid%3D867943-21509%26name%3D%E7%A0%82%E6%99%82%E8%A8%88%20%E3%82%BF%E3%82%A4%E3%83%9E%E3%83%BC%206%E5%80%8B%E3%82%BB%E3%83%83%E3%83%88%201%E5%88%86%203%E5%88%86%205%E5%88%86%2010%E5%88%86%2015%E5%88%86%2030%E5%88%86%20%E5%AD%90%E4%BE%9B%20%E7%A0%82%E3%82%BF%E3%82%A4%E3%83%9E%E3%83%BC%20%E3%82%BF%E3%82%A4%E3%83%9E%E3%83%BC%E6%99%82%E8%A8%88%20%E3%81%8A%E3%81%97%E3%82%83%E3%82%8C%20%E3%82%AB%E3%83%A9%E3%83%95%E3%83%AB%20%E3%82%B5%E3%83%B3%E3%83%89%E3%82%BF%E3%82%A4%E3%83%9E%E3%83%BC%20%E3%82%AD%E3%83%83%E3%83%81%E3%83%B3%E3%82%BF%E3%82%A4%E3%83%9E%E3%83%BC%20%E6%99%82%E9%96%93%E7%AE%A1%E7%90%86%20%E3%82%A4%E3%83%B3%E3%83%86%E3%83%AA%E3%82%A2%20%E3%83%97%E3%83%AC%E3%82%BC%E3%83%B3%E3%83%88%20%E5%AE%B6%E5%BA%AD%20%E8%AA%95%E7%94%9F%E6%97%A5%20zixia01 HTTP/1.1" 200 29844 "-" "Mozilla/5.0 (Linux; Android 6.0.1; Nexus 5X Build/MMB29P) AppleWebKit/537.36 (KHTML, like Gecko) Chrome/137.0.7151.103 Mobile Safari/537.36 (compatible; Googlebot/2.1; +http://www.google.com/bot.html)"
66.249.79.3 - - [17/Jul/2025:13:42:26 -0400] "GET /?n=42481132892203&channel=2f9a5f&from=pin.php%3Fid%3D1328922-15618%26name%3D%E5%85%85%E9%9B%BB%E5%BC%8F%E5%8D%93%E4%B8%8A%E5%BC%8F%E5%99%B4%E9%9C%A7%E5%99%A8%E3%80%80%E3%83%A6%E3%83%8A%E3%82%A4%E3%83%86%E3%83%83%E3%83%89%E3%82%B9%E3%83%9E%E3%82%A4%E3%83%AB%E3%82%BA HTTP/1.1" 200 29831 "-" "Mozilla/5.0 (Linux; Android 6.0.1; Nexus 5X Build/MMB29P) AppleWebKit/537.36 (KHTML, like Gecko) Chrome/137.0.7151.103 Mobile Safari/537.36 (compatible; Googlebot/2.1; +http://www.google.com/bot.html)"
66.249.68.136 - - [17/Jul/2025:13:42:35 -0400] "GET /?n=12012115179301&channel=00f1cd&from=blog.php%3Fid%3D1151793-13474%26name%3DShimano+CS-HG500-10+%E3%82%B9%E3%83%97%E3%83%AD%E3%82%B1%E3%83%83%E3%83%88+12-28T HTTP/1.1" 301 0 "-" "Mozilla/5.0 (Linux; Android 6.0.1; Nexus 5X Build/MMB29P) AppleWebKit/537.36 (KHTML, like Gecko) Chrome/137.0.7151.103 Mobile Safari/537.36 (compatible; Googlebot/2.1; +http://www.google.com/bot.html)"
66.249.79.3 - - [17/Jul/2025:13:42:39 -0400] "GET /?n=12012115179301&channel=00f1cd&from=blog.php%3Fid%3D1151793-13474%26name%3DShimano%20CS-HG500-10%20%E3%82%B9%E3%83%97%E3%83%AD%E3%82%B1%E3%83%83%E3%83%88%2012-28T HTTP/1.1" 200 29833 "-" "Mozilla/5.0 (Linux; Android 6.0.1; Nexus 5X Build/MMB29P) AppleWebKit/537.36 (KHTML, like Gecko) Chrome/137.0.7151.103 Mobile Safari/537.36 (compatible; Googlebot/2.1; +http://www.google.com/bot.html)"
216.244.66.226 - - [17/Jul/2025:13:42:56 -0400] "GET /robots.txt HTTP/1.1" 500 1034 "-" "Mozilla/5.0 (compatible; DotBot/1.2; +https://opensiteexplorer.org/dotbot; help@moz.com)"
66.249.68.135 - - [17/Jul/2025:13:42:58 -0400] "GET /?n=2274095218500&channel=32b2b7&from=pin.php%3Fid%3D952185-22529%26name%3D3coins+%E3%82%B9%E3%83%AA%E3%82%B3%E3%80%80%E3%82%AD%E3%83%83%E3%82%BA%E3%80%80%E6%8A%98%E3%82%8A%E3%81%9F%E3%81%9F%E3%81%BF%E8%B8%8F%E3%81%BF%E5%8F%B0 HTTP/1.1" 301 0 "-" "Mozilla/5.0 (Linux; Android 6.0.1; Nexus 5X Build/MMB29P) AppleWebKit/537.36 (KHTML, like Gecko) Chrome/137.0.7151.103 Mobile Safari/537.36 (compatible; Googlebot/2.1; +http://www.google.com/bot.html)"
66.249.79.4 - - [17/Jul/2025:13:43:01 -0400] "GET /?n=2274095218500&channel=32b2b7&from=pin.php%3Fid%3D952185-22529%26name%3D3coins%20%E3%82%B9%E3%83%AA%E3%82%B3%E3%80%80%E3%82%AD%E3%83%83%E3%82%BA%E3%80%80%E6%8A%98%E3%82%8A%E3%81%9F%E3%81%9F%E3%81%BF%E8%B8%8F%E3%81%BF%E5%8F%B0 HTTP/1.1" 200 29832 "-" "Mozilla/5.0 (Linux; Android 6.0.1; Nexus 5X Build/MMB29P) AppleWebKit/537.36 (KHTML, like Gecko) Chrome/137.0.7151.103 Mobile Safari/537.36 (compatible; Googlebot/2.1; +http://www.google.com/bot.html)"
63.250.38.117 - - [17/Jul/2025:13:43:25 -0400] "POST /wp-cron.php?doing_wp_cron=1752774204.8874828815460205078125 HTTP/1.1" 403 1242 "-" "WordPress/6.8.1; https://fnf.group"
66.249.68.135 - - [17/Jul/2025:13:43:20 -0400] "GET /?n=6821075346614&channel=343bab&from=pin.php%3Fid%3D753466-12795%26name%3DARGUS+%E3%82%A2%E3%83%BC%E3%82%AC%E3%82%B9+AFC30+%E3%80%80%28%E6%97%A5%E5%8B%95%E5%B7%A5%E6%A5%AD%E6%A0%AA%E5%BC%8F%E4%BC%9A%E7%A4%BE%E3%80%80ANB-1248V2%29%EF%BC%9F HTTP/1.1" 301 0 "-" "Mozilla/5.0 (Linux; Android 6.0.1; Nexus 5X Build/MMB29P) AppleWebKit/537.36 (KHTML, like Gecko) Chrome/137.0.7151.103 Mobile Safari/537.36 (compatible; Googlebot/2.1; +http://www.google.com/bot.html)"
66.249.79.3 - - [17/Jul/2025:13:43:25 -0400] "GET /?n=6821075346614&channel=343bab&from=pin.php%3Fid%3D753466-12795%26name%3DARGUS%20%E3%82%A2%E3%83%BC%E3%82%AC%E3%82%B9%20AFC30%20%E3%80%80%28%E6%97%A5%E5%8B%95%E5%B7%A5%E6%A5%AD%E6%A0%AA%E5%BC%8F%E4%BC%9A%E7%A4%BE%E3%80%80ANB-1248V2%29%EF%BC%9F HTTP/1.1" 200 29832 "-" "Mozilla/5.0 (Linux; Android 6.0.1; Nexus 5X Build/MMB29P) AppleWebKit/537.36 (KHTML, like Gecko) Chrome/137.0.7151.103 Mobile Safari/537.36 (compatible; Googlebot/2.1; +http://www.google.com/bot.html)"
66.249.68.135 - - [17/Jul/2025:13:43:43 -0400] "GET /?n=29779191597712&channel=e14f4a&from=goods.php%3Fid%3D1915977-4365%26name%3DEMODA+%E3%83%A0%E3%83%BC%E3%83%88%E3%83%B3%E3%82%B8%E3%83%A3%E3%82%B1%E3%83%83%E3%83%88%E3%80%80%E3%83%96%E3%83%A9%E3%83%83%E3%82%AF HTTP/1.1" 301 0 "-" "Mozilla/5.0 (Linux; Android 6.0.1; Nexus 5X Build/MMB29P) AppleWebKit/537.36 (KHTML, like Gecko) Chrome/137.0.7151.103 Mobile Safari/537.36 (compatible; Googlebot/2.1; +http://www.google.com/bot.html)"
66.249.79.3 - - [17/Jul/2025:13:43:47 -0400] "GET /?n=29779191597712&channel=e14f4a&from=goods.php%3Fid%3D1915977-4365%26name%3DEMODA%20%E3%83%A0%E3%83%BC%E3%83%88%E3%83%B3%E3%82%B8%E3%83%A3%E3%82%B1%E3%83%83%E3%83%88%E3%80%80%E3%83%96%E3%83%A9%E3%83%83%E3%82%AF HTTP/1.1" 200 29831 "-" "Mozilla/5.0 (Linux; Android 6.0.1; Nexus 5X Build/MMB29P) AppleWebKit/537.36 (KHTML, like Gecko) Chrome/137.0.7151.103 Mobile Safari/537.36 (compatible; Googlebot/2.1; +http://www.google.com/bot.html)"
66.249.79.4 - - [17/Jul/2025:13:44:05 -0400] "GET /?n=35980105826000&channel=eb784d&from=article.php%3Fid%3D1058260-7514%26name%3D%E5%BA%A7%E5%8D%93+%E3%83%AD%E3%83%BC%E3%83%86%E3%83%BC%E3%83%96%E3%83%AB+%E3%83%9B%E3%83%BC%E3%83%A0%E3%83%95%E3%83%AD%E3%82%A2%E8%A1%A8%E3%83%AD%E3%83%BC%E3%83%86%E3%83%BC%E3%83%96%E3%83%AB%E3%81%8A%E5%BA%A7%E3%82%8A%E3%81%AB%E7%95%B3%E3%82%B3%E3%83%BC%E3%83%92%E3%83%BC%E3%83%86%E3%83%BC%E3%83%96%E3%83%AB%E3%82%B3%E3%83%BC%E3%83%92%E3%83%BC%E3%83%86%E3%82%A3%E3%83%BC%E3%82%BD%E3%83%95%E3%82%A1%E3%82%B5%E3%82%A4%E3%83%89%E3%83%86%E3%83%BC%E3%83%96%E3%83%AB%E3%83%9B%E3%83%BC%E3%83%A0%E7%95%B3%E8%A1%A8+%28Color HTTP/1.1" 301 0 "-" "Mozilla/5.0 (Linux; Android 6.0.1; Nexus 5X Build/MMB29P) AppleWebKit/537.36 (KHTML, like Gecko) Chrome/137.0.7151.103 Mobile Safari/537.36 (compatible; Googlebot/2.1; +http://www.google.com/bot.html)"
66.249.79.3 - - [17/Jul/2025:13:44:12 -0400] "GET /?n=35980105826000&channel=eb784d&from=article.php%3Fid%3D1058260-7514%26name%3D%E5%BA%A7%E5%8D%93%20%E3%83%AD%E3%83%BC%E3%83%86%E3%83%BC%E3%83%96%E3%83%AB%20%E3%83%9B%E3%83%BC%E3%83%A0%E3%83%95%E3%83%AD%E3%82%A2%E8%A1%A8%E3%83%AD%E3%83%BC%E3%83%86%E3%83%BC%E3%83%96%E3%83%AB%E3%81%8A%E5%BA%A7%E3%82%8A%E3%81%AB%E7%95%B3%E3%82%B3%E3%83%BC%E3%83%92%E3%83%BC%E3%83%86%E3%83%BC%E3%83%96%E3%83%AB%E3%82%B3%E3%83%BC%E3%83%92%E3%83%BC%E3%83%86%E3%82%A3%E3%83%BC%E3%82%BD%E3%83%95%E3%82%A1%E3%82%B5%E3%82%A4%E3%83%89%E3%83%86%E3%83%BC%E3%83%96%E3%83%AB%E3%83%9B%E3%83%BC%E3%83%A0%E7%95%B3%E8%A1%A8%20%28Color HTTP/1.1" 200 29833 "-" "Mozilla/5.0 (Linux; Android 6.0.1; Nexus 5X Build/MMB29P) AppleWebKit/537.36 (KHTML, like Gecko) Chrome/137.0.7151.103 Mobile Safari/537.36 (compatible; Googlebot/2.1; +http://www.google.com/bot.html)"
63.250.38.117 - - [17/Jul/2025:13:44:49 -0400] "POST /wp-cron.php?doing_wp_cron=1752774289.2851660251617431640625 HTTP/1.1" 403 1242 "-" "WordPress/6.8.1; https://fnf.group"
66.249.79.3 - - [17/Jul/2025:13:44:45 -0400] "GET /?n=1728970980010&channel=271050&from=goods.php%3Fid%3D709800-17804%26name%3D2%E8%89%B2%E9%81%B8%E6%8A%9E%E5%8F%AF%E8%83%BD%E3%83%80%E3%82%A4%E3%83%8B%E3%83%B3%E3%82%B0%E3%82%BB%E3%83%83%E3%83%88+4%E4%BA%BA%E6%8E%9B%E3%81%91+%E5%9B%9B%E8%A7%92%E3%81%84%E3%83%86%E3%83%BC%E3%83%96%E3%83%AB+%E3%83%81%E3%82%A7%E3%82%A2+5%E7%82%B9%E3%82%BB%E3%83%83%E3%83%88 HTTP/1.1" 301 0 "-" "Mozilla/5.0 (Linux; Android 6.0.1; Nexus 5X Build/MMB29P) AppleWebKit/537.36 (KHTML, like Gecko) Chrome/137.0.7151.103 Mobile Safari/537.36 (compatible; Googlebot/2.1; +http://www.google.com/bot.html)"
66.249.79.3 - - [17/Jul/2025:13:44:50 -0400] "GET /?n=1728970980010&channel=271050&from=goods.php%3Fid%3D709800-17804%26name%3D2%E8%89%B2%E9%81%B8%E6%8A%9E%E5%8F%AF%E8%83%BD%E3%83%80%E3%82%A4%E3%83%8B%E3%83%B3%E3%82%B0%E3%82%BB%E3%83%83%E3%83%88%204%E4%BA%BA%E6%8E%9B%E3%81%91%20%E5%9B%9B%E8%A7%92%E3%81%84%E3%83%86%E3%83%BC%E3%83%96%E3%83%AB%20%E3%83%81%E3%82%A7%E3%82%A2%205%E7%82%B9%E3%82%BB%E3%83%83%E3%83%88 HTTP/1.1" 200 29836 "-" "Mozilla/5.0 (Linux; Android 6.0.1; Nexus 5X Build/MMB29P) AppleWebKit/537.36 (KHTML, like Gecko) Chrome/137.0.7151.103 Mobile Safari/537.36 (compatible; Googlebot/2.1; +http://www.google.com/bot.html)"
66.249.68.136 - - [17/Jul/2025:13:44:54 -0400] "GET /?n=86594140265201&channel=99557f&from=brands.php%3Fid%3D1402652-600%26name%3D%E3%83%A9%E3%83%B3%E3%83%89%E3%82%AF%E3%83%AB%E3%83%BC%E3%82%B6%E3%83%BC250%E7%B3%BB%E5%B0%82%E7%94%A8+%E3%82%B5%E3%82%A4%E3%83%89%E3%82%B9%E3%83%86%E3%83%83%E3%83%97%E3%82%AC%E3%83%BC%E3%83%89+%E3%83%91%E3%83%AF%E3%83%BC%E3%82%A2%E3%83%83%E3%83%97%E7%89%88+%E5%8E%9A%E6%89%8B%E7%B4%A0%E6%9D%90 HTTP/1.1" 301 0 "-" "Mozilla/5.0 (Linux; Android 6.0.1; Nexus 5X Build/MMB29P) AppleWebKit/537.36 (KHTML, like Gecko) Chrome/137.0.7151.103 Mobile Safari/537.36 (compatible; Googlebot/2.1; +http://www.google.com/bot.html)"
66.249.79.3 - - [17/Jul/2025:13:44:57 -0400] "GET /?n=86594140265201&channel=99557f&from=brands.php%3Fid%3D1402652-600%26name%3D%E3%83%A9%E3%83%B3%E3%83%89%E3%82%AF%E3%83%AB%E3%83%BC%E3%82%B6%E3%83%BC250%E7%B3%BB%E5%B0%82%E7%94%A8%20%E3%82%B5%E3%82%A4%E3%83%89%E3%82%B9%E3%83%86%E3%83%83%E3%83%97%E3%82%AC%E3%83%BC%E3%83%89%20%E3%83%91%E3%83%AF%E3%83%BC%E3%82%A2%E3%83%83%E3%83%97%E7%89%88%20%E5%8E%9A%E6%89%8B%E7%B4%A0%E6%9D%90 HTTP/1.1" 200 29831 "-" "Mozilla/5.0 (Linux; Android 6.0.1; Nexus 5X Build/MMB29P) AppleWebKit/537.36 (KHTML, like Gecko) Chrome/137.0.7151.103 Mobile Safari/537.36 (compatible; Googlebot/2.1; +http://www.google.com/bot.html)"
66.249.68.137 - - [17/Jul/2025:13:45:20 -0400] "GET /?n=5029087762100&channel=6b1271&from=category-info.php%3Fid%3D877621-5073%26name%3D%E3%83%A6%E3%83%8B%E3%82%AA%E3%83%B3%E3%82%A2%E3%83%AA%E3%83%BC%E3%83%8A2.5%E6%AC%A1%E5%85%83%E3%83%AA%E3%83%AA%E3%82%B5%E8%AA%98%E6%83%91R7%E6%9E%9A HTTP/1.1" 301 0 "-" "Mozilla/5.0 (Linux; Android 6.0.1; Nexus 5X Build/MMB29P) AppleWebKit/537.36 (KHTML, like Gecko) Chrome/137.0.7151.103 Mobile Safari/537.36 (compatible; Googlebot/2.1; +http://www.google.com/bot.html)"
66.249.79.3 - - [17/Jul/2025:13:45:24 -0400] "GET /?n=5029087762100&channel=6b1271&from=category-info.php%3Fid%3D877621-5073%26name%3D%E3%83%A6%E3%83%8B%E3%82%AA%E3%83%B3%E3%82%A2%E3%83%AA%E3%83%BC%E3%83%8A2.5%E6%AC%A1%E5%85%83%E3%83%AA%E3%83%AA%E3%82%B5%E8%AA%98%E6%83%91R7%E6%9E%9A HTTP/1.1" 200 29836 "-" "Mozilla/5.0 (Linux; Android 6.0.1; Nexus 5X Build/MMB29P) AppleWebKit/537.36 (KHTML, like Gecko) Chrome/137.0.7151.103 Mobile Safari/537.36 (compatible; Googlebot/2.1; +http://www.google.com/bot.html)"
66.249.79.3 - - [17/Jul/2025:13:45:32 -0400] "GET /?n=67375195825103&channel=4131fb&from=shop.php%3Fid%3D1958251-5590%26name%3D%E3%82%A6%E3%82%A7%E3%83%83%E3%83%88%E3%82%B9%E3%83%BC%E3%83%84%E3%83%95%E3%83%BC%E3%83%89+%7C+%E8%AA%BF%E6%95%B4%E5%8F%AF%E8%83%BD%E3%81%AA%E3%83%80%E3%82%A4%E3%83%93%E3%83%B3%E3%82%B0%E3%83%95%E3%83%BC%E3%83%89%2C%E8%BB%BD%E9%87%8F%E3%81%AA%E3%82%A6%E3%82%A9%E3%83%BC%E3%82%BF%E3%83%BC%E3%82%B9%E3%83%9D%E3%83%BC%E3%83%84%E3%82%AD%E3%83%A3%E3%83%83%E3%83%97+%E9%98%B2%E6%B0%B4%E3%82%AD%E3%83%A3%E3%83%83%E3%83%88%E3%82%A4%E3%83%A4%E3%83%BC%E5%9E%8B+%E3%83%80%E3%82%A4%E3%83%93%E3%83%B3%E3%82%B0%E3%82%AE%E3%82%A2+%E5%A5%B3%E6%80%A7%E7%94%A8 HTTP/1.1" 301 0 "-" "Mozilla/5.0 (Linux; Android 6.0.1; Nexus 5X Build/MMB29P) AppleWebKit/537.36 (KHTML, like Gecko) Chrome/137.0.7151.103 Mobile Safari/537.36 (compatible; Googlebot/2.1; +http://www.google.com/bot.html)"
66.249.68.135 - - [17/Jul/2025:13:45:31 -0400] "GET /?n=9783659673500&channel=212b01&from=product.php%3Fid%3D596735-742%26name%3D%E7%8F%BE%E7%8A%B6%E5%93%81+%E3%82%A2%E3%82%B9%E3%83%88%E3%83%B3%E3%83%BB%E3%83%9E%E3%83%BC%E3%83%81%E3%83%B3+2006+%E3%83%AB%E3%83%BB%E3%83%9E%E3%83%B3 HTTP/1.1" 301 0 "-" "Mozilla/5.0 (Linux; Android 6.0.1; Nexus 5X Build/MMB29P) AppleWebKit/537.36 (KHTML, like Gecko) Chrome/137.0.7151.103 Mobile Safari/537.36 (compatible; Googlebot/2.1; +http://www.google.com/bot.html)"
66.249.79.3 - - [17/Jul/2025:13:45:31 -0400] "GET /?n=45372194215101&channel=830cec&from=category-info.php%3Fid%3D1942151-1922%26name%3D%E3%81%97%E3%81%BE%E3%81%98%E3%82%8D%E3%81%86%E3%80%80%E3%81%8A%E3%81%BE%E3%81%BE%E3%81%94%E3%81%A8%E3%80%80%E3%81%94%E3%81%A3%E3%81%93%E9%81%8A%E3%81%B3%E3%82%AD%E3%83%83%E3%83%81%E3%83%B3%E3%82%BB%E3%83%83%E3%83%88%E3%80%80%E3%83%99%E3%83%8D%E3%83%83%E3%82%BB%E4%BB%96 HTTP/1.1" 200 29839 "-" "Mozilla/5.0 (Linux; Android 6.0.1; Nexus 5X Build/MMB29P) AppleWebKit/537.36 (KHTML, like Gecko) Chrome/137.0.7151.103 Mobile Safari/537.36 (compatible; Googlebot/2.1; +http://www.google.com/bot.html)"
66.249.79.3 - - [17/Jul/2025:13:45:37 -0400] "GET /?n=67375195825103&channel=4131fb&from=shop.php%3Fid%3D1958251-5590%26name%3D%E3%82%A6%E3%82%A7%E3%83%83%E3%83%88%E3%82%B9%E3%83%BC%E3%83%84%E3%83%95%E3%83%BC%E3%83%89%20%7C%20%E8%AA%BF%E6%95%B4%E5%8F%AF%E8%83%BD%E3%81%AA%E3%83%80%E3%82%A4%E3%83%93%E3%83%B3%E3%82%B0%E3%83%95%E3%83%BC%E3%83%89%2C%E8%BB%BD%E9%87%8F%E3%81%AA%E3%82%A6%E3%82%A9%E3%83%BC%E3%82%BF%E3%83%BC%E3%82%B9%E3%83%9D%E3%83%BC%E3%83%84%E3%82%AD%E3%83%A3%E3%83%83%E3%83%97%20%E9%98%B2%E6%B0%B4%E3%82%AD%E3%83%A3%E3%83%83%E3%83%88%E3%82%A4%E3%83%A4%E3%83%BC%E5%9E%8B%20%E3%83%80%E3%82%A4%E3%83%93%E3%83%B3%E3%82%B0%E3%82%AE%E3%82%A2%20%E5%A5%B3%E6%80%A7%E7%94%A8 HTTP/1.1" 200 29836 "-" "Mozilla/5.0 (Linux; Android 6.0.1; Nexus 5X Build/MMB29P) AppleWebKit/537.36 (KHTML, like Gecko) Chrome/137.0.7151.103 Mobile Safari/537.36 (compatible; Googlebot/2.1; +http://www.google.com/bot.html)"
66.249.79.3 - - [17/Jul/2025:13:45:38 -0400] "GET /?n=9783659673500&channel=212b01&from=product.php%3Fid%3D596735-742%26name%3D%E7%8F%BE%E7%8A%B6%E5%93%81%20%E3%82%A2%E3%82%B9%E3%83%88%E3%83%B3%E3%83%BB%E3%83%9E%E3%83%BC%E3%83%81%E3%83%B3%202006%20%E3%83%AB%E3%83%BB%E3%83%9E%E3%83%B3 HTTP/1.1" 200 29835 "-" "Mozilla/5.0 (Linux; Android 6.0.1; Nexus 5X Build/MMB29P) AppleWebKit/537.36 (KHTML, like Gecko) Chrome/137.0.7151.103 Mobile Safari/537.36 (compatible; Googlebot/2.1; +http://www.google.com/bot.html)"
66.249.79.3 - - [17/Jul/2025:13:45:41 -0400] "GET /?n=8029820734405&channel=e83652&from=shop.php%3Fid%3D207344-8662%26name%3D%E3%83%A9%E3%82%B8%E3%82%A8%E3%83%BC%E3%82%BF%E3%83%BC%E4%BF%9D%E8%AD%B7%E3%82%AB%E3%83%90%E3%83%BC+%E3%83%A9%E3%82%B8%E3%82%A8%E3%83%BC%E3%82%BF%E3%83%BC%E3%82%B0%E3%83%AA%E3%83%AB%E3%82%AC%E3%83%BC%E3%83%89%E3%82%AB%E3%83%90%E3%83%BC%E4%BF%9D%E8%AD%B7%E3%83%9B%E3%83%B3%E3%83%80+CBF600+CB600F+%E3%83%9B%E3%83%BC%E3%83%8D%E3%83%83%E3%83%88+2008-2013+201 HTTP/1.1" 301 0 "-" "Mozilla/5.0 (Linux; Android 6.0.1; Nexus 5X Build/MMB29P) AppleWebKit/537.36 (KHTML, like Gecko) Chrome/137.0.7151.103 Mobile Safari/537.36 (compatible; Googlebot/2.1; +http://www.google.com/bot.html)"
63.250.38.117 - - [17/Jul/2025:13:45:50 -0400] "POST /wp-cron.php?doing_wp_cron=1752774350.2051858901977539062500 HTTP/1.1" 403 1242 "-" "WordPress/6.8.1; https://fnf.group"
66.249.79.3 - - [17/Jul/2025:13:45:45 -0400] "GET /?n=5961182066001&channel=59df39&from=goods.php%3Fid%3D820660-17660%26name%3Diphone+X+%2CXs+%E3%82%B1%E3%83%BC%E3%82%B9%E3%83%A9%E3%82%A4%E3%83%88%E3%83%96%E3%83%AB%E3%83%BC+%E6%89%8B%E5%B8%B3%E5%9E%8B%E3%82%B1%E3%83%BC%E3%82%B9+%E3%83%AA%E3%83%9C%E3%83%B3%E4%BB%98%E3%81%8D HTTP/1.1" 301 0 "-" "Mozilla/5.0 (Linux; Android 6.0.1; Nexus 5X Build/MMB29P) AppleWebKit/537.36 (KHTML, like Gecko) Chrome/137.0.7151.103 Mobile Safari/537.36 (compatible; Googlebot/2.1; +http://www.google.com/bot.html)"
63.250.38.117 - - [17/Jul/2025:13:45:50 -0400] "POST /wp-cron.php?doing_wp_cron=1752774350.3980250358581542968750 HTTP/1.1" 403 1242 "-" "WordPress/6.8.1; https://fnf.group"
63.250.38.117 - - [17/Jul/2025:13:45:50 -0400] "POST /wp-cron.php?doing_wp_cron=1752774350.7716660499572753906250 HTTP/1.1" 403 1242 "-" "WordPress/6.8.1; https://fnf.group"
66.249.68.135 - - [17/Jul/2025:13:45:45 -0400] "GET /?n=7882180873800&channel=062258&from=article.php%3Fid%3D808738-18895%26name%3DG+SHOCK+GBX-100 HTTP/1.1" 301 0 "-" "Mozilla/5.0 (Linux; Android 6.0.1; Nexus 5X Build/MMB29P) AppleWebKit/537.36 (KHTML, like Gecko) Chrome/137.0.7151.103 Mobile Safari/537.36 (compatible; Googlebot/2.1; +http://www.google.com/bot.html)"
66.249.79.3 - - [17/Jul/2025:13:45:46 -0400] "GET /?n=8029820734405&channel=e83652&from=shop.php%3Fid%3D207344-8662%26name%3D%E3%83%A9%E3%82%B8%E3%82%A8%E3%83%BC%E3%82%BF%E3%83%BC%E4%BF%9D%E8%AD%B7%E3%82%AB%E3%83%90%E3%83%BC%20%E3%83%A9%E3%82%B8%E3%82%A8%E3%83%BC%E3%82%BF%E3%83%BC%E3%82%B0%E3%83%AA%E3%83%AB%E3%82%AC%E3%83%BC%E3%83%89%E3%82%AB%E3%83%90%E3%83%BC%E4%BF%9D%E8%AD%B7%E3%83%9B%E3%83%B3%E3%83%80%20CBF600%20CB600F%20%E3%83%9B%E3%83%BC%E3%83%8D%E3%83%83%E3%83%88%202008-2013%20201 HTTP/1.1" 200 29833 "-" "Mozilla/5.0 (Linux; Android 6.0.1; Nexus 5X Build/MMB29P) AppleWebKit/537.36 (KHTML, like Gecko) Chrome/137.0.7151.103 Mobile Safari/537.36 (compatible; Googlebot/2.1; +http://www.google.com/bot.html)"
66.249.79.3 - - [17/Jul/2025:13:45:51 -0400] "GET /?n=7882180873800&channel=062258&from=article.php%3Fid%3D808738-18895%26name%3DG%20SHOCK%20GBX-100 HTTP/1.1" 200 29829 "-" "Mozilla/5.0 (Linux; Android 6.0.1; Nexus 5X Build/MMB29P) AppleWebKit/537.36 (KHTML, like Gecko) Chrome/137.0.7151.103 Mobile Safari/537.36 (compatible; Googlebot/2.1; +http://www.google.com/bot.html)"
66.249.79.3 - - [17/Jul/2025:13:45:50 -0400] "GET /?n=5961182066001&channel=59df39&from=goods.php%3Fid%3D820660-17660%26name%3Diphone%20X%20%2CXs%20%E3%82%B1%E3%83%BC%E3%82%B9%E3%83%A9%E3%82%A4%E3%83%88%E3%83%96%E3%83%AB%E3%83%BC%20%E6%89%8B%E5%B8%B3%E5%9E%8B%E3%82%B1%E3%83%BC%E3%82%B9%20%E3%83%AA%E3%83%9C%E3%83%B3%E4%BB%98%E3%81%8D HTTP/1.1" 200 29835 "-" "Mozilla/5.0 (Linux; Android 6.0.1; Nexus 5X Build/MMB29P) AppleWebKit/537.36 (KHTML, like Gecko) Chrome/137.0.7151.103 Mobile Safari/537.36 (compatible; Googlebot/2.1; +http://www.google.com/bot.html)"
66.249.68.135 - - [17/Jul/2025:13:45:58 -0400] "GET /?n=2347392494400&channel=4a06e4&from=blog.php%3Fid%3D924944-22339%26name%3D%E4%B8%AD%E5%8F%A4PS5%E3%82%BD%E3%83%95%E3%83%88+%E3%82%A2%E3%82%A4%E3%83%AC%E3%83%A0%E3%82%B3%E3%83%AC%E3%82%AF%E3%82%B7%E3%83%A7%E3%83%B3Vol.2+%5B%E9%99%90%E5%AE%9A%E7%89%88%5D HTTP/1.1" 301 0 "-" "Mozilla/5.0 (Linux; Android 6.0.1; Nexus 5X Build/MMB29P) AppleWebKit/537.36 (KHTML, like Gecko) Chrome/137.0.7151.103 Mobile Safari/537.36 (compatible; Googlebot/2.1; +http://www.google.com/bot.html)"
66.249.79.4 - - [17/Jul/2025:13:46:02 -0400] "GET /wp-content/uploads/2020/09/Banofee-Pie-1.jpg HTTP/1.1" 200 64340 "-" "Googlebot-Image/1.0"
66.249.79.4 - - [17/Jul/2025:13:46:01 -0400] "GET /?n=2347392494400&channel=4a06e4&from=blog.php%3Fid%3D924944-22339%26name%3D%E4%B8%AD%E5%8F%A4PS5%E3%82%BD%E3%83%95%E3%83%88%20%E3%82%A2%E3%82%A4%E3%83%AC%E3%83%A0%E3%82%B3%E3%83%AC%E3%82%AF%E3%82%B7%E3%83%A7%E3%83%B3Vol.2%20%5B%E9%99%90%E5%AE%9A%E7%89%88%5D HTTP/1.1" 200 29832 "-" "Mozilla/5.0 (Linux; Android 6.0.1; Nexus 5X Build/MMB29P) AppleWebKit/537.36 (KHTML, like Gecko) Chrome/137.0.7151.103 Mobile Safari/537.36 (compatible; Googlebot/2.1; +http://www.google.com/bot.html)"
66.249.68.135 - - [17/Jul/2025:13:46:37 -0400] "GET /?n=7599061686902&channel=397bb6&from=article.php%3Fid%3D616869-6417%26name%3DSkechers+%E3%83%AC%E3%83%87%E3%82%A3%E3%83%BC%E3%82%B9+%E3%82%B9%E3%83%8C%E3%83%BC%E3%83%97%E3%83%89%E3%83%83%E3%82%B0%3A%E3%82%A2%E3%83%BC%E3%83%81%E3%83%95%E3%82%A3%E3%83%83%E3%83%88+%E8%B6%B3%E8%B7%A1-%E3%83%AD%E3%83%BC%E3%83%AA%E3%83%B3%E3%82%B0%E3%82%B0%E3%83%AA%E3%83%83%E3%83%84%E3%82%AF%E3%83%AD%E3%83%83%E3%82%B0 HTTP/1.1" 301 0 "-" "Mozilla/5.0 (Linux; Android 6.0.1; Nexus 5X Build/MMB29P) AppleWebKit/537.36 (KHTML, like Gecko) Chrome/137.0.7151.103 Mobile Safari/537.36 (compatible; Googlebot/2.1; +http://www.google.com/bot.html)"
66.249.79.4 - - [17/Jul/2025:13:46:44 -0400] "GET /?n=7599061686902&channel=397bb6&from=article.php%3Fid%3D616869-6417%26name%3DSkechers%20%E3%83%AC%E3%83%87%E3%82%A3%E3%83%BC%E3%82%B9%20%E3%82%B9%E3%83%8C%E3%83%BC%E3%83%97%E3%83%89%E3%83%83%E3%82%B0%3A%E3%82%A2%E3%83%BC%E3%83%81%E3%83%95%E3%82%A3%E3%83%83%E3%83%88%20%E8%B6%B3%E8%B7%A1-%E3%83%AD%E3%83%BC%E3%83%AA%E3%83%B3%E3%82%B0%E3%82%B0%E3%83%AA%E3%83%83%E3%83%84%E3%82%AF%E3%83%AD%E3%83%83%E3%82%B0 HTTP/1.1" 200 29832 "-" "Mozilla/5.0 (Linux; Android 6.0.1; Nexus 5X Build/MMB29P) AppleWebKit/537.36 (KHTML, like Gecko) Chrome/137.0.7151.103 Mobile Safari/537.36 (compatible; Googlebot/2.1; +http://www.google.com/bot.html)"
63.250.38.117 - - [17/Jul/2025:13:46:55 -0400] "POST /wp-cron.php?doing_wp_cron=1752774414.6878490447998046875000 HTTP/1.1" 403 1242 "-" "WordPress/6.8.1; https://fnf.group"
66.249.68.135 - - [17/Jul/2025:13:46:50 -0400] "GET /?n=6374918030302&channel=02ab7b&from=article.php%3Fid%3D180303-6055%26name%3D%E3%82%BB%E3%82%A4%E3%82%B3%E3%83%BC+SEIKO+SBEC019%2F8R46-00F0+%E3%83%97%E3%83%AD%E3%82%B9%E3%83%9A%E3%83%83%E3%82%AF%E3%82%B9+%E3%82%B9%E3%83%94%E3%83%BC%E3%83%89%E3%82%BF%E3%82%A4%E3%83%9E%E3%83%BC+%E3%83%A1%E3%82%AB%E3%83%8B%E3%82%AB%E3%83%AB+%E3%82%AF%E3%83%AD%E3%83%8E%E3%82%B0%E3%83%A9%E3%83%95+%E4%B8%96%E7%95%8C%E9%99%90%E5%AE%9A600%E6%9C%AC+%E8%87%AA%E5%8B%95%E5%B7%BB%E3%81%8D+%E3%83%A1%E3%83%B3%E3%82%BA%E7%BE%8E%E5%93%81%E7%AE%B1%E4%BB%98%E3%81%8D_883440 HTTP/1.1" 301 0 "-" "Mozilla/5.0 (Linux; Android 6.0.1; Nexus 5X Build/MMB29P) AppleWebKit/537.36 (KHTML, like Gecko) Chrome/137.0.7151.103 Mobile Safari/537.36 (compatible; Googlebot/2.1; +http://www.google.com/bot.html)"
66.249.79.3 - - [17/Jul/2025:13:46:55 -0400] "GET /?n=6374918030302&channel=02ab7b&from=article.php%3Fid%3D180303-6055%26name%3D%E3%82%BB%E3%82%A4%E3%82%B3%E3%83%BC%20SEIKO%20SBEC019%2F8R46-00F0%20%E3%83%97%E3%83%AD%E3%82%B9%E3%83%9A%E3%83%83%E3%82%AF%E3%82%B9%20%E3%82%B9%E3%83%94%E3%83%BC%E3%83%89%E3%82%BF%E3%82%A4%E3%83%9E%E3%83%BC%20%E3%83%A1%E3%82%AB%E3%83%8B%E3%82%AB%E3%83%AB%20%E3%82%AF%E3%83%AD%E3%83%8E%E3%82%B0%E3%83%A9%E3%83%95%20%E4%B8%96%E7%95%8C%E9%99%90%E5%AE%9A600%E6%9C%AC%20%E8%87%AA%E5%8B%95%E5%B7%BB%E3%81%8D%20%E3%83%A1%E3%83%B3%E3%82%BA%E7%BE%8E%E5%93%81%E7%AE%B1%E4%BB%98%E3%81%8D_883440 HTTP/1.1" 200 29832 "-" "Mozilla/5.0 (Linux; Android 6.0.1; Nexus 5X Build/MMB29P) AppleWebKit/537.36 (KHTML, like Gecko) Chrome/137.0.7151.103 Mobile Safari/537.36 (compatible; Googlebot/2.1; +http://www.google.com/bot.html)"
66.249.68.136 - - [17/Jul/2025:13:47:21 -0400] "GET /?n=0084228465503&channel=42aec2&from=goods.php%3Fid%3D284655-275%26name%3D%5B%E3%82%B8%E3%83%9F%E3%83%BC%E3%83%81%E3%83%A5%E3%83%BC%5D+%E3%82%B5%E3%83%B3%E3%82%B0%E3%83%A9%E3%82%B9+LIDIE%2FF%2FSK+%E3%83%AC%E3%83%87%E3%82%A3%E3%83%BC%E3%82%B9 HTTP/1.1" 301 0 "-" "Mozilla/5.0 (Linux; Android 6.0.1; Nexus 5X Build/MMB29P) AppleWebKit/537.36 (KHTML, like Gecko) Chrome/137.0.7151.103 Mobile Safari/537.36 (compatible; Googlebot/2.1; +http://www.google.com/bot.html)"
66.249.68.135 - - [17/Jul/2025:13:47:21 -0400] "GET /?n=02797118075904&channel=468e5a&from=shop.php%3Fid%3D1180759-16288%26name%3D%E5%8F%99%E5%8B%B2%E9%A1%8D%E3%80%80%E4%BC%8A%E5%90%B9%E3%80%80%E5%A4%96%E5%AF%B8%E6%B3%95%E7%B8%A6523%C3%97862%C3%9740%E3%8E%9C%E3%80%80%E8%B3%9E%E7%8A%B6%E3%81%AE%E5%AF%B8%E6%B3%95420%C3%97595%E3%8E%9C HTTP/1.1" 301 0 "-" "Mozilla/5.0 (Linux; Android 6.0.1; Nexus 5X Build/MMB29P) AppleWebKit/537.36 (KHTML, like Gecko) Chrome/137.0.7151.103 Mobile Safari/537.36 (compatible; Googlebot/2.1; +http://www.google.com/bot.html)"
66.249.79.3 - - [17/Jul/2025:13:47:24 -0400] "GET /?n=02797118075904&channel=468e5a&from=shop.php%3Fid%3D1180759-16288%26name%3D%E5%8F%99%E5%8B%B2%E9%A1%8D%E3%80%80%E4%BC%8A%E5%90%B9%E3%80%80%E5%A4%96%E5%AF%B8%E6%B3%95%E7%B8%A6523%C3%97862%C3%9740%E3%8E%9C%E3%80%80%E8%B3%9E%E7%8A%B6%E3%81%AE%E5%AF%B8%E6%B3%95420%C3%97595%E3%8E%9C HTTP/1.1" 200 29833 "-" "Mozilla/5.0 (Linux; Android 6.0.1; Nexus 5X Build/MMB29P) AppleWebKit/537.36 (KHTML, like Gecko) Chrome/137.0.7151.103 Mobile Safari/537.36 (compatible; Googlebot/2.1; +http://www.google.com/bot.html)"
66.249.79.3 - - [17/Jul/2025:13:47:24 -0400] "GET /?n=0084228465503&channel=42aec2&from=goods.php%3Fid%3D284655-275%26name%3D%5B%E3%82%B8%E3%83%9F%E3%83%BC%E3%83%81%E3%83%A5%E3%83%BC%5D%20%E3%82%B5%E3%83%B3%E3%82%B0%E3%83%A9%E3%82%B9%20LIDIE%2FF%2FSK%20%E3%83%AC%E3%83%87%E3%82%A3%E3%83%BC%E3%82%B9 HTTP/1.1" 200 29836 "-" "Mozilla/5.0 (Linux; Android 6.0.1; Nexus 5X Build/MMB29P) AppleWebKit/537.36 (KHTML, like Gecko) Chrome/137.0.7151.103 Mobile Safari/537.36 (compatible; Googlebot/2.1; +http://www.google.com/bot.html)"
66.249.68.136 - - [17/Jul/2025:13:47:32 -0400] "GET /?n=2679550766400&channel=5d247c&from=jp.php%3Fid%3D507664-6529%26name%3DJ%E3%83%89%E3%83%AA%E3%83%BC%E3%83%A0+%E3%82%AC%E3%83%81%E3%83%A3+%E3%83%9F%E3%83%8B%E3%83%81%E3%83%A5%E3%82%A2%E3%82%B7%E3%82%AC%E3%83%BC%E3%82%BB%E3%83%83%E3%83%88+%E3%80%90%E5%85%A85%E7%A8%AE%E3%82%B3%E3%83%B3%E3%83%97%E3%82%BB%E3%83%83%E3%83%88%E3%80%91 HTTP/1.1" 301 0 "-" "Mozilla/5.0 (Linux; Android 6.0.1; Nexus 5X Build/MMB29P) AppleWebKit/537.36 (KHTML, like Gecko) Chrome/137.0.7151.103 Mobile Safari/537.36 (compatible; Googlebot/2.1; +http://www.google.com/bot.html)"
66.249.79.3 - - [17/Jul/2025:13:47:38 -0400] "GET /?n=2679550766400&channel=5d247c&from=jp.php%3Fid%3D507664-6529%26name%3DJ%E3%83%89%E3%83%AA%E3%83%BC%E3%83%A0%20%E3%82%AC%E3%83%81%E3%83%A3%20%E3%83%9F%E3%83%8B%E3%83%81%E3%83%A5%E3%82%A2%E3%82%B7%E3%82%AC%E3%83%BC%E3%82%BB%E3%83%83%E3%83%88%20%E3%80%90%E5%85%A85%E7%A8%AE%E3%82%B3%E3%83%B3%E3%83%97%E3%82%BB%E3%83%83%E3%83%88%E3%80%91 HTTP/1.1" 200 29835 "-" "Mozilla/5.0 (Linux; Android 6.0.1; Nexus 5X Build/MMB29P) AppleWebKit/537.36 (KHTML, like Gecko) Chrome/137.0.7151.103 Mobile Safari/537.36 (compatible; Googlebot/2.1; +http://www.google.com/bot.html)"
216.244.66.226 - - [17/Jul/2025:13:47:51 -0400] "GET /tag/lifafa/ HTTP/1.1" 500 1034 "-" "Mozilla/5.0 (compatible; DotBot/1.2; +https://opensiteexplorer.org/dotbot; help@moz.com)"
37.187.145.142 - - [17/Jul/2025:13:47:55 -0400] "POST /xmlrpc.php HTTP/1.1" 403 1242 "https://fnf.group" "Mozilla/5.0 (Windows NT 10.0; Win64; x64) AppleWebKit/537.36 (KHTML, like Gecko) Chrome/116.0.5845.96 Safari/537.36"
216.244.66.226 - - [17/Jul/2025:13:48:02 -0400] "GET /tag/stuffed/ HTTP/1.1" 500 1034 "-" "Mozilla/5.0 (compatible; DotBot/1.2; +https://opensiteexplorer.org/dotbot; help@moz.com)"
63.250.38.117 - - [17/Jul/2025:13:48:08 -0400] "POST /wp-cron.php?doing_wp_cron=1752774487.7944650650024414062500 HTTP/1.1" 403 1242 "-" "WordPress/6.8.1; https://fnf.group"
63.250.38.117 - - [17/Jul/2025:13:48:08 -0400] "POST /wp-cron.php?doing_wp_cron=1752774487.8919160366058349609375 HTTP/1.1" 403 1242 "-" "WordPress/6.8.1; https://fnf.group"
66.249.79.5 - - [17/Jul/2025:13:48:03 -0400] "GET /?n=1237051433100&channel=605c80&from=shop.php%3Fid%3D514331-8982%26name%3D%E3%83%86%E3%83%BC%E3%83%96%E3%83%AB%E3%83%A9%E3%83%B3%E3%83%8A%E3%83%BC+%E3%83%AC%E3%82%B9%E3%83%88%E3%83%A9%E3%83%B3+%E9%A3%9F%E5%8D%93%E3%83%A9%E3%83%B3%E3%83%8A%E3%83%BC+%E3%82%BF%E3%83%83%E3%82%BB%E3%83%AB%E4%BB%98%E3%81%8D+%E8%8A%B1%E6%9F%84+%E4%B8%AD%E8%8F%AF%E9%A2%A8+%E3%81%8A%E3%81%97%E3%82%83%E3%82%8C+%E3%83%86%E3%83%BC%E3%83%96%E3%83%AB%E3%82%BB%E3%83%B3%E3%82%BF%E3%83%BC+%E9%98%B2%E6%B1%9A+%E8%80%90%E7%86%B1+%E3%81%8A%E6%89%8B%E5%85%A5%E3%82%8C%E7%B0%A1%E5%8D%98+zjp HTTP/1.1" 301 0 "-" "Mozilla/5.0 (Linux; Android 6.0.1; Nexus 5X Build/MMB29P) AppleWebKit/537.36 (KHTML, like Gecko) Chrome/137.0.7151.103 Mobile Safari/537.36 (compatible; Googlebot/2.1; +http://www.google.com/bot.html)"
66.249.79.4 - - [17/Jul/2025:13:48:03 -0400] "GET /?n=30091195832501&channel=0e0ee4&from=form.php%3Fid%3D1958325-31040%26name%3D%E3%83%84%E3%83%AA%E3%83%BC%E3%82%AF%E3%83%A9%E3%82%A4%E3%83%9F%E3%83%B3%E3%82%B0%E3%83%AD%E3%83%BC%E3%83%97%E7%94%A8%E3%82%AD%E3%83%A3%E3%83%AA%E3%83%BC%E3%83%90%E3%83%83%E3%82%B0PVC%E6%8E%92%E6%B0%B4%E7%A9%B4%E4%BB%98%E3%81%8D HTTP/1.1" 200 29834 "-" "Mozilla/5.0 (Linux; Android 6.0.1; Nexus 5X Build/MMB29P) AppleWebKit/537.36 (KHTML, like Gecko) Chrome/137.0.7151.103 Mobile Safari/537.36 (compatible; Googlebot/2.1; +http://www.google.com/bot.html)"
216.244.66.226 - - [17/Jul/2025:13:48:12 -0400] "GET /category/street-food/feed/ HTTP/1.1" 500 1034 "-" "Mozilla/5.0 (compatible; DotBot/1.2; +https://opensiteexplorer.org/dotbot; help@moz.com)"
66.249.79.3 - - [17/Jul/2025:13:48:08 -0400] "GET /?n=1237051433100&channel=605c80&from=shop.php%3Fid%3D514331-8982%26name%3D%E3%83%86%E3%83%BC%E3%83%96%E3%83%AB%E3%83%A9%E3%83%B3%E3%83%8A%E3%83%BC%20%E3%83%AC%E3%82%B9%E3%83%88%E3%83%A9%E3%83%B3%20%E9%A3%9F%E5%8D%93%E3%83%A9%E3%83%B3%E3%83%8A%E3%83%BC%20%E3%82%BF%E3%83%83%E3%82%BB%E3%83%AB%E4%BB%98%E3%81%8D%20%E8%8A%B1%E6%9F%84%20%E4%B8%AD%E8%8F%AF%E9%A2%A8%20%E3%81%8A%E3%81%97%E3%82%83%E3%82%8C%20%E3%83%86%E3%83%BC%E3%83%96%E3%83%AB%E3%82%BB%E3%83%B3%E3%82%BF%E3%83%BC%20%E9%98%B2%E6%B1%9A%20%E8%80%90%E7%86%B1%20%E3%81%8A%E6%89%8B%E5%85%A5%E3%82%8C%E7%B0%A1%E5%8D%98%20zjp HTTP/1.1" 200 29836 "-" "Mozilla/5.0 (Linux; Android 6.0.1; Nexus 5X Build/MMB29P) AppleWebKit/537.36 (KHTML, like Gecko) Chrome/137.0.7151.103 Mobile Safari/537.36 (compatible; Googlebot/2.1; +http://www.google.com/bot.html)"
40.77.167.126 - - [17/Jul/2025:13:48:16 -0400] "GET / HTTP/1.1" 500 1034 "-" "Mozilla/5.0 AppleWebKit/537.36 (KHTML, like Gecko; compatible; bingbot/2.0; +http://www.bing.com/bingbot.htm) Chrome/116.0.1938.76 Safari/537.36"
66.249.68.135 - - [17/Jul/2025:13:48:15 -0400] "GET /?n=61802170156800&channel=4cf92b&from=info.php%3Fid%3D1701568-4167%26name%3DRAM+401CT+%E5%9C%A7%E5%8A%9B%E3%83%97%E3%83%AC%E3%83%BC%E3%83%88+10.5GM+%E6%A5%95%E5%86%86%E5%BD%A2%E3%83%88%E3%83%A9%E3%83%83%E3%82%AF+2800%E3%83%9D%E3%83%B3%E3%83%89 HTTP/1.1" 301 0 "-" "Mozilla/5.0 (Linux; Android 6.0.1; Nexus 5X Build/MMB29P) AppleWebKit/537.36 (KHTML, like Gecko) Chrome/137.0.7151.103 Mobile Safari/537.36 (compatible; Googlebot/2.1; +http://www.google.com/bot.html)"
66.249.79.3 - - [17/Jul/2025:13:48:20 -0400] "GET /?n=61802170156800&channel=4cf92b&from=info.php%3Fid%3D1701568-4167%26name%3DRAM%20401CT%20%E5%9C%A7%E5%8A%9B%E3%83%97%E3%83%AC%E3%83%BC%E3%83%88%2010.5GM%20%E6%A5%95%E5%86%86%E5%BD%A2%E3%83%88%E3%83%A9%E3%83%83%E3%82%AF%202800%E3%83%9D%E3%83%B3%E3%83%89 HTTP/1.1" 200 29830 "-" "Mozilla/5.0 (Linux; Android 6.0.1; Nexus 5X Build/MMB29P) AppleWebKit/537.36 (KHTML, like Gecko) Chrome/137.0.7151.103 Mobile Safari/537.36 (compatible; Googlebot/2.1; +http://www.google.com/bot.html)"
66.249.68.136 - - [17/Jul/2025:13:48:35 -0400] "GET /?n=75996103839202&channel=7b1bf2&from=form.php%3Fid%3D1038392-5709%26name%3D0445110629+%E8%87%AA%E5%8B%95%E8%BB%8A%E3%82%A8%E3%83%B3%E3%82%B8%E3%83%B3%E3%81%AF+JMC+4JB1T+%E3%81%A8%E4%BA%92%E6%8F%9B%E6%80%A7%E3%81%AE%E3%81%82%E3%82%8B%E3%83%87%E3%82%A3%E3%83%BC%E3%82%BC%E3%83%AB+%E3%82%B3%E3%83%A2%E3%83%B3+%E3%83%AC%E3%83%BC%E3%83%AB%E5%99%B4%E5%B0%84%E5%99%A8%E3%82%92%E5%88%86%E3%81%91%E3%81%BE%E3%81%99 HTTP/1.1" 301 0 "-" "Mozilla/5.0 (Linux; Android 6.0.1; Nexus 5X Build/MMB29P) AppleWebKit/537.36 (KHTML, like Gecko) Chrome/137.0.7151.103 Mobile Safari/537.36 (compatible; Googlebot/2.1; +http://www.google.com/bot.html)"
66.249.79.3 - - [17/Jul/2025:13:48:40 -0400] "GET /?n=75996103839202&channel=7b1bf2&from=form.php%3Fid%3D1038392-5709%26name%3D0445110629%20%E8%87%AA%E5%8B%95%E8%BB%8A%E3%82%A8%E3%83%B3%E3%82%B8%E3%83%B3%E3%81%AF%20JMC%204JB1T%20%E3%81%A8%E4%BA%92%E6%8F%9B%E6%80%A7%E3%81%AE%E3%81%82%E3%82%8B%E3%83%87%E3%82%A3%E3%83%BC%E3%82%BC%E3%83%AB%20%E3%82%B3%E3%83%A2%E3%83%B3%20%E3%83%AC%E3%83%BC%E3%83%AB%E5%99%B4%E5%B0%84%E5%99%A8%E3%82%92%E5%88%86%E3%81%91%E3%81%BE%E3%81%99 HTTP/1.1" 200 29831 "-" "Mozilla/5.0 (Linux; Android 6.0.1; Nexus 5X Build/MMB29P) AppleWebKit/537.36 (KHTML, like Gecko) Chrome/137.0.7151.103 Mobile Safari/537.36 (compatible; Googlebot/2.1; +http://www.google.com/bot.html)"
66.249.68.135 - - [17/Jul/2025:13:48:58 -0400] "GET /?n=47890179183103&channel=4b7c0e&from=brands.php%3Fid%3D1791831-14469%26name%3Danello%EF%BC%88%E3%82%A2%E3%83%8D%E3%83%AD%EF%BC%89%E3%83%AA%E3%83%A5%E3%83%83%E3%82%AF HTTP/1.1" 301 0 "-" "Mozilla/5.0 (Linux; Android 6.0.1; Nexus 5X Build/MMB29P) AppleWebKit/537.36 (KHTML, like Gecko) Chrome/137.0.7151.103 Mobile Safari/537.36 (compatible; Googlebot/2.1; +http://www.google.com/bot.html)"
66.249.79.5 - - [17/Jul/2025:13:49:00 -0400] "GET /?n=47890179183103&channel=4b7c0e&from=brands.php%3Fid%3D1791831-14469%26name%3Danello%EF%BC%88%E3%82%A2%E3%83%8D%E3%83%AD%EF%BC%89%E3%83%AA%E3%83%A5%E3%83%83%E3%82%AF HTTP/1.1" 200 29834 "-" "Mozilla/5.0 (Linux; Android 6.0.1; Nexus 5X Build/MMB29P) AppleWebKit/537.36 (KHTML, like Gecko) Chrome/137.0.7151.103 Mobile Safari/537.36 (compatible; Googlebot/2.1; +http://www.google.com/bot.html)"
63.250.38.117 - - [17/Jul/2025:13:49:26 -0400] "POST /wp-cron.php?doing_wp_cron=1752774566.0906069278717041015625 HTTP/1.1" 403 1242 "-" "WordPress/6.8.1; https://fnf.group"
66.249.68.135 - - [17/Jul/2025:13:49:20 -0400] "GET /?n=70828192857700&channel=a6451d&from=jp.php%3Fid%3D1928577-6344%26name%3DGates+23091+%E3%83%97%E3%83%AC%E3%83%9F%E3%82%A2%E3%83%A0%E3%83%A2%E3%82%B8%E3%83%A5%E3%83%A9%E3%83%BC%E3%82%AF%E3%83%BC%E3%83%A9%E3%83%B3%E3%83%88%E3%83%9B%E3%83%BC%E3%82%B9 HTTP/1.1" 301 0 "-" "Mozilla/5.0 (Linux; Android 6.0.1; Nexus 5X Build/MMB29P) AppleWebKit/537.36 (KHTML, like Gecko) Chrome/137.0.7151.103 Mobile Safari/537.36 (compatible; Googlebot/2.1; +http://www.google.com/bot.html)"
66.249.79.4 - - [17/Jul/2025:13:49:27 -0400] "GET /?n=70828192857700&channel=a6451d&from=jp.php%3Fid%3D1928577-6344%26name%3DGates%2023091%20%E3%83%97%E3%83%AC%E3%83%9F%E3%82%A2%E3%83%A0%E3%83%A2%E3%82%B8%E3%83%A5%E3%83%A9%E3%83%BC%E3%82%AF%E3%83%BC%E3%83%A9%E3%83%B3%E3%83%88%E3%83%9B%E3%83%BC%E3%82%B9 HTTP/1.1" 200 29845 "-" "Mozilla/5.0 (Linux; Android 6.0.1; Nexus 5X Build/MMB29P) AppleWebKit/537.36 (KHTML, like Gecko) Chrome/137.0.7151.103 Mobile Safari/537.36 (compatible; Googlebot/2.1; +http://www.google.com/bot.html)"
66.249.68.135 - - [17/Jul/2025:13:49:43 -0400] "GET /?n=7078065865805&channel=525f62&from=brands.php%3Fid%3D658658-5813%26name%3D%E3%82%A2%E3%82%AF%E3%82%A2%E3%83%9D%E3%83%8B%E3%83%83%E3%82%AF%E3%82%B9%E3%82%B7%E3%82%B9%E3%83%86%E3%83%A0%E3%80%8115%E9%9A%8E%E5%BB%BA%E3%81%A645%E7%A9%B4%E6%B0%B4%E8%80%95%E6%A0%BD%E5%9F%B9%E3%82%BF%E3%83%AF%E3%83%BC%E3%82%BB%E3%83%83%E3%83%88%E3%80%81%E5%B1%8B%E5%86%85%E3%83%BB%E5%B1%8B%E5%A4%96%E7%94%A8%E6%B0%B4%E8%80%95%E6%A0%BD%E5%9F%B9%E3%82%AD%E3%83%83%E3%83%88%E3%80%81%E6%B0%B4%E5%92%8C%E3%83%9D%E3%83%B3%E3%83%97%E3%82%BF%E3%82%A4%E3%83%9E%E3%83%BC%E3%82%A2%E3%83%80%E3%83%97%E3%82%BF%E3%83%BC%E4%BB%98%E3%81%8D%E3%80%81%E3%83%8F%E3%83%BC%E3%83%96 HTTP/1.1" 301 0 "-" "Mozilla/5.0 (Linux; Android 6.0.1; Nexus 5X Build/MMB29P) AppleWebKit/537.36 (KHTML, like Gecko) Chrome/137.0.7151.103 Mobile Safari/537.36 (compatible; Googlebot/2.1; +http://www.google.com/bot.html)"
66.249.79.3 - - [17/Jul/2025:13:49:51 -0400] "GET /?n=7078065865805&channel=525f62&from=brands.php%3Fid%3D658658-5813%26name%3D%E3%82%A2%E3%82%AF%E3%82%A2%E3%83%9D%E3%83%8B%E3%83%83%E3%82%AF%E3%82%B9%E3%82%B7%E3%82%B9%E3%83%86%E3%83%A0%E3%80%8115%E9%9A%8E%E5%BB%BA%E3%81%A645%E7%A9%B4%E6%B0%B4%E8%80%95%E6%A0%BD%E5%9F%B9%E3%82%BF%E3%83%AF%E3%83%BC%E3%82%BB%E3%83%83%E3%83%88%E3%80%81%E5%B1%8B%E5%86%85%E3%83%BB%E5%B1%8B%E5%A4%96%E7%94%A8%E6%B0%B4%E8%80%95%E6%A0%BD%E5%9F%B9%E3%82%AD%E3%83%83%E3%83%88%E3%80%81%E6%B0%B4%E5%92%8C%E3%83%9D%E3%83%B3%E3%83%97%E3%82%BF%E3%82%A4%E3%83%9E%E3%83%BC%E3%82%A2%E3%83%80%E3%83%97%E3%82%BF%E3%83%BC%E4%BB%98%E3%81%8D%E3%80%81%E3%83%8F%E3%83%BC%E3%83%96 HTTP/1.1" 200 29831 "-" "Mozilla/5.0 (Linux; Android 6.0.1; Nexus 5X Build/MMB29P) AppleWebKit/537.36 (KHTML, like Gecko) Chrome/137.0.7151.103 Mobile Safari/537.36 (compatible; Googlebot/2.1; +http://www.google.com/bot.html)"
66.249.68.136 - - [17/Jul/2025:13:50:05 -0400] "GET /?n=4160052847900&channel=967017&from=news.php%3Fid%3D528479-10344%26name%3D%E3%83%A9%E3%82%B8%E3%82%A8%E3%83%BC%E3%82%BF%E3%83%BC+N+BOX+AT+%E3%82%B3%E3%82%A6%E3%83%A8%E3%82%A6 HTTP/1.1" 301 0 "-" "Mozilla/5.0 (Linux; Android 6.0.1; Nexus 5X Build/MMB29P) AppleWebKit/537.36 (KHTML, like Gecko) Chrome/137.0.7151.103 Mobile Safari/537.36 (compatible; Googlebot/2.1; +http://www.google.com/bot.html)"
66.249.79.3 - - [17/Jul/2025:13:50:11 -0400] "GET /?n=4160052847900&channel=967017&from=news.php%3Fid%3D528479-10344%26name%3D%E3%83%A9%E3%82%B8%E3%82%A8%E3%83%BC%E3%82%BF%E3%83%BC%20N%20BOX%20AT%20%E3%82%B3%E3%82%A6%E3%83%A8%E3%82%A6 HTTP/1.1" 200 29829 "-" "Mozilla/5.0 (Linux; Android 6.0.1; Nexus 5X Build/MMB29P) AppleWebKit/537.36 (KHTML, like Gecko) Chrome/137.0.7151.103 Mobile Safari/537.36 (compatible; Googlebot/2.1; +http://www.google.com/bot.html)"
63.250.38.117 - - [17/Jul/2025:13:50:31 -0400] "POST /wp-cron.php?doing_wp_cron=1752774631.6942698955535888671875 HTTP/1.1" 403 1242 "-" "WordPress/6.8.1; https://fnf.group"
66.249.68.135 - - [17/Jul/2025:13:50:27 -0400] "GET /?n=1107651562400&channel=96736e&from=brands.php%3Fid%3D515624-5595%26name%3D%E6%9D%B1%E6%B4%8B+%E3%82%B9%E3%82%AB%E3%82%B8%E3%83%A3%E3%83%B3+%E3%83%A2%E3%82%B3%E3%83%A2%E3%82%B3%E3%83%91%E3%83%BC%E3%82%AB%E3%83%BC+%E3%83%A1%E3%83%B3%E3%82%BA+%E3%83%90%E3%83%BC%E3%82%B5%E3%83%9E%E3%82%A4%E3%82%AF%E3%83%AD%E3%82%B8%E3%83%A3%E3%82%B1%E3%83%83%E3%83%88+%E3%82%B5%E3%82%A4%E3%82%AF%E3%83%AA%E3%83%B3%E3%82%B0+%E3%82%B8%E3%83%A3%E3%82%B1%E3%83%83%E3%83%88+%E9%98%B2%E9%A2%A8+%E3%83%AC%E3%82%A4%E3%83%B3%E3%82%B3%E3%83%BC%E3%83%88+%E3%83%A1%E3%83%B3%E3%82%BA+%E8%87%AA%E8%BB%A2%E8%BB%8A HTTP/1.1" 301 0 "-" "Mozilla/5.0 (Linux; Android 6.0.1; Nexus 5X Build/MMB29P) AppleWebKit/537.36 (KHTML, like Gecko) Chrome/137.0.7151.103 Mobile Safari/537.36 (compatible; Googlebot/2.1; +http://www.google.com/bot.html)"
66.249.79.3 - - [17/Jul/2025:13:50:32 -0400] "GET /?n=1107651562400&channel=96736e&from=brands.php%3Fid%3D515624-5595%26name%3D%E6%9D%B1%E6%B4%8B%20%E3%82%B9%E3%82%AB%E3%82%B8%E3%83%A3%E3%83%B3%20%E3%83%A2%E3%82%B3%E3%83%A2%E3%82%B3%E3%83%91%E3%83%BC%E3%82%AB%E3%83%BC%20%E3%83%A1%E3%83%B3%E3%82%BA%20%E3%83%90%E3%83%BC%E3%82%B5%E3%83%9E%E3%82%A4%E3%82%AF%E3%83%AD%E3%82%B8%E3%83%A3%E3%82%B1%E3%83%83%E3%83%88%20%E3%82%B5%E3%82%A4%E3%82%AF%E3%83%AA%E3%83%B3%E3%82%B0%20%E3%82%B8%E3%83%A3%E3%82%B1%E3%83%83%E3%83%88%20%E9%98%B2%E9%A2%A8%20%E3%83%AC%E3%82%A4%E3%83%B3%E3%82%B3%E3%83%BC%E3%83%88%20%E3%83%A1%E3%83%B3%E3%82%BA%20%E8%87%AA%E8%BB%A2%E8%BB%8A HTTP/1.1" 200 29831 "-" "Mozilla/5.0 (Linux; Android 6.0.1; Nexus 5X Build/MMB29P) AppleWebKit/537.36 (KHTML, like Gecko) Chrome/137.0.7151.103 Mobile Safari/537.36 (compatible; Googlebot/2.1; +http://www.google.com/bot.html)"
66.249.68.135 - - [17/Jul/2025:13:50:50 -0400] "GET /?n=139991321102&channel=5200b1&from=brands.php%3Fid%3D13211-430%26name%3D%E3%81%BF%E3%81%99%E3%82%84%E8%A3%81%E7%B8%AB%E7%AE%B1%E3%80%8014%E7%82%B9%E3%82%BB%E3%83%83%E3%83%88%E3%80%80%E6%96%B0%E5%93%81%E3%80%80%E3%81%8A%E3%81%BE%E3%81%91%E4%BB%98%E3%81%8D HTTP/1.1" 301 0 "-" "Mozilla/5.0 (Linux; Android 6.0.1; Nexus 5X Build/MMB29P) AppleWebKit/537.36 (KHTML, like Gecko) Chrome/137.0.7151.103 Mobile Safari/537.36 (compatible; Googlebot/2.1; +http://www.google.com/bot.html)"
66.249.79.3 - - [17/Jul/2025:13:50:54 -0400] "GET /?n=139991321102&channel=5200b1&from=brands.php%3Fid%3D13211-430%26name%3D%E3%81%BF%E3%81%99%E3%82%84%E8%A3%81%E7%B8%AB%E7%AE%B1%E3%80%8014%E7%82%B9%E3%82%BB%E3%83%83%E3%83%88%E3%80%80%E6%96%B0%E5%93%81%E3%80%80%E3%81%8A%E3%81%BE%E3%81%91%E4%BB%98%E3%81%8D HTTP/1.1" 200 29830 "-" "Mozilla/5.0 (Linux; Android 6.0.1; Nexus 5X Build/MMB29P) AppleWebKit/537.36 (KHTML, like Gecko) Chrome/137.0.7151.103 Mobile Safari/537.36 (compatible; Googlebot/2.1; +http://www.google.com/bot.html)"
63.250.38.117 - - [17/Jul/2025:13:51:37 -0400] "POST /wp-cron.php?doing_wp_cron=1752774697.4024109840393066406250 HTTP/1.1" 403 1242 "-" "WordPress/6.8.1; https://fnf.group"
66.249.68.129 - - [17/Jul/2025:13:51:33 -0400] "GET /?n=8752135697201&channel=ee6eab&from=form.php%3Fid%3D356972-11185%26name%3D%E3%82%B7%E3%82%A7%E3%82%A4%E3%83%9FSR HTTP/1.1" 301 0 "-" "Mozilla/5.0 (Linux; Android 6.0.1; Nexus 5X Build/MMB29P) AppleWebKit/537.36 (KHTML, like Gecko) Chrome/137.0.7151.103 Mobile Safari/537.36 (compatible; Googlebot/2.1; +http://www.google.com/bot.html)"
66.249.79.3 - - [17/Jul/2025:13:51:38 -0400] "GET /?n=8752135697201&channel=ee6eab&from=form.php%3Fid%3D356972-11185%26name%3D%E3%82%B7%E3%82%A7%E3%82%A4%E3%83%9FSR HTTP/1.1" 200 29834 "-" "Mozilla/5.0 (Linux; Android 6.0.1; Nexus 5X Build/MMB29P) AppleWebKit/537.36 (KHTML, like Gecko) Chrome/137.0.7151.103 Mobile Safari/537.36 (compatible; Googlebot/2.1; +http://www.google.com/bot.html)"
66.249.68.130 - - [17/Jul/2025:13:51:44 -0400] "GET /?n=03980193711203&channel=122af6&from=info.php%3Fid%3D1937112-12798%26name%3D%EF%BC%BBKF38%EF%BC%BDOATMEAL+%E3%83%8E%E3%83%BC%E3%82%B9%E3%82%A2%E3%83%A1%E3%83%AA%E3%82%AB%E3%83%B3%E3%81%B9%E3%82%A2%E3%80%80%E3%81%AC%E3%81%84%E3%81%90%E3%82%8B%E3%81%BF%E3%80%80%E3%82%AF%E3%83%9E%E3%80%80%E3%82%B0%E3%83%AC%E3%83%BC HTTP/1.1" 301 0 "-" "Mozilla/5.0 (Linux; Android 6.0.1; Nexus 5X Build/MMB29P) AppleWebKit/537.36 (KHTML, like Gecko) Chrome/137.0.7151.103 Mobile Safari/537.36 (compatible; Googlebot/2.1; +http://www.google.com/bot.html)"
66.249.79.3 - - [17/Jul/2025:13:51:48 -0400] "GET /?n=03980193711203&channel=122af6&from=info.php%3Fid%3D1937112-12798%26name%3D%EF%BC%BBKF38%EF%BC%BDOATMEAL%20%E3%83%8E%E3%83%BC%E3%82%B9%E3%82%A2%E3%83%A1%E3%83%AA%E3%82%AB%E3%83%B3%E3%81%B9%E3%82%A2%E3%80%80%E3%81%AC%E3%81%84%E3%81%90%E3%82%8B%E3%81%BF%E3%80%80%E3%82%AF%E3%83%9E%E3%80%80%E3%82%B0%E3%83%AC%E3%83%BC HTTP/1.1" 200 29833 "-" "Mozilla/5.0 (Linux; Android 6.0.1; Nexus 5X Build/MMB29P) AppleWebKit/537.36 (KHTML, like Gecko) Chrome/137.0.7151.103 Mobile Safari/537.36 (compatible; Googlebot/2.1; +http://www.google.com/bot.html)"
66.249.68.129 - - [17/Jul/2025:13:51:57 -0400] "GET /?n=2291057982203&channel=c71716&from=shop.php%3Fid%3D579822-8857%26name%3D%E3%82%AA%E3%83%BC%E3%83%88%E3%83%90%E3%82%A4%E3%81%AE%E3%83%9E%E3%83%83%E3%83%89%E3%82%AC%E3%83%BC%E3%83%89%E3%83%95%E3%82%A7%E3%82%A2%E3%83%AA%E3%83%B3%E3%82%B0+%E3%83%95%E3%83%AD%E3%83%B3%E3%83%88%E3%83%9E%E3%83%83%E3%83%89%E3%82%AC%E3%83%BC%E3%83%89%E3%82%B9%E3%82%BA%E3%82%AD%E7%94%A8GN125+%E7%94%A8GN250+%E3%82%AA%E3%83%BC%E3%83%88%E3%83%90%E3%82%A4%E3%83%95%E3%83%AD%E3%83%B3%E3%83%88%E3%83%95%E3%82%A7%E3%83%B3%E3%83%80%E3%83%BC%E6%B3%A5%E3%83%95%E3%83%A9%E3%83%83%E3%83%97%E3%82%AC HTTP/1.1" 301 0 "-" "Mozilla/5.0 (Linux; Android 6.0.1; Nexus 5X Build/MMB29P) AppleWebKit/537.36 (KHTML, like Gecko) Chrome/137.0.7151.103 Mobile Safari/537.36 (compatible; Googlebot/2.1; +http://www.google.com/bot.html)"
35.209.59.228 - - [17/Jul/2025:13:52:01 -0400] "HEAD / HTTP/1.1" 200 0 "-" "scalaj-http/2.4.2"
91.142.73.116 - - [17/Jul/2025:13:52:01 -0400] "GET /2021/03/21/fondant-orange-cake-by-chanda-arshad/ HTTP/1.1" 200 18887 "https://fnf.group/2021/03/21/fondant-orange-cake-by-chanda-arshad/" "Mozilla/5.0 (Windows NT 10.0; Win64; x64) AppleWebKit/537.36 (KHTML, like Gecko) Chrome/129.0.0.0 Safari/537.36"
91.142.73.116 - - [17/Jul/2025:13:52:16 -0400] "POST /wp-comments-post.php HTTP/1.1" 403 1242 "https://fnf.group/2021/03/21/fondant-orange-cake-by-chanda-arshad/" "Mozilla/5.0 (Windows NT 10.0; Win64; x64) AppleWebKit/537.36 (KHTML, like Gecko) Chrome/129.0.0.0 Safari/537.36"
66.249.79.5 - - [17/Jul/2025:13:52:02 -0400] "GET /?n=2291057982203&channel=c71716&from=shop.php%3Fid%3D579822-8857%26name%3D%E3%82%AA%E3%83%BC%E3%83%88%E3%83%90%E3%82%A4%E3%81%AE%E3%83%9E%E3%83%83%E3%83%89%E3%82%AC%E3%83%BC%E3%83%89%E3%83%95%E3%82%A7%E3%82%A2%E3%83%AA%E3%83%B3%E3%82%B0%20%E3%83%95%E3%83%AD%E3%83%B3%E3%83%88%E3%83%9E%E3%83%83%E3%83%89%E3%82%AC%E3%83%BC%E3%83%89%E3%82%B9%E3%82%BA%E3%82%AD%E7%94%A8GN125%20%E7%94%A8GN250%20%E3%82%AA%E3%83%BC%E3%83%88%E3%83%90%E3%82%A4%E3%83%95%E3%83%AD%E3%83%B3%E3%83%88%E3%83%95%E3%82%A7%E3%83%B3%E3%83%80%E3%83%BC%E6%B3%A5%E3%83%95%E3%83%A9%E3%83%83%E3%83%97%E3%82%AC HTTP/1.1" 200 29836 "-" "Mozilla/5.0 (Linux; Android 6.0.1; Nexus 5X Build/MMB29P) AppleWebKit/537.36 (KHTML, like Gecko) Chrome/137.0.7151.103 Mobile Safari/537.36 (compatible; Googlebot/2.1; +http://www.google.com/bot.html)"
35.209.59.228 - - [17/Jul/2025:13:52:09 -0400] "GET / HTTP/1.1" 200 29835 "-" "Buck/2.4.5; (+https://app.hypefactors.com/media-monitoring/about.html)"
66.249.68.129 - - [17/Jul/2025:13:52:20 -0400] "GET /?n=93117142482902&channel=012cec&from=brands.php%3Fid%3D1424829-7640%26name%3D%E3%83%95%E3%83%AC%E3%82%A2%E3%82%B9%E3%83%AA%E3%83%BC%E3%83%96+%E3%83%96%E3%83%A9%E3%82%A6%E3%82%B9 HTTP/1.1" 301 0 "-" "Mozilla/5.0 (Linux; Android 6.0.1; Nexus 5X Build/MMB29P) AppleWebKit/537.36 (KHTML, like Gecko) Chrome/137.0.7151.103 Mobile Safari/537.36 (compatible; Googlebot/2.1; +http://www.google.com/bot.html)"
35.209.59.228 - - [17/Jul/2025:13:52:23 -0400] "GET /robots.txt HTTP/1.1" 200 84 "-" "Buck/2.4.5; (+https://app.hypefactors.com/media-monitoring/about.html)"
66.249.79.4 - - [17/Jul/2025:13:52:23 -0400] "GET /?n=93117142482902&channel=012cec&from=brands.php%3Fid%3D1424829-7640%26name%3D%E3%83%95%E3%83%AC%E3%82%A2%E3%82%B9%E3%83%AA%E3%83%BC%E3%83%96%20%E3%83%96%E3%83%A9%E3%82%A6%E3%82%B9 HTTP/1.1" 200 29833 "-" "Mozilla/5.0 (Linux; Android 6.0.1; Nexus 5X Build/MMB29P) AppleWebKit/537.36 (KHTML, like Gecko) Chrome/137.0.7151.103 Mobile Safari/537.36 (compatible; Googlebot/2.1; +http://www.google.com/bot.html)"
63.250.38.117 - - [17/Jul/2025:13:52:53 -0400] "POST /wp-cron.php?doing_wp_cron=1752774772.8961520195007324218750 HTTP/1.1" 403 1242 "-" "WordPress/6.8.1; https://fnf.group"
