198.12.112.14 - - [17/Jul/2025:09:57:07 -0400] "GET /wp-admin/plugin-editor.php?plugin=salient-widgets%2Fsalient-widgets.php HTTP/1.1" 403 965 "-" "Mozilla/5.0 (Macintosh; Intel Mac OS X 10_15_7) AppleWebKit/537.36 (KHTML, like Gecko) Chrome/131.0.0.0 Safari/537.36"
114.119.134.95 - - [17/Jul/2025:09:57:11 -0400] "GET /2025/06/26/azart-i-vyigryshi-i-luchshem-kazino/ HTTP/1.1" 200 20025 "https://fnf.group/2025/06/page/14/" "Mozilla/5.0 (Linux; Android 7.0;) AppleWebKit/537.36 (KHTML, like Gecko) Mobile Safari/537.36 (compatible; PetalBot;+https://webmaster.petalsearch.com/site/petalbot)"
198.12.112.14 - - [17/Jul/2025:09:57:13 -0400] "GET /wp-admin/plugin-editor.php?plugin=salient-wpbakery-page-builder%2Fsalient-wpbakery-page-builder.php HTTP/1.1" 403 965 "-" "Mozilla/5.0 (Macintosh; Intel Mac OS X 10_15_7) AppleWebKit/537.36 (KHTML, like Gecko) Chrome/131.0.0.0 Safari/537.36"
198.12.112.14 - - [17/Jul/2025:09:57:18 -0400] "GET /wp-admin/plugin-editor.php?plugin=nextend-smart-slider3-pro%2Fnextend-smart-slider3-pro.php HTTP/1.1" 403 965 "-" "Mozilla/5.0 (Macintosh; Intel Mac OS X 10_15_7) AppleWebKit/537.36 (KHTML, like Gecko) Chrome/131.0.0.0 Safari/537.36"
217.113.194.23 - - [17/Jul/2025:09:57:22 -0400] "GET /2025/06/21/i-software-casino-non-aams-preferiti-dai-clienti-italiani/feed/ HTTP/1.1" 200 549 "-" "Mozilla/5.0 (compatible; Barkrowler/0.9; +https://babbar.tech/crawler)"
198.12.112.14 - - [17/Jul/2025:09:57:23 -0400] "GET /wp-admin/plugin-editor.php?plugin=wpmudev_install-912164%2Fwpmudev_install-912164.php HTTP/1.1" 403 965 "-" "Mozilla/5.0 (Macintosh; Intel Mac OS X 10_15_7) AppleWebKit/537.36 (KHTML, like Gecko) Chrome/131.0.0.0 Safari/537.36"
66.249.68.129 - - [17/Jul/2025:09:57:28 -0400] "GET /?n=58909108893700&channel=c59235&from=brands.php%3Fid%3D1088937-24157%26name%3D%E2%98%85%E2%98%85%E3%82%B7%E3%82%AB%E3%82%B4+%E6%B5%81%E8%A1%80%E3%81%AE%E6%97%A5+%2F+%E3%81%84%E3%81%A3%E3%81%9F%E3%81%84%E7%8F%BE%E5%AE%9F%E3%82%92%E6%8A%8A%E6%8F%A1%E3%81%97%E3%81%A6%E3%81%84%E3%82%8B%E8%80%85%E3%81%AF%E3%81%84%E3%82%8B%E3%81%A0%E3%82%8D%E3%81%86%E3%81%8B%E2%98%857%E3%82%A4%E3%83%B3%E3%83%81%E3%83%AC%E3%82%B3%E3%83%BC%E3%83%89%E2%98%858957EPR HTTP/1.1" 301 0 "-" "Mozilla/5.0 (Linux; Android 6.0.1; Nexus 5X Build/MMB29P) AppleWebKit/537.36 (KHTML, like Gecko) Chrome/137.0.7151.103 Mobile Safari/537.36 (compatible; Googlebot/2.1; +http://www.google.com/bot.html)"
198.12.112.14 - - [17/Jul/2025:09:57:28 -0400] "GET /wp-admin/plugin-editor.php?plugin=user-submitted-posts%2Fuser-submitted-posts.php HTTP/1.1" 403 965 "-" "Mozilla/5.0 (Macintosh; Intel Mac OS X 10_15_7) AppleWebKit/537.36 (KHTML, like Gecko) Chrome/131.0.0.0 Safari/537.36"
66.249.79.4 - - [17/Jul/2025:09:57:33 -0400] "GET /?n=58909108893700&channel=c59235&from=brands.php%3Fid%3D1088937-24157%26name%3D%E2%98%85%E2%98%85%E3%82%B7%E3%82%AB%E3%82%B4%20%E6%B5%81%E8%A1%80%E3%81%AE%E6%97%A5%20%2F%20%E3%81%84%E3%81%A3%E3%81%9F%E3%81%84%E7%8F%BE%E5%AE%9F%E3%82%92%E6%8A%8A%E6%8F%A1%E3%81%97%E3%81%A6%E3%81%84%E3%82%8B%E8%80%85%E3%81%AF%E3%81%84%E3%82%8B%E3%81%A0%E3%82%8D%E3%81%86%E3%81%8B%E2%98%857%E3%82%A4%E3%83%B3%E3%83%81%E3%83%AC%E3%82%B3%E3%83%BC%E3%83%89%E2%98%858957EPR HTTP/1.1" 200 29831 "-" "Mozilla/5.0 (Linux; Android 6.0.1; Nexus 5X Build/MMB29P) AppleWebKit/537.36 (KHTML, like Gecko) Chrome/137.0.7151.103 Mobile Safari/537.36 (compatible; Googlebot/2.1; +http://www.google.com/bot.html)"
198.12.112.14 - - [17/Jul/2025:09:57:35 -0400] "GET /wp-admin/plugin-editor.php?plugin=w3-total-cache%2Fw3-total-cache.php HTTP/1.1" 403 965 "-" "Mozilla/5.0 (Macintosh; Intel Mac OS X 10_15_7) AppleWebKit/537.36 (KHTML, like Gecko) Chrome/131.0.0.0 Safari/537.36"
217.113.194.31 - - [17/Jul/2025:09:57:40 -0400] "GET /2025/06/21/casino-slot-oyunlari-bonus-rounds-karsilastirmasi-4/feed/ HTTP/1.1" 200 560 "-" "Mozilla/5.0 (compatible; Barkrowler/0.9; +https://babbar.tech/crawler)"
198.12.112.14 - - [17/Jul/2025:09:57:43 -0400] "GET /wp-admin/plugin-editor.php?plugin=wordpress-importer%2Fwordpress-importer.php HTTP/1.1" 403 965 "-" "Mozilla/5.0 (Macintosh; Intel Mac OS X 10_15_7) AppleWebKit/537.36 (KHTML, like Gecko) Chrome/131.0.0.0 Safari/537.36"
198.12.112.14 - - [17/Jul/2025:09:57:48 -0400] "GET /wp-admin/plugin-editor.php?plugin=wp-reset%2Fwp-reset.php HTTP/1.1" 403 965 "-" "Mozilla/5.0 (Macintosh; Intel Mac OS X 10_15_7) AppleWebKit/537.36 (KHTML, like Gecko) Chrome/131.0.0.0 Safari/537.36"
198.12.112.14 - - [17/Jul/2025:09:57:53 -0400] "GET /wp-admin/plugin-editor.php?plugin=wpforms%2Fwpforms.php HTTP/1.1" 403 965 "-" "Mozilla/5.0 (Macintosh; Intel Mac OS X 10_15_7) AppleWebKit/537.36 (KHTML, like Gecko) Chrome/131.0.0.0 Safari/537.36"
63.250.38.117 - - [17/Jul/2025:09:58:00 -0400] "POST /wp-cron.php?doing_wp_cron=1752760680.6816101074218750000000 HTTP/1.1" 403 1242 "-" "WordPress/6.8.1; https://fnf.group"
198.12.112.14 - - [17/Jul/2025:09:57:58 -0400] "GET /wp-admin/plugin-editor.php?plugin=wpmudev_install-119%2Fwpmudev_install-119.php HTTP/1.1" 403 965 "-" "Mozilla/5.0 (Macintosh; Intel Mac OS X 10_15_7) AppleWebKit/537.36 (KHTML, like Gecko) Chrome/131.0.0.0 Safari/537.36"
63.250.38.117 - - [17/Jul/2025:09:58:01 -0400] "POST /wp-cron.php?doing_wp_cron=1752760681.4856359958648681640625 HTTP/1.1" 403 1242 "-" "WordPress/6.8.1; https://fnf.group"
217.113.194.23 - - [17/Jul/2025:09:57:58 -0400] "GET /2025/06/27/mostbet-ofitsialnyi-sait-vkhod-v-lichnyi-kabinet/ HTTP/1.1" 200 31163 "-" "Mozilla/5.0 (compatible; Barkrowler/0.9; +https://babbar.tech/crawler)"
198.12.112.14 - - [17/Jul/2025:09:58:02 -0400] "GET /wp-admin/plugin-editor.php?plugin=yoast-seo-premium%2Fyoast-seo-premium.php HTTP/1.1" 403 965 "-" "Mozilla/5.0 (Macintosh; Intel Mac OS X 10_15_7) AppleWebKit/537.36 (KHTML, like Gecko) Chrome/131.0.0.0 Safari/537.36"
198.12.112.14 - - [17/Jul/2025:09:58:11 -0400] "GET /wp-login.php?wp_lang=en_US HTTP/1.1" 200 3798 "-" "Mozilla/5.0 (Macintosh; Intel Mac OS X 10_15_7) AppleWebKit/537.36 (KHTML, like Gecko) Chrome/131.0.0.0 Safari/537.36"
34.230.124.21 - - [17/Jul/2025:09:58:19 -0400] "GET /wp-includes/Requests/src/Hooks.php HTTP/1.1" 403 1242 "-" "Mozilla/5.0 AppleWebKit/537.36 (KHTML, like Gecko; compatible; Amazonbot/0.1; +https://developer.amazon.com/support/amazonbot) Chrome/119.0.6045.214 Safari/537.36"
198.12.112.14 - - [17/Jul/2025:09:58:15 -0400] "POST /wp-login.php?wp_lang=en_US HTTP/1.1" 302 0 "-" "Mozilla/5.0 (Macintosh; Intel Mac OS X 10_15_7) AppleWebKit/537.36 (KHTML, like Gecko) Chrome/131.0.0.0 Safari/537.36"
2602:ffe4:8:1001::5 - - [17/Jul/2025:09:58:15 -0400] "GET /wp-content/uploads/2021/11/Masterclass_2_1.png HTTP/1.1" 404 11507 "-" "Mozilla/5.0 (Linux; Android 5.0) AppleWebKit/537.36 (KHTML, like Gecko) Mobile Safari/537.36 (compatible; Bytespider; spider-feedback@bytedance.com)"
52.45.77.169 - - [17/Jul/2025:09:58:23 -0400] "GET /wp-includes/sitemaps/?SD HTTP/1.1" 200 1106 "-" "Mozilla/5.0 AppleWebKit/537.36 (KHTML, like Gecko; compatible; Amazonbot/0.1; +https://developer.amazon.com/support/amazonbot) Chrome/119.0.6045.214 Safari/537.36"
198.12.112.14 - - [17/Jul/2025:09:58:20 -0400] "GET /wp-login.php?redirect_to=https%3A%2F%2Ffnf.group%2Fwp-admin%2F&action=confirm_admin_email&wp_lang=en_US HTTP/1.1" 200 3818 "-" "Mozilla/5.0 (Macintosh; Intel Mac OS X 10_15_7) AppleWebKit/537.36 (KHTML, like Gecko) Chrome/131.0.0.0 Safari/537.36"
217.113.194.25 - - [17/Jul/2025:09:58:20 -0400] "GET /2020/10/30/bombay-bakery-coffee-butter-cream-cake-by-umme-fuzail/ HTTP/1.1" 200 18311 "-" "Mozilla/5.0 (compatible; Barkrowler/0.9; +https://babbar.tech/crawler)"
98.84.131.195 - - [17/Jul/2025:09:58:27 -0400] "GET /wp-includes/customize/?NA HTTP/1.1" 200 1823 "-" "Mozilla/5.0 AppleWebKit/537.36 (KHTML, like Gecko; compatible; Amazonbot/0.1; +https://developer.amazon.com/support/amazonbot) Chrome/119.0.6045.214 Safari/537.36"
54.83.180.239 - - [17/Jul/2025:09:58:31 -0400] "GET /wp-includes/js/tinymce/plugins/tabfocus/ HTTP/1.1" 200 660 "-" "Mozilla/5.0 AppleWebKit/537.36 (KHTML, like Gecko; compatible; Amazonbot/0.1; +https://developer.amazon.com/support/amazonbot) Chrome/119.0.6045.214 Safari/537.36"
198.12.112.14 - - [17/Jul/2025:09:58:28 -0400] "GET /wp-admin/theme-editor.php HTTP/1.1" 403 965 "-" "Mozilla/5.0 (Macintosh; Intel Mac OS X 10_15_7) AppleWebKit/537.36 (KHTML, like Gecko) Chrome/131.0.0.0 Safari/537.36"
114.119.148.60 - - [17/Jul/2025:09:58:28 -0400] "GET /2025/06/28/pin-up-casino-ofitsialnyi-sait-igrat-v-realnye-dengi-a-onlain-kazino-2/ HTTP/1.1" 200 31200 "https://fnf.group/category/1xbet-casino-bd/page/1/" "Mozilla/5.0 (Linux; Android 7.0;) AppleWebKit/537.36 (KHTML, like Gecko) Mobile Safari/537.36 (compatible; PetalBot;+https://webmaster.petalsearch.com/site/petalbot)"
185.177.72.236 - - [17/Jul/2025:09:58:34 -0400] "GET /.env HTTP/1.1" 403 1242 "-" "Mozilla/5.0 (Windows NT 10.0; Win64; x64) AppleWebKit/537.36 (KHTML, like Gecko) Chrome/91.0.4472.124 Safari/537.36"
54.144.185.255 - - [17/Jul/2025:09:58:35 -0400] "GET /wp-includes/js/jquery/ui/?SA HTTP/1.1" 403 1242 "-" "Mozilla/5.0 AppleWebKit/537.36 (KHTML, like Gecko; compatible; Amazonbot/0.1; +https://developer.amazon.com/support/amazonbot) Chrome/119.0.6045.214 Safari/537.36"
185.177.72.236 - - [17/Jul/2025:09:58:34 -0400] "GET /phpinfo HTTP/1.1" 404 11507 "-" "Mozilla/5.0 (Windows NT 10.0; Win64; x64) AppleWebKit/537.36 (KHTML, like Gecko) Chrome/91.0.4472.124 Safari/537.36"
198.12.112.14 - - [17/Jul/2025:09:58:35 -0400] "GET /wp-admin/plugins.php HTTP/1.1" 200 67995 "-" "Mozilla/5.0 (Macintosh; Intel Mac OS X 10_15_7) AppleWebKit/537.36 (KHTML, like Gecko) Chrome/131.0.0.0 Safari/537.36"
185.177.72.236 - - [17/Jul/2025:09:58:37 -0400] "GET /_profiler/phpinfo HTTP/1.1" 404 11507 "-" "Mozilla/5.0 (Windows NT 10.0; Win64; x64) AppleWebKit/537.36 (KHTML, like Gecko) Chrome/91.0.4472.124 Safari/537.36"
185.177.72.236 - - [17/Jul/2025:09:58:40 -0400] "GET /info.php HTTP/1.1" 404 11507 "-" "Mozilla/5.0 (Windows NT 10.0; Win64; x64) AppleWebKit/537.36 (KHTML, like Gecko) Chrome/91.0.4472.124 Safari/537.36"
185.177.72.236 - - [17/Jul/2025:09:58:41 -0400] "GET /index.html HTTP/1.1" 404 11507 "-" "Mozilla/5.0 (Windows NT 10.0; Win64; x64) AppleWebKit/537.36 (KHTML, like Gecko) Chrome/91.0.4472.124 Safari/537.36"
185.177.72.236 - - [17/Jul/2025:09:58:43 -0400] "GET /backend/.env HTTP/1.1" 403 1242 "-" "Mozilla/5.0 (Windows NT 10.0; Win64; x64) AppleWebKit/537.36 (KHTML, like Gecko) Chrome/91.0.4472.124 Safari/537.36"
185.177.72.236 - - [17/Jul/2025:09:58:43 -0400] "GET /api/.env HTTP/1.1" 403 1242 "-" "Mozilla/5.0 (Windows NT 10.0; Win64; x64) AppleWebKit/537.36 (KHTML, like Gecko) Chrome/91.0.4472.124 Safari/537.36"
198.12.112.14 - - [17/Jul/2025:09:58:42 -0400] "GET /wp-admin/plugin-editor.php?plugin=all-in-one-wp-migration%2Fall-in-one-wp-migration.php HTTP/1.1" 403 965 "-" "Mozilla/5.0 (Macintosh; Intel Mac OS X 10_15_7) AppleWebKit/537.36 (KHTML, like Gecko) Chrome/131.0.0.0 Safari/537.36"
217.113.194.27 - - [17/Jul/2025:09:58:42 -0400] "GET /2020/09/28/shahi-sultan-sheekh-parda-biryani-by-amina-nana/ HTTP/1.1" 200 18434 "-" "Mozilla/5.0 (compatible; Barkrowler/0.9; +https://babbar.tech/crawler)"
185.177.72.236 - - [17/Jul/2025:09:58:44 -0400] "GET /env.backup HTTP/1.1" 404 11507 "-" "Mozilla/5.0 (Windows NT 10.0; Win64; x64) AppleWebKit/537.36 (KHTML, like Gecko) Chrome/91.0.4472.124 Safari/537.36"
185.177.72.236 - - [17/Jul/2025:09:58:47 -0400] "GET /phpinfo.php HTTP/1.1" 404 11507 "-" "Mozilla/5.0 (Windows NT 10.0; Win64; x64) AppleWebKit/537.36 (KHTML, like Gecko) Chrome/91.0.4472.124 Safari/537.36"
185.177.72.236 - - [17/Jul/2025:09:58:49 -0400] "GET /main/.env HTTP/1.1" 403 1242 "-" "Mozilla/5.0 (Windows NT 10.0; Win64; x64) AppleWebKit/537.36 (KHTML, like Gecko) Chrome/91.0.4472.124 Safari/537.36"
185.177.72.236 - - [17/Jul/2025:09:58:49 -0400] "GET /.env.old HTTP/1.1" 403 1242 "-" "Mozilla/5.0 (Windows NT 10.0; Win64; x64) AppleWebKit/537.36 (KHTML, like Gecko) Chrome/91.0.4472.124 Safari/537.36"
198.12.112.14 - - [17/Jul/2025:09:58:48 -0400] "GET /wp-admin/plugin-editor.php?plugin=classic-editor%2Fclassic-editor.php HTTP/1.1" 403 965 "-" "Mozilla/5.0 (Macintosh; Intel Mac OS X 10_15_7) AppleWebKit/537.36 (KHTML, like Gecko) Chrome/131.0.0.0 Safari/537.36"
185.177.72.236 - - [17/Jul/2025:09:58:49 -0400] "GET /api/config.env HTTP/1.1" 404 11507 "-" "Mozilla/5.0 (Windows NT 10.0; Win64; x64) AppleWebKit/537.36 (KHTML, like Gecko) Chrome/91.0.4472.124 Safari/537.36"
185.177.72.236 - - [17/Jul/2025:09:58:51 -0400] "GET /.aws/credentials HTTP/1.1" 404 11507 "-" "Mozilla/5.0 (Windows NT 10.0; Win64; x64) AppleWebKit/537.36 (KHTML, like Gecko) Chrome/91.0.4472.124 Safari/537.36"
198.12.112.14 - - [17/Jul/2025:09:58:52 -0400] "GET /wp-admin/plugin-editor.php?plugin=coming-soon%2Fcoming-soon.php HTTP/1.1" 403 965 "-" "Mozilla/5.0 (Macintosh; Intel Mac OS X 10_15_7) AppleWebKit/537.36 (KHTML, like Gecko) Chrome/131.0.0.0 Safari/537.36"
185.177.72.236 - - [17/Jul/2025:09:58:54 -0400] "GET /lara/phpinfo.php HTTP/1.1" 404 11507 "-" "Mozilla/5.0 (Windows NT 10.0; Win64; x64) AppleWebKit/537.36 (KHTML, like Gecko) Chrome/91.0.4472.124 Safari/537.36"
185.177.72.236 - - [17/Jul/2025:09:58:58 -0400] "GET /core/.env HTTP/1.1" 403 1242 "-" "Mozilla/5.0 (Windows NT 10.0; Win64; x64) AppleWebKit/537.36 (KHTML, like Gecko) Chrome/91.0.4472.124 Safari/537.36"
198.12.112.14 - - [17/Jul/2025:09:58:57 -0400] "GET /wp-admin/plugin-editor.php?plugin=contact-form-7%2Fcontact-form-7.php HTTP/1.1" 403 965 "-" "Mozilla/5.0 (Macintosh; Intel Mac OS X 10_15_7) AppleWebKit/537.36 (KHTML, like Gecko) Chrome/131.0.0.0 Safari/537.36"
185.177.72.236 - - [17/Jul/2025:09:58:58 -0400] "GET /application.properties HTTP/1.1" 404 11507 "-" "Mozilla/5.0 (Windows NT 10.0; Win64; x64) AppleWebKit/537.36 (KHTML, like Gecko) Chrome/91.0.4472.124 Safari/537.36"
185.177.72.236 - - [17/Jul/2025:09:59:01 -0400] "GET /prod/.env HTTP/1.1" 403 1242 "-" "Mozilla/5.0 (Windows NT 10.0; Win64; x64) AppleWebKit/537.36 (KHTML, like Gecko) Chrome/91.0.4472.124 Safari/537.36"
185.177.72.236 - - [17/Jul/2025:09:59:01 -0400] "GET /kyc/.env HTTP/1.1" 403 1242 "-" "Mozilla/5.0 (Windows NT 10.0; Win64; x64) AppleWebKit/537.36 (KHTML, like Gecko) Chrome/91.0.4472.124 Safari/537.36"
63.250.38.117 - - [17/Jul/2025:09:59:05 -0400] "POST /wp-cron.php?doing_wp_cron=1752760745.4820160865783691406250 HTTP/1.1" 403 1242 "-" "WordPress/6.8.1; https://fnf.group"
185.177.72.236 - - [17/Jul/2025:09:59:02 -0400] "GET /aws/credentials HTTP/1.1" 404 11507 "-" "Mozilla/5.0 (Windows NT 10.0; Win64; x64) AppleWebKit/537.36 (KHTML, like Gecko) Chrome/91.0.4472.124 Safari/537.36"
185.177.72.236 - - [17/Jul/2025:09:59:07 -0400] "GET /laravael/core/.env HTTP/1.1" 403 1242 "-" "Mozilla/5.0 (Windows NT 10.0; Win64; x64) AppleWebKit/537.36 (KHTML, like Gecko) Chrome/91.0.4472.124 Safari/537.36"
63.250.38.117 - - [17/Jul/2025:09:59:07 -0400] "POST /wp-cron.php?doing_wp_cron=1752760746.8842589855194091796875 HTTP/1.1" 403 1242 "-" "WordPress/6.8.1; https://fnf.group"
63.250.38.117 - - [17/Jul/2025:09:59:08 -0400] "POST /wp-cron.php?doing_wp_cron=1752760747.9939169883728027343750 HTTP/1.1" 403 1242 "-" "WordPress/6.8.1; https://fnf.group"
198.12.112.14 - - [17/Jul/2025:09:59:03 -0400] "GET /wp-admin/plugin-editor.php?plugin=delete-all-comments-of-website%2Fdelete-all-comments-of-website.php HTTP/1.1" 403 965 "-" "Mozilla/5.0 (Macintosh; Intel Mac OS X 10_15_7) AppleWebKit/537.36 (KHTML, like Gecko) Chrome/131.0.0.0 Safari/537.36"
217.113.194.26 - - [17/Jul/2025:09:59:03 -0400] "GET /2025/07/07/1xbet-azerbaycan-yukle-mobil-az-indir-android-os-io/ HTTP/1.1" 200 27774 "-" "Mozilla/5.0 (compatible; Barkrowler/0.9; +https://babbar.tech/crawler)"
185.177.72.236 - - [17/Jul/2025:09:59:07 -0400] "GET /server-info.php HTTP/1.1" 404 11507 "-" "Mozilla/5.0 (Windows NT 10.0; Win64; x64) AppleWebKit/537.36 (KHTML, like Gecko) Chrome/91.0.4472.124 Safari/537.36"
66.249.68.131 - - [17/Jul/2025:09:59:08 -0400] "GET /?n=2729917322900&channel=b32f98&from=category-info.php%3Fid%3D173229-6364%26name%3DVW+%E3%82%B4%E3%83%AB%E3%83%95+7+MK7+GTI+R+Rline+2013-2016+%E8%BB%8A%E3%81%AE%E3%83%95%E3%83%AD%E3%83%B3%E3%83%88%E3%83%90%E3%83%B3%E3%83%91%E3%83%BC%E3%83%AA%E3%83%83%E3%83%97%E3%82%B9%E3%83%97%E3%83%AA%E3%83%83%E3%82%BF%E3%83%BC%E3%83%87%E3%82%A3%E3%83%95%E3%83%A5%E3%83%BC%E3%82%B6%E3%83%BC%E3%83%9C%E3%83%87%E3%82%A3%E3%82%AD%E3%83%83 HTTP/1.1" 301 0 "-" "Mozilla/5.0 (Linux; Android 6.0.1; Nexus 5X Build/MMB29P) AppleWebKit/537.36 (KHTML, like Gecko) Chrome/137.0.7151.103 Mobile Safari/537.36 (compatible; Googlebot/2.1; +http://www.google.com/bot.html)"
185.177.72.236 - - [17/Jul/2025:09:59:10 -0400] "GET /.aws/config HTTP/1.1" 404 11507 "-" "Mozilla/5.0 (Windows NT 10.0; Win64; x64) AppleWebKit/537.36 (KHTML, like Gecko) Chrome/91.0.4472.124 Safari/537.36"
185.177.72.236 - - [17/Jul/2025:09:59:14 -0400] "GET /docker/app/.env HTTP/1.1" 403 1242 "-" "Mozilla/5.0 (Windows NT 10.0; Win64; x64) AppleWebKit/537.36 (KHTML, like Gecko) Chrome/91.0.4472.124 Safari/537.36"
198.12.112.14 - - [17/Jul/2025:09:59:10 -0400] "GET /wp-admin/plugin-editor.php?plugin=elfsight-instagram-feed-cc%2Felfsight-instagram-feed-cc.php HTTP/1.1" 403 965 "-" "Mozilla/5.0 (Macintosh; Intel Mac OS X 10_15_7) AppleWebKit/537.36 (KHTML, like Gecko) Chrome/131.0.0.0 Safari/537.36"
66.249.79.4 - - [17/Jul/2025:09:59:11 -0400] "GET /?n=2729917322900&channel=b32f98&from=category-info.php%3Fid%3D173229-6364%26name%3DVW%20%E3%82%B4%E3%83%AB%E3%83%95%207%20MK7%20GTI%20R%20Rline%202013-2016%20%E8%BB%8A%E3%81%AE%E3%83%95%E3%83%AD%E3%83%B3%E3%83%88%E3%83%90%E3%83%B3%E3%83%91%E3%83%BC%E3%83%AA%E3%83%83%E3%83%97%E3%82%B9%E3%83%97%E3%83%AA%E3%83%83%E3%82%BF%E3%83%BC%E3%83%87%E3%82%A3%E3%83%95%E3%83%A5%E3%83%BC%E3%82%B6%E3%83%BC%E3%83%9C%E3%83%87%E3%82%A3%E3%82%AD%E3%83%83 HTTP/1.1" 200 29829 "-" "Mozilla/5.0 (Linux; Android 6.0.1; Nexus 5X Build/MMB29P) AppleWebKit/537.36 (KHTML, like Gecko) Chrome/137.0.7151.103 Mobile Safari/537.36 (compatible; Googlebot/2.1; +http://www.google.com/bot.html)"
185.177.72.236 - - [17/Jul/2025:09:59:14 -0400] "GET /lara/info.php HTTP/1.1" 404 11507 "-" "Mozilla/5.0 (Windows NT 10.0; Win64; x64) AppleWebKit/537.36 (KHTML, like Gecko) Chrome/91.0.4472.124 Safari/537.36"
185.177.72.236 - - [17/Jul/2025:09:59:17 -0400] "GET /.env.prod HTTP/1.1" 403 1242 "-" "Mozilla/5.0 (Windows NT 10.0; Win64; x64) AppleWebKit/537.36 (KHTML, like Gecko) Chrome/91.0.4472.124 Safari/537.36"
198.12.112.14 - - [17/Jul/2025:09:59:16 -0400] "GET /wp-admin/plugin-editor.php?plugin=litespeed-cache%2Flitespeed-cache.php HTTP/1.1" 403 965 "-" "Mozilla/5.0 (Macintosh; Intel Mac OS X 10_15_7) AppleWebKit/537.36 (KHTML, like Gecko) Chrome/131.0.0.0 Safari/537.36"
185.177.72.236 - - [17/Jul/2025:09:59:17 -0400] "GET /config/local.yml HTTP/1.1" 404 11507 "-" "Mozilla/5.0 (Windows NT 10.0; Win64; x64) AppleWebKit/537.36 (KHTML, like Gecko) Chrome/91.0.4472.124 Safari/537.36"
198.12.112.14 - - [17/Jul/2025:09:59:20 -0400] "GET /wp-admin/plugin-editor.php?plugin=ninja-forms%2Fninja-forms.php HTTP/1.1" 403 965 "-" "Mozilla/5.0 (Macintosh; Intel Mac OS X 10_15_7) AppleWebKit/537.36 (KHTML, like Gecko) Chrome/131.0.0.0 Safari/537.36"
185.177.72.236 - - [17/Jul/2025:09:59:22 -0400] "GET /secrets/aws_ses.env HTTP/1.1" 404 11507 "-" "Mozilla/5.0 (Windows NT 10.0; Win64; x64) AppleWebKit/537.36 (KHTML, like Gecko) Chrome/91.0.4472.124 Safari/537.36"
185.177.72.236 - - [17/Jul/2025:09:59:27 -0400] "GET /awsstats/.env HTTP/1.1" 403 1242 "-" "Mozilla/5.0 (Windows NT 10.0; Win64; x64) AppleWebKit/537.36 (KHTML, like Gecko) Chrome/91.0.4472.124 Safari/537.36"
66.249.68.129 - - [17/Jul/2025:09:59:23 -0400] "GET /?n=0730159219905&channel=70be45&from=shared.php%3Fid%3D592199-6017%26name%3D%E3%83%95%E3%83%AD%E3%83%B3%E3%83%88%E3%83%91%E3%83%8D%E3%83%AB%E3%83%80%E3%83%B3%E3%83%91%E3%83%BC+%E3%82%AC%E3%82%B9%E3%82%B9%E3%83%97%E3%83%AA%E3%83%B3%E3%82%B0%E3%82%B5%E3%83%9D%E3%83%BC%E3%83%88%E3%83%96%E3%83%A9%E3%82%B1%E3%83%83%E3%83%88%E3%82%B7%E3%83%A7%E3%83%83%E3%82%AF%E3%83%90%E3%83%BC%E3%83%AD%E3%83%83%E3%83%89%E3%83%AA%E3%83%95%E3%83%88%E8%87%AA%E5%8B%95%E8%BB%8A%E3%83%95%E3%83%AD%E3%83%B3%E3%83%88%E3%83%95%E3%83%BC%E3%83%89%E3%82%A8%E3%83%B3%E3%82%B8%E3%83%B3%E3%82%AB%E3%83%90%E3%83%BC%E3%82%B9%E3%83%88%E3%83%A9%E3%83%83%E3%83%88%E3%83%9C%E3%83%B3%E3%83%8D%E3%83%83 HTTP/1.1" 301 0 "-" "Mozilla/5.0 (Linux; Android 6.0.1; Nexus 5X Build/MMB29P) AppleWebKit/537.36 (KHTML, like Gecko) Chrome/137.0.7151.103 Mobile Safari/537.36 (compatible; Googlebot/2.1; +http://www.google.com/bot.html)"
185.177.72.236 - - [17/Jul/2025:09:59:27 -0400] "GET /admin/.env HTTP/1.1" 403 1242 "-" "Mozilla/5.0 (Windows NT 10.0; Win64; x64) AppleWebKit/537.36 (KHTML, like Gecko) Chrome/91.0.4472.124 Safari/537.36"
66.249.79.4 - - [17/Jul/2025:09:59:26 -0400] "GET /?n=9043994329204&channel=4909ff&from=news.php%3Fid%3D943292-9993%26name%3D%E3%82%AA%E3%83%BC%E3%83%90%E3%83%BC%E3%82%B6%E3%83%89%E3%82%A2%E3%82%AA%E3%83%BC%E3%82%AC%E3%83%8A%E3%82%A4%E3%82%B6%E3%83%BC+%E3%82%B9%E3%83%88%E3%83%AC%E3%83%BC%E3%82%B8%E3%83%89%E3%82%A2%E3%83%8F%E3%83%B3%E3%82%AE%E3%83%B3%E3%82%B0%E3%82%AA%E3%83%BC%E3%82%AC%E3%83%8A%E3%82%A4%E3%82%B6%E3%83%BC+4%E3%81%A4%E3%81%AE%E5%A4%A7%E3%81%8D%E3%81%AA%E3%83%9D%E3%82%B1%E3%83%83%E3%83%88%E4%BB%98%E3%81%8D+%E9%80%8F%E6%98%8E%E3%81%AA%E7%AA%93%E4%BB%98%E3%81%8D+%E3%81%8A%E3%82%82%E3%81%A1%E3%82%83+%E5%AD%90%E4%BE%9B%E9%83%A8%E5%B1%8B+%E5%AF%AE HTTP/1.1" 301 0 "-" "Mozilla/5.0 (Linux; Android 6.0.1; Nexus 5X Build/MMB29P) AppleWebKit/537.36 (KHTML, like Gecko) Chrome/137.0.7151.103 Mobile Safari/537.36 (compatible; Googlebot/2.1; +http://www.google.com/bot.html)"
217.113.194.26 - - [17/Jul/2025:09:59:24 -0400] "GET /2025/06/24/ksw-zaklady-bukmacherskie-2025-on-the-internet-i-na-zywo/ HTTP/1.1" 200 30621 "-" "Mozilla/5.0 (compatible; Barkrowler/0.9; +https://babbar.tech/crawler)"
185.177.72.236 - - [17/Jul/2025:09:59:27 -0400] "GET /config/storage.yml HTTP/1.1" 404 11507 "-" "Mozilla/5.0 (Windows NT 10.0; Win64; x64) AppleWebKit/537.36 (KHTML, like Gecko) Chrome/91.0.4472.124 Safari/537.36"
198.12.112.14 - - [17/Jul/2025:09:59:27 -0400] "GET /wp-admin/plugin-editor.php?plugin=plus-gallery-shared-on-wplocker-com%2Fplus-gallery-shared-on-wplocker-com.php HTTP/1.1" 403 965 "-" "Mozilla/5.0 (Macintosh; Intel Mac OS X 10_15_7) AppleWebKit/537.36 (KHTML, like Gecko) Chrome/131.0.0.0 Safari/537.36"
66.249.79.3 - - [17/Jul/2025:09:59:27 -0400] "GET /?n=0730159219905&channel=70be45&from=shared.php%3Fid%3D592199-6017%26name%3D%E3%83%95%E3%83%AD%E3%83%B3%E3%83%88%E3%83%91%E3%83%8D%E3%83%AB%E3%83%80%E3%83%B3%E3%83%91%E3%83%BC%20%E3%82%AC%E3%82%B9%E3%82%B9%E3%83%97%E3%83%AA%E3%83%B3%E3%82%B0%E3%82%B5%E3%83%9D%E3%83%BC%E3%83%88%E3%83%96%E3%83%A9%E3%82%B1%E3%83%83%E3%83%88%E3%82%B7%E3%83%A7%E3%83%83%E3%82%AF%E3%83%90%E3%83%BC%E3%83%AD%E3%83%83%E3%83%89%E3%83%AA%E3%83%95%E3%83%88%E8%87%AA%E5%8B%95%E8%BB%8A%E3%83%95%E3%83%AD%E3%83%B3%E3%83%88%E3%83%95%E3%83%BC%E3%83%89%E3%82%A8%E3%83%B3%E3%82%B8%E3%83%B3%E3%82%AB%E3%83%90%E3%83%BC%E3%82%B9%E3%83%88%E3%83%A9%E3%83%83%E3%83%88%E3%83%9C%E3%83%B3%E3%83%8D%E3%83%83 HTTP/1.1" 200 29831 "-" "Mozilla/5.0 (Linux; Android 6.0.1; Nexus 5X Build/MMB29P) AppleWebKit/537.36 (KHTML, like Gecko) Chrome/137.0.7151.103 Mobile Safari/537.36 (compatible; Googlebot/2.1; +http://www.google.com/bot.html)"
66.249.79.3 - - [17/Jul/2025:09:59:30 -0400] "GET /?n=9043994329204&channel=4909ff&from=news.php%3Fid%3D943292-9993%26name%3D%E3%82%AA%E3%83%BC%E3%83%90%E3%83%BC%E3%82%B6%E3%83%89%E3%82%A2%E3%82%AA%E3%83%BC%E3%82%AC%E3%83%8A%E3%82%A4%E3%82%B6%E3%83%BC%20%E3%82%B9%E3%83%88%E3%83%AC%E3%83%BC%E3%82%B8%E3%83%89%E3%82%A2%E3%83%8F%E3%83%B3%E3%82%AE%E3%83%B3%E3%82%B0%E3%82%AA%E3%83%BC%E3%82%AC%E3%83%8A%E3%82%A4%E3%82%B6%E3%83%BC%204%E3%81%A4%E3%81%AE%E5%A4%A7%E3%81%8D%E3%81%AA%E3%83%9D%E3%82%B1%E3%83%83%E3%83%88%E4%BB%98%E3%81%8D%20%E9%80%8F%E6%98%8E%E3%81%AA%E7%AA%93%E4%BB%98%E3%81%8D%20%E3%81%8A%E3%82%82%E3%81%A1%E3%82%83%20%E5%AD%90%E4%BE%9B%E9%83%A8%E5%B1%8B%20%E5%AF%AE HTTP/1.1" 200 29831 "-" "Mozilla/5.0 (Linux; Android 6.0.1; Nexus 5X Build/MMB29P) AppleWebKit/537.36 (KHTML, like Gecko) Chrome/137.0.7151.103 Mobile Safari/537.36 (compatible; Googlebot/2.1; +http://www.google.com/bot.html)"
185.177.72.236 - - [17/Jul/2025:09:59:33 -0400] "GET /settings.py HTTP/1.1" 404 11507 "-" "Mozilla/5.0 (Windows NT 10.0; Win64; x64) AppleWebKit/537.36 (KHTML, like Gecko) Chrome/91.0.4472.124 Safari/537.36"
185.177.72.236 - - [17/Jul/2025:09:59:36 -0400] "GET /apps/.env HTTP/1.1" 403 1242 "-" "Mozilla/5.0 (Windows NT 10.0; Win64; x64) AppleWebKit/537.36 (KHTML, like Gecko) Chrome/91.0.4472.124 Safari/537.36"
198.12.112.14 - - [17/Jul/2025:09:59:37 -0400] "GET /wp-admin/plugin-editor.php?plugin=salient-core%2Fsalient-core.php HTTP/1.1" 403 965 "-" "Mozilla/5.0 (Macintosh; Intel Mac OS X 10_15_7) AppleWebKit/537.36 (KHTML, like Gecko) Chrome/131.0.0.0 Safari/537.36"
185.177.72.236 - - [17/Jul/2025:09:59:37 -0400] "GET /opt/aws/ses.env HTTP/1.1" 404 11507 "-" "Mozilla/5.0 (Windows NT 10.0; Win64; x64) AppleWebKit/537.36 (KHTML, like Gecko) Chrome/91.0.4472.124 Safari/537.36"
66.249.68.129 - - [17/Jul/2025:09:59:38 -0400] "GET /?n=2279677514503&channel=9d22ca&from=goods.php%3Fid%3D775145-19589%26name%3D%E3%82%B9%E3%83%9E%E3%83%9B%E3%82%B7%E3%83%A7%E3%83%AB%E3%83%80%E3%83%BC%E3%83%90%E3%83%83%E3%82%AF HTTP/1.1" 301 0 "-" "Mozilla/5.0 (Linux; Android 6.0.1; Nexus 5X Build/MMB29P) AppleWebKit/537.36 (KHTML, like Gecko) Chrome/137.0.7151.103 Mobile Safari/537.36 (compatible; Googlebot/2.1; +http://www.google.com/bot.html)"
185.177.72.236 - - [17/Jul/2025:09:59:41 -0400] "GET /logs/aws/ses.log HTTP/1.1" 404 11507 "-" "Mozilla/5.0 (Windows NT 10.0; Win64; x64) AppleWebKit/537.36 (KHTML, like Gecko) Chrome/91.0.4472.124 Safari/537.36"
185.177.72.236 - - [17/Jul/2025:09:59:45 -0400] "GET /private/.env HTTP/1.1" 403 1242 "-" "Mozilla/5.0 (Windows NT 10.0; Win64; x64) AppleWebKit/537.36 (KHTML, like Gecko) Chrome/91.0.4472.124 Safari/537.36"
66.249.79.3 - - [17/Jul/2025:09:59:42 -0400] "GET /?n=2279677514503&channel=9d22ca&from=goods.php%3Fid%3D775145-19589%26name%3D%E3%82%B9%E3%83%9E%E3%83%9B%E3%82%B7%E3%83%A7%E3%83%AB%E3%83%80%E3%83%BC%E3%83%90%E3%83%83%E3%82%AF HTTP/1.1" 200 29833 "-" "Mozilla/5.0 (Linux; Android 6.0.1; Nexus 5X Build/MMB29P) AppleWebKit/537.36 (KHTML, like Gecko) Chrome/137.0.7151.103 Mobile Safari/537.36 (compatible; Googlebot/2.1; +http://www.google.com/bot.html)"
198.12.112.14 - - [17/Jul/2025:09:59:43 -0400] "GET /wp-admin/plugin-editor.php?plugin=salient-demo-importer%2Fsalient-demo-importer.php HTTP/1.1" 403 965 "-" "Mozilla/5.0 (Macintosh; Intel Mac OS X 10_15_7) AppleWebKit/537.36 (KHTML, like Gecko) Chrome/131.0.0.0 Safari/537.36"
185.177.72.236 - - [17/Jul/2025:09:59:45 -0400] "GET /docker-compose.yml HTTP/1.1" 404 11507 "-" "Mozilla/5.0 (Windows NT 10.0; Win64; x64) AppleWebKit/537.36 (KHTML, like Gecko) Chrome/91.0.4472.124 Safari/537.36"
185.177.72.236 - - [17/Jul/2025:09:59:49 -0400] "GET /.git/config HTTP/1.1" 403 1242 "-" "Mozilla/5.0 (Windows NT 10.0; Win64; x64) AppleWebKit/537.36 (KHTML, like Gecko) Chrome/91.0.4472.124 Safari/537.36"
154.54.249.195 - - [17/Jul/2025:09:59:46 -0400] "GET /2025/06/25/twoje-zrodlo-typow-i-zakladow-bukmacherskich/ HTTP/1.1" 200 27761 "-" "Mozilla/5.0 (compatible; Barkrowler/0.9; +https://babbar.tech/crawler)"
198.12.112.14 - - [17/Jul/2025:09:59:49 -0400] "GET /wp-admin/plugin-editor.php?plugin=salient-home-slider%2Fsalient-home-slider.php HTTP/1.1" 403 965 "-" "Mozilla/5.0 (Macintosh; Intel Mac OS X 10_15_7) AppleWebKit/537.36 (KHTML, like Gecko) Chrome/131.0.0.0 Safari/537.36"
114.119.128.253 - - [17/Jul/2025:09:59:53 -0400] "GET /2020/09/04/beef-nalli-nihari-by-madiha-abdul-samad/ HTTP/1.1" 200 18310 "https://fnf.group/2020/09/page/5/" "Mozilla/5.0 (Linux; Android 7.0;) AppleWebKit/537.36 (KHTML, like Gecko) Mobile Safari/537.36 (compatible; PetalBot;+https://webmaster.petalsearch.com/site/petalbot)"
198.12.112.14 - - [17/Jul/2025:09:59:56 -0400] "GET /wp-admin/plugin-editor.php?plugin=salient-nectar-slider%2Fsalient-nectar-slider.php HTTP/1.1" 403 965 "-" "Mozilla/5.0 (Macintosh; Intel Mac OS X 10_15_7) AppleWebKit/537.36 (KHTML, like Gecko) Chrome/131.0.0.0 Safari/537.36"
198.12.112.14 - - [17/Jul/2025:10:00:02 -0400] "GET /wp-admin/plugin-editor.php?plugin=salient-portfolio%2Fsalient-portfolio.php HTTP/1.1" 403 965 "-" "Mozilla/5.0 (Macintosh; Intel Mac OS X 10_15_7) AppleWebKit/537.36 (KHTML, like Gecko) Chrome/131.0.0.0 Safari/537.36"
63.250.38.117 - - [17/Jul/2025:10:00:15 -0400] "POST /wp-cron.php?doing_wp_cron=1752760815.4835529327392578125000 HTTP/1.1" 403 1242 "-" "WordPress/6.8.1; https://fnf.group"
63.250.38.117 - - [17/Jul/2025:10:00:21 -0400] "POST /wp-cron.php?doing_wp_cron=1752760820.4808740615844726562500 HTTP/1.1" 403 1242 "-" "WordPress/6.8.1; https://fnf.group"
198.12.112.14 - - [17/Jul/2025:10:00:07 -0400] "GET /wp-admin/plugin-editor.php?plugin=salient-shortcodes%2Fsalient-shortcodes.php HTTP/1.1" 403 965 "-" "Mozilla/5.0 (Macintosh; Intel Mac OS X 10_15_7) AppleWebKit/537.36 (KHTML, like Gecko) Chrome/131.0.0.0 Safari/537.36"
217.113.194.28 - - [17/Jul/2025:10:00:07 -0400] "GET /2025/06/25/pin-up-kz-pin-ap-ofitsialnyi-sait-v-kazakhstane/ HTTP/1.1" 200 29849 "-" "Mozilla/5.0 (compatible; Barkrowler/0.9; +https://babbar.tech/crawler)"
66.249.68.129 - - [17/Jul/2025:10:00:16 -0400] "GET /?n=28997103978107&channel=57d1cd&from=product.php%3Fid%3D1039781-13840%26name%3D%E6%9D%B1%E4%BA%AC%E3%83%9E%E3%83%AB%E3%82%A4%E3%82%BD%E3%83%BC%E3%82%B3%E3%83%A0MK23++%E3%82%B9%E3%83%8A%E3%82%A4%E3%83%91%E3%83%BC%E4%BB%95%E6%A7%98 HTTP/1.1" 301 0 "-" "Mozilla/5.0 (Linux; Android 6.0.1; Nexus 5X Build/MMB29P) AppleWebKit/537.36 (KHTML, like Gecko) Chrome/137.0.7151.103 Mobile Safari/537.36 (compatible; Googlebot/2.1; +http://www.google.com/bot.html)"
198.12.112.14 - - [17/Jul/2025:10:00:23 -0400] "GET /wp-admin/plugin-editor.php?plugin=salient-social%2Fsalient-social.php HTTP/1.1" 403 965 "-" "Mozilla/5.0 (Macintosh; Intel Mac OS X 10_15_7) AppleWebKit/537.36 (KHTML, like Gecko) Chrome/131.0.0.0 Safari/537.36"
213.209.150.137 - - [17/Jul/2025:10:00:25 -0400] "POST /wp-login.php?action=register HTTP/1.1" 302 0 "-" "-"
66.249.79.5 - - [17/Jul/2025:10:00:28 -0400] "GET /?n=28997103978107&channel=57d1cd&from=product.php%3Fid%3D1039781-13840%26name%3D%E6%9D%B1%E4%BA%AC%E3%83%9E%E3%83%AB%E3%82%A4%E3%82%BD%E3%83%BC%E3%82%B3%E3%83%A0MK23%20%20%E3%82%B9%E3%83%8A%E3%82%A4%E3%83%91%E3%83%BC%E4%BB%95%E6%A7%98 HTTP/1.1" 200 29833 "-" "Mozilla/5.0 (Linux; Android 6.0.1; Nexus 5X Build/MMB29P) AppleWebKit/537.36 (KHTML, like Gecko) Chrome/137.0.7151.103 Mobile Safari/537.36 (compatible; Googlebot/2.1; +http://www.google.com/bot.html)"
198.12.112.14 - - [17/Jul/2025:10:00:34 -0400] "GET /wp-admin/plugin-editor.php?plugin=salient-widgets%2Fsalient-widgets.php HTTP/1.1" 403 965 "-" "Mozilla/5.0 (Macintosh; Intel Mac OS X 10_15_7) AppleWebKit/537.36 (KHTML, like Gecko) Chrome/131.0.0.0 Safari/537.36"
66.249.68.129 - - [17/Jul/2025:10:00:39 -0400] "GET /?n=4973715550301&channel=bd25c3&from=info.php%3Fid%3D155503-9516%26name%3D%E5%82%98%E7%AB%8B%E3%81%A6+%E5%82%98%E7%AB%8B%E3%81%A6+%E7%82%AD%E7%B4%A0%E9%8B%BC%E5%82%98%E7%AB%8B%E3%81%A6+%E6%90%BA%E5%B8%AF%E3%83%88%E3%83%AC%E3%82%A4%E4%BB%98%E3%81%8D+%E5%82%98%E7%AB%8B%E3%81%A6+%E7%8E%84%E9%96%A2+%E5%BB%8A%E4%B8%8B+%E9%95%B7%E5%82%98%E3%81%A8%E7%9F%AD%E5%82%98%E3%82%92%E5%88%86%E3%81%91%E3%81%A6%E5%8F%8E%E7%B4%8D+%E5%82%98 HTTP/1.1" 301 0 "-" "Mozilla/5.0 (Linux; Android 6.0.1; Nexus 5X Build/MMB29P) AppleWebKit/537.36 (KHTML, like Gecko) Chrome/137.0.7151.103 Mobile Safari/537.36 (compatible; Googlebot/2.1; +http://www.google.com/bot.html)"
217.113.194.22 - - [17/Jul/2025:10:00:37 -0400] "GET /2025/06/25/mostbet-software-download-mostbet-apk-for-android-ios-2025/ HTTP/1.1" 200 27406 "-" "Mozilla/5.0 (compatible; Barkrowler/0.9; +https://babbar.tech/crawler)"
198.12.112.14 - - [17/Jul/2025:10:00:42 -0400] "GET /wp-admin/plugin-editor.php?plugin=salient-wpbakery-page-builder%2Fsalient-wpbakery-page-builder.php HTTP/1.1" 403 965 "-" "Mozilla/5.0 (Macintosh; Intel Mac OS X 10_15_7) AppleWebKit/537.36 (KHTML, like Gecko) Chrome/131.0.0.0 Safari/537.36"
66.249.79.4 - - [17/Jul/2025:10:00:45 -0400] "GET /?n=6211240083416&channel=d1b4be&from=article.php%3Fid%3D400834-10493%26name%3DTHE+NORTH+FACE+%E3%82%A8%E3%83%9C%E3%83%AA%E3%83%A5%E3%83%BC%E3%82%B7%E3%83%A7%E3%83%B3%E3%82%B8%E3%83%A3%E3%82%B1%E3%83%83%E3%83%88+%E3%83%A1%E3%83%B3%E3%82%BAM%E7%9B%B8%E5%BD%93 HTTP/1.1" 301 0 "-" "Mozilla/5.0 (Linux; Android 6.0.1; Nexus 5X Build/MMB29P) AppleWebKit/537.36 (KHTML, like Gecko) Chrome/137.0.7151.103 Mobile Safari/537.36 (compatible; Googlebot/2.1; +http://www.google.com/bot.html)"
66.249.79.4 - - [17/Jul/2025:10:00:45 -0400] "GET /?n=96674133255602&channel=acfd3d&from=form.php%3Fid%3D1332556-6710%26name%3D%E9%AC%BC%E6%BB%85%E3%81%AE%E5%88%83%E3%80%80%E7%AB%88%E9%96%80%E7%82%AD%E6%B2%BB%E9%83%8E%E3%82%B3%E3%82%B9%E3%83%81%E3%83%A5%E3%83%BC%E3%83%A0+%EF%BC%88%E9%AC%BC%E6%BB%85%E3%81%AE%E5%88%83+%E3%81%8D%E3%82%81%E3%81%A4%E3%81%AE%E3%82%84%E3%81%84%E3%81%B0+%E7%AB%88%E9%96%80%E7%82%AD%E6%B2%BB%E9%83%8E+%E3%81%8B%E3%81%BE%E3%81%A9%E3%81%9F%E3%82%93%E3%81%98%E3%82%8D%E3%81%86+%E9%AC%BC%E6%AE%BA%E9%9A%8A%E9%9A%8A%E6%9C%8D+%E3%82%A4%E3%83%99%E3%83%B3%E3%83%88+%E4%BB%AE%E8%A3%85+%E3%82%B3%E3%82%B9%E3%83%81%E3%83%A5%E3%83%BC%E3%83%A0+%E3%82%A6%E3%82%A3%E3%83%83%E3%82%B0+%E5%A4%A7%E4%BA%BA%E7%94%A8+%E5%AD%90%E3%81%A9%E3%82%82%E7%94%A8+%E5%AD%90%E4%BE%9B%E7%94%A8+%E3%82%AD%E3%83%83%E3%82%BA+%E8%A1%A3%E8%A3%85++%E3%82%A4%E3%83%99%E3%83%B3%E3%83%88+%E5%AE%85%E3%82%B3%E3%82%B9+%E6%9C%8D%E3%81%AE%E9%80%9A%E8%B2%A9%E3%81%AFau+PAY+%E3%83%9E%E3%83%BC%E3%82%B1%E3%83%83%E3%83%88+-+pLegLad+%7C+au+PAY+%E3%83%9E%E3%83%BC%E3%82%B1%E3%83%83%E3%83%88%EF%BC%8D%E9%80%9A%E8%B2%A9%E3%82%B5%E3%82%A4%E3%83%88%EF%BC%89 HTTP/1.1" 301 0 "-" "Mozilla/5.0 (Linux; Android 6.0.1; Nexus 5X Build/MMB29P) AppleWebKit/537.36 (KHTML, like Gecko) Chrome/137.0.7151.103 Mobile Safari/537.36 (compatible; Googlebot/2.1; +http://www.google.com/bot.html)"
213.209.150.137 - - [17/Jul/2025:10:00:44 -0400] "POST /wp-login.php?action=register HTTP/1.1" 302 0 "-" "-"
66.249.79.3 - - [17/Jul/2025:10:00:44 -0400] "GET /?n=4973715550301&channel=bd25c3&from=info.php%3Fid%3D155503-9516%26name%3D%E5%82%98%E7%AB%8B%E3%81%A6%20%E5%82%98%E7%AB%8B%E3%81%A6%20%E7%82%AD%E7%B4%A0%E9%8B%BC%E5%82%98%E7%AB%8B%E3%81%A6%20%E6%90%BA%E5%B8%AF%E3%83%88%E3%83%AC%E3%82%A4%E4%BB%98%E3%81%8D%20%E5%82%98%E7%AB%8B%E3%81%A6%20%E7%8E%84%E9%96%A2%20%E5%BB%8A%E4%B8%8B%20%E9%95%B7%E5%82%98%E3%81%A8%E7%9F%AD%E5%82%98%E3%82%92%E5%88%86%E3%81%91%E3%81%A6%E5%8F%8E%E7%B4%8D%20%E5%82%98 HTTP/1.1" 200 29833 "-" "Mozilla/5.0 (Linux; Android 6.0.1; Nexus 5X Build/MMB29P) AppleWebKit/537.36 (KHTML, like Gecko) Chrome/137.0.7151.103 Mobile Safari/537.36 (compatible; Googlebot/2.1; +http://www.google.com/bot.html)"
66.249.79.3 - - [17/Jul/2025:10:00:50 -0400] "GET /?n=17702103988100&channel=b12997&from=info.php%3Fid%3D1039881-13840%26name%3DWA+%E3%82%A6%E3%82%A7%E3%82%B9%E3%82%BF%E3%83%B3%E3%82%A2%E3%83%BC%E3%83%A0%E3%82%BA%E3%80%80%E3%83%99%E3%83%AC%E3%83%83%E3%82%BF++m92f+%E3%82%BB%E3%83%B3%E3%83%81%E3%83%A5%E3%83%AA%E3%82%AA%E3%83%B3 HTTP/1.1" 301 0 "-" "Mozilla/5.0 (Linux; Android 6.0.1; Nexus 5X Build/MMB29P) AppleWebKit/537.36 (KHTML, like Gecko) Chrome/137.0.7151.103 Mobile Safari/537.36 (compatible; Googlebot/2.1; +http://www.google.com/bot.html)"
66.249.79.3 - - [17/Jul/2025:10:00:51 -0400] "GET /?n=21581164993001&channel=662073&from=goods.php%3Fid%3D1649930-3068%26name%3D%E3%83%86%E3%83%AC%E3%83%93+%E3%82%AD%E3%83%83%E3%83%88+%E3%83%8F%E3%82%B9%E3%83%A9%E3%83%BC+%E3%82%B9%E3%83%9A%E3%83%BC%E3%82%B7%E3%82%A2+%E3%82%B9%E3%82%A4%E3%83%95%E3%83%88+%E3%82%BD%E3%83%AA%E3%82%AA+%E3%83%AF%E3%82%B4%E3%83%B3R+%E3%82%A2%E3%83%AB%E3%83%88+99090-69U25-P01+CN-FZ10A7ZA+%E8%B5%B0%E8%A1%8C%E4%B8%AD+TV+%E8%A7%A3%E9%99%A4+%E5%9C%B0%E5%9B%B3%E6%93%8D%E4%BD%9C+%E3%82%AD%E3%83%A3%E3%83%B3%E3%82%BB%E3%83%A9%E3%83%BC+%E8%B2%A9%E5%A3%B2%E5%BA%97%E3%83%8A%E3%83%93+KTC-001 HTTP/1.1" 301 0 "-" "Mozilla/5.0 (Linux; Android 6.0.1; Nexus 5X Build/MMB29P) AppleWebKit/537.36 (KHTML, like Gecko) Chrome/137.0.7151.103 Mobile Safari/537.36 (compatible; Googlebot/2.1; +http://www.google.com/bot.html)"
198.12.112.14 - - [17/Jul/2025:10:00:50 -0400] "GET /wp-admin/plugin-editor.php?plugin=nextend-smart-slider3-pro%2Fnextend-smart-slider3-pro.php HTTP/1.1" 403 965 "-" "Mozilla/5.0 (Macintosh; Intel Mac OS X 10_15_7) AppleWebKit/537.36 (KHTML, like Gecko) Chrome/131.0.0.0 Safari/537.36"
66.249.79.3 - - [17/Jul/2025:10:00:57 -0400] "GET /?n=94807186879502&channel=b9e9a3&from=article.php%3Fid%3D1868795-13352%26name%3D%E3%82%82%E3%81%93%E3%82%82%E3%81%93%E3%83%9D%E3%82%B1%E3%83%83%E3%83%88%E3%81%AE%E3%83%9C%E3%83%87%E3%82%A3%E3%83%90%E3%83%83%E3%82%B0+%E3%83%8F%E3%83%B3%E3%83%89%E3%83%A1%E3%82%A4%E3%83%89+%EF%BC%88%E7%A7%8B%E5%86%AC%E6%96%B0%E4%BD%9C%E6%97%A9%E5%89%B2%EF%BC%81%E6%95%B0%E9%87%8F%E9%99%90%E5%AE%9A%E3%83%9D%E3%83%B3%E3%83%9D%E3%83%B3%E3%81%B5%E3%82%8F%E3%81%B5%E3%82%8F%E3%81%AC%E3%81%84%E3%81%90%E3%82%8B%E3%81%BF%E3%82%B7%E3%83%A7%E3%83%AB%E3%83%80%E3%83%BC%E3%83%90%E3%83%83%E3%82%B0+%E3%82%82%E3%81%93%E3%82%82%E3%81%93+%E8%BB%BD%E3%81%84+%E3%83%95%E3%82%A1%E3%83%BC%E3%83%90%E3%83%83%E3%82%B0+%E5%80%8B%E6%80%A7%E7%9A%84+%E3%83%88%E3%83%BC%E3%83%88+%E3%83%88%E3%83%BC%E3%83%88%E3%83%90%E3%83%83%E3%82%B0+%E3%81%AF%E3%81%A1%E3%81%A8%E3%81%BF%E3%81%A4+%E9%80%9A%E8%B2%A9++18203110%EF%BD%9CCreema%28%E3%82%AF%E3%83%AA%E3%83%BC%E3%83%9E%29%EF%BC%89 HTTP/1.1" 301 0 "-" "Mozilla/5.0 (Linux; Android 6.0.1; Nexus 5X Build/MMB29P) AppleWebKit/537.36 (KHTML, like Gecko) Chrome/137.0.7151.103 Mobile Safari/537.36 (compatible; Googlebot/2.1; +http://www.google.com/bot.html)"
66.249.79.3 - - [17/Jul/2025:10:00:53 -0400] "GET /?n=6211240083416&channel=d1b4be&from=article.php%3Fid%3D400834-10493%26name%3DTHE%20NORTH%20FACE%20%E3%82%A8%E3%83%9C%E3%83%AA%E3%83%A5%E3%83%BC%E3%82%B7%E3%83%A7%E3%83%B3%E3%82%B8%E3%83%A3%E3%82%B1%E3%83%83%E3%83%88%20%E3%83%A1%E3%83%B3%E3%82%BAM%E7%9B%B8%E5%BD%93 HTTP/1.1" 200 29835 "-" "Mozilla/5.0 (Linux; Android 6.0.1; Nexus 5X Build/MMB29P) AppleWebKit/537.36 (KHTML, like Gecko) Chrome/137.0.7151.103 Mobile Safari/537.36 (compatible; Googlebot/2.1; +http://www.google.com/bot.html)"
66.249.79.3 - - [17/Jul/2025:10:00:56 -0400] "GET /?n=96674133255602&channel=acfd3d&from=form.php%3Fid%3D1332556-6710%26name%3D%E9%AC%BC%E6%BB%85%E3%81%AE%E5%88%83%E3%80%80%E7%AB%88%E9%96%80%E7%82%AD%E6%B2%BB%E9%83%8E%E3%82%B3%E3%82%B9%E3%83%81%E3%83%A5%E3%83%BC%E3%83%A0%20%EF%BC%88%E9%AC%BC%E6%BB%85%E3%81%AE%E5%88%83%20%E3%81%8D%E3%82%81%E3%81%A4%E3%81%AE%E3%82%84%E3%81%84%E3%81%B0%20%E7%AB%88%E9%96%80%E7%82%AD%E6%B2%BB%E9%83%8E%20%E3%81%8B%E3%81%BE%E3%81%A9%E3%81%9F%E3%82%93%E3%81%98%E3%82%8D%E3%81%86%20%E9%AC%BC%E6%AE%BA%E9%9A%8A%E9%9A%8A%E6%9C%8D%20%E3%82%A4%E3%83%99%E3%83%B3%E3%83%88%20%E4%BB%AE%E8%A3%85%20%E3%82%B3%E3%82%B9%E3%83%81%E3%83%A5%E3%83%BC%E3%83%A0%20%E3%82%A6%E3%82%A3%E3%83%83%E3%82%B0%20%E5%A4%A7%E4%BA%BA%E7%94%A8%20%E5%AD%90%E3%81%A9%E3%82%82%E7%94%A8%20%E5%AD%90%E4%BE%9B%E7%94%A8%20%E3%82%AD%E3%83%83%E3%82%BA%20%E8%A1%A3%E8%A3%85%20%20%E3%82%A4%E3%83%99%E3%83%B3%E3%83%88%20%E5%AE%85%E3%82%B3%E3%82%B9%20%E6%9C%8D%E3%81%AE%E9%80%9A%E8%B2%A9%E3%81%AFau%20PAY%20%E3%83%9E%E3%83%BC%E3%82%B1%E3%83%83%E3%83%88%20-%20pLegLad%20%7C%20au%20PAY%20%E3%83%9E%E3%83%BC%E3%82%B1%E3%83%83%E3%83%88%EF%BC%8D%E9%80%9A%E8%B2%A9%E3%82%B5%E3%82%A4%E3%83%88%EF%BC%89 HTTP/1.1" 200 29837 "-" "Mozilla/5.0 (Linux; Android 6.0.1; Nexus 5X Build/MMB29P) AppleWebKit/537.36 (KHTML, like Gecko) Chrome/137.0.7151.103 Mobile Safari/537.36 (compatible; Googlebot/2.1; +http://www.google.com/bot.html)"
198.12.112.14 - - [17/Jul/2025:10:01:01 -0400] "GET /wp-admin/plugin-editor.php?plugin=wpmudev_install-912164%2Fwpmudev_install-912164.php HTTP/1.1" 403 965 "-" "Mozilla/5.0 (Macintosh; Intel Mac OS X 10_15_7) AppleWebKit/537.36 (KHTML, like Gecko) Chrome/131.0.0.0 Safari/537.36"
66.249.79.4 - - [17/Jul/2025:10:01:03 -0400] "GET /?n=21581164993001&channel=662073&from=goods.php%3Fid%3D1649930-3068%26name%3D%E3%83%86%E3%83%AC%E3%83%93%20%E3%82%AD%E3%83%83%E3%83%88%20%E3%83%8F%E3%82%B9%E3%83%A9%E3%83%BC%20%E3%82%B9%E3%83%9A%E3%83%BC%E3%82%B7%E3%82%A2%20%E3%82%B9%E3%82%A4%E3%83%95%E3%83%88%20%E3%82%BD%E3%83%AA%E3%82%AA%20%E3%83%AF%E3%82%B4%E3%83%B3R%20%E3%82%A2%E3%83%AB%E3%83%88%2099090-69U25-P01%20CN-FZ10A7ZA%20%E8%B5%B0%E8%A1%8C%E4%B8%AD%20TV%20%E8%A7%A3%E9%99%A4%20%E5%9C%B0%E5%9B%B3%E6%93%8D%E4%BD%9C%20%E3%82%AD%E3%83%A3%E3%83%B3%E3%82%BB%E3%83%A9%E3%83%BC%20%E8%B2%A9%E5%A3%B2%E5%BA%97%E3%83%8A%E3%83%93%20KTC-001 HTTP/1.1" 200 29829 "-" "Mozilla/5.0 (Linux; Android 6.0.1; Nexus 5X Build/MMB29P) AppleWebKit/537.36 (KHTML, like Gecko) Chrome/137.0.7151.103 Mobile Safari/537.36 (compatible; Googlebot/2.1; +http://www.google.com/bot.html)"
66.249.79.4 - - [17/Jul/2025:10:01:01 -0400] "GET /?n=17702103988100&channel=b12997&from=info.php%3Fid%3D1039881-13840%26name%3DWA%20%E3%82%A6%E3%82%A7%E3%82%B9%E3%82%BF%E3%83%B3%E3%82%A2%E3%83%BC%E3%83%A0%E3%82%BA%E3%80%80%E3%83%99%E3%83%AC%E3%83%83%E3%82%BF%20%20m92f%20%E3%82%BB%E3%83%B3%E3%83%81%E3%83%A5%E3%83%AA%E3%82%AA%E3%83%B3 HTTP/1.1" 200 29833 "-" "Mozilla/5.0 (Linux; Android 6.0.1; Nexus 5X Build/MMB29P) AppleWebKit/537.36 (KHTML, like Gecko) Chrome/137.0.7151.103 Mobile Safari/537.36 (compatible; Googlebot/2.1; +http://www.google.com/bot.html)"
217.113.194.29 - - [17/Jul/2025:10:01:03 -0400] "GET /2025/07/08/casino-site-online-free-an-overview-to-relishing-gambling-without-investing-a-dime/ HTTP/1.1" 200 19415 "-" "Mozilla/5.0 (compatible; Barkrowler/0.9; +https://babbar.tech/crawler)"
66.249.79.5 - - [17/Jul/2025:10:01:04 -0400] "GET /?n=94807186879502&channel=b9e9a3&from=article.php%3Fid%3D1868795-13352%26name%3D%E3%82%82%E3%81%93%E3%82%82%E3%81%93%E3%83%9D%E3%82%B1%E3%83%83%E3%83%88%E3%81%AE%E3%83%9C%E3%83%87%E3%82%A3%E3%83%90%E3%83%83%E3%82%B0%20%E3%83%8F%E3%83%B3%E3%83%89%E3%83%A1%E3%82%A4%E3%83%89%20%EF%BC%88%E7%A7%8B%E5%86%AC%E6%96%B0%E4%BD%9C%E6%97%A9%E5%89%B2%EF%BC%81%E6%95%B0%E9%87%8F%E9%99%90%E5%AE%9A%E3%83%9D%E3%83%B3%E3%83%9D%E3%83%B3%E3%81%B5%E3%82%8F%E3%81%B5%E3%82%8F%E3%81%AC%E3%81%84%E3%81%90%E3%82%8B%E3%81%BF%E3%82%B7%E3%83%A7%E3%83%AB%E3%83%80%E3%83%BC%E3%83%90%E3%83%83%E3%82%B0%20%E3%82%82%E3%81%93%E3%82%82%E3%81%93%20%E8%BB%BD%E3%81%84%20%E3%83%95%E3%82%A1%E3%83%BC%E3%83%90%E3%83%83%E3%82%B0%20%E5%80%8B%E6%80%A7%E7%9A%84%20%E3%83%88%E3%83%BC%E3%83%88%20%E3%83%88%E3%83%BC%E3%83%88%E3%83%90%E3%83%83%E3%82%B0%20%E3%81%AF%E3%81%A1%E3%81%A8%E3%81%BF%E3%81%A4%20%E9%80%9A%E8%B2%A9%20%2018203110%EF%BD%9CCreema%28%E3%82%AF%E3%83%AA%E3%83%BC%E3%83%9E%29%EF%BC%89 HTTP/1.1" 200 29836 "-" "Mozilla/5.0 (Linux; Android 6.0.1; Nexus 5X Build/MMB29P) AppleWebKit/537.36 (KHTML, like Gecko) Chrome/137.0.7151.103 Mobile Safari/537.36 (compatible; Googlebot/2.1; +http://www.google.com/bot.html)"
66.249.79.3 - - [17/Jul/2025:10:01:09 -0400] "GET /?n=2017759931803&channel=ac50b8&from=article.php%3Fid%3D599318-480%26name%3DDr.+Scholl%26%2339%3Bs+Shoes%E3%83%AC%E3%83%87%E3%82%A3%E3%83%BC%E3%82%B9%E3%83%AD%E3%83%BC%E3%83%AC%E3%82%B9%E3%82%A2%E3%83%B3%E3%82%AF%E3%83%AB%E3%83%96%E3%83%BC%E3%83%84%E3%83%96%E3%83%BC%E3%83%84%2C+%E3%83%8B%E3%83%A5%E3%83%BC%E3%82%AB%E3%83%91%E3%83%BC%E3%83%88%E3%83%BC%E3%83%B3%E3%83%96%E3%83%A9%E3%82%A6%E3%83%B3%2C+7.5++Wide%EF%BC%88%E3%83%AD%E3%83%B3%E3%82%B0+%E3%83%96%E3%83%AC%E3%83%BC%E3%83%89%E3%83%92%E3%83%BC%E3%83%AB%E3%83%96%E3%83%BC%E3%83%84+-+%E3%83%96%E3%83%A9%E3%82%A6%E3%83%B3+%7C+CHARLES+%26+KEITH+%28%E3%83%81%E3%83%A3%E3%83%BC%E3%83%AB%E3%82%BA%E3%82%A2%E3%83%B3%E3%83%89%E3%82%AD%E3%83%BC%E3%82%B9%29+%E5%85%AC%E5%BC%8F%E9%80%9A%E8%B2%A9%EF%BC%89 HTTP/1.1" 301 0 "-" "Mozilla/5.0 (Linux; Android 6.0.1; Nexus 5X Build/MMB29P) AppleWebKit/537.36 (KHTML, like Gecko) Chrome/137.0.7151.103 Mobile Safari/537.36 (compatible; Googlebot/2.1; +http://www.google.com/bot.html)"
198.12.112.14 - - [17/Jul/2025:10:01:10 -0400] "GET /wp-admin/plugin-editor.php?plugin=user-submitted-posts%2Fuser-submitted-posts.php HTTP/1.1" 403 965 "-" "Mozilla/5.0 (Macintosh; Intel Mac OS X 10_15_7) AppleWebKit/537.36 (KHTML, like Gecko) Chrome/131.0.0.0 Safari/537.36"
66.249.79.4 - - [17/Jul/2025:10:01:12 -0400] "GET /?n=8087468763906&channel=7981f0&from=goods.php%3Fid%3D687639-3157%26name%3D%E3%83%90%E3%82%A4%E3%82%AF%E3%83%98%E3%83%AB%E3%83%A1%E3%83%83%E3%83%88++%E3%82%B8%E3%82%A7%E3%83%83%E3%83%88+SZ-G+%E3%83%95%E3%83%A9%E3%83%83%E3%83%88%E3%83%96%E3%83%A9%E3%83%83%E3%82%AF+L+59-60cm%EF%BC%88Arai+Arai+%E3%83%98%E3%83%AB%E3%83%A1%E3%83%83%E3%83%88+SZ-G+%E3%82%B8%E3%82%A7%E3%83%83%E3%83%88%E3%83%98%E3%83%AB%E3%83%A1%E3%83%83%E3%83%88+%E3%83%95%E3%83%A9%E3%83%83%E3%83%88%E3%83%96%E3%83%A9%E3%83%83%E3%82%AF+%7C+%E3%82%B8%E3%82%A7%E3%83%83%E3%83%88%E3%83%98%E3%83%AB%E3%83%A1%E3%83%83%E3%83%88%28%E3%82%B7%E3%83%BC%E3%83%AB%E3%83%89%E4%BB%98%29+%7C+%E9%80%9A%E8%B2%A9%E5%95%86%E5%93%81+%7C+%E3%82%AA%E3%83%BC%E3%83%88%E3%83%90%E3%82%A4%E7%94%A8%E5%93%81%E5%BA%97%E3%83%8A%E3%83%83%E3%83%97%E3%82%B9++-+NAPS%EF%BC%89 HTTP/1.1" 301 0 "-" "Mozilla/5.0 (Linux; Android 6.0.1; Nexus 5X Build/MMB29P) AppleWebKit/537.36 (KHTML, like Gecko) Chrome/137.0.7151.103 Mobile Safari/537.36 (compatible; Googlebot/2.1; +http://www.google.com/bot.html)"
66.249.79.4 - - [17/Jul/2025:10:01:09 -0400] "GET /?n=1188835789701&channel=eac730&from=article.php%3Fid%3D357897-6276%26name%3D%E3%82%B5%E3%83%BC%E3%83%A2%E3%82%B9%E3%82%BF%E3%83%83%E3%83%88%E3%82%B7%E3%83%A3%E3%83%AF%E3%83%BC%E3%82%B7%E3%82%B9%E3%83%86%E3%83%A0%E3%80%81LED%E6%B8%A9%E5%BA%A6%E8%A1%A8%E7%A4%BA%E3%80%814%E6%A9%9F%E8%83%BD%E9%9C%B2%E5%87%BA%E3%82%B7%E3%83%A3%E3%83%AF%E3%83%BC%E5%99%A8%E5%85%B7%E3%80%81%E9%AB%98%E5%9C%A7%E3%82%B7%E3%83%A3%E3%83%AF%E3%83%BC%E3%83%98%E3%83%83%E3%83%89%E4%BB%98%E3%81%8D%E3%80%81%E3%83%8F%E3%83%B3%E3%83%89%E3%83%98%E3%83%AB%E3%83%89%E3%82%B7%E3%83%A3%E3%83%AF%E3%83%BC%E3%83%98%E3%83%83%E3%83%89%E3%80%81%E6%B5%B4%E6%A7%BD%E3%81%AE%E6%B3%A8 HTTP/1.1" 200 29828 "-" "Mozilla/5.0 (Linux; Android 6.0.1; Nexus 5X Build/MMB29P) AppleWebKit/537.36 (KHTML, like Gecko) Chrome/137.0.7151.103 Mobile Safari/537.36 (compatible; Googlebot/2.1; +http://www.google.com/bot.html)"
66.249.79.3 - - [17/Jul/2025:10:01:13 -0400] "GET /?n=11043115958504&channel=ceddbd&from=shared.php%3Fid%3D1159585-6687%26name%3D%E8%BB%8A%E3%81%AE%E3%82%AB%E3%83%BC%E3%83%9C%E3%83%B3%E3%83%95%E3%82%A1%E3%82%A4%E3%83%90%E3%83%BC%E3%82%B5%E3%82%A4%E3%83%89%E3%83%89%E3%82%A2%E3%83%90%E3%83%83%E3%82%AF%E3%83%9F%E3%83%A9%E3%83%BC%E3%82%AB%E3%83%90%E3%83%BC%E3%82%AD%E3%83%A3%E3%83%83%E3%83%97+BMW+X1+X2+F48+F49++F45+F46+F39+F53+G3%EF%BC%88f%C3%BCr+BMW+X1+F48+F49+F52+F45+F46+Z4+Carbon+Spiegelkappen+Au%C3%9Fenspiegel+Mirror++Cover+%7C+eBay%EF%BC%89 HTTP/1.1" 301 0 "-" "Mozilla/5.0 (Linux; Android 6.0.1; Nexus 5X Build/MMB29P) AppleWebKit/537.36 (KHTML, like Gecko) Chrome/137.0.7151.103 Mobile Safari/537.36 (compatible; Googlebot/2.1; +http://www.google.com/bot.html)"
66.249.79.3 - - [17/Jul/2025:10:01:15 -0400] "GET /?n=12907199725100&channel=8a9988&from=product.php%3Fid%3D1997251-13350%26name%3D%E3%83%91%E3%82%BD%E3%82%B3%E3%83%B3%E3%83%90%E3%83%83%E3%82%B0++%E8%8A%B1%E6%9F%84+%E8%91%89+%E8%9D%B6+13-14-15.6%E3%82%A4%E3%83%B3%E3%83%81+%E3%83%91%E3%82%BD%E3%82%B3%E3%83%B3%E3%82%B1%E3%83%BC%E3%82%B9+%E8%A1%9D%E6%92%83%E5%90%B8%E5%8F%8Epc%E3%82%B1%E3%83%BC%E3%82%B9+%E6%92%A5%E6%B0%B4%E3%83%91%E3%82%BD%E3%82%B3%E3%83%B3%E3%83%90%E3%83%83%E3%82%B0+%E3%83%93%E3%82%B8%E3%83%8D%E3%82%B9%E3%83%96%E3%83%AA%E3%83%BC%E3%83%95%E3%82%B1%EF%BC%88%E3%83%8E%E3%83%BC%E3%83%88+%E3%83%91%E3%82%BD%E3%82%B3%E3%83%B3+%E3%82%B1%E3%83%BC%E3%82%B9+%E3%82%B7%E3%83%A7%E3%83%AB%E3%83%80%E3%83%BC%E3%83%90%E3%83%83%E3%82%B0+13+14+15+%E3%82%A4%E3%83%B3%E3%83%81+%E3%81%8A%E3%81%97%E3%82%83%E3%82%8C+%E8%8A%B1%E6%9F%84+360%E5%BA%A6+%E8%A1%9D%E6%92%83%E5%90%B8%E5%8F%8E+%E6%92%A5%E6%B0%B4%E5%8A%A0%E5%B7%A5+%E3%82%A4%E3%83%B3%E3%83%8A%E3%83%BC%E3%82%B1%E3%83%BC%E3%82%B9+%E5%8F%96%E3%81%A3%E6%89%8B%E4%BB%98%E3%81%8D+PC++%E3%82%B1%E3%83%BC%E3%82%B9+%28%E3%82%BC%E3%83%96%E3%83%A9%E3%83%BC%29+%7C+MORAFELL%EF%BC%89 HTTP/1.1" 301 0 "-" "Mozilla/5.0 (Linux; Android 6.0.1; Nexus 5X Build/MMB29P) AppleWebKit/537.36 (KHTML, like Gecko) Chrome/137.0.7151.103 Mobile Safari/537.36 (compatible; Googlebot/2.1; +http://www.google.com/bot.html)"
63.250.38.117 - - [17/Jul/2025:10:01:21 -0400] "POST /wp-cron.php?doing_wp_cron=1752760880.4842269420623779296875 HTTP/1.1" 403 1242 "-" "WordPress/6.8.1; https://fnf.group"
63.250.38.117 - - [17/Jul/2025:10:01:24 -0400] "POST /wp-cron.php?doing_wp_cron=1752760883.9735960960388183593750 HTTP/1.1" 403 1242 "-" "WordPress/6.8.1; https://fnf.group"
114.119.148.60 - - [17/Jul/2025:10:01:17 -0400] "GET /tag/saudi-style HTTP/1.1" 301 0 "http://fnf.group/2020/12/14/chicken-mandi-by-hiba-imran" "Mozilla/5.0 (Linux; Android 7.0;) AppleWebKit/537.36 (KHTML, like Gecko) Mobile Safari/537.36 (compatible; PetalBot;+https://webmaster.petalsearch.com/site/petalbot)"
63.250.38.117 - - [17/Jul/2025:10:01:25 -0400] "POST /wp-cron.php?doing_wp_cron=1752760885.0759749412536621093750 HTTP/1.1" 403 1242 "-" "WordPress/6.8.1; https://fnf.group"
