192.178.6.102 - - [05/Jul/2025:13:47:06 -0400] "GET /?n=91921197637900&channel=f7d2ac&from=shared.php%3Fid%3D1976379-5236%26name%3D%E3%83%9B%E3%83%86%E3%83%AB%E3%81%AE%E5%A3%81%E3%81%AE%E7%B4%99%E3%81%AE%E8%B2%BC%E3%82%8A%E4%BB%98%E3%81%91%E3%81%8B%E3%82%89%E9%98%B2%E6%B0%B4%E9%98%B2%E6%BD%AE%E5%AF%9D%E5%AE%A4%E5%BA%8A%E5%B1%8B%E3%81%AE%E6%9C%8D%E3%81%AE%E5%BA%97%E3%83%AC%E3%83%88%E3%83%AD%E3%81%AA%E5%A3%81%E7%B4%99%E3%81%AE%E5%BC%B5%E3%82%8A%E4%BB%98%E3%81%91%E6%96%B0%E3%81%97%E3%81%84%E5%BA%97%E3%81%AE%E5%A3%81 HTTP/1.1" 200 30569 "-" "Mozilla/5.0 (Linux; Android 6.0.1; Nexus 5X Build/MMB29P) AppleWebKit/537.36 (KHTML, like Gecko) Chrome/137.0.7151.103 Mobile Safari/537.36 (compatible; Googlebot/2.1; +http://www.google.com/bot.html)"
192.178.6.102 - - [05/Jul/2025:13:47:11 -0400] "GET /?n=89718166354900&channel=7ed4f9&from=category-info.php%3Fid%3D1663549-28420%26name%3DCD+%E6%96%B0%E6%98%9F%E6%97%A5%E6%9C%AC%E4%BA%A4%E9%9F%BF%E6%A5%BD%E5%9B%A3%2C+%E4%BC%8A%E7%A6%8F%E9%83%A8%E6%98%AD%3B+%E5%A4%A7%E5%8F%8B%E7%9B%B4%E4%BA%BA+%E9%87%A7%E8%B7%AF%E6%B9%BF%E5%8E%9F+%E4%BA%A4%E9%9F%BF%E7%9A%84%E9%9F%B3%E7%94%BB+FOCD9057+Fontec+%2F00110 HTTP/1.1" 301 0 "-" "Mozilla/5.0 (Linux; Android 6.0.1; Nexus 5X Build/MMB29P) AppleWebKit/537.36 (KHTML, like Gecko) Chrome/137.0.7151.103 Mobile Safari/537.36 (compatible; Googlebot/2.1; +http://www.google.com/bot.html)"
192.178.6.101 - - [05/Jul/2025:13:47:13 -0400] "GET /?n=0121284777305&channel=58cd57&from=product.php%3Fid%3D847773-21029%26name%3D18.5%2020%2024%E3%82%A4%E3%83%B3%E3%83%81%2016%3A9%E5%AF%BE%E5%BF%9C%20%E3%83%96%E3%83%AB%E3%83%BC%E3%83%A9%E3%82%A4%E3%83%88%E3%82%AB%E3%83%83%E3%83%88%20%E3%83%95%E3%82%A3%E3%83%AB%E3%83%A0%20%E6%B6%B2%E6%99%B6%20%E4%BF%9D%E8%AD%B7%E3%83%95%E3%82%A3%E3%83%AB%E3%83%A0%20%E8%B6%85%E9%80%8F%E6%98%8E%20%E6%8C%87%E7%B4%8B%E9%98%B2%E6%AD%A2%20%E6%8A%97%E8%8F%8C%20%E3%83%AF%E3%82%A4%E3%83%89%E3%82%B9%E3%82%AF%E3%83%AA%E3%83%BC%E3%83%B3 HTTP/1.1" 200 30568 "-" "Mozilla/5.0 (Linux; Android 6.0.1; Nexus 5X Build/MMB29P) AppleWebKit/537.36 (KHTML, like Gecko) Chrome/137.0.7151.103 Mobile Safari/537.36 (compatible; Googlebot/2.1; +http://www.google.com/bot.html)"
192.178.6.102 - - [05/Jul/2025:13:47:15 -0400] "GET /?n=89718166354900&channel=7ed4f9&from=category-info.php%3Fid%3D1663549-28420%26name%3DCD%20%E6%96%B0%E6%98%9F%E6%97%A5%E6%9C%AC%E4%BA%A4%E9%9F%BF%E6%A5%BD%E5%9B%A3%2C%20%E4%BC%8A%E7%A6%8F%E9%83%A8%E6%98%AD%3B%20%E5%A4%A7%E5%8F%8B%E7%9B%B4%E4%BA%BA%20%E9%87%A7%E8%B7%AF%E6%B9%BF%E5%8E%9F%20%E4%BA%A4%E9%9F%BF%E7%9A%84%E9%9F%B3%E7%94%BB%20FOCD9057%20Fontec%20%2F00110 HTTP/1.1" 200 30571 "-" "Mozilla/5.0 (Linux; Android 6.0.1; Nexus 5X Build/MMB29P) AppleWebKit/537.36 (KHTML, like Gecko) Chrome/137.0.7151.103 Mobile Safari/537.36 (compatible; Googlebot/2.1; +http://www.google.com/bot.html)"
192.178.6.101 - - [05/Jul/2025:13:48:05 -0400] "GET /?n=8199819971502&channel=ddcf5b&from=info.php%3Fid%3D199715-489%26name%3D%E3%82%AA%E3%83%BC%E3%83%88%E3%83%90%E3%82%A4%E3%81%AE%E3%82%A8%E3%82%AD%E3%82%BE%E3%83%BC%E3%82%B9%E3%83%88%E3%83%91%E3%82%A4%E3%83%97+%E3%82%AA%E3%83%BC%E3%83%88%E3%83%90%E3%82%A4%E3%81%AE%E6%8E%92%E6%B0%97%E4%B8%AD%E9%96%93%E6%8E%A5%E7%B6%9A%E3%83%91%E3%82%A4%E3%83%97%E6%8E%92%E6%B0%97%E3%83%9E%E3%83%95%E3%83%A9%E3%83%BC%E3%82%B9%E3%82%BA%E3%82%AD+GSXS1000+GSX-S1000F+GSX+S HTTP/1.1" 301 0 "-" "Mozilla/5.0 (Linux; Android 6.0.1; Nexus 5X Build/MMB29P) AppleWebKit/537.36 (KHTML, like Gecko) Chrome/137.0.7151.103 Mobile Safari/537.36 (compatible; Googlebot/2.1; +http://www.google.com/bot.html)"
192.178.6.101 - - [05/Jul/2025:13:48:06 -0400] "GET /?n=8199819971502&channel=ddcf5b&from=info.php%3Fid%3D199715-489%26name%3D%E3%82%AA%E3%83%BC%E3%83%88%E3%83%90%E3%82%A4%E3%81%AE%E3%82%A8%E3%82%AD%E3%82%BE%E3%83%BC%E3%82%B9%E3%83%88%E3%83%91%E3%82%A4%E3%83%97%20%E3%82%AA%E3%83%BC%E3%83%88%E3%83%90%E3%82%A4%E3%81%AE%E6%8E%92%E6%B0%97%E4%B8%AD%E9%96%93%E6%8E%A5%E7%B6%9A%E3%83%91%E3%82%A4%E3%83%97%E6%8E%92%E6%B0%97%E3%83%9E%E3%83%95%E3%83%A9%E3%83%BC%E3%82%B9%E3%82%BA%E3%82%AD%20GSXS1000%20GSX-S1000F%20GSX%20S HTTP/1.1" 200 30567 "-" "Mozilla/5.0 (Linux; Android 6.0.1; Nexus 5X Build/MMB29P) AppleWebKit/537.36 (KHTML, like Gecko) Chrome/137.0.7151.103 Mobile Safari/537.36 (compatible; Googlebot/2.1; +http://www.google.com/bot.html)"
116.204.78.140 - - [05/Jul/2025:13:49:17 -0400] "POST /xmlrpc.php HTTP/1.1" 403 1242 "https://fnf.group" "Mozilla/5.0 (Windows NT 10.0; Win64; x64; rv:128.0) Gecko/20100101 Firefox/128.0"
63.250.38.117 - - [05/Jul/2025:13:49:52 -0400] "POST /wp-cron.php?doing_wp_cron=1751737792.7709701061248779296875 HTTP/1.1" 403 1242 "-" "WordPress/6.8.1; https://fnf.group"
192.178.6.100 - - [05/Jul/2025:13:49:35 -0400] "GET /?n=79791164957104&channel=ce2a81&from=brands.php%3Fid%3D1649571-16952%26name%3D%E5%9C%A7%E5%8A%9B%E9%8D%8B%E3%83%99%E3%83%B3%E3%83%88%E3%83%90%E3%83%AB%E3%83%96+%E5%9C%A7%E5%8A%9B%E9%8D%8B%E3%82%B7%E3%83%BC%E3%83%AB+%E5%9C%A7%E5%8A%9B%E9%8D%8B%E3%81%AE%E4%BA%A4%E6%8F%9B%E9%83%A8%E5%93%81+%E5%9C%A7%E5%8A%9B%E9%8D%8B%E3%82%B8%E3%82%AC%E3%83%BC%E3%83%90%E3%83%AB%E3%83%96+%E7%A9%BA%E6%B0%97%E6%8A%9C%E3%81%8D%E5%BC%81+%E5%9C%A7%E5%8A%9B%E9%8D%8B%E3%81%AE%E3%82%A2%E3%82%AF%E3%82%BB%E3%82%B5%E3%83%AA%E3%83%BC+Black+%E3%82%B9%E3%83%86%E3%83%B3%E3%83%AC%E3%82%B9%E9%8B%BC HTTP/1.1" 301 0 "-" "Mozilla/5.0 (Linux; Android 6.0.1; Nexus 5X Build/MMB29P) AppleWebKit/537.36 (KHTML, like Gecko) Chrome/137.0.7151.103 Mobile Safari/537.36 (compatible; Googlebot/2.1; +http://www.google.com/bot.html)"
63.250.38.117 - - [05/Jul/2025:13:49:53 -0400] "POST /wp-cron.php?doing_wp_cron=1751737792.7799379825592041015625 HTTP/1.1" 403 1242 "-" "WordPress/6.8.1; https://fnf.group"
2a03:2880:f800:1d:: - - [05/Jul/2025:13:49:35 -0400] "GET /category/featured/page/16/ HTTP/1.1" 200 15904 "-" "meta-externalagent/1.1 (+https://developers.facebook.com/docs/sharing/webmasters/crawler)"
192.178.6.101 - - [05/Jul/2025:13:49:53 -0400] "GET /?n=79791164957104&channel=ce2a81&from=brands.php%3Fid%3D1649571-16952%26name%3D%E5%9C%A7%E5%8A%9B%E9%8D%8B%E3%83%99%E3%83%B3%E3%83%88%E3%83%90%E3%83%AB%E3%83%96%20%E5%9C%A7%E5%8A%9B%E9%8D%8B%E3%82%B7%E3%83%BC%E3%83%AB%20%E5%9C%A7%E5%8A%9B%E9%8D%8B%E3%81%AE%E4%BA%A4%E6%8F%9B%E9%83%A8%E5%93%81%20%E5%9C%A7%E5%8A%9B%E9%8D%8B%E3%82%B8%E3%82%AC%E3%83%BC%E3%83%90%E3%83%AB%E3%83%96%20%E7%A9%BA%E6%B0%97%E6%8A%9C%E3%81%8D%E5%BC%81%20%E5%9C%A7%E5%8A%9B%E9%8D%8B%E3%81%AE%E3%82%A2%E3%82%AF%E3%82%BB%E3%82%B5%E3%83%AA%E3%83%BC%20Black%20%E3%82%B9%E3%83%86%E3%83%B3%E3%83%AC%E3%82%B9%E9%8B%BC HTTP/1.1" 200 30571 "-" "Mozilla/5.0 (Linux; Android 6.0.1; Nexus 5X Build/MMB29P) AppleWebKit/537.36 (KHTML, like Gecko) Chrome/137.0.7151.103 Mobile Safari/537.36 (compatible; Googlebot/2.1; +http://www.google.com/bot.html)"
66.249.64.71 - - [05/Jul/2025:13:49:56 -0400] "GET /?n=47416127976500&channel=ee34bf&from=form.php%3Fid%3D1279765-6291%26name%3D%E3%82%A8%E3%82%A2%E3%83%87%E3%83%95%E3%83%AC%E3%82%AF%E3%82%BF%E3%83%BC+%E3%82%A6%E3%82%A3%E3%83%B3%E3%83%89%E3%83%87%E3%83%95%E3%83%AC%E3%82%AF%E3%82%BF%E3%83%BC+%E3%83%8F%E3%83%83%E3%83%81%E3%83%90%E3%83%83%E3%82%AF%E4%BF%9D%E8%AD%B7%E3%82%A6%E3%82%A4%E3%83%B3%E3%83%89%E3%82%AC%E3%83%BC%E3%83%89%E3%82%B5%E3%83%B3%E3%83%AC%E3%82%A4%E3%83%B3%E3%83%90%E3%82%A4%E3%82%B6%E3%83%BC%E3%82%AB%E3%83%90%E3%83%BC+CRV+%E7%94%A8+CR-V+2017-20 HTTP/1.1" 301 0 "-" "Mozilla/5.0 (Linux; Android 6.0.1; Nexus 5X Build/MMB29P) AppleWebKit/537.36 (KHTML, like Gecko) Chrome/137.0.7151.103 Mobile Safari/537.36 (compatible; Googlebot/2.1; +http://www.google.com/bot.html)"
192.178.6.100 - - [05/Jul/2025:13:49:58 -0400] "GET /?n=47416127976500&channel=ee34bf&from=form.php%3Fid%3D1279765-6291%26name%3D%E3%82%A8%E3%82%A2%E3%83%87%E3%83%95%E3%83%AC%E3%82%AF%E3%82%BF%E3%83%BC%20%E3%82%A6%E3%82%A3%E3%83%B3%E3%83%89%E3%83%87%E3%83%95%E3%83%AC%E3%82%AF%E3%82%BF%E3%83%BC%20%E3%83%8F%E3%83%83%E3%83%81%E3%83%90%E3%83%83%E3%82%AF%E4%BF%9D%E8%AD%B7%E3%82%A6%E3%82%A4%E3%83%B3%E3%83%89%E3%82%AC%E3%83%BC%E3%83%89%E3%82%B5%E3%83%B3%E3%83%AC%E3%82%A4%E3%83%B3%E3%83%90%E3%82%A4%E3%82%B6%E3%83%BC%E3%82%AB%E3%83%90%E3%83%BC%20CRV%20%E7%94%A8%20CR-V%202017-20 HTTP/1.1" 200 30570 "-" "Mozilla/5.0 (Linux; Android 6.0.1; Nexus 5X Build/MMB29P) AppleWebKit/537.36 (KHTML, like Gecko) Chrome/137.0.7151.103 Mobile Safari/537.36 (compatible; Googlebot/2.1; +http://www.google.com/bot.html)"
213.209.150.137 - - [05/Jul/2025:13:50:33 -0400] "POST /wp-login.php?action=register HTTP/1.1" 302 0 "-" "-"
213.209.150.137 - - [05/Jul/2025:13:50:41 -0400] "POST /wp-login.php?action=register HTTP/1.1" 302 0 "-" "-"
192.178.6.100 - - [05/Jul/2025:13:50:44 -0400] "GET /?n=0908037953605&channel=c44ccc&from=form.php%3Fid%3D379536-5045%26name%3D%E3%83%99%E3%83%8D%E3%83%AA+TRK502+TRK502X+2021+2022+2023+BJ500GS+%E3%82%AA%E3%83%BC%E3%83%88%E3%83%90%E3%82%A4%E3%82%A8%E3%83%B3%E3%82%B8%E3%83%B3%E3%82%AC%E3%83%BC%E3%83%89+%E3%82%AF%E3%83%A9%E3%83%83%E3%82%B7%E3%83%A5%E3%83%90%E3%83%BC+%E3%83%95%E3%83%AC%E3%83%BC HTTP/1.1" 301 0 "-" "Mozilla/5.0 (Linux; Android 6.0.1; Nexus 5X Build/MMB29P) AppleWebKit/537.36 (KHTML, like Gecko) Chrome/137.0.7151.103 Mobile Safari/537.36 (compatible; Googlebot/2.1; +http://www.google.com/bot.html)"
192.178.6.100 - - [05/Jul/2025:13:50:47 -0400] "GET /?n=0908037953605&channel=c44ccc&from=form.php%3Fid%3D379536-5045%26name%3D%E3%83%99%E3%83%8D%E3%83%AA%20TRK502%20TRK502X%202021%202022%202023%20BJ500GS%20%E3%82%AA%E3%83%BC%E3%83%88%E3%83%90%E3%82%A4%E3%82%A8%E3%83%B3%E3%82%B8%E3%83%B3%E3%82%AC%E3%83%BC%E3%83%89%20%E3%82%AF%E3%83%A9%E3%83%83%E3%82%B7%E3%83%A5%E3%83%90%E3%83%BC%20%E3%83%95%E3%83%AC%E3%83%BC HTTP/1.1" 200 30569 "-" "Mozilla/5.0 (Linux; Android 6.0.1; Nexus 5X Build/MMB29P) AppleWebKit/537.36 (KHTML, like Gecko) Chrome/137.0.7151.103 Mobile Safari/537.36 (compatible; Googlebot/2.1; +http://www.google.com/bot.html)"
213.209.150.137 - - [05/Jul/2025:13:50:50 -0400] "POST /wp-login.php?action=register HTTP/1.1" 302 0 "-" "-"
63.250.38.117 - - [05/Jul/2025:13:51:01 -0400] "POST /wp-cron.php?doing_wp_cron=1751737861.4754040241241455078125 HTTP/1.1" 403 1242 "-" "WordPress/6.8.1; https://fnf.group"
213.209.150.137 - - [05/Jul/2025:13:51:00 -0400] "POST /wp-login.php?action=register HTTP/1.1" 302 0 "-" "-"
213.209.150.137 - - [05/Jul/2025:13:51:10 -0400] "POST /wp-login.php?action=register HTTP/1.1" 302 0 "-" "-"
213.209.150.137 - - [05/Jul/2025:13:51:19 -0400] "POST /wp-login.php?action=register HTTP/1.1" 302 0 "-" "-"
192.178.6.101 - - [05/Jul/2025:13:51:31 -0400] "GET /?n=3438331634206&channel=9447cc&from=form.php%3Fid%3D316342-6427%26name%3D%5BQUNINE%5D+%E3%83%AC%E3%83%87%E3%82%A3%E3%83%BC%E3%82%B9%E7%A7%8B%E5%86%AC%E6%9A%96%E3%81%8B%E3%81%84%E3%83%AC%E3%82%AE%E3%83%B3%E3%82%B9%E3%83%96%E3%83%A9%E3%83%83%E3%82%AF%E3%82%B9%E3%83%88%E3%83%AC%E3%83%83%E3%83%81%E3%83%95%E3%82%A7%E3%82%A4%E3%82%AF%E3%83%AC%E3%82%B6%E3%83%BC%E3%83%99%E3%83%AB%E3%83%99%E3%83%83%E3%83%88%E5%8E%9A%E6%89%8B%E3%83%AC%E3%82%AE%E3%83%B3%E3%82%B9%E3%83%91%E3%83%B3%E3%82%AF%E3%83%91%E3%83%B3%E3%83%84+%28%E3%83%99%E3%83%AB%E3%83%99%E3%83%83%E3%83%88%E3%82%A6%E3%82%A9%E3%83%BC HTTP/1.1" 301 0 "-" "Mozilla/5.0 (Linux; Android 6.0.1; Nexus 5X Build/MMB29P) AppleWebKit/537.36 (KHTML, like Gecko) Chrome/137.0.7151.103 Mobile Safari/537.36 (compatible; Googlebot/2.1; +http://www.google.com/bot.html)"
192.178.6.102 - - [05/Jul/2025:13:51:33 -0400] "GET /?n=3438331634206&channel=9447cc&from=form.php%3Fid%3D316342-6427%26name%3D%5BQUNINE%5D%20%E3%83%AC%E3%83%87%E3%82%A3%E3%83%BC%E3%82%B9%E7%A7%8B%E5%86%AC%E6%9A%96%E3%81%8B%E3%81%84%E3%83%AC%E3%82%AE%E3%83%B3%E3%82%B9%E3%83%96%E3%83%A9%E3%83%83%E3%82%AF%E3%82%B9%E3%83%88%E3%83%AC%E3%83%83%E3%83%81%E3%83%95%E3%82%A7%E3%82%A4%E3%82%AF%E3%83%AC%E3%82%B6%E3%83%BC%E3%83%99%E3%83%AB%E3%83%99%E3%83%83%E3%83%88%E5%8E%9A%E6%89%8B%E3%83%AC%E3%82%AE%E3%83%B3%E3%82%B9%E3%83%91%E3%83%B3%E3%82%AF%E3%83%91%E3%83%B3%E3%83%84%20%28%E3%83%99%E3%83%AB%E3%83%99%E3%83%83%E3%83%88%E3%82%A6%E3%82%A9%E3%83%BC HTTP/1.1" 200 30568 "-" "Mozilla/5.0 (Linux; Android 6.0.1; Nexus 5X Build/MMB29P) AppleWebKit/537.36 (KHTML, like Gecko) Chrome/137.0.7151.103 Mobile Safari/537.36 (compatible; Googlebot/2.1; +http://www.google.com/bot.html)"
63.250.38.117 - - [05/Jul/2025:13:52:22 -0400] "POST /wp-cron.php?doing_wp_cron=1751737941.8775000572204589843750 HTTP/1.1" 403 1242 "-" "WordPress/6.8.1; https://fnf.group"
63.250.38.117 - - [05/Jul/2025:13:52:22 -0400] "POST /wp-cron.php?doing_wp_cron=1751737942.0802280902862548828125 HTTP/1.1" 403 1242 "-" "WordPress/6.8.1; https://fnf.group"
192.178.6.102 - - [05/Jul/2025:13:52:18 -0400] "GET /?n=38871133882704&channel=d0f182&from=pin.php%3Fid%3D1338827-2743%26name%3D%E3%83%A9%E3%82%B3%E3%82%B9%E3%83%86+%E3%82%A6%E3%83%AB%E3%83%88%E3%83%A9%E3%83%89%E3%83%A9%E3%82%A4+%E3%83%AF%E3%83%B3%E3%83%9D%E3%82%A4%E3%83%B3%E3%83%88+%E3%82%AF%E3%83%AB%E3%83%BC%E3%83%8D%E3%83%83%E3%82%AF+%E5%8D%8A%E8%A2%96%E3%82%B7%E3%83%A3%E3%83%84+%E3%82%B9%E3%83%9D%E3%83%BC%E3%83%84%E3%82%A6%E3%82%A7%E3%82%A2+%E3%83%A1%E3%83%B3%E3%82%BA+2025%E5%B9%B4%E6%98%A5%E5%A4%8F%E3%83%A2%E3%83%87%E3%83%AB+M-XL+TH8920-99+%E3%80%90%E5%8D%B3%E7%B4%8D%E3%80%91 HTTP/1.1" 301 0 "-" "Mozilla/5.0 (Linux; Android 6.0.1; Nexus 5X Build/MMB29P) AppleWebKit/537.36 (KHTML, like Gecko) Chrome/137.0.7151.103 Mobile Safari/537.36 (compatible; Googlebot/2.1; +http://www.google.com/bot.html)"
192.178.6.102 - - [05/Jul/2025:13:52:18 -0400] "GET /?n=40190195054901&channel=569ba4&from=category-info.php%3Fid%3D1950549-10861%26name%3D%E3%81%AB%E9%81%A9%E5%90%88%E3%81%99%E3%82%8B%E3%82%B9%E3%82%BA%E3%82%AD%E3%82%AB%E3%82%BF%E3%83%8A+GSX600F+GSX+600F+1989-2007+2005+2006+%E3%82%AA%E3%83%BC%E3%83%88%E3%83%90%E3%82%A4%E3%83%8F%E3%83%B3%E3%83%89%E3%83%AB%E3%83%90%E3%83%BC%E8%AA%BF%E7%AF%80%E5%8F%AF%E8%83%BD%E3%81%AA%E3%83%96 HTTP/1.1" 301 0 "-" "Mozilla/5.0 (Linux; Android 6.0.1; Nexus 5X Build/MMB29P) AppleWebKit/537.36 (KHTML, like Gecko) Chrome/137.0.7151.103 Mobile Safari/537.36 (compatible; Googlebot/2.1; +http://www.google.com/bot.html)"
192.178.6.101 - - [05/Jul/2025:13:52:22 -0400] "GET /?n=38871133882704&channel=d0f182&from=pin.php%3Fid%3D1338827-2743%26name%3D%E3%83%A9%E3%82%B3%E3%82%B9%E3%83%86%20%E3%82%A6%E3%83%AB%E3%83%88%E3%83%A9%E3%83%89%E3%83%A9%E3%82%A4%20%E3%83%AF%E3%83%B3%E3%83%9D%E3%82%A4%E3%83%B3%E3%83%88%20%E3%82%AF%E3%83%AB%E3%83%BC%E3%83%8D%E3%83%83%E3%82%AF%20%E5%8D%8A%E8%A2%96%E3%82%B7%E3%83%A3%E3%83%84%20%E3%82%B9%E3%83%9D%E3%83%BC%E3%83%84%E3%82%A6%E3%82%A7%E3%82%A2%20%E3%83%A1%E3%83%B3%E3%82%BA%202025%E5%B9%B4%E6%98%A5%E5%A4%8F%E3%83%A2%E3%83%87%E3%83%AB%20M-XL%20TH8920-99%20%E3%80%90%E5%8D%B3%E7%B4%8D%E3%80%91 HTTP/1.1" 200 30572 "-" "Mozilla/5.0 (Linux; Android 6.0.1; Nexus 5X Build/MMB29P) AppleWebKit/537.36 (KHTML, like Gecko) Chrome/137.0.7151.103 Mobile Safari/537.36 (compatible; Googlebot/2.1; +http://www.google.com/bot.html)"
192.178.6.100 - - [05/Jul/2025:13:52:22 -0400] "GET /?n=40190195054901&channel=569ba4&from=category-info.php%3Fid%3D1950549-10861%26name%3D%E3%81%AB%E9%81%A9%E5%90%88%E3%81%99%E3%82%8B%E3%82%B9%E3%82%BA%E3%82%AD%E3%82%AB%E3%82%BF%E3%83%8A%20GSX600F%20GSX%20600F%201989-2007%202005%202006%20%E3%82%AA%E3%83%BC%E3%83%88%E3%83%90%E3%82%A4%E3%83%8F%E3%83%B3%E3%83%89%E3%83%AB%E3%83%90%E3%83%BC%E8%AA%BF%E7%AF%80%E5%8F%AF%E8%83%BD%E3%81%AA%E3%83%96 HTTP/1.1" 200 30572 "-" "Mozilla/5.0 (Linux; Android 6.0.1; Nexus 5X Build/MMB29P) AppleWebKit/537.36 (KHTML, like Gecko) Chrome/137.0.7151.103 Mobile Safari/537.36 (compatible; Googlebot/2.1; +http://www.google.com/bot.html)"
192.178.6.100 - - [05/Jul/2025:13:52:28 -0400] "GET /?n=7757050993702&channel=d56103&from=jp.php%3Fid%3D509937-5327%26name%3DCompatible+With+Hyundai+For+Tucson+LM+2011+2012+2013+2014+2015+529 HTTP/1.1" 301 0 "-" "Mozilla/5.0 (Linux; Android 6.0.1; Nexus 5X Build/MMB29P) AppleWebKit/537.36 (KHTML, like Gecko) Chrome/137.0.7151.103 Mobile Safari/537.36 (compatible; Googlebot/2.1; +http://www.google.com/bot.html)"
192.178.6.100 - - [05/Jul/2025:13:52:31 -0400] "GET /?n=7757050993702&channel=d56103&from=jp.php%3Fid%3D509937-5327%26name%3DCompatible%20With%20Hyundai%20For%20Tucson%20LM%202011%202012%202013%202014%202015%20529 HTTP/1.1" 200 30571 "-" "Mozilla/5.0 (Linux; Android 6.0.1; Nexus 5X Build/MMB29P) AppleWebKit/537.36 (KHTML, like Gecko) Chrome/137.0.7151.103 Mobile Safari/537.36 (compatible; Googlebot/2.1; +http://www.google.com/bot.html)"
192.178.6.100 - - [05/Jul/2025:13:53:17 -0400] "GET /?n=2709243028202&channel=c1a653&from=goods.php%3Fid%3D430282-8399%26name%3DAbs+%E9%BB%92%E8%BB%8A%E9%AB%98%E3%83%96%E3%83%AC%E3%83%BC%E3%82%AD%E3%83%A9%E3%82%A4%E3%83%88%E3%83%A9%E3%83%B3%E3%83%97%E8%A3%85%E9%A3%BE%E3%82%AB%E3%83%90%E3%83%BC%E3%83%88%E3%83%AA%E3%83%A0%E3%82%B9%E3%83%86%E3%83%83%E3%82%AB%E3%83%BC%E3%81%9F%E3%82%81%E3%81%AB+%E3%83%A9%E3%83%B3%E3%82%B0%E3%83%A9%E3%83%BC+JK+2007-2017+%E3%82%A8%E3%82%AF%E3%82%B9%E3%83%86%E3%83%AA%E3%82%A2%E3%82%A2%E3%82%AF%E3%82%BB%E3%82%B5%E3%83%AA%E3%83%BC HTTP/1.1" 301 0 "-" "Mozilla/5.0 (Linux; Android 6.0.1; Nexus 5X Build/MMB29P) AppleWebKit/537.36 (KHTML, like Gecko) Chrome/137.0.7151.103 Mobile Safari/537.36 (compatible; Googlebot/2.1; +http://www.google.com/bot.html)"
192.178.6.100 - - [05/Jul/2025:13:53:18 -0400] "GET /?n=2709243028202&channel=c1a653&from=goods.php%3Fid%3D430282-8399%26name%3DAbs%20%E9%BB%92%E8%BB%8A%E9%AB%98%E3%83%96%E3%83%AC%E3%83%BC%E3%82%AD%E3%83%A9%E3%82%A4%E3%83%88%E3%83%A9%E3%83%B3%E3%83%97%E8%A3%85%E9%A3%BE%E3%82%AB%E3%83%90%E3%83%BC%E3%83%88%E3%83%AA%E3%83%A0%E3%82%B9%E3%83%86%E3%83%83%E3%82%AB%E3%83%BC%E3%81%9F%E3%82%81%E3%81%AB%20%E3%83%A9%E3%83%B3%E3%82%B0%E3%83%A9%E3%83%BC%20JK%202007-2017%20%E3%82%A8%E3%82%AF%E3%82%B9%E3%83%86%E3%83%AA%E3%82%A2%E3%82%A2%E3%82%AF%E3%82%BB%E3%82%B5%E3%83%AA%E3%83%BC HTTP/1.1" 200 30565 "-" "Mozilla/5.0 (Linux; Android 6.0.1; Nexus 5X Build/MMB29P) AppleWebKit/537.36 (KHTML, like Gecko) Chrome/137.0.7151.103 Mobile Safari/537.36 (compatible; Googlebot/2.1; +http://www.google.com/bot.html)"
192.178.6.101 - - [05/Jul/2025:13:53:19 -0400] "GET /?n=02887174032604&channel=a73c71&from=blog.php%3Fid%3D1740326-10040%26name%3DTYMBBB+%E3%82%B8%E3%83%A5%E3%82%A8%E3%83%AA%E3%83%BC%E3%83%9C%E3%83%83%E3%82%AF%E3%82%B9%E5%BC%95%E3%81%8D%E5%87%BA%E3%81%97%E5%A4%9A%E5%B1%A4%E3%82%B8%E3%83%A5%E3%82%A8%E3%83%AA%E3%83%BC%E3%82%AA%E3%83%BC%E3%82%AC%E3%83%8A%E3%82%A4%E3%82%B6%E3%83%BC%E5%8F%8E%E7%B4%8D%E3%83%9C%E3%83%83%E3%82%AF%E3%82%B9%E5%A4%A7%E5%AE%B9%E9%87%8F+%28Color+%3A+B%2C+Size+%3A+As HTTP/1.1" 301 0 "-" "Mozilla/5.0 (Linux; Android 6.0.1; Nexus 5X Build/MMB29P) AppleWebKit/537.36 (KHTML, like Gecko) Chrome/137.0.7151.103 Mobile Safari/537.36 (compatible; Googlebot/2.1; +http://www.google.com/bot.html)"
192.178.6.100 - - [05/Jul/2025:13:53:21 -0400] "GET /?n=02887174032604&channel=a73c71&from=blog.php%3Fid%3D1740326-10040%26name%3DTYMBBB%20%E3%82%B8%E3%83%A5%E3%82%A8%E3%83%AA%E3%83%BC%E3%83%9C%E3%83%83%E3%82%AF%E3%82%B9%E5%BC%95%E3%81%8D%E5%87%BA%E3%81%97%E5%A4%9A%E5%B1%A4%E3%82%B8%E3%83%A5%E3%82%A8%E3%83%AA%E3%83%BC%E3%82%AA%E3%83%BC%E3%82%AC%E3%83%8A%E3%82%A4%E3%82%B6%E3%83%BC%E5%8F%8E%E7%B4%8D%E3%83%9C%E3%83%83%E3%82%AF%E3%82%B9%E5%A4%A7%E5%AE%B9%E9%87%8F%20%28Color%20%3A%20B%2C%20Size%20%3A%20As HTTP/1.1" 200 30570 "-" "Mozilla/5.0 (Linux; Android 6.0.1; Nexus 5X Build/MMB29P) AppleWebKit/537.36 (KHTML, like Gecko) Chrome/137.0.7151.103 Mobile Safari/537.36 (compatible; Googlebot/2.1; +http://www.google.com/bot.html)"
63.250.38.117 - - [05/Jul/2025:13:55:02 -0400] "POST /wp-cron.php?doing_wp_cron=1751738101.8844280242919921875000 HTTP/1.1" 403 1242 "-" "WordPress/6.8.1; https://fnf.group"
192.178.6.102 - - [05/Jul/2025:13:54:48 -0400] "GET /?n=9128063398904&channel=226c77&from=product.php%3Fid%3D633989-6409%26name%3D%5BHIPPOSEUS%5D+%E5%A5%B3%E5%AD%90%E3%83%97%E3%83%AD%E3%83%A9%E3%83%86%E3%83%B3%E3%83%80%E3%83%B3%E3%82%B9%E3%82%B7%E3%83%A5%E3%83%BC%E3%82%BA%E8%B4%85%E6%B2%A2%E3%83%A9%E3%82%A4%E3%83%B3%E3%82%B9%E3%83%88%E3%83%BC%E3%83%B3%E7%A4%BE%E4%BA%A4%E3%83%80%E3%83%B3%E3%82%B9%E3%83%91%E3%83%95%E3%82%A9%E3%83%BC%E3%83%9E%E3%83%B3%E3%82%B9%E3%82%B7%E3%83%A5%E3%83%BC%E3%82%BA%2CModel+L066 HTTP/1.1" 301 0 "-" "Mozilla/5.0 (Linux; Android 6.0.1; Nexus 5X Build/MMB29P) AppleWebKit/537.36 (KHTML, like Gecko) Chrome/137.0.7151.103 Mobile Safari/537.36 (compatible; Googlebot/2.1; +http://www.google.com/bot.html)"
192.178.6.100 - - [05/Jul/2025:13:55:02 -0400] "GET /?n=9128063398904&channel=226c77&from=product.php%3Fid%3D633989-6409%26name%3D%5BHIPPOSEUS%5D%20%E5%A5%B3%E5%AD%90%E3%83%97%E3%83%AD%E3%83%A9%E3%83%86%E3%83%B3%E3%83%80%E3%83%B3%E3%82%B9%E3%82%B7%E3%83%A5%E3%83%BC%E3%82%BA%E8%B4%85%E6%B2%A2%E3%83%A9%E3%82%A4%E3%83%B3%E3%82%B9%E3%83%88%E3%83%BC%E3%83%B3%E7%A4%BE%E4%BA%A4%E3%83%80%E3%83%B3%E3%82%B9%E3%83%91%E3%83%95%E3%82%A9%E3%83%BC%E3%83%9E%E3%83%B3%E3%82%B9%E3%82%B7%E3%83%A5%E3%83%BC%E3%82%BA%2CModel%20L066 HTTP/1.1" 200 30577 "-" "Mozilla/5.0 (Linux; Android 6.0.1; Nexus 5X Build/MMB29P) AppleWebKit/537.36 (KHTML, like Gecko) Chrome/137.0.7151.103 Mobile Safari/537.36 (compatible; Googlebot/2.1; +http://www.google.com/bot.html)"
49.51.243.95 - - [05/Jul/2025:13:55:27 -0400] "GET /ff-events/ HTTP/1.1" 200 12848 "-" "Mozilla/5.0 (iPhone; CPU iPhone OS 13_2_3 like Mac OS X) AppleWebKit/605.1.15 (KHTML, like Gecko) Version/13.0.3 Mobile/15E148 Safari/604.1"
192.178.6.100 - - [05/Jul/2025:13:55:53 -0400] "GET /?n=2515284803301&channel=4a3447&from=brands.php%3Fid%3D848033-16153%26name%3D%E6%9C%AA%E6%9D%A5%E5%B7%A5%E6%A5%AD+%E3%83%93%E3%83%8B%E3%83%86%E3%83%9B%E3%83%AB%E3%83%80%E3%83%BC+%EF%BC%88%E3%83%93%E3%83%8B%E3%83%AB%E3%83%86%E3%83%BC%E3%83%97%E5%90%8A%E3%82%8A%E4%B8%8B%E3%81%92%E3%83%AF%E3%82%A4%E3%83%A4%E3%83%BC%E3%83%9B%E3%83%AB%E3%83%80%E3%83%BC%EF%BC%89+BT-MH HTTP/1.1" 301 0 "-" "Mozilla/5.0 (Linux; Android 6.0.1; Nexus 5X Build/MMB29P) AppleWebKit/537.36 (KHTML, like Gecko) Chrome/137.0.7151.103 Mobile Safari/537.36 (compatible; Googlebot/2.1; +http://www.google.com/bot.html)"
192.178.6.100 - - [05/Jul/2025:13:55:57 -0400] "GET /?n=2515284803301&channel=4a3447&from=brands.php%3Fid%3D848033-16153%26name%3D%E6%9C%AA%E6%9D%A5%E5%B7%A5%E6%A5%AD%20%E3%83%93%E3%83%8B%E3%83%86%E3%83%9B%E3%83%AB%E3%83%80%E3%83%BC%20%EF%BC%88%E3%83%93%E3%83%8B%E3%83%AB%E3%83%86%E3%83%BC%E3%83%97%E5%90%8A%E3%82%8A%E4%B8%8B%E3%81%92%E3%83%AF%E3%82%A4%E3%83%A4%E3%83%BC%E3%83%9B%E3%83%AB%E3%83%80%E3%83%BC%EF%BC%89%20BT-MH HTTP/1.1" 200 30569 "-" "Mozilla/5.0 (Linux; Android 6.0.1; Nexus 5X Build/MMB29P) AppleWebKit/537.36 (KHTML, like Gecko) Chrome/137.0.7151.103 Mobile Safari/537.36 (compatible; Googlebot/2.1; +http://www.google.com/bot.html)"
63.250.38.117 - - [05/Jul/2025:13:56:06 -0400] "POST /wp-cron.php?doing_wp_cron=1751738166.2679789066314697265625 HTTP/1.1" 403 1242 "-" "WordPress/6.8.1; https://fnf.group"
192.178.6.100 - - [05/Jul/2025:13:56:03 -0400] "GET /?n=8742852356700&channel=ce2b8a&from=brands.php%3Fid%3D523567-3542%26name%3D%E3%83%AC%E3%83%87%E3%82%A3%E3%83%BC%E3%82%B9+%E9%98%B2%E5%AF%92%E7%9D%80+%E3%83%9E%E3%83%88+%E3%83%A1%E3%83%B3%E3%82%BA+%E3%82%BA%E3%83%9C%E3%83%B3+%E7%B4%B0%E3%81%84+Big+Size+Pants+Mobb+%E3%83%91%E3%83%BC%E3%82%AB%E3%83%BC+%E3%83%AB%E3%83%BC%E3%83%A0%E3%82%B9%E3%83%AA%E3%83%83%E3%83%91+%E3%83%8F%E3%83%BC%E3%83%95%E3%83%91%E3%83%B3%E3%83%84+%E3%83%99%E3%83%AB HTTP/1.1" 301 0 "-" "Mozilla/5.0 (Linux; Android 6.0.1; Nexus 5X Build/MMB29P) AppleWebKit/537.36 (KHTML, like Gecko) Chrome/137.0.7151.103 Mobile Safari/537.36 (compatible; Googlebot/2.1; +http://www.google.com/bot.html)"
192.178.6.100 - - [05/Jul/2025:13:56:06 -0400] "GET /?n=8742852356700&channel=ce2b8a&from=brands.php%3Fid%3D523567-3542%26name%3D%E3%83%AC%E3%83%87%E3%82%A3%E3%83%BC%E3%82%B9%20%E9%98%B2%E5%AF%92%E7%9D%80%20%E3%83%9E%E3%83%88%20%E3%83%A1%E3%83%B3%E3%82%BA%20%E3%82%BA%E3%83%9C%E3%83%B3%20%E7%B4%B0%E3%81%84%20Big%20Size%20Pants%20Mobb%20%E3%83%91%E3%83%BC%E3%82%AB%E3%83%BC%20%E3%83%AB%E3%83%BC%E3%83%A0%E3%82%B9%E3%83%AA%E3%83%83%E3%83%91%20%E3%83%8F%E3%83%BC%E3%83%95%E3%83%91%E3%83%B3%E3%83%84%20%E3%83%99%E3%83%AB HTTP/1.1" 200 30568 "-" "Mozilla/5.0 (Linux; Android 6.0.1; Nexus 5X Build/MMB29P) AppleWebKit/537.36 (KHTML, like Gecko) Chrome/137.0.7151.103 Mobile Safari/537.36 (compatible; Googlebot/2.1; +http://www.google.com/bot.html)"
216.73.216.174 - - [05/Jul/2025:13:56:33 -0400] "GET /category/food-reviews/ HTTP/1.1" 500 1034 "-" "Mozilla/5.0 AppleWebKit/537.36 (KHTML, like Gecko; compatible; ClaudeBot/1.0; +claudebot@anthropic.com)"
192.178.6.100 - - [05/Jul/2025:13:56:56 -0400] "GET /?n=1597783859700&channel=eb6002&from=form.php%3Fid%3D838597-6178%26name%3D%E3%82%B7%E3%83%A7%E3%83%AB%E3%83%80%E3%83%BC%E3%83%90%E3%83%83%E3%82%B0+%E3%82%AB%E3%83%BC%E3%82%AD+%E5%A4%A7%E5%AE%B9%E9%87%8F+%E5%8F%8E%E7%B4%8D%E3%83%90%E3%83%84%E3%82%B0%E3%83%B3%E8%BB%BD%E9%87%8F+%E9%AB%98%E7%B4%9A%E6%84%9F+%E6%97%85%E8%A1%8C+%E6%99%AE%E6%AE%B5%E4%BD%BF%E3%81%84 HTTP/1.1" 301 0 "-" "Mozilla/5.0 (Linux; Android 6.0.1; Nexus 5X Build/MMB29P) AppleWebKit/537.36 (KHTML, like Gecko) Chrome/137.0.7151.103 Mobile Safari/537.36 (compatible; Googlebot/2.1; +http://www.google.com/bot.html)"
192.178.6.100 - - [05/Jul/2025:13:56:59 -0400] "GET /?n=1597783859700&channel=eb6002&from=form.php%3Fid%3D838597-6178%26name%3D%E3%82%B7%E3%83%A7%E3%83%AB%E3%83%80%E3%83%BC%E3%83%90%E3%83%83%E3%82%B0%20%E3%82%AB%E3%83%BC%E3%82%AD%20%E5%A4%A7%E5%AE%B9%E9%87%8F%20%E5%8F%8E%E7%B4%8D%E3%83%90%E3%83%84%E3%82%B0%E3%83%B3%E8%BB%BD%E9%87%8F%20%E9%AB%98%E7%B4%9A%E6%84%9F%20%E6%97%85%E8%A1%8C%20%E6%99%AE%E6%AE%B5%E4%BD%BF%E3%81%84 HTTP/1.1" 200 30563 "-" "Mozilla/5.0 (Linux; Android 6.0.1; Nexus 5X Build/MMB29P) AppleWebKit/537.36 (KHTML, like Gecko) Chrome/137.0.7151.103 Mobile Safari/537.36 (compatible; Googlebot/2.1; +http://www.google.com/bot.html)"
192.178.6.100 - - [05/Jul/2025:13:57:01 -0400] "GET /?n=5218296833504&channel=b8f240&from=article.php%3Fid%3D968335-8143%26name%3D1Set+220%2F240V+AC+10A+8PIN+Coil+Power+Relay+DPDT+LY2NJ+HH62P+HHC68A HTTP/1.1" 301 0 "-" "Mozilla/5.0 (Linux; Android 6.0.1; Nexus 5X Build/MMB29P) AppleWebKit/537.36 (KHTML, like Gecko) Chrome/137.0.7151.103 Mobile Safari/537.36 (compatible; Googlebot/2.1; +http://www.google.com/bot.html)"
192.178.6.100 - - [05/Jul/2025:13:57:03 -0400] "GET /?n=5218296833504&channel=b8f240&from=article.php%3Fid%3D968335-8143%26name%3D1Set%20220%2F240V%20AC%2010A%208PIN%20Coil%20Power%20Relay%20DPDT%20LY2NJ%20HH62P%20HHC68A HTTP/1.1" 200 30570 "-" "Mozilla/5.0 (Linux; Android 6.0.1; Nexus 5X Build/MMB29P) AppleWebKit/537.36 (KHTML, like Gecko) Chrome/137.0.7151.103 Mobile Safari/537.36 (compatible; Googlebot/2.1; +http://www.google.com/bot.html)"
216.73.216.174 - - [05/Jul/2025:13:57:26 -0400] "GET /sitemap.xml HTTP/1.1" 500 1034 "-" "Mozilla/5.0 AppleWebKit/537.36 (KHTML, like Gecko; compatible; ClaudeBot/1.0; +claudebot@anthropic.com)"
63.250.38.117 - - [05/Jul/2025:13:57:31 -0400] "POST /wp-cron.php?doing_wp_cron=1751738251.2702729701995849609375 HTTP/1.1" 403 1242 "-" "WordPress/6.8.1; https://fnf.group"
192.178.6.100 - - [05/Jul/2025:13:57:28 -0400] "GET /?n=20794173924801&channel=4fb333&from=brands.php%3Fid%3D1739248-12725%26name%3D%E3%82%B5%E3%82%B5%E3%82%AC%E3%83%AF+%E3%82%BF%E3%82%AB%E5%8D%B0+16-573+%EF%BC%A6%E3%82%AB%E3%83%BC%E3%83%89%EF%BC%91%EF%BC%90%EF%BC%90+%E3%82%AB%E3%83%A9%E3%83%95%E3%83%AB+16573+%E3%83%95%E3%82%A1%E3%83%B3%E3%82%BF%E3%82%B8%E3%83%BC%E3%82%AB%E3%83%BC%E3%83%89+%E3%83%A1%E3%83%83%E3%82%BB%E3%83%BC%E3%82%B8+%E5%90%8D%E5%88%BA%E3%82%B5%E3%82%A4%E3%82%BA+%E3%82%AB%E3%83%AF%E3%82%A4%E3%82%A4+%E3%83%A1%E3%83%83%E3%82%BB%E3%83%BC%E3%82%B8%E3%82%AB%E3%83%BC%E3%83%89+%E3%83%97%E3%83%A9%E3%82%A4%E3%82%B9%E3%82%AB%E3%83%BC%E3%83%89+%E3%83%87%E3%82%A3%E3%82%B9%E3%83%97%E3%83%AC%E3%82%A4 HTTP/1.1" 301 0 "-" "Mozilla/5.0 (Linux; Android 6.0.1; Nexus 5X Build/MMB29P) AppleWebKit/537.36 (KHTML, like Gecko) Chrome/137.0.7151.103 Mobile Safari/537.36 (compatible; Googlebot/2.1; +http://www.google.com/bot.html)"
192.178.6.100 - - [05/Jul/2025:13:57:31 -0400] "GET /?n=20794173924801&channel=4fb333&from=brands.php%3Fid%3D1739248-12725%26name%3D%E3%82%B5%E3%82%B5%E3%82%AC%E3%83%AF%20%E3%82%BF%E3%82%AB%E5%8D%B0%2016-573%20%EF%BC%A6%E3%82%AB%E3%83%BC%E3%83%89%EF%BC%91%EF%BC%90%EF%BC%90%20%E3%82%AB%E3%83%A9%E3%83%95%E3%83%AB%2016573%20%E3%83%95%E3%82%A1%E3%83%B3%E3%82%BF%E3%82%B8%E3%83%BC%E3%82%AB%E3%83%BC%E3%83%89%20%E3%83%A1%E3%83%83%E3%82%BB%E3%83%BC%E3%82%B8%20%E5%90%8D%E5%88%BA%E3%82%B5%E3%82%A4%E3%82%BA%20%E3%82%AB%E3%83%AF%E3%82%A4%E3%82%A4%20%E3%83%A1%E3%83%83%E3%82%BB%E3%83%BC%E3%82%B8%E3%82%AB%E3%83%BC%E3%83%89%20%E3%83%97%E3%83%A9%E3%82%A4%E3%82%B9%E3%82%AB%E3%83%BC%E3%83%89%20%E3%83%87%E3%82%A3%E3%82%B9%E3%83%97%E3%83%AC%E3%82%A4 HTTP/1.1" 200 30574 "-" "Mozilla/5.0 (Linux; Android 6.0.1; Nexus 5X Build/MMB29P) AppleWebKit/537.36 (KHTML, like Gecko) Chrome/137.0.7151.103 Mobile Safari/537.36 (compatible; Googlebot/2.1; +http://www.google.com/bot.html)"
192.178.6.100 - - [05/Jul/2025:13:58:00 -0400] "GET /?n=79263161790400&channel=e1f49a&from=shared.php%3Fid%3D1617904-13761%26name%3D%E5%A4%A9%E7%84%B6%E8%B2%9D%E6%AE%BB%E3%80%80%E5%A4%A9%E7%84%B6%E7%B4%A0%E6%9D%90%E3%80%80%E5%80%8B%E6%80%A7%E6%B4%BE%E8%B2%9D%E6%AE%BB%E3%80%80%E5%B7%BB%E8%B2%9D%E3%80%80%E3%82%A2%E3%82%BD%E3%83%BC%E3%83%88%E3%80%80%E6%A8%99%E6%9C%AC%E3%80%80%E3%82%B3%E3%83%AC%E3%82%AF%E3%82%B7%E3%83%A7%E3%83%B3%E3%80%80%E7%B5%90%E5%A9%9A%E8%A8%BC%E6%98%8E%E6%9B%B8 HTTP/1.1" 200 30567 "-" "Mozilla/5.0 (Linux; Android 6.0.1; Nexus 5X Build/MMB29P) AppleWebKit/537.36 (KHTML, like Gecko) Chrome/137.0.7151.103 Mobile Safari/537.36 (compatible; Googlebot/2.1; +http://www.google.com/bot.html)"
66.249.77.76 - - [05/Jul/2025:13:58:08 -0400] "GET /?n=5028254804808&channel=daec68&from=shared.php%3Fid%3D548048-8809%26name%3D%E3%82%A6%E3%82%A9%E3%83%BC%E3%83%AB%E3%83%8A%E3%83%83%E3%83%88+%E3%81%93%E3%81%9F%E3%81%A4%E3%83%86%E3%83%BC%E3%83%96%E3%83%AB%E3%81%AE%E3%81%BF+W120%2880%C3%97120cm%29+%E5%B9%B4%E4%B8%AD%E5%BF%AB%E9%81%A9+%E9%AB%98%E3%81%95%E8%AA%BF%E7%AF%80%E3%81%8C%E3%81%A7%E3%81%8D%E3%82%8B%E3%83%80%E3%82%A4%E3%83%8B%E3%83%B3%E3%82%B0%E3%81%93%E3%81%9F%E3%81%A4+CHECA+%E3%83%81%E3%82%A7%E3%83%83%E3%82%AB%E3%80%90 HTTP/1.1" 301 0 "-" "Mozilla/5.0 (Linux; Android 6.0.1; Nexus 5X Build/MMB29P) AppleWebKit/537.36 (KHTML, like Gecko) Chrome/137.0.7151.103 Mobile Safari/537.36 (compatible; Googlebot/2.1; +http://www.google.com/bot.html)"
34.52.159.246 - - [05/Jul/2025:14:00:22 -0400] "GET /2025/07/02/casino-uden-rofus-spil-og-fa-udbetalinger-pa-udenlandske-casinoer/ HTTP/1.1" 200 27887 "-" "Mozilla/5.0 (Windows NT 10.0; Win64; x64) AppleWebKit/537.36 (KHTML, like Gecko) Chrome/134.0.0.0 Safari/537.36"
34.52.159.246 - - [05/Jul/2025:14:00:26 -0400] "GET /wp-content/mu-plugins/1and1-wordpress-assistant/js/cookies.js?ver=6.8.1 HTTP/1.1" 304 0 "https://fnf.group/2025/07/02/casino-uden-rofus-spil-og-fa-udbetalinger-pa-udenlandske-casinoer/" "Mozilla/5.0 (Windows NT 10.0; Win64; x64) AppleWebKit/537.36 (KHTML, like Gecko) Chrome/134.0.0.0 Safari/537.36"
34.52.159.246 - - [05/Jul/2025:14:00:26 -0400] "GET /wp-includes/js/jquery/jquery.min.js?ver=3.7.1 HTTP/1.1" 304 0 "https://fnf.group/2025/07/02/casino-uden-rofus-spil-og-fa-udbetalinger-pa-udenlandske-casinoer/" "Mozilla/5.0 (Windows NT 10.0; Win64; x64) AppleWebKit/537.36 (KHTML, like Gecko) Chrome/134.0.0.0 Safari/537.36"
34.52.159.246 - - [05/Jul/2025:14:00:26 -0400] "GET /wp-includes/js/jquery/jquery-migrate.min.js?ver=3.4.1 HTTP/1.1" 304 0 "https://fnf.group/2025/07/02/casino-uden-rofus-spil-og-fa-udbetalinger-pa-udenlandske-casinoer/" "Mozilla/5.0 (Windows NT 10.0; Win64; x64) AppleWebKit/537.36 (KHTML, like Gecko) Chrome/134.0.0.0 Safari/537.36"
34.52.159.246 - - [05/Jul/2025:14:00:26 -0400] "GET /wp-content/plugins/user-submitted-posts/resources/jquery.parsley.min.js?ver=20250329 HTTP/1.1" 304 0 "https://fnf.group/2025/07/02/casino-uden-rofus-spil-og-fa-udbetalinger-pa-udenlandske-casinoer/" "Mozilla/5.0 (Windows NT 10.0; Win64; x64) AppleWebKit/537.36 (KHTML, like Gecko) Chrome/134.0.0.0 Safari/537.36"
34.52.159.246 - - [05/Jul/2025:14:00:26 -0400] "GET /wp-content/plugins/hit_plusgallery/assets/js/isotope.pkgd.min.js?ver=6.8.1 HTTP/1.1" 304 0 "https://fnf.group/2025/07/02/casino-uden-rofus-spil-og-fa-udbetalinger-pa-udenlandske-casinoer/" "Mozilla/5.0 (Windows NT 10.0; Win64; x64) AppleWebKit/537.36 (KHTML, like Gecko) Chrome/134.0.0.0 Safari/537.36"
34.52.159.246 - - [05/Jul/2025:14:00:26 -0400] "GET /wp-content/plugins/user-submitted-posts/resources/jquery.usp.core.js?ver=20250329 HTTP/1.1" 304 0 "https://fnf.group/2025/07/02/casino-uden-rofus-spil-og-fa-udbetalinger-pa-udenlandske-casinoer/" "Mozilla/5.0 (Windows NT 10.0; Win64; x64) AppleWebKit/537.36 (KHTML, like Gecko) Chrome/134.0.0.0 Safari/537.36"
34.52.159.246 - - [05/Jul/2025:14:00:26 -0400] "GET /wp-content/plugins/user-submitted-posts/resources/jquery.cookie.js?ver=20250329 HTTP/1.1" 304 0 "https://fnf.group/2025/07/02/casino-uden-rofus-spil-og-fa-udbetalinger-pa-udenlandske-casinoer/" "Mozilla/5.0 (Windows NT 10.0; Win64; x64) AppleWebKit/537.36 (KHTML, like Gecko) Chrome/134.0.0.0 Safari/537.36"
34.52.159.246 - - [05/Jul/2025:14:00:26 -0400] "GET /wp-content/plugins/hit_plusgallery/assets/js/plusgallery.js?ver=2.0.4 HTTP/1.1" 304 0 "https://fnf.group/2025/07/02/casino-uden-rofus-spil-og-fa-udbetalinger-pa-udenlandske-casinoer/" "Mozilla/5.0 (Windows NT 10.0; Win64; x64) AppleWebKit/537.36 (KHTML, like Gecko) Chrome/134.0.0.0 Safari/537.36"
34.52.159.246 - - [05/Jul/2025:14:00:27 -0400] "GET /wp-includes/js/dist/hooks.min.js?ver=4d63a3d491d11ffd8ac6 HTTP/1.1" 304 0 "https://fnf.group/2025/07/02/casino-uden-rofus-spil-og-fa-udbetalinger-pa-udenlandske-casinoer/" "Mozilla/5.0 (Windows NT 10.0; Win64; x64) AppleWebKit/537.36 (KHTML, like Gecko) Chrome/134.0.0.0 Safari/537.36"
34.52.159.246 - - [05/Jul/2025:14:00:27 -0400] "GET /wp-includes/js/dist/i18n.min.js?ver=5e580eb46a90c2b997e6 HTTP/1.1" 304 0 "https://fnf.group/2025/07/02/casino-uden-rofus-spil-og-fa-udbetalinger-pa-udenlandske-casinoer/" "Mozilla/5.0 (Windows NT 10.0; Win64; x64) AppleWebKit/537.36 (KHTML, like Gecko) Chrome/134.0.0.0 Safari/537.36"
34.52.159.246 - - [05/Jul/2025:14:00:28 -0400] "GET /wp-content/plugins/contact-form-7/includes/swv/js/index.js?ver=6.1 HTTP/1.1" 304 0 "https://fnf.group/2025/07/02/casino-uden-rofus-spil-og-fa-udbetalinger-pa-udenlandske-casinoer/" "Mozilla/5.0 (Windows NT 10.0; Win64; x64) AppleWebKit/537.36 (KHTML, like Gecko) Chrome/134.0.0.0 Safari/537.36"
34.52.159.246 - - [05/Jul/2025:14:00:28 -0400] "GET /wp-content/plugins/contact-form-7/includes/js/index.js?ver=6.1 HTTP/1.1" 304 0 "https://fnf.group/2025/07/02/casino-uden-rofus-spil-og-fa-udbetalinger-pa-udenlandske-casinoer/" "Mozilla/5.0 (Windows NT 10.0; Win64; x64) AppleWebKit/537.36 (KHTML, like Gecko) Chrome/134.0.0.0 Safari/537.36"
34.52.159.246 - - [05/Jul/2025:14:00:28 -0400] "GET /wp-content/plugins/salient-social/js/salient-social.js?ver=1.1 HTTP/1.1" 304 0 "https://fnf.group/2025/07/02/casino-uden-rofus-spil-og-fa-udbetalinger-pa-udenlandske-casinoer/" "Mozilla/5.0 (Windows NT 10.0; Win64; x64) AppleWebKit/537.36 (KHTML, like Gecko) Chrome/134.0.0.0 Safari/537.36"
34.52.159.246 - - [05/Jul/2025:14:00:28 -0400] "GET /wp-content/plugins/wp-smush-pro/app/assets/js/smush-lazy-load.min.js?ver=3.6.0 HTTP/1.1" 304 0 "https://fnf.group/2025/07/02/casino-uden-rofus-spil-og-fa-udbetalinger-pa-udenlandske-casinoer/" "Mozilla/5.0 (Windows NT 10.0; Win64; x64) AppleWebKit/537.36 (KHTML, like Gecko) Chrome/134.0.0.0 Safari/537.36"
34.52.159.246 - - [05/Jul/2025:14:00:28 -0400] "GET /wp-content/themes/salient/js/build/third-party/jquery.easing.min.js?ver=1.3 HTTP/1.1" 304 0 "https://fnf.group/2025/07/02/casino-uden-rofus-spil-og-fa-udbetalinger-pa-udenlandske-casinoer/" "Mozilla/5.0 (Windows NT 10.0; Win64; x64) AppleWebKit/537.36 (KHTML, like Gecko) Chrome/134.0.0.0 Safari/537.36"
34.52.159.246 - - [05/Jul/2025:14:00:28 -0400] "GET /wp-content/plugins/salient-portfolio/js/third-party/imagesLoaded.min.js?ver=4.1.4 HTTP/1.1" 304 0 "https://fnf.group/2025/07/02/casino-uden-rofus-spil-og-fa-udbetalinger-pa-udenlandske-casinoer/" "Mozilla/5.0 (Windows NT 10.0; Win64; x64) AppleWebKit/537.36 (KHTML, like Gecko) Chrome/134.0.0.0 Safari/537.36"
34.52.159.246 - - [05/Jul/2025:14:00:28 -0400] "GET /wp-content/themes/salient/js/build/third-party/transit.min.js?ver=0.9.9 HTTP/1.1" 304 0 "https://fnf.group/2025/07/02/casino-uden-rofus-spil-og-fa-udbetalinger-pa-udenlandske-casinoer/" "Mozilla/5.0 (Windows NT 10.0; Win64; x64) AppleWebKit/537.36 (KHTML, like Gecko) Chrome/134.0.0.0 Safari/537.36"
34.52.159.246 - - [05/Jul/2025:14:00:28 -0400] "GET /wp-content/themes/salient/js/build/third-party/jquery.mousewheel.min.js?ver=3.1.13 HTTP/1.1" 304 0 "https://fnf.group/2025/07/02/casino-uden-rofus-spil-og-fa-udbetalinger-pa-udenlandske-casinoer/" "Mozilla/5.0 (Windows NT 10.0; Win64; x64) AppleWebKit/537.36 (KHTML, like Gecko) Chrome/134.0.0.0 Safari/537.36"
34.52.159.246 - - [05/Jul/2025:14:00:28 -0400] "GET /wp-content/themes/salient/js/build/priority.js?ver=15.1.0 HTTP/1.1" 304 0 "https://fnf.group/2025/07/02/casino-uden-rofus-spil-og-fa-udbetalinger-pa-udenlandske-casinoer/" "Mozilla/5.0 (Windows NT 10.0; Win64; x64) AppleWebKit/537.36 (KHTML, like Gecko) Chrome/134.0.0.0 Safari/537.36"
34.52.159.246 - - [05/Jul/2025:14:00:28 -0400] "GET /wp-content/themes/salient/js/build/third-party/waypoints.js?ver=4.0.2 HTTP/1.1" 304 0 "https://fnf.group/2025/07/02/casino-uden-rofus-spil-og-fa-udbetalinger-pa-udenlandske-casinoer/" "Mozilla/5.0 (Windows NT 10.0; Win64; x64) AppleWebKit/537.36 (KHTML, like Gecko) Chrome/134.0.0.0 Safari/537.36"
34.52.159.246 - - [05/Jul/2025:14:00:28 -0400] "GET /wp-content/themes/salient/js/build/third-party/anime.min.js?ver=4.5.1 HTTP/1.1" 304 0 "https://fnf.group/2025/07/02/casino-uden-rofus-spil-og-fa-udbetalinger-pa-udenlandske-casinoer/" "Mozilla/5.0 (Windows NT 10.0; Win64; x64) AppleWebKit/537.36 (KHTML, like Gecko) Chrome/134.0.0.0 Safari/537.36"
34.52.159.246 - - [05/Jul/2025:14:00:28 -0400] "GET /wp-includes/js/comment-reply.min.js?ver=6.8.1 HTTP/1.1" 304 0 "https://fnf.group/2025/07/02/casino-uden-rofus-spil-og-fa-udbetalinger-pa-udenlandske-casinoer/" "Mozilla/5.0 (Windows NT 10.0; Win64; x64) AppleWebKit/537.36 (KHTML, like Gecko) Chrome/134.0.0.0 Safari/537.36"
34.52.159.246 - - [05/Jul/2025:14:00:28 -0400] "GET /wp-content/plugins/salient-core/js/third-party/touchswipe.min.js?ver=1.0 HTTP/1.1" 304 0 "https://fnf.group/2025/07/02/casino-uden-rofus-spil-og-fa-udbetalinger-pa-udenlandske-casinoer/" "Mozilla/5.0 (Windows NT 10.0; Win64; x64) AppleWebKit/537.36 (KHTML, like Gecko) Chrome/134.0.0.0 Safari/537.36"
34.52.159.246 - - [05/Jul/2025:14:00:28 -0400] "GET /wp-content/themes/salient/js/build/init.js?ver=15.1.0 HTTP/1.1" 304 0 "https://fnf.group/2025/07/02/casino-uden-rofus-spil-og-fa-udbetalinger-pa-udenlandske-casinoer/" "Mozilla/5.0 (Windows NT 10.0; Win64; x64) AppleWebKit/537.36 (KHTML, like Gecko) Chrome/134.0.0.0 Safari/537.36"
34.52.159.246 - - [05/Jul/2025:14:00:28 -0400] "GET /wp-includes/js/imagesloaded.min.js?ver=5.0.0 HTTP/1.1" 304 0 "https://fnf.group/2025/07/02/casino-uden-rofus-spil-og-fa-udbetalinger-pa-udenlandske-casinoer/" "Mozilla/5.0 (Windows NT 10.0; Win64; x64) AppleWebKit/537.36 (KHTML, like Gecko) Chrome/134.0.0.0 Safari/537.36"
34.52.159.246 - - [05/Jul/2025:14:00:28 -0400] "GET /wp-content/themes/salient/js/build/third-party/stickkit.js?ver=1.0 HTTP/1.1" 304 0 "https://fnf.group/2025/07/02/casino-uden-rofus-spil-og-fa-udbetalinger-pa-udenlandske-casinoer/" "Mozilla/5.0 (Windows NT 10.0; Win64; x64) AppleWebKit/537.36 (KHTML, like Gecko) Chrome/134.0.0.0 Safari/537.36"
34.52.159.246 - - [05/Jul/2025:14:00:28 -0400] "GET /wp-content/themes/salient/js/build/third-party/hoverintent.min.js?ver=1.9 HTTP/1.1" 304 0 "https://fnf.group/2025/07/02/casino-uden-rofus-spil-og-fa-udbetalinger-pa-udenlandske-casinoer/" "Mozilla/5.0 (Windows NT 10.0; Win64; x64) AppleWebKit/537.36 (KHTML, like Gecko) Chrome/134.0.0.0 Safari/537.36"
34.52.159.246 - - [05/Jul/2025:14:00:28 -0400] "GET /wp-content/themes/salient/js/build/third-party/superfish.js?ver=1.5.8 HTTP/1.1" 304 0 "https://fnf.group/2025/07/02/casino-uden-rofus-spil-og-fa-udbetalinger-pa-udenlandske-casinoer/" "Mozilla/5.0 (Windows NT 10.0; Win64; x64) AppleWebKit/537.36 (KHTML, like Gecko) Chrome/134.0.0.0 Safari/537.36"
34.52.159.246 - - [05/Jul/2025:14:00:28 -0400] "GET /wp-content/themes/salient/js/build/third-party/magnific.js?ver=7.0.1 HTTP/1.1" 304 0 "https://fnf.group/2025/07/02/casino-uden-rofus-spil-og-fa-udbetalinger-pa-udenlandske-casinoer/" "Mozilla/5.0 (Windows NT 10.0; Win64; x64) AppleWebKit/537.36 (KHTML, like Gecko) Chrome/134.0.0.0 Safari/537.36"
34.52.159.246 - - [05/Jul/2025:14:00:29 -0400] "GET /wp-includes/js/wp-emoji-release.min.js?ver=6.8.1 HTTP/1.1" 304 0 "https://fnf.group/2025/07/02/casino-uden-rofus-spil-og-fa-udbetalinger-pa-udenlandske-casinoer/" "Mozilla/5.0 (Windows NT 10.0; Win64; x64) AppleWebKit/537.36 (KHTML, like Gecko) Chrome/134.0.0.0 Safari/537.36"
192.250.227.100 - - [05/Jul/2025:14:01:23 -0400] "POST /xmlrpc.php HTTP/1.1" 403 1242 "https://fnf.group" "Mozilla/5.0 (Macintosh; Intel Mac OS X 10_15_7; rv:127.0) Gecko/20100101 Firefox/127.0"
63.250.38.117 - - [05/Jul/2025:14:01:26 -0400] "POST /wp-cron.php?doing_wp_cron=1751738486.2683849334716796875000 HTTP/1.1" 403 1242 "-" "WordPress/6.8.1; https://fnf.group"
192.250.227.100 - - [05/Jul/2025:14:01:23 -0400] "POST /wp-login.php HTTP/1.1" 200 3952 "https://fnf.group" "Mozilla/5.0 (Macintosh; Intel Mac OS X 10.15; rv:126.0) Gecko/20100101 Firefox/126.0"
192.178.6.102 - - [05/Jul/2025:14:01:42 -0400] "GET /?n=59023149083003&channel=578160&from=form.php%3Fid%3D1490830-13096%26name%3DUSB+C%E3%82%A2%E3%83%80%E3%83%97%E3%82%BF%E3%83%BC%E3%82%B1%E3%83%BC%E3%83%96%E3%83%AB%E7%95%B0%E3%81%AA%E3%82%8B%E9%95%B7%E3%81%95USB+C%E3%82%B3%E3%83%B3%E3%83%90%E3%83%BC%E3%82%BF%E3%83%BC%E3%82%BF%E3%83%96%E3%83%AC%E3%83%83%E3%83%88%E7%94%A8%E3%82%B3%E3%83%BC%E3%83%89%E9%9B%BB%E8%A9%B1480Mbps%E3%83%87%E3%83%BC%E3%82%BF%E9%80%81%E4%BF%A1 HTTP/1.1" 301 0 "-" "Mozilla/5.0 (Linux; Android 6.0.1; Nexus 5X Build/MMB29P) AppleWebKit/537.36 (KHTML, like Gecko) Chrome/137.0.7151.103 Mobile Safari/537.36 (compatible; Googlebot/2.1; +http://www.google.com/bot.html)"
192.178.6.102 - - [05/Jul/2025:14:01:43 -0400] "GET /?n=7327218982401&channel=d80a95&from=shop.php%3Fid%3D189824-5270%26name%3D%E6%AF%8E%E6%97%A5%E4%BD%BF%E7%94%A8%E3%81%99%E3%82%8B%E3%81%9F%E3%82%81%E3%81%AE%E3%82%A2%E3%83%AB%E3%83%9F%E3%83%8B%E3%82%A6%E3%83%A0%E6%9C%9B%E9%81%A0%E9%8F%A1%E5%BB%B6%E9%95%B7%E3%83%A9%E3%83%80%E3%83%BC%E3%82%B9%E3%83%9A%E3%83%BC%E3%82%B9%E4%BF%9D%E5%AD%98%E8%A8%AD%E8%A8%88%E3%82%92%E5%82%99%E3%81%88%E3%81%9F%E5%A4%9A%E7%9B%AE%E7%9A%84%E3%83%9D%E3%83%BC%E3%82%BF%E3%83%96%E3%83%AB%E3%83%A9%E3%83%80%E3%83%BC%E3%81%AF%E4%BD%BF%E3%81%84%E3%82%84%E3%81%99%E3%81%8F%E3%80%81%E5%B1%8B%E6%A0%B9%E3%81%AE%E4%BD%9C%E6%A5%AD%E3%82%84%E3%82%AA%E3%83%95%E3%82%A3%E3%82%B9%E3%81%AE%E3%82%BF%E3%82%B9 HTTP/1.1" 200 30571 "-" "Mozilla/5.0 (Linux; Android 6.0.1; Nexus 5X Build/MMB29P) AppleWebKit/537.36 (KHTML, like Gecko) Chrome/137.0.7151.103 Mobile Safari/537.36 (compatible; Googlebot/2.1; +http://www.google.com/bot.html)"
192.178.6.102 - - [05/Jul/2025:14:01:46 -0400] "GET /?n=59023149083003&channel=578160&from=form.php%3Fid%3D1490830-13096%26name%3DUSB%20C%E3%82%A2%E3%83%80%E3%83%97%E3%82%BF%E3%83%BC%E3%82%B1%E3%83%BC%E3%83%96%E3%83%AB%E7%95%B0%E3%81%AA%E3%82%8B%E9%95%B7%E3%81%95USB%20C%E3%82%B3%E3%83%B3%E3%83%90%E3%83%BC%E3%82%BF%E3%83%BC%E3%82%BF%E3%83%96%E3%83%AC%E3%83%83%E3%83%88%E7%94%A8%E3%82%B3%E3%83%BC%E3%83%89%E9%9B%BB%E8%A9%B1480Mbps%E3%83%87%E3%83%BC%E3%82%BF%E9%80%81%E4%BF%A1 HTTP/1.1" 200 30565 "-" "Mozilla/5.0 (Linux; Android 6.0.1; Nexus 5X Build/MMB29P) AppleWebKit/537.36 (KHTML, like Gecko) Chrome/137.0.7151.103 Mobile Safari/537.36 (compatible; Googlebot/2.1; +http://www.google.com/bot.html)"
2a03:2880:22ff:74:: - - [05/Jul/2025:14:02:00 -0400] "GET /robots.txt HTTP/1.1" 200 84 "-" "facebookexternalhit/1.1 (+http://www.facebook.com/externalhit_uatext.php)"
2a03:2880:22ff:2:: - - [05/Jul/2025:14:02:01 -0400] "GET /wp-content/uploads/2020/09/FRIED-MUTTON-CHOPS-scaled.jpeg HTTP/1.1" 200 1517397 "-" "facebookexternalhit/1.1 (+http://www.facebook.com/externalhit_uatext.php)"
192.178.6.102 - - [05/Jul/2025:14:02:14 -0400] "GET /?n=3006911463903&channel=d8e8ee&from=article.php%3Fid%3D114639-8018%26name%3D%E5%B1%8B%E5%86%85%E5%99%B4%E6%B0%B4%E5%8D%93%E4%B8%8A%E5%99%B4%E6%B0%B4+%E5%89%B5%E9%80%A0%E7%9A%84%E3%81%AA%E6%B5%81%E6%B0%B4%E5%99%B4%E6%B0%B4%E9%A2%A8%E6%99%AF%E3%83%A9%E3%83%83%E3%82%AD%E3%83%BC%E3%83%87%E3%82%B9%E3%82%AF%E3%83%88%E3%83%83%E3%83%97%E8%A3%85%E9%A3%BE%E5%AE%B6%E3%81%AE%E3%83%AA%E3%83%93%E3%83%B3%E3%82%B0%E3%83%AB%E3%83%BC%E3%83%A0%E3%81%AE%E8%A3%85%E9%A3%BE%E3%82%AA%E3%83%95%E3%82%A3%E3%82%B9%E3%81%AE%E8%A3%85%E9%A3%BE+%E5%AE%B6%E3%81%AE%E5%AF%9D%E5%AE%A4%E3%81%AE%E3%82%AA%E3%83%95%E3%82%A3%E3%82%B9%E3%81%AE%E8%A3%85%E9%A3%BE%E3%81%AE%E3%81%9F%E3%82%81 HTTP/1.1" 301 0 "-" "Mozilla/5.0 (Linux; Android 6.0.1; Nexus 5X Build/MMB29P) AppleWebKit/537.36 (KHTML, like Gecko) Chrome/137.0.7151.103 Mobile Safari/537.36 (compatible; Googlebot/2.1; +http://www.google.com/bot.html)"
192.178.6.101 - - [05/Jul/2025:13:58:11 -0400] "GET /?n=5028254804808&channel=daec68&from=shared.php%3Fid%3D548048-8809%26name%3D%E3%82%A6%E3%82%A9%E3%83%BC%E3%83%AB%E3%83%8A%E3%83%83%E3%83%88%20%E3%81%93%E3%81%9F%E3%81%A4%E3%83%86%E3%83%BC%E3%83%96%E3%83%AB%E3%81%AE%E3%81%BF%20W120%2880%C3%97120cm%29%20%E5%B9%B4%E4%B8%AD%E5%BF%AB%E9%81%A9%20%E9%AB%98%E3%81%95%E8%AA%BF%E7%AF%80%E3%81%8C%E3%81%A7%E3%81%8D%E3%82%8B%E3%83%80%E3%82%A4%E3%83%8B%E3%83%B3%E3%82%B0%E3%81%93%E3%81%9F%E3%81%A4%20CHECA%20%E3%83%81%E3%82%A7%E3%83%83%E3%82%AB%E3%80%90 HTTP/1.1" 200 30568 "-" "Mozilla/5.0 (Linux; Android 6.0.1; Nexus 5X Build/MMB29P) AppleWebKit/537.36 (KHTML, like Gecko) Chrome/137.0.7151.103 Mobile Safari/537.36 (compatible; Googlebot/2.1; +http://www.google.com/bot.html)"
63.250.38.117 - - [05/Jul/2025:13:58:35 -0400] "POST /wp-cron.php?doing_wp_cron=1751738314.8814280033111572265625 HTTP/1.1" 403 1242 "-" "WordPress/6.8.1; https://fnf.group"
192.178.6.101 - - [05/Jul/2025:13:58:32 -0400] "GET /?n=92210151874804&channel=0af97a&from=jp.php%3Fid%3D1518748-9418%26name%3D10%E5%80%8B+%E3%82%B5%E3%83%93%E5%8F%96%E3%82%8A%E6%A3%92++%E5%AE%9F%E7%94%A8%E7%A3%A8%E3%81%8D%E6%B6%88%E3%81%97%E3%82%B4%E3%83%A0+grind+%E3%82%AE%E3%82%BF%E3%83%BC%E7%A3%A8%E3%81%8D%E3%82%AF%E3%83%AA%E3%83%BC%E3%83%8A%E3%83%BC+%E3%82%AE%E3%82%BF%E3%83%BC%E7%94%A8%E7%A3%A8%E3%81%8D%E6%B6%88%E3%81%97%E3%82%B4%E3%83%A0+%E8%80%90%E4%B9%85%E6%80%A7%E3%81%AE%E3%81%82%E3%82%8B%E3%83%95%E3%83%AC%E3%83%83%E3%83%88%E7%A0%94%E7%A3%A8%E3%82%AF%E3%83%AA%E3%83%BC%E3%83%8A%E3%83%BC+%E5%AE%9F%EF%BC%88%E3%82%B4%E3%83%A0%E3%83%9C%E3%83%BC%E3%82%A4%E3%82%AB%E3%83%BC%E3%83%96+%E8%8D%92%E7%9B%AE+GOMBOY+CURVE+%7C+%E4%B8%96%E7%95%8C%E4%B8%80%E3%81%AE%E5%88%87%E3%82%8C%E5%91%B3%E3%82%92%E7%9B%AE%E6%8C%87%E3%81%97%E3%81%A6+%E9%8B%B8%E3%83%A1%E3%83%BC%E3%82%AB%E3%83%BC+%E3%82%B7%E3%83%AB%E3%82%AD%E3%83%BC%28silky%29+%E3%83%A6%E3%83%BC%E3%82%A8%E3%83%A0%E5%B7%A5%E6%A5%AD+%7C+%E3%81%AE%E3%81%93%E3%81%8E%E3%82%8A++%E3%83%8E%E3%82%B3%E3%82%AE%E3%83%AA+%E9%AB%98%E6%9E%9D+%E4%B8%87%E8%83%BD+%E4%B8%A1%E5%88%83%EF%BC%89 HTTP/1.1" 301 0 "-" "Mozilla/5.0 (Linux; Android 6.0.1; Nexus 5X Build/MMB29P) AppleWebKit/537.36 (KHTML, like Gecko) Chrome/137.0.7151.103 Mobile Safari/537.36 (compatible; Googlebot/2.1; +http://www.google.com/bot.html)"
192.178.6.101 - - [05/Jul/2025:13:58:35 -0400] "GET /?n=92210151874804&channel=0af97a&from=jp.php%3Fid%3D1518748-9418%26name%3D10%E5%80%8B%20%E3%82%B5%E3%83%93%E5%8F%96%E3%82%8A%E6%A3%92%20%20%E5%AE%9F%E7%94%A8%E7%A3%A8%E3%81%8D%E6%B6%88%E3%81%97%E3%82%B4%E3%83%A0%20grind%20%E3%82%AE%E3%82%BF%E3%83%BC%E7%A3%A8%E3%81%8D%E3%82%AF%E3%83%AA%E3%83%BC%E3%83%8A%E3%83%BC%20%E3%82%AE%E3%82%BF%E3%83%BC%E7%94%A8%E7%A3%A8%E3%81%8D%E6%B6%88%E3%81%97%E3%82%B4%E3%83%A0%20%E8%80%90%E4%B9%85%E6%80%A7%E3%81%AE%E3%81%82%E3%82%8B%E3%83%95%E3%83%AC%E3%83%83%E3%83%88%E7%A0%94%E7%A3%A8%E3%82%AF%E3%83%AA%E3%83%BC%E3%83%8A%E3%83%BC%20%E5%AE%9F%EF%BC%88%E3%82%B4%E3%83%A0%E3%83%9C%E3%83%BC%E3%82%A4%E3%82%AB%E3%83%BC%E3%83%96%20%E8%8D%92%E7%9B%AE%20GOMBOY%20CURVE%20%7C%20%E4%B8%96%E7%95%8C%E4%B8%80%E3%81%AE%E5%88%87%E3%82%8C%E5%91%B3%E3%82%92%E7%9B%AE%E6%8C%87%E3%81%97%E3%81%A6%20%E9%8B%B8%E3%83%A1%E3%83%BC%E3%82%AB%E3%83%BC%20%E3%82%B7%E3%83%AB%E3%82%AD%E3%83%BC%28silky%29%20%E3%83%A6%E3%83%BC%E3%82%A8%E3%83%A0%E5%B7%A5%E6%A5%AD%20%7C%20%E3%81%AE%E3%81%93%E3%81%8E%E3%82%8A%20%20%E3%83%8E%E3%82%B3%E3%82%AE%E3%83%AA%20%E9%AB%98%E6%9E%9D%20%E4%B8%87%E8%83%BD%20%E4%B8%A1%E5%88%83%EF%BC%89 HTTP/1.1" 200 30561 "-" "Mozilla/5.0 (Linux; Android 6.0.1; Nexus 5X Build/MMB29P) AppleWebKit/537.36 (KHTML, like Gecko) Chrome/137.0.7151.103 Mobile Safari/537.36 (compatible; Googlebot/2.1; +http://www.google.com/bot.html)"
63.250.38.117 - - [05/Jul/2025:13:59:37 -0400] "POST /wp-cron.php?doing_wp_cron=1751738377.5812859535217285156250 HTTP/1.1" 403 1242 "-" "WordPress/6.8.1; https://fnf.group"
192.178.6.102 - - [05/Jul/2025:13:59:34 -0400] "GET /?n=37970107148000&channel=f649ef&from=blog.php%3Fid%3D1071480-21557%26name%3D6%E5%80%8B+%E7%84%A1%E5%9E%A2%E6%9D%90%E3%81%AE%E3%83%89%E3%82%A2+DIY%E8%A3%85%E9%A3%BE+DIY%E3%81%AE%E8%A3%85%E9%A3%BE+%E5%AE%B6%E5%85%B7%E7%94%A8%E3%81%AE%E6%9C%A8%E8%A3%BD%E3%82%A2%E3%83%83%E3%83%97%E3%83%AA%E3%82%B1+%E6%9C%A8%E8%A3%BD%E3%82%A2%E3%83%B3%E3%83%AC%E3%83%BC+%E3%82%A2%E3%83%83%E3%83%97%E3%83%AA%E3%82%B1+%E6%9C%A8%E5%BD%AB%E3%82%8A%E3%83%87%E3%82%AB%E3%83%BC%E3%83%AB+%E6%9C%A8%E5%BD%AB%E3%82%8A%E3%81%AE%E8%A3%85%E9%A3%BE%E5%93%81+%E6%9C%A8%E5%BD%AB HTTP/1.1" 301 0 "-" "Mozilla/5.0 (Linux; Android 6.0.1; Nexus 5X Build/MMB29P) AppleWebKit/537.36 (KHTML, like Gecko) Chrome/137.0.7151.103 Mobile Safari/537.36 (compatible; Googlebot/2.1; +http://www.google.com/bot.html)"
