2a03:2880:30ff:4:: - - [05/Jul/2025:10:09:23 -0400] "GET /wp-content/themes/salient/js/build/third-party/superfish.js?ver=1.5.8 HTTP/1.1" 304 0 "https://fnf.group/?fbclid=IwZXh0bgNhZW0CMTEAAR5m_uO4ZTkML6_8ud-WN84w8zyL0DO42ZxAXLQTKUsBqnQ0q-AMDkBaojQwgA_aem_QQS8p7DY0oPTkAcFJXi6pw" "Mozilla/5.0 (Windows NT 10.0; Win64; x64) AppleWebKit/537.36 (KHTML, like Gecko) Chrome/138.0.0.0 Safari/537.36 Edg/138.0.0.0"
2a03:2880:30ff:4:: - - [05/Jul/2025:10:09:23 -0400] "GET /wp-content/themes/salient/js/build/init.js?ver=15.1.0 HTTP/1.1" 304 0 "https://fnf.group/?fbclid=IwZXh0bgNhZW0CMTEAAR5m_uO4ZTkML6_8ud-WN84w8zyL0DO42ZxAXLQTKUsBqnQ0q-AMDkBaojQwgA_aem_QQS8p7DY0oPTkAcFJXi6pw" "Mozilla/5.0 (Windows NT 10.0; Win64; x64) AppleWebKit/537.36 (KHTML, like Gecko) Chrome/138.0.0.0 Safari/537.36 Edg/138.0.0.0"
2a03:2880:30ff:4:: - - [05/Jul/2025:10:09:23 -0400] "GET /wp-content/plugins/js_composer_salient/assets/lib/bower/flexslider/jquery.flexslider-min.js?ver=6.1 HTTP/1.1" 200 6169 "https://fnf.group/?fbclid=IwZXh0bgNhZW0CMTEAAR5m_uO4ZTkML6_8ud-WN84w8zyL0DO42ZxAXLQTKUsBqnQ0q-AMDkBaojQwgA_aem_QQS8p7DY0oPTkAcFJXi6pw" "Mozilla/5.0 (Windows NT 10.0; Win64; x64) AppleWebKit/537.36 (KHTML, like Gecko) Chrome/138.0.0.0 Safari/537.36 Edg/138.0.0.0"
2a03:2880:30ff:4:: - - [05/Jul/2025:10:09:23 -0400] "GET /wp-content/plugins/salient-portfolio/js/third-party/isotope.min.js?ver=7.6 HTTP/1.1" 200 13698 "https://fnf.group/?fbclid=IwZXh0bgNhZW0CMTEAAR5m_uO4ZTkML6_8ud-WN84w8zyL0DO42ZxAXLQTKUsBqnQ0q-AMDkBaojQwgA_aem_QQS8p7DY0oPTkAcFJXi6pw" "Mozilla/5.0 (Windows NT 10.0; Win64; x64) AppleWebKit/537.36 (KHTML, like Gecko) Chrome/138.0.0.0 Safari/537.36 Edg/138.0.0.0"
2a03:2880:30ff:4:: - - [05/Jul/2025:10:09:23 -0400] "GET /wp-content/themes/salient/js/build/elements/nectar-blog.js?ver=15.1.0 HTTP/1.1" 200 2442 "https://fnf.group/?fbclid=IwZXh0bgNhZW0CMTEAAR5m_uO4ZTkML6_8ud-WN84w8zyL0DO42ZxAXLQTKUsBqnQ0q-AMDkBaojQwgA_aem_QQS8p7DY0oPTkAcFJXi6pw" "Mozilla/5.0 (Windows NT 10.0; Win64; x64) AppleWebKit/537.36 (KHTML, like Gecko) Chrome/138.0.0.0 Safari/537.36 Edg/138.0.0.0"
175.111.10.110 - - [05/Jul/2025:10:09:20 -0400] "GET /wp-login.php HTTP/1.1" 200 3800 "-" "Mozilla/5.0 (Macintosh; Intel Mac OS X 10_15_7) AppleWebKit/537.36 (KHTML, like Gecko) Chrome/108.0.0.0 YaBrowser/23.1.2.980 Yowser/2.5 Safari/537.36"
2a03:2880:30ff:4:: - - [05/Jul/2025:10:09:24 -0400] "GET /wp-content/themes/salient/js/build/third-party/stickkit.js?ver=1.0 HTTP/1.1" 304 0 "https://fnf.group/?fbclid=IwZXh0bgNhZW0CMTEAAR5m_uO4ZTkML6_8ud-WN84w8zyL0DO42ZxAXLQTKUsBqnQ0q-AMDkBaojQwgA_aem_QQS8p7DY0oPTkAcFJXi6pw" "Mozilla/5.0 (Windows NT 10.0; Win64; x64) AppleWebKit/537.36 (KHTML, like Gecko) Chrome/138.0.0.0 Safari/537.36 Edg/138.0.0.0"
2a03:2880:30ff:4:: - - [05/Jul/2025:10:09:24 -0400] "GET /wp-content/plugins/salient-core/js/third-party/touchswipe.min.js?ver=1.0 HTTP/1.1" 304 0 "https://fnf.group/?fbclid=IwZXh0bgNhZW0CMTEAAR5m_uO4ZTkML6_8ud-WN84w8zyL0DO42ZxAXLQTKUsBqnQ0q-AMDkBaojQwgA_aem_QQS8p7DY0oPTkAcFJXi6pw" "Mozilla/5.0 (Windows NT 10.0; Win64; x64) AppleWebKit/537.36 (KHTML, like Gecko) Chrome/138.0.0.0 Safari/537.36 Edg/138.0.0.0"
2a03:2880:30ff:4:: - - [05/Jul/2025:10:09:24 -0400] "GET /wp-includes/js/imagesloaded.min.js?ver=5.0.0 HTTP/1.1" 304 0 "https://fnf.group/?fbclid=IwZXh0bgNhZW0CMTEAAR5m_uO4ZTkML6_8ud-WN84w8zyL0DO42ZxAXLQTKUsBqnQ0q-AMDkBaojQwgA_aem_QQS8p7DY0oPTkAcFJXi6pw" "Mozilla/5.0 (Windows NT 10.0; Win64; x64) AppleWebKit/537.36 (KHTML, like Gecko) Chrome/138.0.0.0 Safari/537.36 Edg/138.0.0.0"
2a03:2880:30ff:4:: - - [05/Jul/2025:10:09:24 -0400] "GET /wp-content/plugins/js_composer_salient/assets/js/dist/js_composer_front.min.js?ver=6.1 HTTP/1.1" 200 5548 "https://fnf.group/?fbclid=IwZXh0bgNhZW0CMTEAAR5m_uO4ZTkML6_8ud-WN84w8zyL0DO42ZxAXLQTKUsBqnQ0q-AMDkBaojQwgA_aem_QQS8p7DY0oPTkAcFJXi6pw" "Mozilla/5.0 (Windows NT 10.0; Win64; x64) AppleWebKit/537.36 (KHTML, like Gecko) Chrome/138.0.0.0 Safari/537.36 Edg/138.0.0.0"
2a03:2880:30ff:4:: - - [05/Jul/2025:10:09:24 -0400] "GET /wp-content/uploads/2020/09/Vanilla-Icecream-Fruit-Custard-800x800.jpg HTTP/1.1" 200 138579 "https://fnf.group/?fbclid=IwZXh0bgNhZW0CMTEAAR5m_uO4ZTkML6_8ud-WN84w8zyL0DO42ZxAXLQTKUsBqnQ0q-AMDkBaojQwgA_aem_QQS8p7DY0oPTkAcFJXi6pw" "Mozilla/5.0 (Windows NT 10.0; Win64; x64) AppleWebKit/537.36 (KHTML, like Gecko) Chrome/138.0.0.0 Safari/537.36 Edg/138.0.0.0"
2a03:2880:30ff:4:: - - [05/Jul/2025:10:09:25 -0400] "GET /wp-content/uploads/2020/10/FB_IMG_1603123720232.jpg HTTP/1.1" 200 204034 "https://fnf.group/?fbclid=IwZXh0bgNhZW0CMTEAAR5m_uO4ZTkML6_8ud-WN84w8zyL0DO42ZxAXLQTKUsBqnQ0q-AMDkBaojQwgA_aem_QQS8p7DY0oPTkAcFJXi6pw" "Mozilla/5.0 (Windows NT 10.0; Win64; x64) AppleWebKit/537.36 (KHTML, like Gecko) Chrome/138.0.0.0 Safari/537.36 Edg/138.0.0.0"
2a03:2880:30ff:4:: - - [05/Jul/2025:10:09:26 -0400] "GET /wp-content/uploads/2021/09/welcome.jpg HTTP/1.1" 200 371195 "https://fnf.group/?fbclid=IwZXh0bgNhZW0CMTEAAR5m_uO4ZTkML6_8ud-WN84w8zyL0DO42ZxAXLQTKUsBqnQ0q-AMDkBaojQwgA_aem_QQS8p7DY0oPTkAcFJXi6pw" "Mozilla/5.0 (Windows NT 10.0; Win64; x64) AppleWebKit/537.36 (KHTML, like Gecko) Chrome/138.0.0.0 Safari/537.36 Edg/138.0.0.0"
2a03:2880:30ff:4:: - - [05/Jul/2025:10:09:26 -0400] "GET /wp-content/uploads/2021/10/reciepies.jpg HTTP/1.1" 200 559199 "https://fnf.group/?fbclid=IwZXh0bgNhZW0CMTEAAR5m_uO4ZTkML6_8ud-WN84w8zyL0DO42ZxAXLQTKUsBqnQ0q-AMDkBaojQwgA_aem_QQS8p7DY0oPTkAcFJXi6pw" "Mozilla/5.0 (Windows NT 10.0; Win64; x64) AppleWebKit/537.36 (KHTML, like Gecko) Chrome/138.0.0.0 Safari/537.36 Edg/138.0.0.0"
2a03:2880:30ff:4:: - - [05/Jul/2025:10:09:26 -0400] "GET /wp-content/uploads/2021/10/reviwes.jpg HTTP/1.1" 200 519964 "https://fnf.group/?fbclid=IwZXh0bgNhZW0CMTEAAR5m_uO4ZTkML6_8ud-WN84w8zyL0DO42ZxAXLQTKUsBqnQ0q-AMDkBaojQwgA_aem_QQS8p7DY0oPTkAcFJXi6pw" "Mozilla/5.0 (Windows NT 10.0; Win64; x64) AppleWebKit/537.36 (KHTML, like Gecko) Chrome/138.0.0.0 Safari/537.36 Edg/138.0.0.0"
2a03:2880:30ff:4:: - - [05/Jul/2025:10:09:26 -0400] "GET /wp-content/uploads/2021/10/achievements.jpg HTTP/1.1" 200 163031 "https://fnf.group/?fbclid=IwZXh0bgNhZW0CMTEAAR5m_uO4ZTkML6_8ud-WN84w8zyL0DO42ZxAXLQTKUsBqnQ0q-AMDkBaojQwgA_aem_QQS8p7DY0oPTkAcFJXi6pw" "Mozilla/5.0 (Windows NT 10.0; Win64; x64) AppleWebKit/537.36 (KHTML, like Gecko) Chrome/138.0.0.0 Safari/537.36 Edg/138.0.0.0"
2a03:2880:30ff:4:: - - [05/Jul/2025:10:09:26 -0400] "GET /wp-content/uploads/2021/10/competitions.jpg HTTP/1.1" 200 237217 "https://fnf.group/?fbclid=IwZXh0bgNhZW0CMTEAAR5m_uO4ZTkML6_8ud-WN84w8zyL0DO42ZxAXLQTKUsBqnQ0q-AMDkBaojQwgA_aem_QQS8p7DY0oPTkAcFJXi6pw" "Mozilla/5.0 (Windows NT 10.0; Win64; x64) AppleWebKit/537.36 (KHTML, like Gecko) Chrome/138.0.0.0 Safari/537.36 Edg/138.0.0.0"
2a03:2880:30ff:4:: - - [05/Jul/2025:10:09:26 -0400] "GET /wp-content/uploads/2021/10/charity.jpg HTTP/1.1" 200 305974 "https://fnf.group/?fbclid=IwZXh0bgNhZW0CMTEAAR5m_uO4ZTkML6_8ud-WN84w8zyL0DO42ZxAXLQTKUsBqnQ0q-AMDkBaojQwgA_aem_QQS8p7DY0oPTkAcFJXi6pw" "Mozilla/5.0 (Windows NT 10.0; Win64; x64) AppleWebKit/537.36 (KHTML, like Gecko) Chrome/138.0.0.0 Safari/537.36 Edg/138.0.0.0"
175.111.10.110 - - [05/Jul/2025:10:09:27 -0400] "POST /wp-login.php HTTP/1.1" 302 0 "-" "Mozilla/5.0 (Macintosh; Intel Mac OS X 10_15_7) AppleWebKit/537.36 (KHTML, like Gecko) Chrome/108.0.0.0 YaBrowser/23.1.2.980 Yowser/2.5 Safari/537.36"
175.111.10.110 - - [05/Jul/2025:10:09:32 -0400] "GET /wp-login.php?redirect_to=https%3A%2F%2Ffnf.group%2Fwp-admin%2F&action=confirm_admin_email&wp_lang=en_US HTTP/1.1" 200 3816 "-" "Mozilla/5.0 (Macintosh; Intel Mac OS X 10_15_7) AppleWebKit/537.36 (KHTML, like Gecko) Chrome/108.0.0.0 YaBrowser/23.1.2.980 Yowser/2.5 Safari/537.36"
144.76.32.94 - - [05/Jul/2025:10:09:35 -0400] "GET /category/1win-fr/ HTTP/1.1" 200 13815 "-" "Mozilla/5.0 (compatible; BLEXBot/1.0; +https://help.seranking.com/en/blex-crawler)"
175.111.10.110 - - [05/Jul/2025:10:09:37 -0400] "GET /wp-login.php?redirect_to=https://fnf.group/wp-admin/&action=confirm_admin_email&remind_me_later=46a2c93306 HTTP/1.1" 302 0 "-" "Mozilla/5.0 (Macintosh; Intel Mac OS X 10_15_7) AppleWebKit/537.36 (KHTML, like Gecko) Chrome/108.0.0.0 YaBrowser/23.1.2.980 Yowser/2.5 Safari/537.36"
192.178.6.102 - - [05/Jul/2025:10:09:39 -0400] "GET /?n=15303130469901&channel=982326&from=blog.php%3Fid%3D1304699-25695%26name%3D%E7%86%B1%E3%81%95%E3%81%BE%E3%82%B7%E3%83%BC%E3%83%88+%E5%AD%90%E3%81%A9%E3%82%82%E7%94%A8+16%E6%9E%9A%E5%85%A5+6%E5%80%8B%E3%82%BB%E3%83%83%E3%83%88+%E3%81%BE%E3%81%A8%E3%82%81%E5%A3%B2%E3%82%8A HTTP/1.1" 301 0 "-" "Mozilla/5.0 (Linux; Android 6.0.1; Nexus 5X Build/MMB29P) AppleWebKit/537.36 (KHTML, like Gecko) Chrome/137.0.7151.103 Mobile Safari/537.36 (compatible; Googlebot/2.1; +http://www.google.com/bot.html)"
192.178.6.102 - - [05/Jul/2025:10:09:40 -0400] "GET /?n=15303130469901&channel=982326&from=blog.php%3Fid%3D1304699-25695%26name%3D%E7%86%B1%E3%81%95%E3%81%BE%E3%82%B7%E3%83%BC%E3%83%88%20%E5%AD%90%E3%81%A9%E3%82%82%E7%94%A8%2016%E6%9E%9A%E5%85%A5%206%E5%80%8B%E3%82%BB%E3%83%83%E3%83%88%20%E3%81%BE%E3%81%A8%E3%82%81%E5%A3%B2%E3%82%8A HTTP/1.1" 200 29479 "-" "Mozilla/5.0 (Linux; Android 6.0.1; Nexus 5X Build/MMB29P) AppleWebKit/537.36 (KHTML, like Gecko) Chrome/137.0.7151.103 Mobile Safari/537.36 (compatible; Googlebot/2.1; +http://www.google.com/bot.html)"
175.111.10.110 - - [05/Jul/2025:10:09:41 -0400] "GET /wp-login.php HTTP/1.1" 200 3904 "-" "Mozilla/5.0 (Macintosh; Intel Mac OS X 10_15_7) AppleWebKit/537.36 (KHTML, like Gecko) Chrome/108.0.0.0 YaBrowser/23.1.2.980 Yowser/2.5 Safari/537.36"
144.76.32.94 - - [05/Jul/2025:10:09:41 -0400] "GET /category/slots-2/ HTTP/1.1" 200 13788 "-" "Mozilla/5.0 (compatible; BLEXBot/1.0; +https://help.seranking.com/en/blex-crawler)"
175.111.10.110 - - [05/Jul/2025:10:09:47 -0400] "GET /wp-admin/post-new.php HTTP/1.1" 200 273594 "-" "Mozilla/5.0 (Macintosh; Intel Mac OS X 10_15_7) AppleWebKit/537.36 (KHTML, like Gecko) Chrome/108.0.0.0 YaBrowser/23.1.2.980 Yowser/2.5 Safari/537.36"
63.250.38.117 - - [05/Jul/2025:10:10:14 -0400] "POST /wp-cron.php?doing_wp_cron=1751724614.6907560825347900390625 HTTP/1.1" 403 1242 "-" "WordPress/6.8.1; https://fnf.group"
192.178.6.103 - - [05/Jul/2025:10:10:11 -0400] "GET /?n=1637121531201&channel=8bef4c&from=blog.php%3Fid%3D215312-6583%26name%3D%E3%83%99%E3%83%83%E3%83%89%E3%82%B5%E3%82%A4%E3%83%89%E3%83%86%E3%83%BC%E3%83%96%E3%83%AB%E5%8C%97%E6%AC%A7%E3%82%B7%E3%83%B3%E3%83%97%E3%83%AB%E3%83%88%E3%83%AD%E3%83%AA%E3%83%BC%E3%80%81%E3%82%AF%E3%83%AA%E3%83%BC%E3%83%A0%E3%82%B9%E3%82%BF%E3%82%A4%E3%83%AB%E3%83%A2%E3%83%90%E3%82%A4%E3%83%AB%E3%82%B3%E3%83%BC%E3%83%92%E3%83%BC%E3%83%86%E3%83%BC%E3%83%96%E3%83%AB%E3%80%81%E3%83%9B%E3%83%BC%E3%83%A0%E3%83%99%E3%83%83%E3%83%89%E3%82%B5%E3%82%A4%E3%83%89%E3%83%86%E3%83%BC%E3%83%96%E3%83%AB%E3%80%81%E5%AF%9D%E5%AE%A4%E5%8F%8E%E7%B4%8D%E3%82%AD%E3%83%A3%E3%83%93%E3%83%8D%E3%83%83%E3%83%88 HTTP/1.1" 200 29485 "-" "Mozilla/5.0 (Linux; Android 6.0.1; Nexus 5X Build/MMB29P) AppleWebKit/537.36 (KHTML, like Gecko) Chrome/137.0.7151.103 Mobile Safari/537.36 (compatible; Googlebot/2.1; +http://www.google.com/bot.html)"
63.250.38.117 - - [05/Jul/2025:10:10:17 -0400] "POST /wp-cron.php?doing_wp_cron=1751724617.6661798954010009765625 HTTP/1.1" 403 1242 "-" "WordPress/6.8.1; https://fnf.group"
144.76.32.94 - - [05/Jul/2025:10:10:13 -0400] "GET /tag/sadia-kashif/ HTTP/1.1" 200 13909 "-" "Mozilla/5.0 (compatible; BLEXBot/1.0; +https://help.seranking.com/en/blex-crawler)"
144.76.32.94 - - [05/Jul/2025:10:10:30 -0400] "GET /tag/tikka-karahi/ HTTP/1.1" 200 13948 "-" "Mozilla/5.0 (compatible; BLEXBot/1.0; +https://help.seranking.com/en/blex-crawler)"
175.111.10.110 - - [05/Jul/2025:10:10:32 -0400] "POST /wp-admin/admin-ajax.php HTTP/1.1" 200 1365 "-" "Mozilla/5.0 (Macintosh; Intel Mac OS X 10_15_7) AppleWebKit/537.36 (KHTML, like Gecko) Chrome/108.0.0.0 YaBrowser/23.1.2.980 Yowser/2.5 Safari/537.36"
175.111.10.110 - - [05/Jul/2025:10:10:38 -0400] "GET /wp-admin/edit-tags.php?taxonomy=category&post_type=post&s HTTP/1.1" 200 48185 "-" "Mozilla/5.0 (Macintosh; Intel Mac OS X 10_15_7) AppleWebKit/537.36 (KHTML, like Gecko) Chrome/108.0.0.0 YaBrowser/23.1.2.980 Yowser/2.5 Safari/537.36"
144.76.32.94 - - [05/Jul/2025:10:10:42 -0400] "GET /tag/turkish-pide/ HTTP/1.1" 200 13978 "-" "Mozilla/5.0 (compatible; BLEXBot/1.0; +https://help.seranking.com/en/blex-crawler)"
144.76.32.94 - - [05/Jul/2025:10:10:54 -0400] "GET /category/reviewer/ HTTP/1.1" 200 14229 "-" "Mozilla/5.0 (compatible; BLEXBot/1.0; +https://help.seranking.com/en/blex-crawler)"
144.76.32.94 - - [05/Jul/2025:10:11:06 -0400] "GET /tag/chicken-tikka/ HTTP/1.1" 200 13947 "-" "Mozilla/5.0 (compatible; BLEXBot/1.0; +https://help.seranking.com/en/blex-crawler)"
2a03:2880:ff:74:: - - [05/Jul/2025:10:11:18 -0400] "GET /wp-content/plugins/nextend-smart-slider3-pro/library/media/plugins/widgetshadow/shadow/shadow/shadow/centered.png HTTP/1.1" 200 2237 "-" "facebookexternalhit/1.1 (+http://www.facebook.com/externalhit_uatext.php)"
63.250.38.117 - - [05/Jul/2025:10:11:18 -0400] "POST /wp-cron.php?doing_wp_cron=1751724677.8808150291442871093750 HTTP/1.1" 403 1242 "-" "WordPress/6.8.1; https://fnf.group"
95.216.162.121 - - [05/Jul/2025:10:11:14 -0400] "GET /wp-login.php HTTP/1.1" 200 3798 "-" "Mozilla/5.0 (Macintosh; Intel Mac OS X 10_15_7) AppleWebKit/537.36 (KHTML, like Gecko) Chrome/108.0.0.0 YaBrowser/23.1.2.980 Yowser/2.5 Safari/537.36"
63.250.38.117 - - [05/Jul/2025:10:11:18 -0400] "POST /wp-cron.php?doing_wp_cron=1751724678.2724940776824951171875 HTTP/1.1" 403 1242 "-" "WordPress/6.8.1; https://fnf.group"
192.178.6.103 - - [05/Jul/2025:10:11:14 -0400] "GET /?n=5721013666702&channel=3ecc43&from=pin.php%3Fid%3D136667-8040%26name%3D%E3%82%AB%E3%83%BC%E3%83%86%E3%83%B3+%E3%83%AD%E3%83%BC%E3%83%AB%E3%82%AB%E3%83%BC%E3%83%86%E3%83%B3+%E3%81%AE+X1+2+%E3%82%B7%E3%83%AA%E3%83%BC%E3%82%BA+2GT+2AT+E84+F45+F46+F48+F49+218i+220i+200 HTTP/1.1" 301 0 "-" "Mozilla/5.0 (Linux; Android 6.0.1; Nexus 5X Build/MMB29P) AppleWebKit/537.36 (KHTML, like Gecko) Chrome/137.0.7151.103 Mobile Safari/537.36 (compatible; Googlebot/2.1; +http://www.google.com/bot.html)"
63.250.38.117 - - [05/Jul/2025:10:11:19 -0400] "POST /wp-cron.php?doing_wp_cron=1751724678.7738499641418457031250 HTTP/1.1" 403 1242 "-" "WordPress/6.8.1; https://fnf.group"
175.111.10.110 - - [05/Jul/2025:10:11:14 -0400] "POST /wp-admin/post.php HTTP/1.1" 302 0 "-" "Mozilla/5.0 (Macintosh; Intel Mac OS X 10_15_7) AppleWebKit/537.36 (KHTML, like Gecko) Chrome/108.0.0.0 YaBrowser/23.1.2.980 Yowser/2.5 Safari/537.36"
144.76.32.94 - - [05/Jul/2025:10:11:14 -0400] "GET /tag/maria-shujaat/ HTTP/1.1" 200 13900 "-" "Mozilla/5.0 (compatible; BLEXBot/1.0; +https://help.seranking.com/en/blex-crawler)"
95.216.162.121 - - [05/Jul/2025:10:11:18 -0400] "POST /wp-login.php HTTP/1.1" 302 0 "-" "Mozilla/5.0 (Macintosh; Intel Mac OS X 10_15_7) AppleWebKit/537.36 (KHTML, like Gecko) Chrome/108.0.0.0 YaBrowser/23.1.2.980 Yowser/2.5 Safari/537.36"
192.178.6.102 - - [05/Jul/2025:10:11:19 -0400] "GET /?n=5721013666702&channel=3ecc43&from=pin.php%3Fid%3D136667-8040%26name%3D%E3%82%AB%E3%83%BC%E3%83%86%E3%83%B3%20%E3%83%AD%E3%83%BC%E3%83%AB%E3%82%AB%E3%83%BC%E3%83%86%E3%83%B3%20%E3%81%AE%20X1%202%20%E3%82%B7%E3%83%AA%E3%83%BC%E3%82%BA%202GT%202AT%20E84%20F45%20F46%20F48%20F49%20218i%20220i%20200 HTTP/1.1" 200 29498 "-" "Mozilla/5.0 (Linux; Android 6.0.1; Nexus 5X Build/MMB29P) AppleWebKit/537.36 (KHTML, like Gecko) Chrome/137.0.7151.103 Mobile Safari/537.36 (compatible; Googlebot/2.1; +http://www.google.com/bot.html)"
95.216.162.121 - - [05/Jul/2025:10:11:22 -0400] "GET /wp-login.php?redirect_to=https%3A%2F%2Ffnf.group%2Fwp-admin%2F&action=confirm_admin_email&wp_lang=en_US HTTP/1.1" 200 3818 "-" "Mozilla/5.0 (Macintosh; Intel Mac OS X 10_15_7) AppleWebKit/537.36 (KHTML, like Gecko) Chrome/108.0.0.0 YaBrowser/23.1.2.980 Yowser/2.5 Safari/537.36"
47.82.60.15 - - [05/Jul/2025:10:11:25 -0400] "GET /2025/06/27/top-10-samykh-igr-s-vyvodom-deneg-nadezhnye-igry-bez-obmana HTTP/1.1" 301 0 "https://fnf.group/2025/06/27/top-10-samykh-igr-s-vyvodom-deneg-nadezhnye-igry-bez-obmana" "Mozilla/5.0 (Windows NT 10.0; Win64; x64) AppleWebKit/537.36 (KHTML, like Gecko) Chrome/114.0.0.0 Safari/537.36 Edg/114.0.1823.43"
95.216.162.121 - - [05/Jul/2025:10:11:26 -0400] "GET /wp-login.php?redirect_to=https://fnf.group/wp-admin/&action=confirm_admin_email&remind_me_later=729e8706d7 HTTP/1.1" 302 0 "-" "Mozilla/5.0 (Macintosh; Intel Mac OS X 10_15_7) AppleWebKit/537.36 (KHTML, like Gecko) Chrome/108.0.0.0 YaBrowser/23.1.2.980 Yowser/2.5 Safari/537.36"
95.216.162.121 - - [05/Jul/2025:10:11:28 -0400] "GET /wp-login.php HTTP/1.1" 200 3903 "-" "Mozilla/5.0 (Macintosh; Intel Mac OS X 10_15_7) AppleWebKit/537.36 (KHTML, like Gecko) Chrome/108.0.0.0 YaBrowser/23.1.2.980 Yowser/2.5 Safari/537.36"
47.82.60.15 - - [05/Jul/2025:10:11:28 -0400] "GET /2025/06/27/top-10-samykh-igr-s-vyvodom-deneg-nadezhnye-igry-bez-obmana/ HTTP/1.1" 200 28787 "https://fnf.group/2025/06/27/top-10-samykh-igr-s-vyvodom-deneg-nadezhnye-igry-bez-obmana" "Mozilla/5.0 (Windows NT 10.0; Win64; x64) AppleWebKit/537.36 (KHTML, like Gecko) Chrome/114.0.0.0 Safari/537.36 Edg/114.0.1823.43"
144.76.32.94 - - [05/Jul/2025:10:11:29 -0400] "GET /tag/mini-pavlovas/ HTTP/1.1" 200 13962 "-" "Mozilla/5.0 (compatible; BLEXBot/1.0; +https://help.seranking.com/en/blex-crawler)"
95.216.162.121 - - [05/Jul/2025:10:11:31 -0400] "GET /wp-admin/post-new.php HTTP/1.1" 200 273739 "-" "Mozilla/5.0 (Macintosh; Intel Mac OS X 10_15_7) AppleWebKit/537.36 (KHTML, like Gecko) Chrome/108.0.0.0 YaBrowser/23.1.2.980 Yowser/2.5 Safari/537.36"
144.76.32.94 - - [05/Jul/2025:10:11:36 -0400] "GET /tag/recipe/page/1/ HTTP/1.1" 301 0 "-" "Mozilla/5.0 (compatible; BLEXBot/1.0; +https://help.seranking.com/en/blex-crawler)"
95.216.162.121 - - [05/Jul/2025:10:11:38 -0400] "POST /wp-admin/admin-ajax.php HTTP/1.1" 200 1365 "-" "Mozilla/5.0 (Macintosh; Intel Mac OS X 10_15_7) AppleWebKit/537.36 (KHTML, like Gecko) Chrome/108.0.0.0 YaBrowser/23.1.2.980 Yowser/2.5 Safari/537.36"
144.76.32.94 - - [05/Jul/2025:10:11:39 -0400] "GET /tag/recipe/ HTTP/1.1" 200 15102 "-" "Mozilla/5.0 (compatible; BLEXBot/1.0; +https://help.seranking.com/en/blex-crawler)"
95.216.162.121 - - [05/Jul/2025:10:11:43 -0400] "GET /wp-admin/edit-tags.php?taxonomy=category&post_type=post&s HTTP/1.1" 200 48182 "-" "Mozilla/5.0 (Macintosh; Intel Mac OS X 10_15_7) AppleWebKit/537.36 (KHTML, like Gecko) Chrome/108.0.0.0 YaBrowser/23.1.2.980 Yowser/2.5 Safari/537.36"
144.76.32.94 - - [05/Jul/2025:10:11:47 -0400] "GET /tag/recipe/page/5/ HTTP/1.1" 200 15242 "-" "Mozilla/5.0 (compatible; BLEXBot/1.0; +https://help.seranking.com/en/blex-crawler)"
95.216.162.121 - - [05/Jul/2025:10:11:47 -0400] "POST /wp-admin/post.php HTTP/1.1" 302 0 "-" "Mozilla/5.0 (Macintosh; Intel Mac OS X 10_15_7) AppleWebKit/537.36 (KHTML, like Gecko) Chrome/108.0.0.0 YaBrowser/23.1.2.980 Yowser/2.5 Safari/537.36"
47.82.60.94 - - [05/Jul/2025:10:11:51 -0400] "GET /2025/06/28/50-cost-free-spins-z-depozytem-100-w-vulkan-vegas HTTP/1.1" 301 0 "https://fnf.group/2025/06/28/50-cost-free-spins-z-depozytem-100-w-vulkan-vegas" "Mozilla/5.0 (Windows NT 10.0; Win64; x64) AppleWebKit/537.36 (KHTML, like Gecko) Chrome/114.0.0.0 Safari/537.36 Edg/114.0.1823.43"
47.82.60.1 - - [05/Jul/2025:10:11:52 -0400] "GET /2025/06/27/i-migliori-metodi-di-pagamento-su-22bet-casino-per-i-giocatori-italiani HTTP/1.1" 301 0 "https://fnf.group/2025/06/27/i-migliori-metodi-di-pagamento-su-22bet-casino-per-i-giocatori-italiani" "Mozilla/5.0 (Windows NT 10.0; Win64; x64) AppleWebKit/537.36 (KHTML, like Gecko) Chrome/114.0.0.0 Safari/537.36 Edg/114.0.1823.43"
47.82.60.94 - - [05/Jul/2025:10:11:54 -0400] "GET /2025/06/28/50-cost-free-spins-z-depozytem-100-w-vulkan-vegas/ HTTP/1.1" 200 25602 "https://fnf.group/2025/06/28/50-cost-free-spins-z-depozytem-100-w-vulkan-vegas" "Mozilla/5.0 (Windows NT 10.0; Win64; x64) AppleWebKit/537.36 (KHTML, like Gecko) Chrome/114.0.0.0 Safari/537.36 Edg/114.0.1823.43"
47.82.60.1 - - [05/Jul/2025:10:11:55 -0400] "GET /2025/06/27/i-migliori-metodi-di-pagamento-su-22bet-casino-per-i-giocatori-italiani/ HTTP/1.1" 200 18597 "https://fnf.group/2025/06/27/i-migliori-metodi-di-pagamento-su-22bet-casino-per-i-giocatori-italiani" "Mozilla/5.0 (Windows NT 10.0; Win64; x64) AppleWebKit/537.36 (KHTML, like Gecko) Chrome/114.0.0.0 Safari/537.36 Edg/114.0.1823.43"
144.76.32.94 - - [05/Jul/2025:10:11:56 -0400] "GET /tag/recipe/page/6/ HTTP/1.1" 200 14406 "-" "Mozilla/5.0 (compatible; BLEXBot/1.0; +https://help.seranking.com/en/blex-crawler)"
95.216.162.121 - - [05/Jul/2025:10:11:53 -0400] "GET /wp-admin/post.php?post=11001&action=edit&message=1 HTTP/1.1" 200 284346 "-" "Mozilla/5.0 (Macintosh; Intel Mac OS X 10_15_7) AppleWebKit/537.36 (KHTML, like Gecko) Chrome/108.0.0.0 YaBrowser/23.1.2.980 Yowser/2.5 Safari/537.36"
95.216.162.121 - - [05/Jul/2025:10:12:03 -0400] "GET /?p=11001 HTTP/1.1" 301 0 "-" "Mozilla/5.0 (Macintosh; Intel Mac OS X 10_15_7) AppleWebKit/537.36 (KHTML, like Gecko) Chrome/108.0.0.0 YaBrowser/23.1.2.980 Yowser/2.5 Safari/537.36"
95.216.162.121 - - [05/Jul/2025:10:12:06 -0400] "GET /2025/07/05/1win-giris-turkiye-1-succeed-bet-casino-2/ HTTP/1.1" 200 30006 "-" "Mozilla/5.0 (Macintosh; Intel Mac OS X 10_15_7) AppleWebKit/537.36 (KHTML, like Gecko) Chrome/108.0.0.0 YaBrowser/23.1.2.980 Yowser/2.5 Safari/537.36"
144.76.32.94 - - [05/Jul/2025:10:12:15 -0400] "GET /category/plinko-in/ HTTP/1.1" 200 13715 "-" "Mozilla/5.0 (compatible; BLEXBot/1.0; +https://help.seranking.com/en/blex-crawler)"
63.250.38.117 - - [05/Jul/2025:10:12:41 -0400] "POST /wp-cron.php?doing_wp_cron=1751724760.9650940895080566406250 HTTP/1.1" 403 1242 "-" "WordPress/6.8.1; https://fnf.group"
144.76.32.94 - - [05/Jul/2025:10:12:39 -0400] "GET /tag/shahzadi-waqar/ HTTP/1.1" 200 13944 "-" "Mozilla/5.0 (compatible; BLEXBot/1.0; +https://help.seranking.com/en/blex-crawler)"
144.76.32.94 - - [05/Jul/2025:10:12:54 -0400] "GET /category/1winrussia/ HTTP/1.1" 200 14491 "-" "Mozilla/5.0 (compatible; BLEXBot/1.0; +https://help.seranking.com/en/blex-crawler)"
144.76.32.94 - - [05/Jul/2025:10:13:03 -0400] "GET /category/fnf-events/ HTTP/1.1" 200 14172 "-" "Mozilla/5.0 (compatible; BLEXBot/1.0; +https://help.seranking.com/en/blex-crawler)"
192.178.6.103 - - [05/Jul/2025:10:13:09 -0400] "GET /?n=3806093105303&channel=4f2b2a&from=product.php%3Fid%3D931053-4118%26name%3D%E7%94%A8+CB750F+%E7%94%A8+CB750N+CB750CB+750+%E7%94%A8+FNSEVEN+%E7%94%A8+FIFTY+%E7%94%A8+1992+1993+1994+1 HTTP/1.1" 301 0 "-" "Mozilla/5.0 (Linux; Android 6.0.1; Nexus 5X Build/MMB29P) AppleWebKit/537.36 (KHTML, like Gecko) Chrome/137.0.7151.103 Mobile Safari/537.36 (compatible; Googlebot/2.1; +http://www.google.com/bot.html)"
192.178.6.101 - - [05/Jul/2025:10:13:10 -0400] "GET /?n=3806093105303&channel=4f2b2a&from=product.php%3Fid%3D931053-4118%26name%3D%E7%94%A8%20CB750F%20%E7%94%A8%20CB750N%20CB750CB%20750%20%E7%94%A8%20FNSEVEN%20%E7%94%A8%20FIFTY%20%E7%94%A8%201992%201993%201994%201 HTTP/1.1" 200 29475 "-" "Mozilla/5.0 (Linux; Android 6.0.1; Nexus 5X Build/MMB29P) AppleWebKit/537.36 (KHTML, like Gecko) Chrome/137.0.7151.103 Mobile Safari/537.36 (compatible; Googlebot/2.1; +http://www.google.com/bot.html)"
144.76.32.94 - - [05/Jul/2025:10:13:21 -0400] "GET /tag/ambreen-shahzad/ HTTP/1.1" 200 13840 "-" "Mozilla/5.0 (compatible; BLEXBot/1.0; +https://help.seranking.com/en/blex-crawler)"
144.76.32.94 - - [05/Jul/2025:10:13:29 -0400] "GET /tag/laasi-wala-saag/ HTTP/1.1" 200 13825 "-" "Mozilla/5.0 (compatible; BLEXBot/1.0; +https://help.seranking.com/en/blex-crawler)"
114.119.135.196 - - [05/Jul/2025:10:13:31 -0400] "GET /author/admin123/page/68/ HTTP/1.1" 200 15398 "https://fnf.group/author/admin123/page/69/" "Mozilla/5.0 (Linux; Android 7.0;) AppleWebKit/537.36 (KHTML, like Gecko) Mobile Safari/537.36 (compatible; PetalBot;+https://webmaster.petalsearch.com/site/petalbot)"
63.250.38.117 - - [05/Jul/2025:10:13:43 -0400] "POST /wp-cron.php?doing_wp_cron=1751724823.5864930152893066406250 HTTP/1.1" 403 1242 "-" "WordPress/6.8.1; https://fnf.group"
63.250.38.117 - - [05/Jul/2025:10:13:44 -0400] "POST /wp-cron.php?doing_wp_cron=1751724823.6916871070861816406250 HTTP/1.1" 403 1242 "-" "WordPress/6.8.1; https://fnf.group"
192.178.6.101 - - [05/Jul/2025:10:13:40 -0400] "GET /?n=8872083623104&channel=32362b&from=goods.php%3Fid%3D836231-7365%26name%3D%E3%82%A8%E3%82%A4%E3%82%B9%E3%83%BC%E3%82%B9%E5%AF%BE%E5%BF%9C+A41-X550E+ASUS+F450%E3%80%9014.4V%E3%80%812600mAh%E3%80%91+%E3%83%96%E3%83%A9%E3%83%83%E3%82%AF+%E5%AF%BE%E5%BF%9C%E7%94%A8+PC+%E4%BA%92%E6%8F%9B+%E3%83%90%E3%83%83%E3%83%86%E3%83%AA%E3%83%BC+%E3%82%AF%E3%83%AA HTTP/1.1" 301 0 "-" "Mozilla/5.0 (Linux; Android 6.0.1; Nexus 5X Build/MMB29P) AppleWebKit/537.36 (KHTML, like Gecko) Chrome/137.0.7151.103 Mobile Safari/537.36 (compatible; Googlebot/2.1; +http://www.google.com/bot.html)"
144.76.32.94 - - [05/Jul/2025:10:13:40 -0400] "GET /tag/potato-truffles/ HTTP/1.1" 200 13803 "-" "Mozilla/5.0 (compatible; BLEXBot/1.0; +https://help.seranking.com/en/blex-crawler)"
192.178.6.101 - - [05/Jul/2025:10:13:44 -0400] "GET /?n=8872083623104&channel=32362b&from=goods.php%3Fid%3D836231-7365%26name%3D%E3%82%A8%E3%82%A4%E3%82%B9%E3%83%BC%E3%82%B9%E5%AF%BE%E5%BF%9C%20A41-X550E%20ASUS%20F450%E3%80%9014.4V%E3%80%812600mAh%E3%80%91%20%E3%83%96%E3%83%A9%E3%83%83%E3%82%AF%20%E5%AF%BE%E5%BF%9C%E7%94%A8%20PC%20%E4%BA%92%E6%8F%9B%20%E3%83%90%E3%83%83%E3%83%86%E3%83%AA%E3%83%BC%20%E3%82%AF%E3%83%AA HTTP/1.1" 200 29477 "-" "Mozilla/5.0 (Linux; Android 6.0.1; Nexus 5X Build/MMB29P) AppleWebKit/537.36 (KHTML, like Gecko) Chrome/137.0.7151.103 Mobile Safari/537.36 (compatible; Googlebot/2.1; +http://www.google.com/bot.html)"
144.76.32.94 - - [05/Jul/2025:10:14:06 -0400] "GET /2019/02/27/singapore/ HTTP/1.1" 200 18012 "-" "Mozilla/5.0 (compatible; BLEXBot/1.0; +https://help.seranking.com/en/blex-crawler)"
144.76.32.94 - - [05/Jul/2025:10:14:16 -0400] "GET /category/restaurants/ HTTP/1.1" 200 14882 "-" "Mozilla/5.0 (compatible; BLEXBot/1.0; +https://help.seranking.com/en/blex-crawler)"
144.76.32.94 - - [05/Jul/2025:10:14:27 -0400] "GET /category/tips-tricks/ HTTP/1.1" 200 15023 "-" "Mozilla/5.0 (compatible; BLEXBot/1.0; +https://help.seranking.com/en/blex-crawler)"
63.250.38.117 - - [05/Jul/2025:10:15:04 -0400] "POST /wp-cron.php?doing_wp_cron=1751724904.2970058917999267578125 HTTP/1.1" 403 1242 "-" "WordPress/6.8.1; https://fnf.group"
144.76.32.94 - - [05/Jul/2025:10:15:01 -0400] "GET /category/food-reviews/ HTTP/1.1" 200 14899 "-" "Mozilla/5.0 (compatible; BLEXBot/1.0; +https://help.seranking.com/en/blex-crawler)"
144.76.32.94 - - [05/Jul/2025:10:15:13 -0400] "GET /tag/crispy-beef-chili/ HTTP/1.1" 200 13834 "-" "Mozilla/5.0 (compatible; BLEXBot/1.0; +https://help.seranking.com/en/blex-crawler)"
192.178.6.101 - - [05/Jul/2025:10:15:15 -0400] "GET /?n=0948036312400&channel=b6ee4e&from=article.php%3Fid%3D363124-6222%26name%3DSWANS%28%E3%82%B9%E3%83%AF%E3%83%B3%E3%82%BA%29+%E3%82%B4%E3%83%BC%E3%82%B0%E3%83%AB%E3%83%BB%E3%83%97%E3%83%AD%E3%83%9F%E3%83%8D%E3%83%B3%E3%83%88%E3%83%97%E3%83%A9%E3%82%B9PROMINENT+plus%2B+%E3%83%9B%E3%83%AF%E3%82%A4%E3%83%88W+001+%E5%81%8F%E5%85%89%E3%83%AC%E3%83%B3%E3%82%BA+PRRGPDHS HTTP/1.1" 301 0 "-" "Mozilla/5.0 (Linux; Android 6.0.1; Nexus 5X Build/MMB29P) AppleWebKit/537.36 (KHTML, like Gecko) Chrome/137.0.7151.103 Mobile Safari/537.36 (compatible; Googlebot/2.1; +http://www.google.com/bot.html)"
192.178.6.101 - - [05/Jul/2025:10:15:16 -0400] "GET /?n=0948036312400&channel=b6ee4e&from=article.php%3Fid%3D363124-6222%26name%3DSWANS%28%E3%82%B9%E3%83%AF%E3%83%B3%E3%82%BA%29%20%E3%82%B4%E3%83%BC%E3%82%B0%E3%83%AB%E3%83%BB%E3%83%97%E3%83%AD%E3%83%9F%E3%83%8D%E3%83%B3%E3%83%88%E3%83%97%E3%83%A9%E3%82%B9PROMINENT%20plus%2B%20%E3%83%9B%E3%83%AF%E3%82%A4%E3%83%88W%20001%20%E5%81%8F%E5%85%89%E3%83%AC%E3%83%B3%E3%82%BA%20PRRGPDHS HTTP/1.1" 200 29470 "-" "Mozilla/5.0 (Linux; Android 6.0.1; Nexus 5X Build/MMB29P) AppleWebKit/537.36 (KHTML, like Gecko) Chrome/137.0.7151.103 Mobile Safari/537.36 (compatible; Googlebot/2.1; +http://www.google.com/bot.html)"
144.76.32.94 - - [05/Jul/2025:10:15:25 -0400] "GET /author/admin123/page/1/ HTTP/1.1" 301 0 "-" "Mozilla/5.0 (compatible; BLEXBot/1.0; +https://help.seranking.com/en/blex-crawler)"
144.76.32.94 - - [05/Jul/2025:10:15:27 -0400] "GET /author/admin123/ HTTP/1.1" 200 14629 "-" "Mozilla/5.0 (compatible; BLEXBot/1.0; +https://help.seranking.com/en/blex-crawler)"
144.76.32.94 - - [05/Jul/2025:10:15:51 -0400] "GET /author/admin123/page/4/ HTTP/1.1" 200 15360 "-" "Mozilla/5.0 (compatible; BLEXBot/1.0; +https://help.seranking.com/en/blex-crawler)"
213.209.150.137 - - [05/Jul/2025:10:16:00 -0400] "POST /wp-login.php?action=register HTTP/1.1" 302 0 "-" "-"
63.250.38.117 - - [05/Jul/2025:10:16:12 -0400] "POST /wp-cron.php?doing_wp_cron=1751724972.4680790901184082031250 HTTP/1.1" 403 1242 "-" "WordPress/6.8.1; https://fnf.group"
213.209.150.137 - - [05/Jul/2025:10:16:09 -0400] "POST /wp-login.php?action=register HTTP/1.1" 302 0 "-" "-"
144.76.32.94 - - [05/Jul/2025:10:16:15 -0400] "GET /author/admin123/page/5/ HTTP/1.1" 200 15199 "-" "Mozilla/5.0 (compatible; BLEXBot/1.0; +https://help.seranking.com/en/blex-crawler)"
213.209.150.137 - - [05/Jul/2025:10:16:22 -0400] "POST /wp-login.php?action=register HTTP/1.1" 302 0 "-" "-"
213.209.150.137 - - [05/Jul/2025:10:16:35 -0400] "POST /wp-login.php?action=register HTTP/1.1" 302 0 "-" "-"
192.178.6.102 - - [05/Jul/2025:10:16:37 -0400] "GET /?n=01020188831705&channel=974c1c&from=blog.php%3Fid%3D1888317-8253%26name%3D13200-38FA+%E3%83%97%E3%83%AD%E3%83%95%E3%82%A7%E3%83%83%E3%82%B7%E3%83%A7%E3%83%8A%E3%83%AB%E8%A3%BD%E9%80%A0+OEM+%E6%A8%99%E6%BA%96%E3%82%AD%E3%83%A3%E3%83%96%E3%83%AC%E3%82%BF%E3%83%BC%E3%82%A2%E3%82%AF%E3%82%BB%E3%82%B5%E3%83%AA%E3%83%BC%E4%BE%BF%E5%88%A9%E3%81%AA%E7%9B%B4%E6%8E%A5%E4%BA%A4%E6%8F%9B%E8%80%90%E4%B9%85%E6%80%A7%E3%81%AE%E3%81%82%E3%82%8B+LTA400 HTTP/1.1" 301 0 "-" "Mozilla/5.0 (Linux; Android 6.0.1; Nexus 5X Build/MMB29P) AppleWebKit/537.36 (KHTML, like Gecko) Chrome/137.0.7151.103 Mobile Safari/537.36 (compatible; Googlebot/2.1; +http://www.google.com/bot.html)"
192.178.6.103 - - [05/Jul/2025:10:16:40 -0400] "GET /?n=01020188831705&channel=974c1c&from=blog.php%3Fid%3D1888317-8253%26name%3D13200-38FA%20%E3%83%97%E3%83%AD%E3%83%95%E3%82%A7%E3%83%83%E3%82%B7%E3%83%A7%E3%83%8A%E3%83%AB%E8%A3%BD%E9%80%A0%20OEM%20%E6%A8%99%E6%BA%96%E3%82%AD%E3%83%A3%E3%83%96%E3%83%AC%E3%82%BF%E3%83%BC%E3%82%A2%E3%82%AF%E3%82%BB%E3%82%B5%E3%83%AA%E3%83%BC%E4%BE%BF%E5%88%A9%E3%81%AA%E7%9B%B4%E6%8E%A5%E4%BA%A4%E6%8F%9B%E8%80%90%E4%B9%85%E6%80%A7%E3%81%AE%E3%81%82%E3%82%8B%20LTA400 HTTP/1.1" 200 29474 "-" "Mozilla/5.0 (Linux; Android 6.0.1; Nexus 5X Build/MMB29P) AppleWebKit/537.36 (KHTML, like Gecko) Chrome/137.0.7151.103 Mobile Safari/537.36 (compatible; Googlebot/2.1; +http://www.google.com/bot.html)"
144.76.32.94 - - [05/Jul/2025:10:16:43 -0400] "GET /category/1xbet-morocco/ HTTP/1.1" 200 13917 "-" "Mozilla/5.0 (compatible; BLEXBot/1.0; +https://help.seranking.com/en/blex-crawler)"
213.209.150.137 - - [05/Jul/2025:10:16:45 -0400] "POST /wp-login.php?action=register HTTP/1.1" 302 0 "-" "-"
213.209.150.137 - - [05/Jul/2025:10:16:53 -0400] "POST /wp-login.php?action=register HTTP/1.1" 302 0 "-" "-"
213.209.150.137 - - [05/Jul/2025:10:17:02 -0400] "POST /wp-login.php?action=register HTTP/1.1" 302 0 "-" "-"
144.76.32.94 - - [05/Jul/2025:10:17:03 -0400] "GET /category/sweet-bonanza/ HTTP/1.1" 200 13806 "-" "Mozilla/5.0 (compatible; BLEXBot/1.0; +https://help.seranking.com/en/blex-crawler)"
63.250.38.117 - - [05/Jul/2025:10:17:13 -0400] "POST /wp-cron.php?doing_wp_cron=1751725033.5688469409942626953125 HTTP/1.1" 403 1242 "-" "WordPress/6.8.1; https://fnf.group"
192.178.6.101 - - [05/Jul/2025:10:17:08 -0400] "GET /?n=77200197633604&channel=fcb28e&from=shared.php%3Fid%3D1976336-10518%26name%3D%E3%82%BF%E3%83%8A%E3%82%AB+SIG+P228+EVO2+frame+HW+%E6%9C%AA%E7%99%BA%E7%81%AB%E5%93%81 HTTP/1.1" 301 0 "-" "Mozilla/5.0 (Linux; Android 6.0.1; Nexus 5X Build/MMB29P) AppleWebKit/537.36 (KHTML, like Gecko) Chrome/137.0.7151.103 Mobile Safari/537.36 (compatible; Googlebot/2.1; +http://www.google.com/bot.html)"
192.178.6.101 - - [05/Jul/2025:10:17:13 -0400] "GET /?n=77200197633604&channel=fcb28e&from=shared.php%3Fid%3D1976336-10518%26name%3D%E3%82%BF%E3%83%8A%E3%82%AB%20SIG%20P228%20EVO2%20frame%20HW%20%E6%9C%AA%E7%99%BA%E7%81%AB%E5%93%81 HTTP/1.1" 200 29475 "-" "Mozilla/5.0 (Linux; Android 6.0.1; Nexus 5X Build/MMB29P) AppleWebKit/537.36 (KHTML, like Gecko) Chrome/137.0.7151.103 Mobile Safari/537.36 (compatible; Googlebot/2.1; +http://www.google.com/bot.html)"
213.209.150.137 - - [05/Jul/2025:10:17:14 -0400] "POST /wp-login.php?action=register HTTP/1.1" 302 0 "-" "-"
213.209.150.137 - - [05/Jul/2025:10:17:27 -0400] "POST /wp-login.php?action=register HTTP/1.1" 302 0 "-" "-"
144.76.32.94 - - [05/Jul/2025:10:17:29 -0400] "GET /tag/kashmiri-laal-aloo/ HTTP/1.1" 200 13863 "-" "Mozilla/5.0 (compatible; BLEXBot/1.0; +https://help.seranking.com/en/blex-crawler)"
213.209.150.137 - - [05/Jul/2025:10:17:36 -0400] "POST /wp-login.php?action=register HTTP/1.1" 302 0 "-" "-"
192.178.6.101 - - [05/Jul/2025:10:17:40 -0400] "GET /?n=35200165684903&channel=8149c8&from=shared.php%3Fid%3D1656849-6932%26name%3D%E3%83%AC%E3%82%B6%E3%83%BC+%E5%90%88%E7%9A%AE+%E7%94%9F%E5%9C%B0%E7%94%9F%E5%9C%B0+%E5%B8%83+%E3%83%8F%E3%83%B3%E3%83%89%E3%83%A1%E3%82%A4%E3%83%89+%E3%83%AC%E3%82%B6%E3%83%BC%E3%82%AF%E3%83%A9%E3%83%95%E3%83%88+%E6%89%8B%E8%8A%B8+%E8%A3%81%E7%BC%9D+%E6%97%A0%E5%9C%B0+%E5%88%BA%E7%B9%8D+%E6%8B%A8%E6%B0%B4+%E3%83%AC%E3%82%B6%E3%83%BC%E3%83%95%E3%82%A7%E3%82%A4%E3%82%AF%E3%83%AC%E3%82%B6%E3%83%BC%E7%94%9F%E5%9C%B0+%E3%82%BD%E3%83%95%E3%82%A1%E3%83%BC%E5%90%88%E7%9A%AE+%E3%83%AC%E3%82%B6 HTTP/1.1" 301 0 "-" "Mozilla/5.0 (Linux; Android 6.0.1; Nexus 5X Build/MMB29P) AppleWebKit/537.36 (KHTML, like Gecko) Chrome/137.0.7151.103 Mobile Safari/537.36 (compatible; Googlebot/2.1; +http://www.google.com/bot.html)"
144.76.32.94 - - [05/Jul/2025:10:17:38 -0400] "GET /tag/madiha-abdul-samad/ HTTP/1.1" 200 14052 "-" "Mozilla/5.0 (compatible; BLEXBot/1.0; +https://help.seranking.com/en/blex-crawler)"
192.178.6.101 - - [05/Jul/2025:10:17:45 -0400] "GET /?n=35200165684903&channel=8149c8&from=shared.php%3Fid%3D1656849-6932%26name%3D%E3%83%AC%E3%82%B6%E3%83%BC%20%E5%90%88%E7%9A%AE%20%E7%94%9F%E5%9C%B0%E7%94%9F%E5%9C%B0%20%E5%B8%83%20%E3%83%8F%E3%83%B3%E3%83%89%E3%83%A1%E3%82%A4%E3%83%89%20%E3%83%AC%E3%82%B6%E3%83%BC%E3%82%AF%E3%83%A9%E3%83%95%E3%83%88%20%E6%89%8B%E8%8A%B8%20%E8%A3%81%E7%BC%9D%20%E6%97%A0%E5%9C%B0%20%E5%88%BA%E7%B9%8D%20%E6%8B%A8%E6%B0%B4%20%E3%83%AC%E3%82%B6%E3%83%BC%E3%83%95%E3%82%A7%E3%82%A4%E3%82%AF%E3%83%AC%E3%82%B6%E3%83%BC%E7%94%9F%E5%9C%B0%20%E3%82%BD%E3%83%95%E3%82%A1%E3%83%BC%E5%90%88%E7%9A%AE%20%E3%83%AC%E3%82%B6 HTTP/1.1" 200 29482 "-" "Mozilla/5.0 (Linux; Android 6.0.1; Nexus 5X Build/MMB29P) AppleWebKit/537.36 (KHTML, like Gecko) Chrome/137.0.7151.103 Mobile Safari/537.36 (compatible; Googlebot/2.1; +http://www.google.com/bot.html)"
213.209.150.137 - - [05/Jul/2025:10:17:47 -0400] "POST /wp-login.php?action=register HTTP/1.1" 302 0 "-" "-"
144.76.32.94 - - [05/Jul/2025:10:17:56 -0400] "GET /author/admin123/page/19/ HTTP/1.1" 200 15264 "-" "Mozilla/5.0 (compatible; BLEXBot/1.0; +https://help.seranking.com/en/blex-crawler)"
213.209.150.137 - - [05/Jul/2025:10:18:00 -0400] "POST /wp-login.php?action=register HTTP/1.1" 302 0 "-" "-"
213.209.150.137 - - [05/Jul/2025:10:18:10 -0400] "POST /wp-login.php?action=register HTTP/1.1" 302 0 "-" "-"
63.250.38.117 - - [05/Jul/2025:10:18:26 -0400] "POST /wp-cron.php?doing_wp_cron=1751725105.8842370510101318359375 HTTP/1.1" 403 1242 "-" "WordPress/6.8.1; https://fnf.group"
63.250.38.117 - - [05/Jul/2025:10:18:28 -0400] "POST /wp-cron.php?doing_wp_cron=1751725108.3689160346984863281250 HTTP/1.1" 403 1242 "-" "WordPress/6.8.1; https://fnf.group"
213.209.150.137 - - [05/Jul/2025:10:18:22 -0400] "POST /wp-login.php?action=register HTTP/1.1" 302 0 "-" "-"
144.76.32.94 - - [05/Jul/2025:10:18:24 -0400] "GET /author/admin123/page/20/ HTTP/1.1" 200 15282 "-" "Mozilla/5.0 (compatible; BLEXBot/1.0; +https://help.seranking.com/en/blex-crawler)"
192.178.6.102 - - [05/Jul/2025:10:18:38 -0400] "GET /?n=2860211611607&channel=db051e&from=blog.php%3Fid%3D116116-5668%26name%3D%E3%82%BB%E3%83%B3%E3%82%BF%E3%83%BC%E3%82%B3%E3%83%B3%E3%82%BD%E3%83%BC%E3%83%AB%E3%82%A2%E3%83%BC%E3%83%A0%E3%83%AC%E3%82%B9%E3%83%88%E3%82%AA%E3%83%BC%E3%82%AC%E3%83%8A%E3%82%A4%E3%82%B6%E3%83%BC+%E8%BB%8A%E7%94%A8%E3%82%AB%E3%83%83%E3%83%97%E3%83%9B%E3%83%AB%E3%83%80%E3%83%BC%E3%83%9C%E3%83%83%E3%82%AF%E3%82%B9+%E3%83%A6%E3%83%8B%E3%83%90%E3%83%BC%E3%82%B5%E3%83%AB%E3%82%A2%E3%83%BC%E3%83%A0%E3%83%AC%E3%82%B9%E3%83%88%E5%8F%8E%E7%B4%8D%E3%83%9C%E3%83%83%E3%82%AF%E3%82%B9+%E8%BB%8A%E7%94%A8%E3%82%B7%E3%83%BC%E3%83%88%E3%82%A2%E3%83%BC%E3%83%A0%E3%83%AC%E3%82%B9 HTTP/1.1" 301 0 "-" "Mozilla/5.0 (Linux; Android 6.0.1; Nexus 5X Build/MMB29P) AppleWebKit/537.36 (KHTML, like Gecko) Chrome/137.0.7151.103 Mobile Safari/537.36 (compatible; Googlebot/2.1; +http://www.google.com/bot.html)"
144.76.32.94 - - [05/Jul/2025:10:18:38 -0400] "GET /author/admin123/page/23/ HTTP/1.1" 200 15536 "-" "Mozilla/5.0 (compatible; BLEXBot/1.0; +https://help.seranking.com/en/blex-crawler)"
213.209.150.137 - - [05/Jul/2025:10:18:38 -0400] "POST /wp-login.php?action=register HTTP/1.1" 302 0 "-" "-"
192.178.6.102 - - [05/Jul/2025:10:18:42 -0400] "GET /?n=2860211611607&channel=db051e&from=blog.php%3Fid%3D116116-5668%26name%3D%E3%82%BB%E3%83%B3%E3%82%BF%E3%83%BC%E3%82%B3%E3%83%B3%E3%82%BD%E3%83%BC%E3%83%AB%E3%82%A2%E3%83%BC%E3%83%A0%E3%83%AC%E3%82%B9%E3%83%88%E3%82%AA%E3%83%BC%E3%82%AC%E3%83%8A%E3%82%A4%E3%82%B6%E3%83%BC%20%E8%BB%8A%E7%94%A8%E3%82%AB%E3%83%83%E3%83%97%E3%83%9B%E3%83%AB%E3%83%80%E3%83%BC%E3%83%9C%E3%83%83%E3%82%AF%E3%82%B9%20%E3%83%A6%E3%83%8B%E3%83%90%E3%83%BC%E3%82%B5%E3%83%AB%E3%82%A2%E3%83%BC%E3%83%A0%E3%83%AC%E3%82%B9%E3%83%88%E5%8F%8E%E7%B4%8D%E3%83%9C%E3%83%83%E3%82%AF%E3%82%B9%20%E8%BB%8A%E7%94%A8%E3%82%B7%E3%83%BC%E3%83%88%E3%82%A2%E3%83%BC%E3%83%A0%E3%83%AC%E3%82%B9 HTTP/1.1" 200 29475 "-" "Mozilla/5.0 (Linux; Android 6.0.1; Nexus 5X Build/MMB29P) AppleWebKit/537.36 (KHTML, like Gecko) Chrome/137.0.7151.103 Mobile Safari/537.36 (compatible; Googlebot/2.1; +http://www.google.com/bot.html)"
213.209.150.137 - - [05/Jul/2025:10:18:51 -0400] "POST /wp-login.php?action=register HTTP/1.1" 302 0 "-" "-"
144.76.32.94 - - [05/Jul/2025:10:18:57 -0400] "GET /author/admin123/page/24/ HTTP/1.1" 200 15274 "-" "Mozilla/5.0 (compatible; BLEXBot/1.0; +https://help.seranking.com/en/blex-crawler)"
213.209.150.137 - - [05/Jul/2025:10:19:00 -0400] "POST /wp-login.php?action=register HTTP/1.1" 302 0 "-" "-"
5.102.55.170 - - [05/Jul/2025:10:19:09 -0400] "POST /xmlrpc.php HTTP/1.1" 403 1242 "-" "python-requests/2.28.1"
5.102.55.170 - - [05/Jul/2025:10:19:09 -0400] "GET /wp-login.php HTTP/1.1" 200 3800 "-" "Mozilla/5.0 (Macintosh; Intel Mac OS X 10_15_7) AppleWebKit/537.36 (KHTML, like Gecko) Chrome/108.0.0.0 YaBrowser/23.1.2.980 Yowser/2.5 Safari/537.36"
5.102.55.170 - - [05/Jul/2025:10:19:12 -0400] "POST /wp-login.php HTTP/1.1" 302 0 "-" "Mozilla/5.0 (Macintosh; Intel Mac OS X 10_15_7) AppleWebKit/537.36 (KHTML, like Gecko) Chrome/108.0.0.0 YaBrowser/23.1.2.980 Yowser/2.5 Safari/537.36"
144.76.32.94 - - [05/Jul/2025:10:19:13 -0400] "GET /author/admin123/page/70/ HTTP/1.1" 200 15457 "-" "Mozilla/5.0 (compatible; BLEXBot/1.0; +https://help.seranking.com/en/blex-crawler)"
5.102.55.170 - - [05/Jul/2025:10:19:15 -0400] "GET /wp-login.php?redirect_to=https%3A%2F%2Ffnf.group%2Fwp-admin%2F&action=confirm_admin_email&wp_lang=en_US HTTP/1.1" 200 3818 "-" "Mozilla/5.0 (Macintosh; Intel Mac OS X 10_15_7) AppleWebKit/537.36 (KHTML, like Gecko) Chrome/108.0.0.0 YaBrowser/23.1.2.980 Yowser/2.5 Safari/537.36"
5.102.55.170 - - [05/Jul/2025:10:19:18 -0400] "GET /wp-login.php?redirect_to=https://fnf.group/wp-admin/&action=confirm_admin_email&remind_me_later=8a68e90c6d HTTP/1.1" 302 0 "-" "Mozilla/5.0 (Macintosh; Intel Mac OS X 10_15_7) AppleWebKit/537.36 (KHTML, like Gecko) Chrome/108.0.0.0 YaBrowser/23.1.2.980 Yowser/2.5 Safari/537.36"
5.102.55.170 - - [05/Jul/2025:10:19:21 -0400] "GET /wp-login.php HTTP/1.1" 200 3904 "-" "Mozilla/5.0 (Macintosh; Intel Mac OS X 10_15_7) AppleWebKit/537.36 (KHTML, like Gecko) Chrome/108.0.0.0 YaBrowser/23.1.2.980 Yowser/2.5 Safari/537.36"
5.102.55.170 - - [05/Jul/2025:10:19:24 -0400] "GET /wp-admin/post-new.php HTTP/1.1" 200 273793 "-" "Mozilla/5.0 (Macintosh; Intel Mac OS X 10_15_7) AppleWebKit/537.36 (KHTML, like Gecko) Chrome/108.0.0.0 YaBrowser/23.1.2.980 Yowser/2.5 Safari/537.36"
64.23.170.70 - - [05/Jul/2025:10:19:39 -0400] "POST /xmlrpc.php HTTP/1.1" 403 1242 "https://fnf.group" "Mozilla/5.0 (Macintosh; Intel Mac OS X 10_15_7; rv:129.0) Gecko/20100101 Firefox/129.0"
63.250.38.117 - - [05/Jul/2025:10:19:43 -0400] "POST /wp-cron.php?doing_wp_cron=1751725183.1747539043426513671875 HTTP/1.1" 403 1242 "-" "WordPress/6.8.1; https://fnf.group"
64.23.170.70 - - [05/Jul/2025:10:19:39 -0400] "POST /wp-login.php HTTP/1.1" 200 3954 "https://fnf.group" "Mozilla/5.0 (Macintosh; Intel Mac OS X 10_15_7) AppleWebKit/537.36 (KHTML, like Gecko) Chrome/126.0.0.0 Safari/537.36"
63.250.38.117 - - [05/Jul/2025:10:19:45 -0400] "POST /wp-cron.php?doing_wp_cron=1751725185.1778581142425537109375 HTTP/1.1" 403 1242 "-" "WordPress/6.8.1; https://fnf.group"
63.250.38.117 - - [05/Jul/2025:10:19:46 -0400] "POST /wp-cron.php?doing_wp_cron=1751725186.7693829536437988281250 HTTP/1.1" 403 1242 "-" "WordPress/6.8.1; https://fnf.group"
192.178.6.102 - - [05/Jul/2025:10:19:41 -0400] "GET /?n=9202143222404&channel=b9eceb&from=category-info.php%3Fid%3D432224-5707%26name%3D0261520039+06H127025D06H127025K+%E9%AB%98%E5%9C%A7%E7%87%83%E6%96%99%E3%83%9D%E3%83%B3%E3%83%97%E3%80%81VW+%E3%82%B4%E3%83%AB%E3%83%95+%E3%82%B8%E3%82%A7%E3%83%83%E3%82%BF+MK6+%E3%83%91%E3%82%B5%E3%83%BC%E3%83%88+B6+%E3%83%86%E3%82%A3 HTTP/1.1" 301 0 "-" "Mozilla/5.0 (Linux; Android 6.0.1; Nexus 5X Build/MMB29P) AppleWebKit/537.36 (KHTML, like Gecko) Chrome/137.0.7151.103 Mobile Safari/537.36 (compatible; Googlebot/2.1; +http://www.google.com/bot.html)"
144.76.32.94 - - [05/Jul/2025:10:19:41 -0400] "GET /category/1xbet-russian1/ HTTP/1.1" 200 13899 "-" "Mozilla/5.0 (compatible; BLEXBot/1.0; +https://help.seranking.com/en/blex-crawler)"
192.178.6.101 - - [05/Jul/2025:10:19:47 -0400] "GET /?n=9202143222404&channel=b9eceb&from=category-info.php%3Fid%3D432224-5707%26name%3D0261520039%2006H127025D06H127025K%20%E9%AB%98%E5%9C%A7%E7%87%83%E6%96%99%E3%83%9D%E3%83%B3%E3%83%97%E3%80%81VW%20%E3%82%B4%E3%83%AB%E3%83%95%20%E3%82%B8%E3%82%A7%E3%83%83%E3%82%BF%20MK6%20%E3%83%91%E3%82%B5%E3%83%BC%E3%83%88%20B6%20%E3%83%86%E3%82%A3 HTTP/1.1" 200 29478 "-" "Mozilla/5.0 (Linux; Android 6.0.1; Nexus 5X Build/MMB29P) AppleWebKit/537.36 (KHTML, like Gecko) Chrome/137.0.7151.103 Mobile Safari/537.36 (compatible; Googlebot/2.1; +http://www.google.com/bot.html)"
144.76.32.94 - - [05/Jul/2025:10:19:53 -0400] "GET /category/recipes/page/2/ HTTP/1.1" 200 14723 "-" "Mozilla/5.0 (compatible; BLEXBot/1.0; +https://help.seranking.com/en/blex-crawler)"
144.76.32.94 - - [05/Jul/2025:10:20:03 -0400] "GET /category/recipes/page/3/ HTTP/1.1" 200 14751 "-" "Mozilla/5.0 (compatible; BLEXBot/1.0; +https://help.seranking.com/en/blex-crawler)"
144.76.32.94 - - [05/Jul/2025:10:20:11 -0400] "GET /category/1xbet-casino-bd/ HTTP/1.1" 200 14870 "-" "Mozilla/5.0 (compatible; BLEXBot/1.0; +https://help.seranking.com/en/blex-crawler)"
144.76.32.94 - - [05/Jul/2025:10:20:21 -0400] "GET /category/featured/page/1/ HTTP/1.1" 301 0 "-" "Mozilla/5.0 (compatible; BLEXBot/1.0; +https://help.seranking.com/en/blex-crawler)"
144.76.32.94 - - [05/Jul/2025:10:20:23 -0400] "GET /category/featured/ HTTP/1.1" 200 14934 "-" "Mozilla/5.0 (compatible; BLEXBot/1.0; +https://help.seranking.com/en/blex-crawler)"
144.76.32.94 - - [05/Jul/2025:10:20:35 -0400] "GET /category/featured/page/4/ HTTP/1.1" 200 15039 "-" "Mozilla/5.0 (compatible; BLEXBot/1.0; +https://help.seranking.com/en/blex-crawler)"
63.250.38.117 - - [05/Jul/2025:10:20:48 -0400] "POST /wp-cron.php?doing_wp_cron=1751725248.0694251060485839843750 HTTP/1.1" 403 1242 "-" "WordPress/6.8.1; https://fnf.group"
192.178.6.103 - - [05/Jul/2025:10:20:45 -0400] "GET /?n=0848860104505&channel=c0b526&from=article.php%3Fid%3D601045-2107%26name%3DNOX+%E3%82%BB%E3%83%B3%E3%82%B5%E3%83%BC+NOx+%E3%82%BB%E3%83%B3%E3%82%B5%E3%83%BC+5WK97249+A0009056204+N-GK+%E3%83%97%E3%83%AD%E3%83%BC%E3%83%96+W166+W172+W205+W2 HTTP/1.1" 301 0 "-" "Mozilla/5.0 (Linux; Android 6.0.1; Nexus 5X Build/MMB29P) AppleWebKit/537.36 (KHTML, like Gecko) Chrome/137.0.7151.103 Mobile Safari/537.36 (compatible; Googlebot/2.1; +http://www.google.com/bot.html)"
63.250.38.117 - - [05/Jul/2025:10:20:52 -0400] "POST /wp-cron.php?doing_wp_cron=1751725252.6814730167388916015625 HTTP/1.1" 403 1242 "-" "WordPress/6.8.1; https://fnf.group"
144.76.32.94 - - [05/Jul/2025:10:20:47 -0400] "GET /category/featured/page/5/ HTTP/1.1" 200 15069 "-" "Mozilla/5.0 (compatible; BLEXBot/1.0; +https://help.seranking.com/en/blex-crawler)"
192.178.6.102 - - [05/Jul/2025:10:20:48 -0400] "GET /?n=0848860104505&channel=c0b526&from=article.php%3Fid%3D601045-2107%26name%3DNOX%20%E3%82%BB%E3%83%B3%E3%82%B5%E3%83%BC%20NOx%20%E3%82%BB%E3%83%B3%E3%82%B5%E3%83%BC%205WK97249%20A0009056204%20N-GK%20%E3%83%97%E3%83%AD%E3%83%BC%E3%83%96%20W166%20W172%20W205%20W2 HTTP/1.1" 200 29479 "-" "Mozilla/5.0 (Linux; Android 6.0.1; Nexus 5X Build/MMB29P) AppleWebKit/537.36 (KHTML, like Gecko) Chrome/137.0.7151.103 Mobile Safari/537.36 (compatible; Googlebot/2.1; +http://www.google.com/bot.html)"
144.76.32.94 - - [05/Jul/2025:10:21:01 -0400] "GET /category/ozwin-au-casino/ HTTP/1.1" 200 13723 "-" "Mozilla/5.0 (compatible; BLEXBot/1.0; +https://help.seranking.com/en/blex-crawler)"
144.76.32.94 - - [05/Jul/2025:10:21:14 -0400] "GET /category/recipes/page/51/ HTTP/1.1" 200 14919 "-" "Mozilla/5.0 (compatible; BLEXBot/1.0; +https://help.seranking.com/en/blex-crawler)"
144.76.32.94 - - [05/Jul/2025:10:21:31 -0400] "GET /tag/chicken-tikka-karahi/ HTTP/1.1" 200 13868 "-" "Mozilla/5.0 (compatible; BLEXBot/1.0; +https://help.seranking.com/en/blex-crawler)"
144.76.32.94 - - [05/Jul/2025:10:21:45 -0400] "GET /category/featured/page/16/ HTTP/1.1" 200 15294 "-" "Mozilla/5.0 (compatible; BLEXBot/1.0; +https://help.seranking.com/en/blex-crawler)"
63.250.38.117 - - [05/Jul/2025:10:21:54 -0400] "POST /wp-cron.php?doing_wp_cron=1751725314.0775110721588134765625 HTTP/1.1" 403 1242 "-" "WordPress/6.8.1; https://fnf.group"
192.178.6.103 - - [05/Jul/2025:10:21:48 -0400] "GET /?n=81512133514201&channel=95f001&from=category-info.php%3Fid%3D1335142-26518%26name%3D%5B%E3%82%AE%E3%83%AA%E3%82%AA%5D+%E3%83%87%E3%83%8B%E3%83%A0%E8%83%B8%E4%BB%98%E5%89%8D%E6%8E%9B%28%E3%82%BF%E3%82%B9%E3%82%AD%29+1910+%E7%B4%BA+%E6%97%A5%E6%9C%AC+%E3%83%95%E3%83%AA%E3%83%BC+%28FREE+%E3%82%B5%E3%82%A4%E3%82%BA%29 HTTP/1.1" 301 0 "-" "Mozilla/5.0 (Linux; Android 6.0.1; Nexus 5X Build/MMB29P) AppleWebKit/537.36 (KHTML, like Gecko) Chrome/137.0.7151.103 Mobile Safari/537.36 (compatible; Googlebot/2.1; +http://www.google.com/bot.html)"
192.178.6.102 - - [05/Jul/2025:10:21:54 -0400] "GET /?n=81512133514201&channel=95f001&from=category-info.php%3Fid%3D1335142-26518%26name%3D%5B%E3%82%AE%E3%83%AA%E3%82%AA%5D%20%E3%83%87%E3%83%8B%E3%83%A0%E8%83%B8%E4%BB%98%E5%89%8D%E6%8E%9B%28%E3%82%BF%E3%82%B9%E3%82%AD%29%201910%20%E7%B4%BA%20%E6%97%A5%E6%9C%AC%20%E3%83%95%E3%83%AA%E3%83%BC%20%28FREE%20%E3%82%B5%E3%82%A4%E3%82%BA%29 HTTP/1.1" 200 29469 "-" "Mozilla/5.0 (Linux; Android 6.0.1; Nexus 5X Build/MMB29P) AppleWebKit/537.36 (KHTML, like Gecko) Chrome/137.0.7151.103 Mobile Safari/537.36 (compatible; Googlebot/2.1; +http://www.google.com/bot.html)"
144.76.32.94 - - [05/Jul/2025:10:22:02 -0400] "GET /category/featured/page/17/ HTTP/1.1" 200 14972 "-" "Mozilla/5.0 (compatible; BLEXBot/1.0; +https://help.seranking.com/en/blex-crawler)"
144.76.32.94 - - [05/Jul/2025:10:22:14 -0400] "GET /category/featured/page/19/ HTTP/1.1" 200 15366 "-" "Mozilla/5.0 (compatible; BLEXBot/1.0; +https://help.seranking.com/en/blex-crawler)"
144.76.32.94 - - [05/Jul/2025:10:22:22 -0400] "GET /category/mr-bet-casino-de/ HTTP/1.1" 200 13725 "-" "Mozilla/5.0 (compatible; BLEXBot/1.0; +https://help.seranking.com/en/blex-crawler)"
144.76.32.94 - - [05/Jul/2025:10:22:37 -0400] "GET /category/onlone-casino-es/ HTTP/1.1" 200 13701 "-" "Mozilla/5.0 (compatible; BLEXBot/1.0; +https://help.seranking.com/en/blex-crawler)"
192.178.6.101 - - [05/Jul/2025:10:22:51 -0400] "GET /?n=74279147411800&channel=e3c1e2&from=product.php%3Fid%3D1474118-14778%26name%3DPATIKIL+%E3%82%A2%E3%82%AF%E3%83%AA%E3%83%AB%E3%83%9C%E3%83%83%E3%82%AF%E3%82%B9%EF%BC%88%E8%93%8B%E4%BB%98%E3%81%8D%EF%BC%892.56%E3%82%A4%E3%83%B3%E3%83%81+x+2.56%E3%82%A4%E3%83%B3%E3%83%81+x+2.56%E3%82%A4%E3%83%B3%E3%83%81%E3%80%81%E3%82%AF%E3%83%AA%E3%82%A2%E3%82%A2%E3%82%AF%E3%83%AA%E3%83%AB%E3%83%87%E3%82%A3%E3%82%B9%E3%83%97%E3%83%AC%E3%82%A4%E3%83%9C%E3%83%83%E3%82%AF%E3%82%B9 HTTP/1.1" 301 0 "-" "Mozilla/5.0 (Linux; Android 6.0.1; Nexus 5X Build/MMB29P) AppleWebKit/537.36 (KHTML, like Gecko) Chrome/137.0.7151.103 Mobile Safari/537.36 (compatible; Googlebot/2.1; +http://www.google.com/bot.html)"
144.76.32.94 - - [05/Jul/2025:10:22:52 -0400] "GET /2021/11/01/cooking-session/ HTTP/1.1" 200 17938 "-" "Mozilla/5.0 (compatible; BLEXBot/1.0; +https://help.seranking.com/en/blex-crawler)"
63.250.38.117 - - [05/Jul/2025:10:22:54 -0400] "POST /wp-cron.php?doing_wp_cron=1751725374.2050850391387939453125 HTTP/1.1" 403 1242 "-" "WordPress/6.8.1; https://fnf.group"
