141.98.80.161 - - [05/Jul/2025:14:29:03 -0400] "GET /wp-admin/plugin-editor.php?plugin=wpforms%2Fwpforms.php HTTP/1.1" 403 965 "-" "Mozilla/5.0 (Macintosh; Intel Mac OS X 10_15_7) AppleWebKit/537.36 (KHTML, like Gecko) Chrome/124.0.0.0 Safari/537.36"
141.98.80.161 - - [05/Jul/2025:14:29:09 -0400] "GET /wp-admin/plugin-editor.php?plugin=wpmudev_install-119%2Fwpmudev_install-119.php HTTP/1.1" 403 965 "-" "Mozilla/5.0 (Macintosh; Intel Mac OS X 10_15_7) AppleWebKit/537.36 (KHTML, like Gecko) Chrome/124.0.0.0 Safari/537.36"
141.98.80.161 - - [05/Jul/2025:14:29:13 -0400] "GET /wp-admin/plugin-editor.php?plugin=yoast-seo-premium%2Fyoast-seo-premium.php HTTP/1.1" 403 965 "-" "Mozilla/5.0 (Macintosh; Intel Mac OS X 10_15_7) AppleWebKit/537.36 (KHTML, like Gecko) Chrome/124.0.0.0 Safari/537.36"
192.178.6.100 - - [05/Jul/2025:14:29:21 -0400] "GET /?n=82214142407803&channel=e0b358&from=product.php%3Fid%3D1424078-6564%26name%3DPLATINUM+%E3%83%9C%E3%83%BC%E3%83%AB%E3%83%9A%E3%83%B3%26%E3%82%B7%E3%83%A3%E3%83%BC%E3%83%9A%E3%83%B3+2%E6%9C%AC%E5%85%A5%E3%82%8A HTTP/1.1" 301 0 "-" "Mozilla/5.0 (Linux; Android 6.0.1; Nexus 5X Build/MMB29P) AppleWebKit/537.36 (KHTML, like Gecko) Chrome/137.0.7151.103 Mobile Safari/537.36 (compatible; Googlebot/2.1; +http://www.google.com/bot.html)"
192.178.6.102 - - [05/Jul/2025:14:29:22 -0400] "GET /?n=82214142407803&channel=e0b358&from=product.php%3Fid%3D1424078-6564%26name%3DPLATINUM%20%E3%83%9C%E3%83%BC%E3%83%AB%E3%83%9A%E3%83%B3%26%E3%82%B7%E3%83%A3%E3%83%BC%E3%83%9A%E3%83%B3%202%E6%9C%AC%E5%85%A5%E3%82%8A HTTP/1.1" 200 30567 "-" "Mozilla/5.0 (Linux; Android 6.0.1; Nexus 5X Build/MMB29P) AppleWebKit/537.36 (KHTML, like Gecko) Chrome/137.0.7151.103 Mobile Safari/537.36 (compatible; Googlebot/2.1; +http://www.google.com/bot.html)"
63.250.38.117 - - [05/Jul/2025:14:31:07 -0400] "POST /wp-cron.php?doing_wp_cron=1751740267.4778470993041992187500 HTTP/1.1" 403 1242 "-" "WordPress/6.8.1; https://fnf.group"
192.178.6.102 - - [05/Jul/2025:14:30:56 -0400] "GET /shopdetail/301816018 HTTP/1.1" 404 11505 "-" "Mozilla/5.0 (Linux; Android 6.0.1; Nexus 5X Build/MMB29P) AppleWebKit/537.36 (KHTML, like Gecko) Chrome/137.0.7151.103 Mobile Safari/537.36 (compatible; Googlebot/2.1; +http://www.google.com/bot.html)"
192.178.6.100 - - [05/Jul/2025:14:31:27 -0400] "GET /?n=2287716831100&channel=a73c71&from=pin.php%3Fid%3D168311-10040%26name%3DOEKBW+%E6%9C%A8%E8%A3%BD%E3%82%A6%E3%82%A9%E3%83%83%E3%83%81%E3%83%9C%E3%83%83%E3%82%AF%E3%82%B9%E3%83%9B%E3%83%AB%E3%83%80%E3%83%BC%E5%8F%8E%E7%B4%8D%E3%83%87%E3%82%A3%E3%82%B9%E3%83%97%E3%83%AC%E3%82%A4%E3%83%9C%E3%83%83%E3%82%AF%E3%82%B9%E3%82%AA%E3%83%BC%E3%82%AC%E3%83%8A%E3%82%A4%E3%82%B6%E3%83%BC%E3%83%AC%E3%83%88%E3%83%AD%E3%81%AA%E6%A3%BA%E3%81%AE%E3%82%BD%E3%83%AA%E3%83%83%E3%83%89%E3%82%A6%E3%83%83%E3%83%89%E9%80%8F%E6%98%8E%E3%82%AC%E3%83%A9%E3%82%B95%E3%82%A8%E3%83%94%E3%83%88%E3%83%BC%E3%83%97%E8%85%95%E6%99%82%E8%A8%88 HTTP/1.1" 301 0 "-" "Mozilla/5.0 (Linux; Android 6.0.1; Nexus 5X Build/MMB29P) AppleWebKit/537.36 (KHTML, like Gecko) Chrome/137.0.7151.103 Mobile Safari/537.36 (compatible; Googlebot/2.1; +http://www.google.com/bot.html)"
192.178.6.100 - - [05/Jul/2025:14:31:29 -0400] "GET /?n=2287716831100&channel=a73c71&from=pin.php%3Fid%3D168311-10040%26name%3DOEKBW%20%E6%9C%A8%E8%A3%BD%E3%82%A6%E3%82%A9%E3%83%83%E3%83%81%E3%83%9C%E3%83%83%E3%82%AF%E3%82%B9%E3%83%9B%E3%83%AB%E3%83%80%E3%83%BC%E5%8F%8E%E7%B4%8D%E3%83%87%E3%82%A3%E3%82%B9%E3%83%97%E3%83%AC%E3%82%A4%E3%83%9C%E3%83%83%E3%82%AF%E3%82%B9%E3%82%AA%E3%83%BC%E3%82%AC%E3%83%8A%E3%82%A4%E3%82%B6%E3%83%BC%E3%83%AC%E3%83%88%E3%83%AD%E3%81%AA%E6%A3%BA%E3%81%AE%E3%82%BD%E3%83%AA%E3%83%83%E3%83%89%E3%82%A6%E3%83%83%E3%83%89%E9%80%8F%E6%98%8E%E3%82%AC%E3%83%A9%E3%82%B95%E3%82%A8%E3%83%94%E3%83%88%E3%83%BC%E3%83%97%E8%85%95%E6%99%82%E8%A8%88 HTTP/1.1" 200 30568 "-" "Mozilla/5.0 (Linux; Android 6.0.1; Nexus 5X Build/MMB29P) AppleWebKit/537.36 (KHTML, like Gecko) Chrome/137.0.7151.103 Mobile Safari/537.36 (compatible; Googlebot/2.1; +http://www.google.com/bot.html)"
63.250.38.117 - - [05/Jul/2025:14:32:09 -0400] "POST /wp-cron.php?doing_wp_cron=1751740329.5674929618835449218750 HTTP/1.1" 403 1242 "-" "WordPress/6.8.1; https://fnf.group"
66.249.77.76 - - [05/Jul/2025:14:32:06 -0400] "GET /?n=0086622676302&channel=76fe3f&from=form.php%3Fid%3D226763-10062%26name%3D%E4%B8%83%E7%94%B0%E5%BC%8F+%E3%83%97%E3%83%AA%E3%83%B3%E3%83%88B HTTP/1.1" 301 0 "-" "Mozilla/5.0 (Linux; Android 6.0.1; Nexus 5X Build/MMB29P) AppleWebKit/537.36 (KHTML, like Gecko) Chrome/137.0.7151.103 Mobile Safari/537.36 (compatible; Googlebot/2.1; +http://www.google.com/bot.html)"
192.178.6.101 - - [05/Jul/2025:14:32:10 -0400] "GET /?n=0086622676302&channel=76fe3f&from=form.php%3Fid%3D226763-10062%26name%3D%E4%B8%83%E7%94%B0%E5%BC%8F%20%E3%83%97%E3%83%AA%E3%83%B3%E3%83%88B HTTP/1.1" 200 30569 "-" "Mozilla/5.0 (Linux; Android 6.0.1; Nexus 5X Build/MMB29P) AppleWebKit/537.36 (KHTML, like Gecko) Chrome/137.0.7151.103 Mobile Safari/537.36 (compatible; Googlebot/2.1; +http://www.google.com/bot.html)"
192.178.6.102 - - [05/Jul/2025:14:33:01 -0400] "GET /?n=92641169045301&channel=58ae13&from=shop.php%3Fid%3D1690453-4156%26name%3D%E3%83%99%E3%83%B3%E3%83%84%E7%94%A8%E3%83%95%E3%83%AD%E3%83%B3%E3%83%88%E3%82%B0%E3%83%AA%E3%83%AB+C300+C400+C450+C450+4Matic%E3%83%95%E3%83%AD%E3%83%B3%E3%83%88%E3%83%90%E3%83%B3%E3%83%91%E3%83%BC+%E3%83%95%E3%82%A9%E3%82%B0%E3%83%A9%E3%82%A4%E3%83%88%E3%83%A9%E3%83%B3%E3%83%97+%E3%82%B0%E3%83%AA%E3%83%AB%E3%82%AB%E3%83%90%E3%83%BC+%E3%83%8F%E3%83%8B HTTP/1.1" 301 0 "-" "Mozilla/5.0 (Linux; Android 6.0.1; Nexus 5X Build/MMB29P) AppleWebKit/537.36 (KHTML, like Gecko) Chrome/137.0.7151.103 Mobile Safari/537.36 (compatible; Googlebot/2.1; +http://www.google.com/bot.html)"
192.178.6.101 - - [05/Jul/2025:14:33:05 -0400] "GET /?n=92641169045301&channel=58ae13&from=shop.php%3Fid%3D1690453-4156%26name%3D%E3%83%99%E3%83%B3%E3%83%84%E7%94%A8%E3%83%95%E3%83%AD%E3%83%B3%E3%83%88%E3%82%B0%E3%83%AA%E3%83%AB%20C300%20C400%20C450%20C450%204Matic%E3%83%95%E3%83%AD%E3%83%B3%E3%83%88%E3%83%90%E3%83%B3%E3%83%91%E3%83%BC%20%E3%83%95%E3%82%A9%E3%82%B0%E3%83%A9%E3%82%A4%E3%83%88%E3%83%A9%E3%83%B3%E3%83%97%20%E3%82%B0%E3%83%AA%E3%83%AB%E3%82%AB%E3%83%90%E3%83%BC%20%E3%83%8F%E3%83%8B HTTP/1.1" 200 30565 "-" "Mozilla/5.0 (Linux; Android 6.0.1; Nexus 5X Build/MMB29P) AppleWebKit/537.36 (KHTML, like Gecko) Chrome/137.0.7151.103 Mobile Safari/537.36 (compatible; Googlebot/2.1; +http://www.google.com/bot.html)"
63.250.38.117 - - [05/Jul/2025:14:33:55 -0400] "POST /wp-cron.php?doing_wp_cron=1751740435.7693259716033935546875 HTTP/1.1" 403 1242 "-" "WordPress/6.8.1; https://fnf.group"
192.178.6.101 - - [05/Jul/2025:14:33:53 -0400] "GET /?n=5676754084801&channel=c00370&from=goods.php%3Fid%3D540848-14522%26name%3D%E3%83%95%E3%83%AB%E3%83%BC%E3%83%84%E3%83%90%E3%82%B9%E3%82%B1%E3%83%83%E3%83%88+3%E5%B1%A4%E3%83%95%E3%83%AB%E3%83%BC%E3%83%84%E3%83%88%E3%83%AC%E3%82%A4+%E3%83%AA%E3%83%93%E3%83%B3%E3%82%B0%E3%83%AB%E3%83%BC%E3%83%A0+%E5%AE%B6%E5%BA%AD%E7%94%A8%E3%82%B1%E3%83%BC%E3%82%AD%E3%82%B9%E3%83%8A%E3%83%83%E3%82%AF%E3%83%88%E3%83%AC%E3%82%A4+%E6%A3%9A+%E3%82%AC%E3%83%A9%E3%82%B9+%E4%BA%8C%E5%B1%A4%E3%82%B9%E3%83%8A%E3%83%83%E3%82%AF+%E3%82%AD%E3%83%A3%E3%83%B3%E3%83%87%E3%82%A3%E3%83%88%E3%83%AC%E3%82%A4+%E3%83%95%E3%83%AB HTTP/1.1" 301 0 "-" "Mozilla/5.0 (Linux; Android 6.0.1; Nexus 5X Build/MMB29P) AppleWebKit/537.36 (KHTML, like Gecko) Chrome/137.0.7151.103 Mobile Safari/537.36 (compatible; Googlebot/2.1; +http://www.google.com/bot.html)"
192.178.6.101 - - [05/Jul/2025:14:33:56 -0400] "GET /?n=5676754084801&channel=c00370&from=goods.php%3Fid%3D540848-14522%26name%3D%E3%83%95%E3%83%AB%E3%83%BC%E3%83%84%E3%83%90%E3%82%B9%E3%82%B1%E3%83%83%E3%83%88%203%E5%B1%A4%E3%83%95%E3%83%AB%E3%83%BC%E3%83%84%E3%83%88%E3%83%AC%E3%82%A4%20%E3%83%AA%E3%83%93%E3%83%B3%E3%82%B0%E3%83%AB%E3%83%BC%E3%83%A0%20%E5%AE%B6%E5%BA%AD%E7%94%A8%E3%82%B1%E3%83%BC%E3%82%AD%E3%82%B9%E3%83%8A%E3%83%83%E3%82%AF%E3%83%88%E3%83%AC%E3%82%A4%20%E6%A3%9A%20%E3%82%AC%E3%83%A9%E3%82%B9%20%E4%BA%8C%E5%B1%A4%E3%82%B9%E3%83%8A%E3%83%83%E3%82%AF%20%E3%82%AD%E3%83%A3%E3%83%B3%E3%83%87%E3%82%A3%E3%83%88%E3%83%AC%E3%82%A4%20%E3%83%95%E3%83%AB HTTP/1.1" 200 30568 "-" "Mozilla/5.0 (Linux; Android 6.0.1; Nexus 5X Build/MMB29P) AppleWebKit/537.36 (KHTML, like Gecko) Chrome/137.0.7151.103 Mobile Safari/537.36 (compatible; Googlebot/2.1; +http://www.google.com/bot.html)"
43.157.158.178 - - [05/Jul/2025:14:34:16 -0400] "GET /author/admin123/ HTTP/1.1" 200 15323 "-" "Mozilla/5.0 (iPhone; CPU iPhone OS 13_2_3 like Mac OS X) AppleWebKit/605.1.15 (KHTML, like Gecko) Version/13.0.3 Mobile/15E148 Safari/604.1"
141.98.80.161 - - [05/Jul/2025:14:34:19 -0400] "GET /wp-login.php HTTP/1.1" 200 3798 "-" "Mozilla/5.0 (Macintosh; Intel Mac OS X 10_15_7) AppleWebKit/537.36 (KHTML, like Gecko) Chrome/124.0.0.0 Safari/537.36"
141.98.80.161 - - [05/Jul/2025:14:34:25 -0400] "GET /wp-login.php?wp_lang=en_US HTTP/1.1" 200 3798 "-" "Mozilla/5.0 (Macintosh; Intel Mac OS X 10_15_7) AppleWebKit/537.36 (KHTML, like Gecko) Chrome/124.0.0.0 Safari/537.36"
141.98.80.161 - - [05/Jul/2025:14:34:28 -0400] "POST /wp-login.php?wp_lang=en_US HTTP/1.1" 302 0 "-" "Mozilla/5.0 (Macintosh; Intel Mac OS X 10_15_7) AppleWebKit/537.36 (KHTML, like Gecko) Chrome/124.0.0.0 Safari/537.36"
141.98.80.161 - - [05/Jul/2025:14:34:32 -0400] "GET /wp-login.php?redirect_to=http%3A%2F%2Ffnf.group%2Fwp-admin%2F&action=confirm_admin_email&wp_lang=en_US HTTP/1.1" 200 3807 "-" "Mozilla/5.0 (Macintosh; Intel Mac OS X 10_15_7) AppleWebKit/537.36 (KHTML, like Gecko) Chrome/124.0.0.0 Safari/537.36"
141.98.80.161 - - [05/Jul/2025:14:34:37 -0400] "GET /wp-admin/theme-editor.php HTTP/1.1" 403 965 "-" "Mozilla/5.0 (Macintosh; Intel Mac OS X 10_15_7) AppleWebKit/537.36 (KHTML, like Gecko) Chrome/124.0.0.0 Safari/537.36"
192.178.6.101 - - [05/Jul/2025:14:34:44 -0400] "GET /?n=6642573355300&channel=80d3b8&from=shared.php%3Fid%3D733553-5709%26name%3D2%2F4%2F6%2F8+%E5%80%8B%E6%96%B0%E3%81%97%E3%81%84%E7%87%83%E6%96%99%E3%82%A4%E3%83%B3%E3%82%B8%E3%82%A7%E3%82%AF%E3%82%BF%E3%83%BC+6C5-13761-00-00+%E3%83%A4%E3%83%9E%E3%83%8F+40HP+50HP+60HP+4+%E3%82%B9%E3%83%88%E3%83%AD%E3%83%BC%E3%82%AF+E HTTP/1.1" 301 0 "-" "Mozilla/5.0 (Linux; Android 6.0.1; Nexus 5X Build/MMB29P) AppleWebKit/537.36 (KHTML, like Gecko) Chrome/137.0.7151.103 Mobile Safari/537.36 (compatible; Googlebot/2.1; +http://www.google.com/bot.html)"
192.178.6.101 - - [05/Jul/2025:14:34:44 -0400] "GET /?n=8279020360104&channel=58ae13&from=shop.php%3Fid%3D203601-4156%26name%3D%E8%BB%8A%E3%81%AE%E5%BE%8C%E9%83%A8%E5%B7%A6%E3%83%A9%E3%83%B3%E3%83%97%E3%83%86%E3%83%BC%E3%83%AB%E3%83%A9%E3%83%B3%E3%83%97%E3%82%AB%E3%83%90%E3%83%BC%E3%83%AA%E3%82%A2%E3%83%A9%E3%83%B3%E3%83%97%E3%82%B7%E3%82%A7%E3%83%AB%E3%83%A9%E3%83%B3%E3%83%97%E3%82%B7%E3%82%A7%E3%83%BC%E3%83%89%E3%83%A9%E3%83%B3%E3%83%89%E3%83%AD%E3%83%BC%E3%83%90%E3%83%BC%E3%83%87%E3%82%A3%E3%82%B9%E3%82%AB%E3%83%90%E3%83%AA%E3%83%BC+4+2014-2016+%E7%94%A8 HTTP/1.1" 301 0 "-" "Mozilla/5.0 (Linux; Android 6.0.1; Nexus 5X Build/MMB29P) AppleWebKit/537.36 (KHTML, like Gecko) Chrome/137.0.7151.103 Mobile Safari/537.36 (compatible; Googlebot/2.1; +http://www.google.com/bot.html)"
192.178.6.101 - - [05/Jul/2025:14:34:47 -0400] "GET /?n=6642573355300&channel=80d3b8&from=shared.php%3Fid%3D733553-5709%26name%3D2%2F4%2F6%2F8%20%E5%80%8B%E6%96%B0%E3%81%97%E3%81%84%E7%87%83%E6%96%99%E3%82%A4%E3%83%B3%E3%82%B8%E3%82%A7%E3%82%AF%E3%82%BF%E3%83%BC%206C5-13761-00-00%20%E3%83%A4%E3%83%9E%E3%83%8F%2040HP%2050HP%2060HP%204%20%E3%82%B9%E3%83%88%E3%83%AD%E3%83%BC%E3%82%AF%20E HTTP/1.1" 200 30570 "-" "Mozilla/5.0 (Linux; Android 6.0.1; Nexus 5X Build/MMB29P) AppleWebKit/537.36 (KHTML, like Gecko) Chrome/137.0.7151.103 Mobile Safari/537.36 (compatible; Googlebot/2.1; +http://www.google.com/bot.html)"
192.178.6.101 - - [05/Jul/2025:14:34:48 -0400] "GET /?n=8279020360104&channel=58ae13&from=shop.php%3Fid%3D203601-4156%26name%3D%E8%BB%8A%E3%81%AE%E5%BE%8C%E9%83%A8%E5%B7%A6%E3%83%A9%E3%83%B3%E3%83%97%E3%83%86%E3%83%BC%E3%83%AB%E3%83%A9%E3%83%B3%E3%83%97%E3%82%AB%E3%83%90%E3%83%BC%E3%83%AA%E3%82%A2%E3%83%A9%E3%83%B3%E3%83%97%E3%82%B7%E3%82%A7%E3%83%AB%E3%83%A9%E3%83%B3%E3%83%97%E3%82%B7%E3%82%A7%E3%83%BC%E3%83%89%E3%83%A9%E3%83%B3%E3%83%89%E3%83%AD%E3%83%BC%E3%83%90%E3%83%BC%E3%83%87%E3%82%A3%E3%82%B9%E3%82%AB%E3%83%90%E3%83%AA%E3%83%BC%204%202014-2016%20%E7%94%A8 HTTP/1.1" 200 30580 "-" "Mozilla/5.0 (Linux; Android 6.0.1; Nexus 5X Build/MMB29P) AppleWebKit/537.36 (KHTML, like Gecko) Chrome/137.0.7151.103 Mobile Safari/537.36 (compatible; Googlebot/2.1; +http://www.google.com/bot.html)"
141.98.80.161 - - [05/Jul/2025:14:34:47 -0400] "GET /wp-admin/plugins.php HTTP/1.1" 200 67852 "-" "Mozilla/5.0 (Macintosh; Intel Mac OS X 10_15_7) AppleWebKit/537.36 (KHTML, like Gecko) Chrome/124.0.0.0 Safari/537.36"
63.250.38.117 - - [05/Jul/2025:14:35:01 -0400] "POST /wp-cron.php?doing_wp_cron=1751740501.3708040714263916015625 HTTP/1.1" 403 1242 "-" "WordPress/6.8.1; https://fnf.group"
141.98.80.161 - - [05/Jul/2025:14:34:59 -0400] "GET /wp-admin/plugin-editor.php?plugin=all-in-one-wp-migration%2Fall-in-one-wp-migration.php HTTP/1.1" 403 965 "-" "Mozilla/5.0 (Macintosh; Intel Mac OS X 10_15_7) AppleWebKit/537.36 (KHTML, like Gecko) Chrome/124.0.0.0 Safari/537.36"
141.98.80.161 - - [05/Jul/2025:14:35:03 -0400] "GET /wp-admin/plugin-editor.php?plugin=classic-editor%2Fclassic-editor.php HTTP/1.1" 403 965 "-" "Mozilla/5.0 (Macintosh; Intel Mac OS X 10_15_7) AppleWebKit/537.36 (KHTML, like Gecko) Chrome/124.0.0.0 Safari/537.36"
141.98.80.161 - - [05/Jul/2025:14:35:06 -0400] "GET /wp-admin/plugin-editor.php?plugin=coming-soon%2Fcoming-soon.php HTTP/1.1" 403 965 "-" "Mozilla/5.0 (Macintosh; Intel Mac OS X 10_15_7) AppleWebKit/537.36 (KHTML, like Gecko) Chrome/124.0.0.0 Safari/537.36"
141.98.80.161 - - [05/Jul/2025:14:35:11 -0400] "GET /wp-admin/plugin-editor.php?plugin=contact-form-7%2Fcontact-form-7.php HTTP/1.1" 403 965 "-" "Mozilla/5.0 (Macintosh; Intel Mac OS X 10_15_7) AppleWebKit/537.36 (KHTML, like Gecko) Chrome/124.0.0.0 Safari/537.36"
141.98.80.161 - - [05/Jul/2025:14:35:14 -0400] "GET /wp-admin/plugin-editor.php?plugin=delete-all-comments-of-website%2Fdelete-all-comments-of-website.php HTTP/1.1" 403 965 "-" "Mozilla/5.0 (Macintosh; Intel Mac OS X 10_15_7) AppleWebKit/537.36 (KHTML, like Gecko) Chrome/124.0.0.0 Safari/537.36"
141.98.80.161 - - [05/Jul/2025:14:35:17 -0400] "GET /wp-admin/plugin-editor.php?plugin=elfsight-instagram-feed-cc%2Felfsight-instagram-feed-cc.php HTTP/1.1" 403 965 "-" "Mozilla/5.0 (Macintosh; Intel Mac OS X 10_15_7) AppleWebKit/537.36 (KHTML, like Gecko) Chrome/124.0.0.0 Safari/537.36"
141.98.80.161 - - [05/Jul/2025:14:35:23 -0400] "GET /wp-admin/plugin-editor.php?plugin=litespeed-cache%2Flitespeed-cache.php HTTP/1.1" 403 965 "-" "Mozilla/5.0 (Macintosh; Intel Mac OS X 10_15_7) AppleWebKit/537.36 (KHTML, like Gecko) Chrome/124.0.0.0 Safari/537.36"
141.98.80.161 - - [05/Jul/2025:14:35:28 -0400] "GET /wp-admin/plugin-editor.php?plugin=ninja-forms%2Fninja-forms.php HTTP/1.1" 403 965 "-" "Mozilla/5.0 (Macintosh; Intel Mac OS X 10_15_7) AppleWebKit/537.36 (KHTML, like Gecko) Chrome/124.0.0.0 Safari/537.36"
192.178.6.101 - - [05/Jul/2025:14:35:29 -0400] "GET /?n=6878927546601&channel=2803b2&from=goods.php%3Fid%3D275466-12267%26name%3DSwift+Industries+everyday+caddy HTTP/1.1" 301 0 "-" "Mozilla/5.0 (Linux; Android 6.0.1; Nexus 5X Build/MMB29P) AppleWebKit/537.36 (KHTML, like Gecko) Chrome/137.0.7151.103 Mobile Safari/537.36 (compatible; Googlebot/2.1; +http://www.google.com/bot.html)"
141.98.80.161 - - [05/Jul/2025:14:35:34 -0400] "GET /wp-admin/plugin-editor.php?plugin=plus-gallery-shared-on-wplocker-com%2Fplus-gallery-shared-on-wplocker-com.php HTTP/1.1" 403 965 "-" "Mozilla/5.0 (Macintosh; Intel Mac OS X 10_15_7) AppleWebKit/537.36 (KHTML, like Gecko) Chrome/124.0.0.0 Safari/537.36"
192.178.6.102 - - [05/Jul/2025:14:35:33 -0400] "GET /?n=6878927546601&channel=2803b2&from=goods.php%3Fid%3D275466-12267%26name%3DSwift%20Industries%20everyday%20caddy HTTP/1.1" 200 30570 "-" "Mozilla/5.0 (Linux; Android 6.0.1; Nexus 5X Build/MMB29P) AppleWebKit/537.36 (KHTML, like Gecko) Chrome/137.0.7151.103 Mobile Safari/537.36 (compatible; Googlebot/2.1; +http://www.google.com/bot.html)"
141.98.80.161 - - [05/Jul/2025:14:35:41 -0400] "GET /wp-admin/plugin-editor.php?plugin=salient-core%2Fsalient-core.php HTTP/1.1" 403 965 "-" "Mozilla/5.0 (Macintosh; Intel Mac OS X 10_15_7) AppleWebKit/537.36 (KHTML, like Gecko) Chrome/124.0.0.0 Safari/537.36"
141.98.80.161 - - [05/Jul/2025:14:35:46 -0400] "GET /wp-admin/plugin-editor.php?plugin=salient-demo-importer%2Fsalient-demo-importer.php HTTP/1.1" 403 965 "-" "Mozilla/5.0 (Macintosh; Intel Mac OS X 10_15_7) AppleWebKit/537.36 (KHTML, like Gecko) Chrome/124.0.0.0 Safari/537.36"
141.98.80.161 - - [05/Jul/2025:14:35:51 -0400] "GET /wp-admin/plugin-editor.php?plugin=salient-home-slider%2Fsalient-home-slider.php HTTP/1.1" 403 965 "-" "Mozilla/5.0 (Macintosh; Intel Mac OS X 10_15_7) AppleWebKit/537.36 (KHTML, like Gecko) Chrome/124.0.0.0 Safari/537.36"
141.98.80.161 - - [05/Jul/2025:14:35:53 -0400] "GET /wp-admin/plugin-editor.php?plugin=salient-nectar-slider%2Fsalient-nectar-slider.php HTTP/1.1" 403 965 "-" "Mozilla/5.0 (Macintosh; Intel Mac OS X 10_15_7) AppleWebKit/537.36 (KHTML, like Gecko) Chrome/124.0.0.0 Safari/537.36"
141.98.80.161 - - [05/Jul/2025:14:35:56 -0400] "GET /wp-admin/plugin-editor.php?plugin=salient-portfolio%2Fsalient-portfolio.php HTTP/1.1" 403 965 "-" "Mozilla/5.0 (Macintosh; Intel Mac OS X 10_15_7) AppleWebKit/537.36 (KHTML, like Gecko) Chrome/124.0.0.0 Safari/537.36"
63.250.38.117 - - [05/Jul/2025:14:36:03 -0400] "POST /wp-cron.php?doing_wp_cron=1751740562.8668279647827148437500 HTTP/1.1" 403 1242 "-" "WordPress/6.8.1; https://fnf.group"
141.98.80.161 - - [05/Jul/2025:14:35:59 -0400] "GET /wp-admin/plugin-editor.php?plugin=salient-shortcodes%2Fsalient-shortcodes.php HTTP/1.1" 403 965 "-" "Mozilla/5.0 (Macintosh; Intel Mac OS X 10_15_7) AppleWebKit/537.36 (KHTML, like Gecko) Chrome/124.0.0.0 Safari/537.36"
141.98.80.161 - - [05/Jul/2025:14:36:03 -0400] "GET /wp-admin/plugin-editor.php?plugin=salient-social%2Fsalient-social.php HTTP/1.1" 403 965 "-" "Mozilla/5.0 (Macintosh; Intel Mac OS X 10_15_7) AppleWebKit/537.36 (KHTML, like Gecko) Chrome/124.0.0.0 Safari/537.36"
141.98.80.161 - - [05/Jul/2025:14:36:11 -0400] "GET /wp-admin/plugin-editor.php?plugin=salient-widgets%2Fsalient-widgets.php HTTP/1.1" 403 965 "-" "Mozilla/5.0 (Macintosh; Intel Mac OS X 10_15_7) AppleWebKit/537.36 (KHTML, like Gecko) Chrome/124.0.0.0 Safari/537.36"
141.98.80.161 - - [05/Jul/2025:14:36:19 -0400] "GET /wp-admin/plugin-editor.php?plugin=salient-wpbakery-page-builder%2Fsalient-wpbakery-page-builder.php HTTP/1.1" 403 965 "-" "Mozilla/5.0 (Macintosh; Intel Mac OS X 10_15_7) AppleWebKit/537.36 (KHTML, like Gecko) Chrome/124.0.0.0 Safari/537.36"
213.209.150.137 - - [05/Jul/2025:14:36:18 -0400] "POST /wp-login.php?action=register HTTP/1.1" 302 0 "-" "-"
141.98.80.161 - - [05/Jul/2025:14:36:25 -0400] "GET /wp-admin/plugin-editor.php?plugin=nextend-smart-slider3-pro%2Fnextend-smart-slider3-pro.php HTTP/1.1" 403 965 "-" "Mozilla/5.0 (Macintosh; Intel Mac OS X 10_15_7) AppleWebKit/537.36 (KHTML, like Gecko) Chrome/124.0.0.0 Safari/537.36"
213.209.150.137 - - [05/Jul/2025:14:36:30 -0400] "POST /wp-login.php?action=register HTTP/1.1" 302 0 "-" "-"
141.98.80.161 - - [05/Jul/2025:14:36:33 -0400] "GET /wp-admin/plugin-editor.php?plugin=wpmudev_install-912164%2Fwpmudev_install-912164.php HTTP/1.1" 403 965 "-" "Mozilla/5.0 (Macintosh; Intel Mac OS X 10_15_7) AppleWebKit/537.36 (KHTML, like Gecko) Chrome/124.0.0.0 Safari/537.36"
192.178.6.102 - - [05/Jul/2025:14:36:33 -0400] "GET /?n=7779072016706&channel=14a02c&from=shop.php%3Fid%3D720167-15222%26name%3D%E3%83%A2%E3%83%80%E3%83%B3%E3%82%B9%E3%83%9A%E3%83%BC%E3%82%B9%E3%82%A2%E3%83%AB%E3%83%9F%E3%83%8B%E3%82%A6%E3%83%A0%E3%82%BF%E3%82%AA%E3%83%AB%E3%83%A9%E3%83%83%E3%82%AF%E3%80%81%E3%83%87%E3%83%A5%E3%82%A2%E3%83%AB%E3%82%A6%E3%82%A9%E3%83%BC%E3%83%AB%E3%83%8A%E3%83%83%E3%83%88%E6%9C%A8%E8%A3%BD%E6%A3%9A%E4%BB%98%E3%81%8D%E3%80%81%E3%83%80%E3%83%96%E3%83%AB%E3%82%BF%E3%82%AA%E3%83%AB%E3%83%90%E3%83%BC%E7%94%A8%E5%A3%81%E6%8E%9B%E3%81%91%E3%83%90%E3%82%B9%E3%83%AB%E3%83%BC%E3%83%A0%E3%83%8A%E3%82%A4%E3%82%B6%E3%83%BC HTTP/1.1" 200 30579 "-" "Mozilla/5.0 (Linux; Android 6.0.1; Nexus 5X Build/MMB29P) AppleWebKit/537.36 (KHTML, like Gecko) Chrome/137.0.7151.103 Mobile Safari/537.36 (compatible; Googlebot/2.1; +http://www.google.com/bot.html)"
141.98.80.161 - - [05/Jul/2025:14:36:38 -0400] "GET /wp-admin/plugin-editor.php?plugin=user-submitted-posts%2Fuser-submitted-posts.php HTTP/1.1" 403 965 "-" "Mozilla/5.0 (Macintosh; Intel Mac OS X 10_15_7) AppleWebKit/537.36 (KHTML, like Gecko) Chrome/124.0.0.0 Safari/537.36"
192.178.6.101 - - [05/Jul/2025:14:36:40 -0400] "GET /wp-content/themes/salient/js/build/third-party/jquery.mousewheel.min.js?ver=3.1.13 HTTP/1.1" 304 0 "https://fnf.group/?n=7779072016706&channel=14a02c&from=shop.php%3Fid%3D720167-15222%26name%3D%E3%83%A2%E3%83%80%E3%83%B3%E3%82%B9%E3%83%9A%E3%83%BC%E3%82%B9%E3%82%A2%E3%83%AB%E3%83%9F%E3%83%8B%E3%82%A6%E3%83%A0%E3%82%BF%E3%82%AA%E3%83%AB%E3%83%A9%E3%83%83%E3%82%AF%E3%80%81%E3%83%87%E3%83%A5%E3%82%A2%E3%83%AB%E3%82%A6%E3%82%A9%E3%83%BC%E3%83%AB%E3%83%8A%E3%83%83%E3%83%88%E6%9C%A8%E8%A3%BD%E6%A3%9A%E4%BB%98%E3%81%8D%E3%80%81%E3%83%80%E3%83%96%E3%83%AB%E3%82%BF%E3%82%AA%E3%83%AB%E3%83%90%E3%83%BC%E7%94%A8%E5%A3%81%E6%8E%9B%E3%81%91%E3%83%90%E3%82%B9%E3%83%AB%E3%83%BC%E3%83%A0%E3%83%8A%E3%82%A4%E3%82%B6%E3%83%BC" "Mozilla/5.0 (Linux; Android 6.0.1; Nexus 5X Build/MMB29P) AppleWebKit/537.36 (KHTML, like Gecko) Chrome/137.0.7151.119 Mobile Safari/537.36 (compatible; Googlebot/2.1; +http://www.google.com/bot.html)"
141.98.80.161 - - [05/Jul/2025:14:36:41 -0400] "GET /wp-admin/plugin-editor.php?plugin=w3-total-cache%2Fw3-total-cache.php HTTP/1.1" 403 965 "-" "Mozilla/5.0 (Macintosh; Intel Mac OS X 10_15_7) AppleWebKit/537.36 (KHTML, like Gecko) Chrome/124.0.0.0 Safari/537.36"
213.209.150.137 - - [05/Jul/2025:14:36:40 -0400] "POST /wp-login.php?action=register HTTP/1.1" 302 0 "-" "-"
141.98.80.161 - - [05/Jul/2025:14:36:48 -0400] "GET /wp-admin/plugin-editor.php?plugin=wordpress-importer%2Fwordpress-importer.php HTTP/1.1" 403 965 "-" "Mozilla/5.0 (Macintosh; Intel Mac OS X 10_15_7) AppleWebKit/537.36 (KHTML, like Gecko) Chrome/124.0.0.0 Safari/537.36"
213.209.150.137 - - [05/Jul/2025:14:36:50 -0400] "POST /wp-login.php?action=register HTTP/1.1" 302 0 "-" "-"
216.73.216.174 - - [05/Jul/2025:14:36:57 -0400] "GET /tag/fnf-group/ HTTP/1.1" 500 1034 "-" "Mozilla/5.0 AppleWebKit/537.36 (KHTML, like Gecko; compatible; ClaudeBot/1.0; +claudebot@anthropic.com)"
141.98.80.161 - - [05/Jul/2025:14:36:55 -0400] "GET /wp-admin/plugin-editor.php?plugin=wp-reset%2Fwp-reset.php HTTP/1.1" 403 965 "-" "Mozilla/5.0 (Macintosh; Intel Mac OS X 10_15_7) AppleWebKit/537.36 (KHTML, like Gecko) Chrome/124.0.0.0 Safari/537.36"
63.250.38.117 - - [05/Jul/2025:14:37:05 -0400] "POST /wp-cron.php?doing_wp_cron=1751740625.6674060821533203125000 HTTP/1.1" 403 1242 "-" "WordPress/6.8.1; https://fnf.group"
141.98.80.161 - - [05/Jul/2025:14:37:03 -0400] "GET /wp-admin/plugin-editor.php?plugin=wpforms%2Fwpforms.php HTTP/1.1" 403 965 "-" "Mozilla/5.0 (Macintosh; Intel Mac OS X 10_15_7) AppleWebKit/537.36 (KHTML, like Gecko) Chrome/124.0.0.0 Safari/537.36"
141.98.80.161 - - [05/Jul/2025:14:37:09 -0400] "GET /wp-admin/plugin-editor.php?plugin=wpmudev_install-119%2Fwpmudev_install-119.php HTTP/1.1" 403 965 "-" "Mozilla/5.0 (Macintosh; Intel Mac OS X 10_15_7) AppleWebKit/537.36 (KHTML, like Gecko) Chrome/124.0.0.0 Safari/537.36"
141.98.80.161 - - [05/Jul/2025:14:37:12 -0400] "GET /wp-admin/plugin-editor.php?plugin=yoast-seo-premium%2Fyoast-seo-premium.php HTTP/1.1" 403 965 "-" "Mozilla/5.0 (Macintosh; Intel Mac OS X 10_15_7) AppleWebKit/537.36 (KHTML, like Gecko) Chrome/124.0.0.0 Safari/537.36"
192.178.6.102 - - [05/Jul/2025:14:37:21 -0400] "GET /?n=59600154616002&channel=ff93f7&from=blog.php%3Fid%3D1546160-7701%26name%3D%E5%9B%BA%E4%BD%93+%E9%89%84%E8%A3%BD%E3%81%AE%E3%82%AD%E3%83%83%E3%83%81%E3%83%B3%E6%A3%9A%E5%A4%9A%E6%A9%9F%E8%83%BD%E3%82%AD%E3%83%83%E3%83%81%E3%83%B3%E6%A3%9A%E4%B8%AD%E7%A9%BA%E3%82%AD%E3%83%83%E3%83%81%E3%83%B3%E6%A3%9A%E6%8E%92%E6%B0%B4%E3%83%88%E3%83%AC%E3%82%A4%E4%BB%98%E3%81%8D%E3%82%AD%E3%83%83%E3%83%81%E3%83%B3%E6%A3%9A+%E5%A4%9A%E7%9B%AE%E7%9A%84 HTTP/1.1" 301 0 "-" "Mozilla/5.0 (Linux; Android 6.0.1; Nexus 5X Build/MMB29P) AppleWebKit/537.36 (KHTML, like Gecko) Chrome/137.0.7151.103 Mobile Safari/537.36 (compatible; Googlebot/2.1; +http://www.google.com/bot.html)"
192.178.6.102 - - [05/Jul/2025:14:37:21 -0400] "GET /?n=340004406202&channel=4ec359&from=blog.php%3Fid%3D44062-4727%26name%3D%E3%82%AA%E3%83%8F%E3%82%A4%E3%82%AA%E5%B7%9E%E7%8A%B6%E6%85%8BSmall1+%2F+2%E3%82%A4%E3%83%B3%E3%83%81%E3%83%9A%E3%83%B3%E3%83%80%E3%83%B3%E3%83%8814+K%E3%83%9B%E3%83%AF%E3%82%A4%E3%83%88%E3%82%B4%E3%83%BC%E3%83%AB%E3%83%89 HTTP/1.1" 301 0 "-" "Mozilla/5.0 (Linux; Android 6.0.1; Nexus 5X Build/MMB29P) AppleWebKit/537.36 (KHTML, like Gecko) Chrome/137.0.7151.103 Mobile Safari/537.36 (compatible; Googlebot/2.1; +http://www.google.com/bot.html)"
192.178.6.103 - - [05/Jul/2025:14:37:22 -0400] "GET /?n=59600154616002&channel=ff93f7&from=blog.php%3Fid%3D1546160-7701%26name%3D%E5%9B%BA%E4%BD%93%20%E9%89%84%E8%A3%BD%E3%81%AE%E3%82%AD%E3%83%83%E3%83%81%E3%83%B3%E6%A3%9A%E5%A4%9A%E6%A9%9F%E8%83%BD%E3%82%AD%E3%83%83%E3%83%81%E3%83%B3%E6%A3%9A%E4%B8%AD%E7%A9%BA%E3%82%AD%E3%83%83%E3%83%81%E3%83%B3%E6%A3%9A%E6%8E%92%E6%B0%B4%E3%83%88%E3%83%AC%E3%82%A4%E4%BB%98%E3%81%8D%E3%82%AD%E3%83%83%E3%83%81%E3%83%B3%E6%A3%9A%20%E5%A4%9A%E7%9B%AE%E7%9A%84 HTTP/1.1" 200 30570 "-" "Mozilla/5.0 (Linux; Android 6.0.1; Nexus 5X Build/MMB29P) AppleWebKit/537.36 (KHTML, like Gecko) Chrome/137.0.7151.103 Mobile Safari/537.36 (compatible; Googlebot/2.1; +http://www.google.com/bot.html)"
192.178.6.103 - - [05/Jul/2025:14:37:25 -0400] "GET /?n=340004406202&channel=4ec359&from=blog.php%3Fid%3D44062-4727%26name%3D%E3%82%AA%E3%83%8F%E3%82%A4%E3%82%AA%E5%B7%9E%E7%8A%B6%E6%85%8BSmall1%20%2F%202%E3%82%A4%E3%83%B3%E3%83%81%E3%83%9A%E3%83%B3%E3%83%80%E3%83%B3%E3%83%8814%20K%E3%83%9B%E3%83%AF%E3%82%A4%E3%83%88%E3%82%B4%E3%83%BC%E3%83%AB%E3%83%89 HTTP/1.1" 200 30569 "-" "Mozilla/5.0 (Linux; Android 6.0.1; Nexus 5X Build/MMB29P) AppleWebKit/537.36 (KHTML, like Gecko) Chrome/137.0.7151.103 Mobile Safari/537.36 (compatible; Googlebot/2.1; +http://www.google.com/bot.html)"
192.178.6.101 - - [05/Jul/2025:14:37:28 -0400] "GET /?n=37801149919604&channel=46712f&from=jp.php%3Fid%3D1499196-6130%26name%3D%EF%BC%AF%EF%BD%93%EF%BD%88%EF%BD%88%EF%BD%8E%EF%BD%89+%E3%82%A2%E3%82%AF%E3%83%AA%E3%83%AB%E6%96%99%E7%90%86%E5%A4%9A%E7%9B%AE%E7%9A%84%E5%A4%9A%E7%9B%AE%E7%9A%84%E3%83%97%E3%83%AC%E3%83%BC%E3%83%88%2C+%E3%83%A9%E3%82%A6%E3%83%B3%E3%83%893%E5%B1%A4 HTTP/1.1" 301 0 "-" "Mozilla/5.0 (Linux; Android 6.0.1; Nexus 5X Build/MMB29P) AppleWebKit/537.36 (KHTML, like Gecko) Chrome/137.0.7151.103 Mobile Safari/537.36 (compatible; Googlebot/2.1; +http://www.google.com/bot.html)"
66.249.68.131 - - [05/Jul/2025:14:37:30 -0400] "GET /?n=00103100163000&channel=0e649a&from=form.php%3Fid%3D1001630-689%26name%3D%E3%83%9D%E3%82%B1%E3%83%A2%E3%83%B3%E3%82%AB%E3%83%BC%E3%83%89%E3%80%80%E3%83%9E%E3%83%B3%E3%82%AD%E3%83%BC%E3%80%80%E3%82%AA%E3%82%B3%E3%83%AA%E3%82%B6%E3%83%AB%E3%80%80%EF%BC%97%E6%9E%9A%E3%82%BB%E3%83%83%E3%83%88+%E3%83%AD%E3%82%B1%E3%83%83%E3%83%88%E5%9B%A3%E3%81%AE%E6%A0%84%E5%85%89 HTTP/1.1" 301 0 "-" "Mozilla/5.0 (Linux; Android 6.0.1; Nexus 5X Build/MMB29P) AppleWebKit/537.36 (KHTML, like Gecko) Chrome/137.0.7151.103 Mobile Safari/537.36 (compatible; Googlebot/2.1; +http://www.google.com/bot.html)"
192.178.6.101 - - [05/Jul/2025:14:37:32 -0400] "GET /?n=37801149919604&channel=46712f&from=jp.php%3Fid%3D1499196-6130%26name%3D%EF%BC%AF%EF%BD%93%EF%BD%88%EF%BD%88%EF%BD%8E%EF%BD%89%20%E3%82%A2%E3%82%AF%E3%83%AA%E3%83%AB%E6%96%99%E7%90%86%E5%A4%9A%E7%9B%AE%E7%9A%84%E5%A4%9A%E7%9B%AE%E7%9A%84%E3%83%97%E3%83%AC%E3%83%BC%E3%83%88%2C%20%E3%83%A9%E3%82%A6%E3%83%B3%E3%83%893%E5%B1%A4 HTTP/1.1" 200 30568 "-" "Mozilla/5.0 (Linux; Android 6.0.1; Nexus 5X Build/MMB29P) AppleWebKit/537.36 (KHTML, like Gecko) Chrome/137.0.7151.103 Mobile Safari/537.36 (compatible; Googlebot/2.1; +http://www.google.com/bot.html)"
192.178.6.101 - - [05/Jul/2025:14:37:35 -0400] "GET /?n=00103100163000&channel=0e649a&from=form.php%3Fid%3D1001630-689%26name%3D%E3%83%9D%E3%82%B1%E3%83%A2%E3%83%B3%E3%82%AB%E3%83%BC%E3%83%89%E3%80%80%E3%83%9E%E3%83%B3%E3%82%AD%E3%83%BC%E3%80%80%E3%82%AA%E3%82%B3%E3%83%AA%E3%82%B6%E3%83%AB%E3%80%80%EF%BC%97%E6%9E%9A%E3%82%BB%E3%83%83%E3%83%88%20%E3%83%AD%E3%82%B1%E3%83%83%E3%83%88%E5%9B%A3%E3%81%AE%E6%A0%84%E5%85%89 HTTP/1.1" 200 30565 "-" "Mozilla/5.0 (Linux; Android 6.0.1; Nexus 5X Build/MMB29P) AppleWebKit/537.36 (KHTML, like Gecko) Chrome/137.0.7151.103 Mobile Safari/537.36 (compatible; Googlebot/2.1; +http://www.google.com/bot.html)"
51.178.45.73 - - [05/Jul/2025:14:37:43 -0400] "POST /xmlrpc.php HTTP/1.1" 403 1242 "https://fnf.group" "Mozilla/5.0 (Windows NT 10.0; Win64; x64) AppleWebKit/537.36 (KHTML, like Gecko) Chrome/112.0.5615.138 Safari/537.36"
114.119.128.253 - - [05/Jul/2025:14:37:41 -0400] "GET /2020/10/29/chicken-florentine-by-muniza-adnan HTTP/1.1" 301 0 "http://fnf.group/recipes/page/2" "Mozilla/5.0 (Linux; Android 7.0;) AppleWebKit/537.36 (KHTML, like Gecko) Mobile Safari/537.36 (compatible; PetalBot;+https://webmaster.petalsearch.com/site/petalbot)"
51.178.45.73 - - [05/Jul/2025:14:37:44 -0400] "POST /wp-login.php HTTP/1.1" 200 3952 "https://fnf.group" "Mozilla/5.0 (Windows NT 10.0; Win64; x64; rv:125.0.1) Gecko/20100101 Firefox/125.0.1"
114.119.128.253 - - [05/Jul/2025:14:37:44 -0400] "GET /2020/10/29/chicken-florentine-by-muniza-adnan/ HTTP/1.1" 200 23640 "http://fnf.group/recipes/page/2" "Mozilla/5.0 (Linux; Android 7.0;) AppleWebKit/537.36 (KHTML, like Gecko) Mobile Safari/537.36 (compatible; PetalBot;+https://webmaster.petalsearch.com/site/petalbot)"
63.250.38.117 - - [05/Jul/2025:14:39:06 -0400] "POST /wp-cron.php?doing_wp_cron=1751740746.4722878932952880859375 HTTP/1.1" 403 1242 "-" "WordPress/6.8.1; https://fnf.group"
114.119.131.93 - - [05/Jul/2025:14:39:02 -0400] "GET /2016/09/ HTTP/1.1" 200 14413 "https://fnf.group/plus_wpgallery/" "Mozilla/5.0 (Linux; Android 7.0;) AppleWebKit/537.36 (KHTML, like Gecko) Mobile Safari/537.36 (compatible; PetalBot;+https://webmaster.petalsearch.com/site/petalbot)"
63.250.38.117 - - [05/Jul/2025:14:39:09 -0400] "POST /wp-cron.php?doing_wp_cron=1751740749.4729819297790527343750 HTTP/1.1" 403 1242 "-" "WordPress/6.8.1; https://fnf.group"
192.178.6.101 - - [05/Jul/2025:14:39:06 -0400] "GET /?n=17279147583904&channel=e92ffd&from=brands.php%3Fid%3D1475839-15774%26name%3D%E3%83%9F%E3%83%BC%E3%83%88%E3%83%86%E3%83%B3%E3%83%80%E3%83%A9%E3%82%A4%E3%82%B6%E3%83%BC+48%E6%9E%9A%E5%88%83+%E3%82%B8%E3%83%A3%E3%82%AC%E3%83%BC%E3%83%89+%E4%BF%9D%E8%AD%B7%E3%82%AB%E3%83%90%E3%83%BC%E4%BB%98+%E3%82%AD%E3%83%83%E3%83%81%E3%83%B3%E3%83%9F%E3%83%BC%E3%83%88%E3%83%86%E3%83%B3%E3%83%80%E3%83%A9%E3%82%A4%E3%82%B6%E3%83%BC+%E3%82%B9%E3%83%86%E3%83%B3%E3%83%AC%E3%82%B9%E3%83%8B%E3%83%BC%E3%83%89%E3%83%AB+%E3%83%9F%E3%83%BC%E3%83%88%E3%83%86%E3%83%B3%E3%83%80%E3%83%A9%E3%82%A4%E3%82%B6%E3%83%BC+%E8%82%89 HTTP/1.1" 301 0 "-" "Mozilla/5.0 (Linux; Android 6.0.1; Nexus 5X Build/MMB29P) AppleWebKit/537.36 (KHTML, like Gecko) Chrome/137.0.7151.103 Mobile Safari/537.36 (compatible; Googlebot/2.1; +http://www.google.com/bot.html)"
192.178.6.102 - - [05/Jul/2025:14:39:10 -0400] "GET /?n=17279147583904&channel=e92ffd&from=brands.php%3Fid%3D1475839-15774%26name%3D%E3%83%9F%E3%83%BC%E3%83%88%E3%83%86%E3%83%B3%E3%83%80%E3%83%A9%E3%82%A4%E3%82%B6%E3%83%BC%2048%E6%9E%9A%E5%88%83%20%E3%82%B8%E3%83%A3%E3%82%AC%E3%83%BC%E3%83%89%20%E4%BF%9D%E8%AD%B7%E3%82%AB%E3%83%90%E3%83%BC%E4%BB%98%20%E3%82%AD%E3%83%83%E3%83%81%E3%83%B3%E3%83%9F%E3%83%BC%E3%83%88%E3%83%86%E3%83%B3%E3%83%80%E3%83%A9%E3%82%A4%E3%82%B6%E3%83%BC%20%E3%82%B9%E3%83%86%E3%83%B3%E3%83%AC%E3%82%B9%E3%83%8B%E3%83%BC%E3%83%89%E3%83%AB%20%E3%83%9F%E3%83%BC%E3%83%88%E3%83%86%E3%83%B3%E3%83%80%E3%83%A9%E3%82%A4%E3%82%B6%E3%83%BC%20%E8%82%89 HTTP/1.1" 200 30575 "-" "Mozilla/5.0 (Linux; Android 6.0.1; Nexus 5X Build/MMB29P) AppleWebKit/537.36 (KHTML, like Gecko) Chrome/137.0.7151.103 Mobile Safari/537.36 (compatible; Googlebot/2.1; +http://www.google.com/bot.html)"
192.178.6.102 - - [05/Jul/2025:14:39:16 -0400] "GET /?n=1410146151100&channel=a81560&from=info.php%3Fid%3D461511-6673%26name%3D%E3%82%A8%E3%82%AF%E3%82%B9%E3%83%86%E3%83%AA%E3%82%A2%E3%83%9F%E3%83%A9%E3%83%BC%E3%82%AC%E3%83%A9%E3%82%B9+%E7%94%A8+%E3%82%AF%E3%83%A9%E3%82%B9+E+W212+%2F+%E7%94%A8+%E3%82%AB%E3%83%96%E3%83%AA%E3%82%AA%E3%83%AC+A207+%2F+%E7%94%A8+%E3%82%AF%E3%83%BC%E3%83%9A++C207+2009-2016+%E5%B7%A6%E5%8F%B3%EF%BC%88%E5%9E%8B%E5%BC%8F%3A4AA-238477C%EF%BD%9C%EF%BC%A5%E3%82%AF%E3%83%A9%E3%82%B9%28%E3%83%A1%E3%83%AB%E3%82%BB%E3%83%87%E3%82%B9%E3%83%BB%E3%83%99%E3%83%B3%E3%83%84%29%E3%81%AE%E7%B7%8F%E5%90%88%E6%83%85%E5%A0%B1+%7C+%E8%BC%B8%E5%85%A5%E8%BB%8A%E3%81%AA%E3%82%89GooWORLD%28%E3%82%B0%E3%83%BC%E3%83%AF%E3%83%BC%E3%83%AB%E3%83%89%29%EF%BC%89 HTTP/1.1" 301 0 "-" "Mozilla/5.0 (Linux; Android 6.0.1; Nexus 5X Build/MMB29P) AppleWebKit/537.36 (KHTML, like Gecko) Chrome/137.0.7151.103 Mobile Safari/537.36 (compatible; Googlebot/2.1; +http://www.google.com/bot.html)"
192.178.6.102 - - [05/Jul/2025:14:39:20 -0400] "GET /?n=1410146151100&channel=a81560&from=info.php%3Fid%3D461511-6673%26name%3D%E3%82%A8%E3%82%AF%E3%82%B9%E3%83%86%E3%83%AA%E3%82%A2%E3%83%9F%E3%83%A9%E3%83%BC%E3%82%AC%E3%83%A9%E3%82%B9%20%E7%94%A8%20%E3%82%AF%E3%83%A9%E3%82%B9%20E%20W212%20%2F%20%E7%94%A8%20%E3%82%AB%E3%83%96%E3%83%AA%E3%82%AA%E3%83%AC%20A207%20%2F%20%E7%94%A8%20%E3%82%AF%E3%83%BC%E3%83%9A%20%20C207%202009-2016%20%E5%B7%A6%E5%8F%B3%EF%BC%88%E5%9E%8B%E5%BC%8F%3A4AA-238477C%EF%BD%9C%EF%BC%A5%E3%82%AF%E3%83%A9%E3%82%B9%28%E3%83%A1%E3%83%AB%E3%82%BB%E3%83%87%E3%82%B9%E3%83%BB%E3%83%99%E3%83%B3%E3%83%84%29%E3%81%AE%E7%B7%8F%E5%90%88%E6%83%85%E5%A0%B1%20%7C%20%E8%BC%B8%E5%85%A5%E8%BB%8A%E3%81%AA%E3%82%89GooWORLD%28%E3%82%B0%E3%83%BC%E3%83%AF%E3%83%BC%E3%83%AB%E3%83%89%29%EF%BC%89 HTTP/1.1" 200 30566 "-" "Mozilla/5.0 (Linux; Android 6.0.1; Nexus 5X Build/MMB29P) AppleWebKit/537.36 (KHTML, like Gecko) Chrome/137.0.7151.103 Mobile Safari/537.36 (compatible; Googlebot/2.1; +http://www.google.com/bot.html)"
34.162.125.110 - - [05/Jul/2025:14:39:57 -0400] "GET /.git/config HTTP/1.1" 403 1242 "-" "ct\xe2\x80\x91git\xe2\x80\x91scanner/0.4"
34.162.125.110 - - [05/Jul/2025:14:39:57 -0400] "GET /.git/HEAD HTTP/1.1" 403 1242 "-" "ct\xe2\x80\x91git\xe2\x80\x91scanner/0.4"
63.250.38.117 - - [05/Jul/2025:14:40:11 -0400] "POST /wp-cron.php?doing_wp_cron=1751740810.9740839004516601562500 HTTP/1.1" 403 1242 "-" "WordPress/6.8.1; https://fnf.group"
192.178.6.101 - - [05/Jul/2025:14:40:07 -0400] "GET /?n=32457165534603&channel=fe2bb6&from=blog.php%3Fid%3D1655346-18074%26name%3D%E3%80%90%E6%96%B0%E5%93%81%E3%80%91%E3%83%A1%E3%83%AA%E3%82%BF+%E3%83%95%E3%82%A3%E3%83%AB%E3%82%BF%E3%83%9A%E3%83%BC%E3%83%91%E3%83%BC%E5%BC%8F%E3%82%B3%E3%83%BC%E3%83%92%E3%83%BC%E3%83%A1%E3%83%BC%E3%82%AB%E3%83%BC+%E3%82%A8%E3%82%BA700ml HTTP/1.1" 301 0 "-" "Mozilla/5.0 (Linux; Android 6.0.1; Nexus 5X Build/MMB29P) AppleWebKit/537.36 (KHTML, like Gecko) Chrome/137.0.7151.103 Mobile Safari/537.36 (compatible; Googlebot/2.1; +http://www.google.com/bot.html)"
192.178.6.101 - - [05/Jul/2025:14:40:11 -0400] "GET /?n=32457165534603&channel=fe2bb6&from=blog.php%3Fid%3D1655346-18074%26name%3D%E3%80%90%E6%96%B0%E5%93%81%E3%80%91%E3%83%A1%E3%83%AA%E3%82%BF%20%E3%83%95%E3%82%A3%E3%83%AB%E3%82%BF%E3%83%9A%E3%83%BC%E3%83%91%E3%83%BC%E5%BC%8F%E3%82%B3%E3%83%BC%E3%83%92%E3%83%BC%E3%83%A1%E3%83%BC%E3%82%AB%E3%83%BC%20%E3%82%A8%E3%82%BA700ml HTTP/1.1" 200 30575 "-" "Mozilla/5.0 (Linux; Android 6.0.1; Nexus 5X Build/MMB29P) AppleWebKit/537.36 (KHTML, like Gecko) Chrome/137.0.7151.103 Mobile Safari/537.36 (compatible; Googlebot/2.1; +http://www.google.com/bot.html)"
114.119.154.189 - - [05/Jul/2025:14:40:28 -0400] "GET /2020/10/24/fried-fish-by-noushaba-shafique HTTP/1.1" 301 0 "http://fnf.group/recipes/page/3" "Mozilla/5.0 (Linux; Android 7.0;) AppleWebKit/537.36 (KHTML, like Gecko) Mobile Safari/537.36 (compatible; PetalBot;+https://webmaster.petalsearch.com/site/petalbot)"
114.119.154.189 - - [05/Jul/2025:14:40:33 -0400] "GET /2020/10/24/fried-fish-by-noushaba-shafique/ HTTP/1.1" 200 18677 "http://fnf.group/recipes/page/3" "Mozilla/5.0 (Linux; Android 7.0;) AppleWebKit/537.36 (KHTML, like Gecko) Mobile Safari/537.36 (compatible; PetalBot;+https://webmaster.petalsearch.com/site/petalbot)"
63.250.38.117 - - [05/Jul/2025:14:41:44 -0400] "POST /wp-cron.php?doing_wp_cron=1751740904.5450429916381835937500 HTTP/1.1" 403 1242 "-" "WordPress/6.8.1; https://fnf.group"
192.178.6.101 - - [05/Jul/2025:14:41:43 -0400] "GET /?n=9192039408601&channel=c44ccc&from=brands.php%3Fid%3D394086-5045%26name%3D%E7%94%A8+%E3%82%AB%E3%83%AF%E3%82%B5%E3%82%AD+%E7%94%A8+Z900+%E7%94%A8+Z+900+2017-2022+%E3%82%AA%E3%83%BC%E3%83%88%E3%83%90%E3%82%A4%E3%82%A8%E3%83%B3%E3%82%B8%E3%83%B3%E4%BF%9D%E8%AD%B7%E3%82%AC%E3%83%BC%E3%83%89%E3%82%AF%E3%83%A9%E3%83%83%E3%82%B7%E3%83%A5%E3%83%90%E3%83%BC%E3%82%A8%E3%83%B3%E3%82%B8%E3%83%B3%E3%82%AC%E3%83%BC%E3%83%89%E3%83%95%E3%83%AC%E3%83%BC%E3%83%A0%E3%83%97%E3%83%AD HTTP/1.1" 301 0 "-" "Mozilla/5.0 (Linux; Android 6.0.1; Nexus 5X Build/MMB29P) AppleWebKit/537.36 (KHTML, like Gecko) Chrome/137.0.7151.103 Mobile Safari/537.36 (compatible; Googlebot/2.1; +http://www.google.com/bot.html)"
192.178.6.102 - - [05/Jul/2025:14:41:44 -0400] "GET /?n=9192039408601&channel=c44ccc&from=brands.php%3Fid%3D394086-5045%26name%3D%E7%94%A8%20%E3%82%AB%E3%83%AF%E3%82%B5%E3%82%AD%20%E7%94%A8%20Z900%20%E7%94%A8%20Z%20900%202017-2022%20%E3%82%AA%E3%83%BC%E3%83%88%E3%83%90%E3%82%A4%E3%82%A8%E3%83%B3%E3%82%B8%E3%83%B3%E4%BF%9D%E8%AD%B7%E3%82%AC%E3%83%BC%E3%83%89%E3%82%AF%E3%83%A9%E3%83%83%E3%82%B7%E3%83%A5%E3%83%90%E3%83%BC%E3%82%A8%E3%83%B3%E3%82%B8%E3%83%B3%E3%82%AC%E3%83%BC%E3%83%89%E3%83%95%E3%83%AC%E3%83%BC%E3%83%A0%E3%83%97%E3%83%AD HTTP/1.1" 200 30569 "-" "Mozilla/5.0 (Linux; Android 6.0.1; Nexus 5X Build/MMB29P) AppleWebKit/537.36 (KHTML, like Gecko) Chrome/137.0.7151.103 Mobile Safari/537.36 (compatible; Googlebot/2.1; +http://www.google.com/bot.html)"
114.119.134.95 - - [05/Jul/2025:14:41:52 -0400] "GET /category/recipes/page/19 HTTP/1.1" 301 0 "http://fnf.group/category/recipes/page/17" "Mozilla/5.0 (Linux; Android 7.0;) AppleWebKit/537.36 (KHTML, like Gecko) Mobile Safari/537.36 (compatible; PetalBot;+https://webmaster.petalsearch.com/site/petalbot)"
114.119.134.95 - - [05/Jul/2025:14:41:56 -0400] "GET /category/recipes/page/19/ HTTP/1.1" 200 15594 "http://fnf.group/category/recipes/page/17" "Mozilla/5.0 (Linux; Android 7.0;) AppleWebKit/537.36 (KHTML, like Gecko) Mobile Safari/537.36 (compatible; PetalBot;+https://webmaster.petalsearch.com/site/petalbot)"
192.178.6.101 - - [05/Jul/2025:14:42:30 -0400] "GET /?n=8181772613703&channel=1cc2c5&from=shop.php%3Fid%3D726137-13348%26name%3D%E3%83%86%E3%83%BC%E3%83%AB%E3%82%B2%E3%83%BC%E3%83%88%E3%83%AD%E3%83%83%E3%82%AF+%E3%81%AB%E9%81%A9%E5%90%88%E3%81%99%E3%82%8B+B%26amp%3BMW+E46+328i+%E3%82%BB%E3%83%80%E3%83%B3+1998-2000+51247840617+%E3%83%88%E3%83%A9%E3%83%B3%E3%82%AF%E3%83%AD%E3%83%83 HTTP/1.1" 301 0 "-" "Mozilla/5.0 (Linux; Android 6.0.1; Nexus 5X Build/MMB29P) AppleWebKit/537.36 (KHTML, like Gecko) Chrome/137.0.7151.103 Mobile Safari/537.36 (compatible; Googlebot/2.1; +http://www.google.com/bot.html)"
192.178.6.102 - - [05/Jul/2025:14:42:31 -0400] "GET /?n=8181772613703&channel=1cc2c5&from=shop.php%3Fid%3D726137-13348%26name%3D%E3%83%86%E3%83%BC%E3%83%AB%E3%82%B2%E3%83%BC%E3%83%88%E3%83%AD%E3%83%83%E3%82%AF%20%E3%81%AB%E9%81%A9%E5%90%88%E3%81%99%E3%82%8B%20B%26amp%3BMW%20E46%20328i%20%E3%82%BB%E3%83%80%E3%83%B3%201998-2000%2051247840617%20%E3%83%88%E3%83%A9%E3%83%B3%E3%82%AF%E3%83%AD%E3%83%83 HTTP/1.1" 200 30560 "-" "Mozilla/5.0 (Linux; Android 6.0.1; Nexus 5X Build/MMB29P) AppleWebKit/537.36 (KHTML, like Gecko) Chrome/137.0.7151.103 Mobile Safari/537.36 (compatible; Googlebot/2.1; +http://www.google.com/bot.html)"
192.178.6.102 - - [05/Jul/2025:14:42:33 -0400] "GET /?n=65708159327800&channel=3abb0e&from=info.php%3Fid%3D1593278-23686%26name%3D%E7%BE%8E%E5%93%81%E2%9C%A8Full+Mac+GOLF%E2%9C%A8%E3%83%81%E3%82%A7%E3%83%83%E3%82%AF%E6%9F%84%E3%82%B4%E3%83%AB%E3%83%95%E3%83%91%E3%83%B3%E3%83%84+%E3%82%B9%E3%83%A9%E3%83%83%E3%82%AF%E3%82%B9+82+M HTTP/1.1" 301 0 "-" "Mozilla/5.0 (Linux; Android 6.0.1; Nexus 5X Build/MMB29P) AppleWebKit/537.36 (KHTML, like Gecko) Chrome/137.0.7151.103 Mobile Safari/537.36 (compatible; Googlebot/2.1; +http://www.google.com/bot.html)"
192.178.6.100 - - [05/Jul/2025:14:42:34 -0400] "GET /?n=65708159327800&channel=3abb0e&from=info.php%3Fid%3D1593278-23686%26name%3D%E7%BE%8E%E5%93%81%E2%9C%A8Full%20Mac%20GOLF%E2%9C%A8%E3%83%81%E3%82%A7%E3%83%83%E3%82%AF%E6%9F%84%E3%82%B4%E3%83%AB%E3%83%95%E3%83%91%E3%83%B3%E3%83%84%20%E3%82%B9%E3%83%A9%E3%83%83%E3%82%AF%E3%82%B9%2082%20M HTTP/1.1" 200 30565 "-" "Mozilla/5.0 (Linux; Android 6.0.1; Nexus 5X Build/MMB29P) AppleWebKit/537.36 (KHTML, like Gecko) Chrome/137.0.7151.103 Mobile Safari/537.36 (compatible; Googlebot/2.1; +http://www.google.com/bot.html)"
192.178.6.101 - - [05/Jul/2025:14:42:35 -0400] "GET /?n=05887146996704&channel=ba1d19&from=product.php%3Fid%3D1469967-13466%26name%3D63270-SG000+%E3%83%AA%E3%82%A2%E3%83%88%E3%83%A9%E3%83%B3%E3%82%AF+%E3%83%86%E3%83%BC%E3%83%AB%E3%82%B2%E3%83%BC%E3%83%88+%E3%83%AA%E3%82%A2%E3%83%89%E3%82%A2%E3%82%B9%E3%82%A4%E3%83%83%E3%83%81%E3%80%81%E3%82%B9%E3%83%90%E3%83%AB%E3%80%81%E3%83%95%E3%82%A9%E3%83%AC%E3%82%B9%E3%82%BF%E3%83%BC%E3%80%812014-2018%E7%94%A8 HTTP/1.1" 301 0 "-" "Mozilla/5.0 (Linux; Android 6.0.1; Nexus 5X Build/MMB29P) AppleWebKit/537.36 (KHTML, like Gecko) Chrome/137.0.7151.103 Mobile Safari/537.36 (compatible; Googlebot/2.1; +http://www.google.com/bot.html)"
192.178.6.100 - - [05/Jul/2025:14:42:36 -0400] "GET /?n=05887146996704&channel=ba1d19&from=product.php%3Fid%3D1469967-13466%26name%3D63270-SG000%20%E3%83%AA%E3%82%A2%E3%83%88%E3%83%A9%E3%83%B3%E3%82%AF%20%E3%83%86%E3%83%BC%E3%83%AB%E3%82%B2%E3%83%BC%E3%83%88%20%E3%83%AA%E3%82%A2%E3%83%89%E3%82%A2%E3%82%B9%E3%82%A4%E3%83%83%E3%83%81%E3%80%81%E3%82%B9%E3%83%90%E3%83%AB%E3%80%81%E3%83%95%E3%82%A9%E3%83%AC%E3%82%B9%E3%82%BF%E3%83%BC%E3%80%812014-2018%E7%94%A8 HTTP/1.1" 200 30565 "-" "Mozilla/5.0 (Linux; Android 6.0.1; Nexus 5X Build/MMB29P) AppleWebKit/537.36 (KHTML, like Gecko) Chrome/137.0.7151.103 Mobile Safari/537.36 (compatible; Googlebot/2.1; +http://www.google.com/bot.html)"
63.250.38.117 - - [05/Jul/2025:14:43:18 -0400] "POST /wp-cron.php?doing_wp_cron=1751740998.2780339717864990234375 HTTP/1.1" 403 1242 "-" "WordPress/6.8.1; https://fnf.group"
114.119.155.200 - - [05/Jul/2025:14:43:13 -0400] "GET /2020/09/21/punjabi-panjiri-by-maira-shafique HTTP/1.1" 301 0 "-" "Mozilla/5.0 (Linux; Android 7.0;) AppleWebKit/537.36 (KHTML, like Gecko) Mobile Safari/537.36 (compatible; PetalBot;+https://webmaster.petalsearch.com/site/petalbot)"
114.119.155.200 - - [05/Jul/2025:14:43:19 -0400] "GET /2020/09/21/punjabi-panjiri-by-maira-shafique/ HTTP/1.1" 200 18568 "-" "Mozilla/5.0 (Linux; Android 7.0;) AppleWebKit/537.36 (KHTML, like Gecko) Mobile Safari/537.36 (compatible; PetalBot;+https://webmaster.petalsearch.com/site/petalbot)"
192.178.6.100 - - [05/Jul/2025:14:43:22 -0400] "GET /?n=2957025404100&channel=d91b31&from=article.php%3Fid%3D254041-8478%26name%3DXEBRAD+%E3%82%AB%E3%83%BC%E3%83%92%E3%83%BC%E3%82%BF%E3%83%BC%E3%83%90%E3%83%AB%E3%83%96%E3%82%B3%E3%83%B3%E3%83%88%E3%83%AD%E3%83%BC%E3%83%AB%E3%82%B9%E3%82%A4%E3%83%83%E3%83%81%E3%80%81%E3%83%95%E3%82%A9%E3%83%BC%E3%83%89%E3%80%81EDGE+2013-2014+TAURUS+2013+2014+20 HTTP/1.1" 301 0 "-" "Mozilla/5.0 (Linux; Android 6.0.1; Nexus 5X Build/MMB29P) AppleWebKit/537.36 (KHTML, like Gecko) Chrome/137.0.7151.103 Mobile Safari/537.36 (compatible; Googlebot/2.1; +http://www.google.com/bot.html)"
192.178.6.100 - - [05/Jul/2025:14:43:25 -0400] "GET /?n=2957025404100&channel=d91b31&from=article.php%3Fid%3D254041-8478%26name%3DXEBRAD%20%E3%82%AB%E3%83%BC%E3%83%92%E3%83%BC%E3%82%BF%E3%83%BC%E3%83%90%E3%83%AB%E3%83%96%E3%82%B3%E3%83%B3%E3%83%88%E3%83%AD%E3%83%BC%E3%83%AB%E3%82%B9%E3%82%A4%E3%83%83%E3%83%81%E3%80%81%E3%83%95%E3%82%A9%E3%83%BC%E3%83%89%E3%80%81EDGE%202013-2014%20TAURUS%202013%202014%2020 HTTP/1.1" 200 30565 "-" "Mozilla/5.0 (Linux; Android 6.0.1; Nexus 5X Build/MMB29P) AppleWebKit/537.36 (KHTML, like Gecko) Chrome/137.0.7151.103 Mobile Safari/537.36 (compatible; Googlebot/2.1; +http://www.google.com/bot.html)"
63.250.38.117 - - [05/Jul/2025:14:44:19 -0400] "POST /wp-cron.php?doing_wp_cron=1751741059.6756670475006103515625 HTTP/1.1" 403 1242 "-" "WordPress/6.8.1; https://fnf.group"
192.178.6.100 - - [05/Jul/2025:14:44:15 -0400] "GET /?n=30953194911101&channel=ab4d3b&from=product.php%3Fid%3D1949111-12793%26name%3DUV%E3%82%AB%E3%83%83%E3%83%88+%E3%82%A4%E3%83%BC%E3%82%B8%E3%83%BC%E3%83%AF%E3%82%A4%E3%83%89%E3%83%91%E3%83%B3%E3%83%84+%E3%83%96%E3%83%A9%E3%83%83%E3%82%AF HTTP/1.1" 301 0 "-" "Mozilla/5.0 (Linux; Android 6.0.1; Nexus 5X Build/MMB29P) AppleWebKit/537.36 (KHTML, like Gecko) Chrome/137.0.7151.103 Mobile Safari/537.36 (compatible; Googlebot/2.1; +http://www.google.com/bot.html)"
192.178.6.101 - - [05/Jul/2025:14:44:20 -0400] "GET /?n=30953194911101&channel=ab4d3b&from=product.php%3Fid%3D1949111-12793%26name%3DUV%E3%82%AB%E3%83%83%E3%83%88%20%E3%82%A4%E3%83%BC%E3%82%B8%E3%83%BC%E3%83%AF%E3%82%A4%E3%83%89%E3%83%91%E3%83%B3%E3%83%84%20%E3%83%96%E3%83%A9%E3%83%83%E3%82%AF HTTP/1.1" 200 30570 "-" "Mozilla/5.0 (Linux; Android 6.0.1; Nexus 5X Build/MMB29P) AppleWebKit/537.36 (KHTML, like Gecko) Chrome/137.0.7151.103 Mobile Safari/537.36 (compatible; Googlebot/2.1; +http://www.google.com/bot.html)"
192.178.6.100 - - [05/Jul/2025:14:44:27 -0400] "GET /?n=7802583835004&channel=eb2857&from=goods.php%3Fid%3D838350-1804%26name%3D%5B%E3%83%8F3715%5D%E9%8C%A6%E3%81%A0%E3%82%8B%E3%81%BE++%E5%A7%AB%E3%81%A0%E3%82%8B%E3%81%BE%E3%80%80%E7%BD%AE%E7%89%A9+%E6%97%A5%E6%9C%AC%E4%BA%BA%E5%BD%A2%EF%BC%88%E7%B4%85%E7%99%BD+%E3%81%A0%E3%82%8B%E3%81%BE%E4%BA%BA%E5%BD%A2+%E5%A4%AB%E5%A9%A6+%E9%8C%A6%E3%81%A0%E3%82%8B%E3%81%BE%26%E5%A7%AB%E3%81%A0%E3%82%8B%E3%81%BE+%E9%9B%9B%E4%BA%BA%E5%BD%A2+%E5%92%8C%E9%9B%91%E8%B2%A8+%E6%97%A5%E6%9C%AC%E4%BA%BA%E5%BD%A2+%E4%BC%9D%E7%B5%B1%E5%B7%A5%E8%8A%B8%E5%93%81+-+%E3%83%A1%E3%83%AB%E3%82%AB%E3%83%AA%EF%BC%89 HTTP/1.1" 301 0 "-" "Mozilla/5.0 (Linux; Android 6.0.1; Nexus 5X Build/MMB29P) AppleWebKit/537.36 (KHTML, like Gecko) Chrome/137.0.7151.103 Mobile Safari/537.36 (compatible; Googlebot/2.1; +http://www.google.com/bot.html)"
192.178.6.100 - - [05/Jul/2025:14:44:27 -0400] "GET /?n=77117103067502&channel=521823&from=info.php%3Fid%3D1030675-23581%26name%3DPROME+%E5%A4%A9%E7%84%B6%E7%9F%B3+%E4%B8%80%E7%82%B9%E7%89%A9%E3%83%BB%E9%AB%98%E5%93%81%E8%B3%AA%E3%83%BB%E3%83%95%E3%82%A9%E3%83%AA%E3%82%A8%E3%83%BC%E3%83%86%E3%83%83%E3%83%89%E3%83%9E%E3%82%A4%E3%82%AB%E3%82%A4%E3%83%B3%E3%82%AF%E3%82%A9%E3%83%BC%E3%83%84%E3%83%BB%E3%83%96%E3%83%A9%E3%82%B8%E3%83%AB%E7%94%A3%E3%83%BB%E3%83%96%E3%83%AC%E3%82%B9%E3%83%AC%E3%83%83%E3%83%88+NO.V38796 HTTP/1.1" 301 0 "-" "Mozilla/5.0 (Linux; Android 6.0.1; Nexus 5X Build/MMB29P) AppleWebKit/537.36 (KHTML, like Gecko) Chrome/137.0.7151.103 Mobile Safari/537.36 (compatible; Googlebot/2.1; +http://www.google.com/bot.html)"
192.178.6.100 - - [05/Jul/2025:14:44:33 -0400] "GET /?n=77117103067502&channel=521823&from=info.php%3Fid%3D1030675-23581%26name%3DPROME%20%E5%A4%A9%E7%84%B6%E7%9F%B3%20%E4%B8%80%E7%82%B9%E7%89%A9%E3%83%BB%E9%AB%98%E5%93%81%E8%B3%AA%E3%83%BB%E3%83%95%E3%82%A9%E3%83%AA%E3%82%A8%E3%83%BC%E3%83%86%E3%83%83%E3%83%89%E3%83%9E%E3%82%A4%E3%82%AB%E3%82%A4%E3%83%B3%E3%82%AF%E3%82%A9%E3%83%BC%E3%83%84%E3%83%BB%E3%83%96%E3%83%A9%E3%82%B8%E3%83%AB%E7%94%A3%E3%83%BB%E3%83%96%E3%83%AC%E3%82%B9%E3%83%AC%E3%83%83%E3%83%88%20NO.V38796 HTTP/1.1" 200 30567 "-" "Mozilla/5.0 (Linux; Android 6.0.1; Nexus 5X Build/MMB29P) AppleWebKit/537.36 (KHTML, like Gecko) Chrome/137.0.7151.103 Mobile Safari/537.36 (compatible; Googlebot/2.1; +http://www.google.com/bot.html)"
192.178.6.100 - - [05/Jul/2025:14:44:30 -0400] "GET /?n=7802583835004&channel=eb2857&from=goods.php%3Fid%3D838350-1804%26name%3D%5B%E3%83%8F3715%5D%E9%8C%A6%E3%81%A0%E3%82%8B%E3%81%BE%20%20%E5%A7%AB%E3%81%A0%E3%82%8B%E3%81%BE%E3%80%80%E7%BD%AE%E7%89%A9%20%E6%97%A5%E6%9C%AC%E4%BA%BA%E5%BD%A2%EF%BC%88%E7%B4%85%E7%99%BD%20%E3%81%A0%E3%82%8B%E3%81%BE%E4%BA%BA%E5%BD%A2%20%E5%A4%AB%E5%A9%A6%20%E9%8C%A6%E3%81%A0%E3%82%8B%E3%81%BE%26%E5%A7%AB%E3%81%A0%E3%82%8B%E3%81%BE%20%E9%9B%9B%E4%BA%BA%E5%BD%A2%20%E5%92%8C%E9%9B%91%E8%B2%A8%20%E6%97%A5%E6%9C%AC%E4%BA%BA%E5%BD%A2%20%E4%BC%9D%E7%B5%B1%E5%B7%A5%E8%8A%B8%E5%93%81%20-%20%E3%83%A1%E3%83%AB%E3%82%AB%E3%83%AA%EF%BC%89 HTTP/1.1" 200 30573 "-" "Mozilla/5.0 (Linux; Android 6.0.1; Nexus 5X Build/MMB29P) AppleWebKit/537.36 (KHTML, like Gecko) Chrome/137.0.7151.103 Mobile Safari/537.36 (compatible; Googlebot/2.1; +http://www.google.com/bot.html)"
63.250.38.117 - - [05/Jul/2025:14:45:23 -0400] "POST /wp-cron.php?doing_wp_cron=1751741123.6766569614410400390625 HTTP/1.1" 403 1242 "-" "WordPress/6.8.1; https://fnf.group"
