213.209.150.137 - - [05/Jul/2025:11:02:02 -0400] "POST /wp-login.php?action=register HTTP/1.1" 302 0 "-" "-"
213.209.150.137 - - [05/Jul/2025:11:02:14 -0400] "POST /wp-login.php?action=register HTTP/1.1" 302 0 "-" "-"
114.119.128.253 - - [05/Jul/2025:11:02:29 -0400] "GET /2020/08/page/1/ HTTP/1.1" 301 0 "https://fnf.group/2020/08/page/2/" "Mozilla/5.0 (Linux; Android 7.0;) AppleWebKit/537.36 (KHTML, like Gecko) Mobile Safari/537.36 (compatible; PetalBot;+https://webmaster.petalsearch.com/site/petalbot)"
213.209.150.137 - - [05/Jul/2025:11:02:29 -0400] "POST /wp-login.php?action=register HTTP/1.1" 302 0 "-" "-"
144.76.32.94 - - [05/Jul/2025:11:02:30 -0400] "GET /2025/06/26/mostbet-app-bangladesh-obtain-for-android-and-even-ios-2025-version/ HTTP/1.1" 200 26414 "-" "Mozilla/5.0 (compatible; BLEXBot/1.0; +https://help.seranking.com/en/blex-crawler)"
63.250.38.117 - - [05/Jul/2025:11:02:39 -0400] "POST /wp-cron.php?doing_wp_cron=1751727758.6718189716339111328125 HTTP/1.1" 403 1242 "-" "WordPress/6.8.1; https://fnf.group"
114.119.128.253 - - [05/Jul/2025:11:02:33 -0400] "GET /2020/08/ HTTP/1.1" 200 15313 "https://fnf.group/2020/08/page/2/" "Mozilla/5.0 (Linux; Android 7.0;) AppleWebKit/537.36 (KHTML, like Gecko) Mobile Safari/537.36 (compatible; PetalBot;+https://webmaster.petalsearch.com/site/petalbot)"
213.209.150.137 - - [05/Jul/2025:11:02:43 -0400] "POST /wp-login.php?action=register HTTP/1.1" 302 0 "-" "-"
213.209.150.137 - - [05/Jul/2025:11:02:59 -0400] "POST /wp-login.php?action=register HTTP/1.1" 302 0 "-" "-"
192.178.6.103 - - [05/Jul/2025:11:03:12 -0400] "GET /?n=50182174469101&channel=58ae13&from=jp.php%3Fid%3D1744691-4156%26name%3D%E3%83%9C%E3%83%AB%E3%83%9C+V40+2013-2016+%E3%83%95%E3%83%AD%E3%83%B3%E3%83%88%E3%83%98%E3%83%83%E3%83%89%E3%83%A9%E3%83%B3%E3%83%97%E3%83%A9%E3%83%B3%E3%83%97%E3%82%AB%E3%83%90%E3%83%BC%E9%80%8F%E6%98%8E%E3%83%98%E3%83%83%E3%83%89%E3%83%A9%E3%82%A4%E3%83%88%E3%82%B7%E3%82%A7%E3%83%AB%E3%83%AC%E3%83%B3%E3%82%BA%E3%83%97%E3%83%AC%E3%82%AD%E3%82%B7%E3%82%AC%E3%83%A9%E3%82%B9%E3%81%A8%E4%BA%A4%E6%8F%9B%E3%82%AA%E3%83%AA%E3%82%B8%E3%83%8A%E3%83%AB%E3%81%AE%E3%83%A9%E3%83%B3 HTTP/1.1" 301 0 "-" "Mozilla/5.0 (Linux; Android 6.0.1; Nexus 5X Build/MMB29P) AppleWebKit/537.36 (KHTML, like Gecko) Chrome/137.0.7151.103 Mobile Safari/537.36 (compatible; Googlebot/2.1; +http://www.google.com/bot.html)"
213.209.150.137 - - [05/Jul/2025:11:03:15 -0400] "POST /wp-login.php?action=register HTTP/1.1" 302 0 "-" "-"
192.178.6.102 - - [05/Jul/2025:11:03:14 -0400] "GET /?n=50182174469101&channel=58ae13&from=jp.php%3Fid%3D1744691-4156%26name%3D%E3%83%9C%E3%83%AB%E3%83%9C%20V40%202013-2016%20%E3%83%95%E3%83%AD%E3%83%B3%E3%83%88%E3%83%98%E3%83%83%E3%83%89%E3%83%A9%E3%83%B3%E3%83%97%E3%83%A9%E3%83%B3%E3%83%97%E3%82%AB%E3%83%90%E3%83%BC%E9%80%8F%E6%98%8E%E3%83%98%E3%83%83%E3%83%89%E3%83%A9%E3%82%A4%E3%83%88%E3%82%B7%E3%82%A7%E3%83%AB%E3%83%AC%E3%83%B3%E3%82%BA%E3%83%97%E3%83%AC%E3%82%AD%E3%82%B7%E3%82%AC%E3%83%A9%E3%82%B9%E3%81%A8%E4%BA%A4%E6%8F%9B%E3%82%AA%E3%83%AA%E3%82%B8%E3%83%8A%E3%83%AB%E3%81%AE%E3%83%A9%E3%83%B3 HTTP/1.1" 200 29544 "-" "Mozilla/5.0 (Linux; Android 6.0.1; Nexus 5X Build/MMB29P) AppleWebKit/537.36 (KHTML, like Gecko) Chrome/137.0.7151.103 Mobile Safari/537.36 (compatible; Googlebot/2.1; +http://www.google.com/bot.html)"
144.76.32.94 - - [05/Jul/2025:11:03:23 -0400] "GET /2025/07/02/mostbet-gambling-establishment-azrbaycan-i-giris-rsmi-sayti-mostbet/ HTTP/1.1" 200 25456 "-" "Mozilla/5.0 (compatible; BLEXBot/1.0; +https://help.seranking.com/en/blex-crawler)"
213.209.150.137 - - [05/Jul/2025:11:03:30 -0400] "POST /wp-login.php?action=register HTTP/1.1" 302 0 "-" "-"
63.250.38.117 - - [05/Jul/2025:11:03:40 -0400] "POST /wp-cron.php?doing_wp_cron=1751727820.4682910442352294921875 HTTP/1.1" 403 1242 "-" "WordPress/6.8.1; https://fnf.group"
144.76.32.94 - - [05/Jul/2025:11:03:37 -0400] "GET /2025/06/30/best-on-the-web-casino-australia-2025-top-aussie-on-line-casino-sites/ HTTP/1.1" 200 27573 "-" "Mozilla/5.0 (compatible; BLEXBot/1.0; +https://help.seranking.com/en/blex-crawler)"
63.250.38.117 - - [05/Jul/2025:11:03:44 -0400] "POST /wp-cron.php?doing_wp_cron=1751727824.1839079856872558593750 HTTP/1.1" 403 1242 "-" "WordPress/6.8.1; https://fnf.group"
2a03:2880:f800:1:: - - [05/Jul/2025:11:03:40 -0400] "GET /wp-json/oembed/1.0/embed?url=https%3A%2F%2Ffnf.group%2F2025%2F06%2F19%2Fle-migliori-slot-machine-gratis-senza-scaricare%2F HTTP/1.1" 200 3076 "-" "meta-externalagent/1.1 (+https://developers.facebook.com/docs/sharing/webmasters/crawler)"
192.178.6.100 - - [05/Jul/2025:11:03:42 -0400] "GET /?n=67239147196704&channel=9a8e6a&from=blog.php%3Fid%3D1471967-8808%26name%3D%E3%82%B3%E3%83%B3%E3%83%94%E3%83%A5%E3%83%BC%E3%82%BF%E3%83%BC%E3%83%87%E3%82%B9%E3%82%AF+%E3%83%9B%E3%83%BC%E3%83%A0%E3%82%AA%E3%83%95%E3%82%A3%E3%82%B9%E3%81%AB%E9%81%A9%E3%81%97%E3%81%9F%E3%83%87%E3%82%B9%E3%82%AF%E3%83%88%E3%83%83%E3%83%97%E3%80%81%E3%83%8E%E3%83%BC%E3%83%88%E3%83%91%E3%82%BD%E3%82%B3%E3%83%B3%E3%83%87%E3%82%B9%E3%82%AF%E5%AD%A6%E7%BF%92%E6%9C%BA%E3%82%B7%E3%83%B3%E3%83%97%E3%83%AB%E3%81%AA%E7%B5%84%E7%AB%8B%E3%82%B9%E3%83%86%E3%83%BC%E3%82%B7%E3%83%A7%E3%83%B3100%C3%9760+CM%E3%82%AA%E3%83%95 HTTP/1.1" 301 0 "-" "Mozilla/5.0 (Linux; Android 6.0.1; Nexus 5X Build/MMB29P) AppleWebKit/537.36 (KHTML, like Gecko) Chrome/137.0.7151.103 Mobile Safari/537.36 (compatible; Googlebot/2.1; +http://www.google.com/bot.html)"
114.119.154.189 - - [05/Jul/2025:11:03:53 -0400] "GET /wp-content/uploads/2020/09/masaala-raan-02-739x1024.jpg HTTP/1.1" 200 115184 "https://fnf.group/2020/09/02/masaala-raan-by-muniza-adnan/" "Mozilla/5.0 (Linux; Android 7.0;) AppleWebKit/537.36 (KHTML, like Gecko) Mobile Safari/537.36 (compatible; PetalBot;+https://webmaster.petalsearch.com/site/petalbot)"
192.178.6.100 - - [05/Jul/2025:11:03:46 -0400] "GET /?n=67239147196704&channel=9a8e6a&from=blog.php%3Fid%3D1471967-8808%26name%3D%E3%82%B3%E3%83%B3%E3%83%94%E3%83%A5%E3%83%BC%E3%82%BF%E3%83%BC%E3%83%87%E3%82%B9%E3%82%AF%20%E3%83%9B%E3%83%BC%E3%83%A0%E3%82%AA%E3%83%95%E3%82%A3%E3%82%B9%E3%81%AB%E9%81%A9%E3%81%97%E3%81%9F%E3%83%87%E3%82%B9%E3%82%AF%E3%83%88%E3%83%83%E3%83%97%E3%80%81%E3%83%8E%E3%83%BC%E3%83%88%E3%83%91%E3%82%BD%E3%82%B3%E3%83%B3%E3%83%87%E3%82%B9%E3%82%AF%E5%AD%A6%E7%BF%92%E6%9C%BA%E3%82%B7%E3%83%B3%E3%83%97%E3%83%AB%E3%81%AA%E7%B5%84%E7%AB%8B%E3%82%B9%E3%83%86%E3%83%BC%E3%82%B7%E3%83%A7%E3%83%B3100%C3%9760%20CM%E3%82%AA%E3%83%95 HTTP/1.1" 200 29541 "-" "Mozilla/5.0 (Linux; Android 6.0.1; Nexus 5X Build/MMB29P) AppleWebKit/537.36 (KHTML, like Gecko) Chrome/137.0.7151.103 Mobile Safari/537.36 (compatible; Googlebot/2.1; +http://www.google.com/bot.html)"
144.76.32.94 - - [05/Jul/2025:11:03:52 -0400] "GET /2025/07/02/igrovye-avtomaty-demo-igrat-besplatno-bez-registratsii-priamo-seichas/ HTTP/1.1" 200 30884 "-" "Mozilla/5.0 (compatible; BLEXBot/1.0; +https://help.seranking.com/en/blex-crawler)"
144.76.32.94 - - [05/Jul/2025:11:04:11 -0400] "GET /2025/07/02/mostbet-gambling-establishment-azrbaycan-i-giris-rsmi-sayti-mostbet-2/ HTTP/1.1" 200 25635 "-" "Mozilla/5.0 (compatible; BLEXBot/1.0; +https://help.seranking.com/en/blex-crawler)"
192.178.6.102 - - [05/Jul/2025:11:04:22 -0400] "GET /?n=9293523637902&channel=5bc499&from=shared.php%3Fid%3D236379-3033%26name%3D%E3%83%AA%E3%82%A2%E5%B7%A6%2F%E5%8F%B3%E3%82%B7%E3%83%A7%E3%83%83%E3%82%AF%E3%82%A2%E3%83%96%E3%82%BD%E3%83%BC%E3%83%90%E3%83%BC%E4%BA%92%E6%8F%9B%E3%83%92%E3%83%A5%E3%83%B3%E3%83%80%E3%82%A4%E3%83%99%E3%83%A9%E3%82%AF%E3%83%AB%E3%82%B9%2FIx55+2007-2013+%E3%83%80%E3%83%B3%E3%83%91%E3%83%BC+55320-3J000+55321- HTTP/1.1" 301 0 "-" "Mozilla/5.0 (Linux; Android 6.0.1; Nexus 5X Build/MMB29P) AppleWebKit/537.36 (KHTML, like Gecko) Chrome/137.0.7151.103 Mobile Safari/537.36 (compatible; Googlebot/2.1; +http://www.google.com/bot.html)"
144.76.32.94 - - [05/Jul/2025:11:04:23 -0400] "GET /2025/06/26/onlain-kazino-mostbet-ofitsialnyi-sait-registratsiia-i-zerkalo-mostbet/ HTTP/1.1" 200 30794 "-" "Mozilla/5.0 (compatible; BLEXBot/1.0; +https://help.seranking.com/en/blex-crawler)"
192.178.6.101 - - [05/Jul/2025:11:04:27 -0400] "GET /?n=9293523637902&channel=5bc499&from=shared.php%3Fid%3D236379-3033%26name%3D%E3%83%AA%E3%82%A2%E5%B7%A6%2F%E5%8F%B3%E3%82%B7%E3%83%A7%E3%83%83%E3%82%AF%E3%82%A2%E3%83%96%E3%82%BD%E3%83%BC%E3%83%90%E3%83%BC%E4%BA%92%E6%8F%9B%E3%83%92%E3%83%A5%E3%83%B3%E3%83%80%E3%82%A4%E3%83%99%E3%83%A9%E3%82%AF%E3%83%AB%E3%82%B9%2FIx55%202007-2013%20%E3%83%80%E3%83%B3%E3%83%91%E3%83%BC%2055320-3J000%2055321- HTTP/1.1" 200 29543 "-" "Mozilla/5.0 (Linux; Android 6.0.1; Nexus 5X Build/MMB29P) AppleWebKit/537.36 (KHTML, like Gecko) Chrome/137.0.7151.103 Mobile Safari/537.36 (compatible; Googlebot/2.1; +http://www.google.com/bot.html)"
63.250.38.117 - - [05/Jul/2025:11:05:13 -0400] "POST /wp-cron.php?doing_wp_cron=1751727912.9681639671325683593750 HTTP/1.1" 403 1242 "-" "WordPress/6.8.1; https://fnf.group"
144.76.32.94 - - [05/Jul/2025:11:05:08 -0400] "GET /2025/07/02/beste-online-internet-casinos-nederland-2025-speel-veilig-met-echt-geld/ HTTP/1.1" 200 26836 "-" "Mozilla/5.0 (compatible; BLEXBot/1.0; +https://help.seranking.com/en/blex-crawler)"
114.119.128.253 - - [05/Jul/2025:11:05:16 -0400] "GET /2020/10/08/prawn-karahi-by-rubina-naim HTTP/1.1" 301 0 "http://fnf.group/category/recipes/page/9" "Mozilla/5.0 (Linux; Android 7.0;) AppleWebKit/537.36 (KHTML, like Gecko) Mobile Safari/537.36 (compatible; PetalBot;+https://webmaster.petalsearch.com/site/petalbot)"
114.119.128.253 - - [05/Jul/2025:11:05:20 -0400] "GET /2020/10/08/prawn-karahi-by-rubina-naim/ HTTP/1.1" 200 18245 "http://fnf.group/category/recipes/page/9" "Mozilla/5.0 (Linux; Android 7.0;) AppleWebKit/537.36 (KHTML, like Gecko) Mobile Safari/537.36 (compatible; PetalBot;+https://webmaster.petalsearch.com/site/petalbot)"
144.76.32.94 - - [05/Jul/2025:11:05:37 -0400] "GET /2025/07/01/1xbet-app-1xbet-cellular-download-1xbet-apk-for-iphone-android-1xbet-com/ HTTP/1.1" 200 29435 "-" "Mozilla/5.0 (compatible; BLEXBot/1.0; +https://help.seranking.com/en/blex-crawler)"
144.76.32.94 - - [05/Jul/2025:11:05:46 -0400] "GET /2025/06/26/legendy-i-mify-o-bukmekerskie-kontory-razbiraemsia-s-realnostiu-i-vymyslom/ HTTP/1.1" 200 20288 "-" "Mozilla/5.0 (compatible; BLEXBot/1.0; +https://help.seranking.com/en/blex-crawler)"
129.211.215.233 - - [05/Jul/2025:11:06:07 -0400] "GET / HTTP/1.1" 301 0 "http://www.fnf.group" "Mozilla/5.0 (iPhone; CPU iPhone OS 13_2_3 like Mac OS X) AppleWebKit/605.1.15 (KHTML, like Gecko) Version/13.0.3 Mobile/15E148 Safari/604.1"
192.178.6.102 - - [05/Jul/2025:11:06:11 -0400] "GET /robots.txt HTTP/1.1" 200 89 "-" "Mozilla/5.0 (compatible; Googlebot/2.1; +http://www.google.com/bot.html)"
63.250.38.117 - - [05/Jul/2025:11:06:15 -0400] "POST /wp-cron.php?doing_wp_cron=1751727974.9743859767913818359375 HTTP/1.1" 403 1242 "-" "WordPress/6.8.1; https://fnf.group"
192.178.6.100 - - [05/Jul/2025:11:06:11 -0400] "GET /?n=2195556679304&channel=564218&from=goods.php%3Fid%3D566793-369%26name%3D33800-4A700+%E7%87%83%E6%96%99%E3%82%A4%E3%83%B3%E3%82%B8%E3%82%A7%E3%82%AF%E3%82%BF%E3%83%BC+338004A700+28236381%E3%80%81Delphi+Hyundai+Grand+Sta HTTP/1.1" 301 0 "-" "Mozilla/5.0 (Linux; Android 6.0.1; Nexus 5X Build/MMB29P) AppleWebKit/537.36 (KHTML, like Gecko) Chrome/137.0.7151.103 Mobile Safari/537.36 (compatible; Googlebot/2.1; +http://www.google.com/bot.html)"
144.76.32.94 - - [05/Jul/2025:11:06:16 -0400] "GET /2025/07/02/melhores-plataformas-de-cassinos-online-twenty-four-opcoes-confiaveis-2025/ HTTP/1.1" 200 27612 "-" "Mozilla/5.0 (compatible; BLEXBot/1.0; +https://help.seranking.com/en/blex-crawler)"
192.178.6.101 - - [05/Jul/2025:11:06:15 -0400] "GET /?n=2195556679304&channel=564218&from=goods.php%3Fid%3D566793-369%26name%3D33800-4A700%20%E7%87%83%E6%96%99%E3%82%A4%E3%83%B3%E3%82%B8%E3%82%A7%E3%82%AF%E3%82%BF%E3%83%BC%20338004A700%2028236381%E3%80%81Delphi%20Hyundai%20Grand%20Sta HTTP/1.1" 200 29543 "-" "Mozilla/5.0 (Linux; Android 6.0.1; Nexus 5X Build/MMB29P) AppleWebKit/537.36 (KHTML, like Gecko) Chrome/137.0.7151.103 Mobile Safari/537.36 (compatible; Googlebot/2.1; +http://www.google.com/bot.html)"
129.211.215.233 - - [05/Jul/2025:11:06:17 -0400] "GET / HTTP/1.1" 200 29550 "https://www.fnf.group/" "Mozilla/5.0 (iPhone; CPU iPhone OS 13_2_3 like Mac OS X) AppleWebKit/605.1.15 (KHTML, like Gecko) Version/13.0.3 Mobile/15E148 Safari/604.1"
144.76.32.94 - - [05/Jul/2025:11:06:26 -0400] "GET /2025/06/26/1xbet-app-1xbet-mobile-a-tnzyl-1xbet-apk-android-w-apple-iphone-a-1xbet-com/ HTTP/1.1" 200 28548 "-" "Mozilla/5.0 (compatible; BLEXBot/1.0; +https://help.seranking.com/en/blex-crawler)"
192.178.6.100 - - [05/Jul/2025:11:06:40 -0400] "GET /?n=2968968641703&channel=bfd95f&from=blog.php%3Fid%3D686417-373%26name%3D%E3%82%A4%E3%83%B3%E3%82%B8%E3%82%A7%E3%82%AF%E3%82%BF%E3%83%BC+%E3%83%8E%E3%82%BA%E3%83%AB+%E7%94%A8+OEM%3A23250-20030+23209-20030+2325020030+2320920030+6X HTTP/1.1" 301 0 "-" "Mozilla/5.0 (Linux; Android 6.0.1; Nexus 5X Build/MMB29P) AppleWebKit/537.36 (KHTML, like Gecko) Chrome/137.0.7151.103 Mobile Safari/537.36 (compatible; Googlebot/2.1; +http://www.google.com/bot.html)"
144.76.32.94 - - [05/Jul/2025:11:06:41 -0400] "GET /2025/06/26/mostbet-onlain-kazino-tolko-stavki-v-bk-zerkalo-na-ofitsialnomu-sait-mostbet/ HTTP/1.1" 200 30830 "-" "Mozilla/5.0 (compatible; BLEXBot/1.0; +https://help.seranking.com/en/blex-crawler)"
114.119.148.60 - - [05/Jul/2025:11:06:41 -0400] "GET /2020/09/04/beef-nalli-nihari-by-madiha-abdul-samad/ HTTP/1.1" 200 18250 "https://fnf.group/author/admin123/page/59/" "Mozilla/5.0 (Linux; Android 7.0;) AppleWebKit/537.36 (KHTML, like Gecko) Mobile Safari/537.36 (compatible; PetalBot;+https://webmaster.petalsearch.com/site/petalbot)"
192.178.6.100 - - [05/Jul/2025:11:06:43 -0400] "GET /?n=2968968641703&channel=bfd95f&from=blog.php%3Fid%3D686417-373%26name%3D%E3%82%A4%E3%83%B3%E3%82%B8%E3%82%A7%E3%82%AF%E3%82%BF%E3%83%BC%20%E3%83%8E%E3%82%BA%E3%83%AB%20%E7%94%A8%20OEM%3A23250-20030%2023209-20030%202325020030%202320920030%206X HTTP/1.1" 200 29534 "-" "Mozilla/5.0 (Linux; Android 6.0.1; Nexus 5X Build/MMB29P) AppleWebKit/537.36 (KHTML, like Gecko) Chrome/137.0.7151.103 Mobile Safari/537.36 (compatible; Googlebot/2.1; +http://www.google.com/bot.html)"
63.250.38.117 - - [05/Jul/2025:11:07:58 -0400] "POST /wp-cron.php?doing_wp_cron=1751728078.0769309997558593750000 HTTP/1.1" 403 1242 "-" "WordPress/6.8.1; https://fnf.group"
144.76.32.94 - - [05/Jul/2025:11:07:55 -0400] "GET /2025/07/01/online-gambling-establishments-with-paypal-a-convenient-and-secure-settlement-alternative/ HTTP/1.1" 200 19521 "-" "Mozilla/5.0 (compatible; BLEXBot/1.0; +https://help.seranking.com/en/blex-crawler)"
114.119.148.60 - - [05/Jul/2025:11:08:04 -0400] "GET /2020/08/04/turkish-pide-by-zoha-omer/ HTTP/1.1" 200 18026 "https://fnf.group/author/admin123/page/65/" "Mozilla/5.0 (Linux; Android 7.0;) AppleWebKit/537.36 (KHTML, like Gecko) Mobile Safari/537.36 (compatible; PetalBot;+https://webmaster.petalsearch.com/site/petalbot)"
192.178.6.100 - - [05/Jul/2025:11:08:08 -0400] "GET /?n=9922883454704&channel=acfcac&from=news.php%3Fid%3D834547-6768%26name%3D6%E5%80%8B+%E6%A5%BD%E5%99%A8%E3%83%96%E3%83%83%E3%82%AF%E3%83%9E%E3%83%BC%E3%82%AF+%E6%A5%BD%E5%99%A8%E3%83%96%E3%83%83%E3%82%AF%E3%83%9E%E3%83%BC%E3%82%AB%E3%83%BC+%E3%81%8A%E5%9C%9F%E7%94%A3%E3%83%96%E3%83%83%E3%82%AF%E3%83%9E%E3%83%BC%E3%82%AF+%E9%9F%B3%E6%A5%BD%E3%82%92%E3%83%86%E3%83%BC%E3%83%9E%E3%81%AB%E3%81%97%E3%81%9F+%E3%83%94%E3%82%A2%E3%83%8E%E6%A0%9E+%E3%83%A1%E3%82%BF%E3%83%AB%E3%83%96%E3%83%83%E3%82%AF%E3%83%9E%E3%83%BC%E3%82%AF+%E9%9F%B3%E6%A5%BD%E3%83%96%E3%83%83%E3%82%AF%E3%83%9E%E3%83%BC%E3%82%AF HTTP/1.1" 301 0 "-" "Mozilla/5.0 (Linux; Android 6.0.1; Nexus 5X Build/MMB29P) AppleWebKit/537.36 (KHTML, like Gecko) Chrome/137.0.7151.103 Mobile Safari/537.36 (compatible; Googlebot/2.1; +http://www.google.com/bot.html)"
192.178.6.100 - - [05/Jul/2025:11:08:12 -0400] "GET /?n=9922883454704&channel=acfcac&from=news.php%3Fid%3D834547-6768%26name%3D6%E5%80%8B%20%E6%A5%BD%E5%99%A8%E3%83%96%E3%83%83%E3%82%AF%E3%83%9E%E3%83%BC%E3%82%AF%20%E6%A5%BD%E5%99%A8%E3%83%96%E3%83%83%E3%82%AF%E3%83%9E%E3%83%BC%E3%82%AB%E3%83%BC%20%E3%81%8A%E5%9C%9F%E7%94%A3%E3%83%96%E3%83%83%E3%82%AF%E3%83%9E%E3%83%BC%E3%82%AF%20%E9%9F%B3%E6%A5%BD%E3%82%92%E3%83%86%E3%83%BC%E3%83%9E%E3%81%AB%E3%81%97%E3%81%9F%20%E3%83%94%E3%82%A2%E3%83%8E%E6%A0%9E%20%E3%83%A1%E3%82%BF%E3%83%AB%E3%83%96%E3%83%83%E3%82%AF%E3%83%9E%E3%83%BC%E3%82%AF%20%E9%9F%B3%E6%A5%BD%E3%83%96%E3%83%83%E3%82%AF%E3%83%9E%E3%83%BC%E3%82%AF HTTP/1.1" 200 29546 "-" "Mozilla/5.0 (Linux; Android 6.0.1; Nexus 5X Build/MMB29P) AppleWebKit/537.36 (KHTML, like Gecko) Chrome/137.0.7151.103 Mobile Safari/537.36 (compatible; Googlebot/2.1; +http://www.google.com/bot.html)"
144.76.32.94 - - [05/Jul/2025:11:08:36 -0400] "GET /2025/07/02/onlain-kazino-daiushchie-dengi-za-registratsiiu-igrovye-avtomaty-ikh-daiut-realnye-fartsanut/ HTTP/1.1" 200 27881 "-" "Mozilla/5.0 (compatible; BLEXBot/1.0; +https://help.seranking.com/en/blex-crawler)"
144.76.32.94 - - [05/Jul/2025:11:08:49 -0400] "GET /2025/06/26/matchi-onlain-segodnia-smotret-priamykh-transliatsii-sporta-laiv-stavki-na-sport-1xbet-i-1xbet-com/ HTTP/1.1" 200 29107 "-" "Mozilla/5.0 (compatible; BLEXBot/1.0; +https://help.seranking.com/en/blex-crawler)"
63.250.38.117 - - [05/Jul/2025:11:09:31 -0400] "POST /wp-cron.php?doing_wp_cron=1751728171.6815319061279296875000 HTTP/1.1" 403 1242 "-" "WordPress/6.8.1; https://fnf.group"
192.178.6.102 - - [05/Jul/2025:11:09:26 -0400] "GET /?n=69743151380601&channel=0b3260&from=product.php%3Fid%3D1513806-22731%26name%3D%E8%A1%A3%E6%9C%8D%E4%B9%BE%E7%87%A5%E3%83%A9%E3%83%83%E3%82%AF+%7C+%E8%A1%A3%E9%A1%9E%E4%B9%BE%E7%87%A5%E3%82%B9%E3%82%BF%E3%83%B3%E3%83%89%2C%E4%B8%89%E8%84%9A%E3%82%B9%E3%82%BF%E3%83%B3%E3%83%89+%E7%9C%81%E3%82%B9%E3%83%9A%E3%83%BC%E3%82%B9+%E8%A1%A3%E9%A1%9E%E3%83%8F%E3%83%B3%E3%82%AC%E3%83%BC+%E3%82%BF%E3%82%AA%E3%83%AB+%E3%82%B3%E3%83%BC%E3%83%88+%E3%82%B9%E3%82%A6%E3%82%A7%E3%83%BC%E3%82%BF%E3%83%BC+%E5%AF%BE%E5%BF%9C HTTP/1.1" 301 0 "-" "Mozilla/5.0 (Linux; Android 6.0.1; Nexus 5X Build/MMB29P) AppleWebKit/537.36 (KHTML, like Gecko) Chrome/137.0.7151.103 Mobile Safari/537.36 (compatible; Googlebot/2.1; +http://www.google.com/bot.html)"
63.250.38.117 - - [05/Jul/2025:11:09:37 -0400] "POST /wp-cron.php?doing_wp_cron=1751728176.8665480613708496093750 HTTP/1.1" 403 1242 "-" "WordPress/6.8.1; https://fnf.group"
114.119.137.28 - - [05/Jul/2025:11:09:29 -0400] "GET /author/admin123/page/19 HTTP/1.1" 301 0 "https://fnf.group/author/admin123/page/21" "Mozilla/5.0 (Linux; Android 7.0;) AppleWebKit/537.36 (KHTML, like Gecko) Mobile Safari/537.36 (compatible; PetalBot;+https://webmaster.petalsearch.com/site/petalbot)"
192.178.6.100 - - [05/Jul/2025:11:09:32 -0400] "GET /?n=69743151380601&channel=0b3260&from=product.php%3Fid%3D1513806-22731%26name%3D%E8%A1%A3%E6%9C%8D%E4%B9%BE%E7%87%A5%E3%83%A9%E3%83%83%E3%82%AF%20%7C%20%E8%A1%A3%E9%A1%9E%E4%B9%BE%E7%87%A5%E3%82%B9%E3%82%BF%E3%83%B3%E3%83%89%2C%E4%B8%89%E8%84%9A%E3%82%B9%E3%82%BF%E3%83%B3%E3%83%89%20%E7%9C%81%E3%82%B9%E3%83%9A%E3%83%BC%E3%82%B9%20%E8%A1%A3%E9%A1%9E%E3%83%8F%E3%83%B3%E3%82%AC%E3%83%BC%20%E3%82%BF%E3%82%AA%E3%83%AB%20%E3%82%B3%E3%83%BC%E3%83%88%20%E3%82%B9%E3%82%A6%E3%82%A7%E3%83%BC%E3%82%BF%E3%83%BC%20%E5%AF%BE%E5%BF%9C HTTP/1.1" 200 29543 "-" "Mozilla/5.0 (Linux; Android 6.0.1; Nexus 5X Build/MMB29P) AppleWebKit/537.36 (KHTML, like Gecko) Chrome/137.0.7151.103 Mobile Safari/537.36 (compatible; Googlebot/2.1; +http://www.google.com/bot.html)"
114.119.137.28 - - [05/Jul/2025:11:09:40 -0400] "GET /author/admin123/page/19/ HTTP/1.1" 200 15449 "https://fnf.group/author/admin123/page/21" "Mozilla/5.0 (Linux; Android 7.0;) AppleWebKit/537.36 (KHTML, like Gecko) Mobile Safari/537.36 (compatible; PetalBot;+https://webmaster.petalsearch.com/site/petalbot)"
192.178.6.100 - - [05/Jul/2025:11:09:56 -0400] "GET /?n=2727026953500&channel=3f039e&from=form.php%3Fid%3D269535-5481%26name%3D%E3%82%AC%E3%83%A9%E3%82%B9+%E3%82%A6%E3%82%A3%E3%83%B3%E3%83%89%E3%82%A6%E3%82%A6%E3%83%AC%E3%82%AE%E3%83%A5%E3%83%AC%E3%83%BC%E3%82%BF%E3%83%BC+%E3%82%A6%E3%82%A3%E3%83%B3%E3%83%89%E3%82%A6+%E3%83%AC%E3%82%AE%E3%83%A5%E3%83%AC%E3%83%BC%E3%82%BF%E3%83%BC+%E3%82%B3%E3%83%B3%E3%83%95%E3%82%A9%E3%83%BC%E3%83%88%E4%BB%98%E3%81%8D+%E3%83%95%E3%83%AD%E3%83%B3%E3%83%88%E5%8F%B3+LFET+%E4%BF%AE%E7%90%86%E3%82%AD%E3%83%83%E3%83%88+9222V9+9 HTTP/1.1" 301 0 "-" "Mozilla/5.0 (Linux; Android 6.0.1; Nexus 5X Build/MMB29P) AppleWebKit/537.36 (KHTML, like Gecko) Chrome/137.0.7151.103 Mobile Safari/537.36 (compatible; Googlebot/2.1; +http://www.google.com/bot.html)"
192.178.6.100 - - [05/Jul/2025:11:09:58 -0400] "GET /?n=2727026953500&channel=3f039e&from=form.php%3Fid%3D269535-5481%26name%3D%E3%82%AC%E3%83%A9%E3%82%B9%20%E3%82%A6%E3%82%A3%E3%83%B3%E3%83%89%E3%82%A6%E3%82%A6%E3%83%AC%E3%82%AE%E3%83%A5%E3%83%AC%E3%83%BC%E3%82%BF%E3%83%BC%20%E3%82%A6%E3%82%A3%E3%83%B3%E3%83%89%E3%82%A6%20%E3%83%AC%E3%82%AE%E3%83%A5%E3%83%AC%E3%83%BC%E3%82%BF%E3%83%BC%20%E3%82%B3%E3%83%B3%E3%83%95%E3%82%A9%E3%83%BC%E3%83%88%E4%BB%98%E3%81%8D%20%E3%83%95%E3%83%AD%E3%83%B3%E3%83%88%E5%8F%B3%20LFET%20%E4%BF%AE%E7%90%86%E3%82%AD%E3%83%83%E3%83%88%209222V9%209 HTTP/1.1" 200 29534 "-" "Mozilla/5.0 (Linux; Android 6.0.1; Nexus 5X Build/MMB29P) AppleWebKit/537.36 (KHTML, like Gecko) Chrome/137.0.7151.103 Mobile Safari/537.36 (compatible; Googlebot/2.1; +http://www.google.com/bot.html)"
47.82.60.14 - - [05/Jul/2025:11:10:21 -0400] "GET /category/ozwin-au-casino HTTP/1.1" 301 0 "https://fnf.group/category/ozwin-au-casino" "Mozilla/5.0 (Windows NT 10.0; Win64; x64) AppleWebKit/537.36 (KHTML, like Gecko) Chrome/114.0.0.0 Safari/537.36 Edg/114.0.1823.43"
47.82.60.14 - - [05/Jul/2025:11:10:23 -0400] "GET /category/ozwin-au-casino/ HTTP/1.1" 200 13927 "https://fnf.group/category/ozwin-au-casino" "Mozilla/5.0 (Windows NT 10.0; Win64; x64) AppleWebKit/537.36 (KHTML, like Gecko) Chrome/114.0.0.0 Safari/537.36 Edg/114.0.1823.43"
63.250.38.117 - - [05/Jul/2025:11:10:54 -0400] "POST /wp-cron.php?doing_wp_cron=1751728254.0772929191589355468750 HTTP/1.1" 403 1242 "-" "WordPress/6.8.1; https://fnf.group"
114.119.154.189 - - [05/Jul/2025:11:10:51 -0400] "GET /category/uncategorized HTTP/1.1" 301 0 "https://fnf.group/tag/kheer" "Mozilla/5.0 (Linux; Android 7.0;) AppleWebKit/537.36 (KHTML, like Gecko) Mobile Safari/537.36 (compatible; PetalBot;+https://webmaster.petalsearch.com/site/petalbot)"
114.119.154.189 - - [05/Jul/2025:11:10:55 -0400] "GET /category/uncategorized/ HTTP/1.1" 200 14267 "https://fnf.group/tag/kheer" "Mozilla/5.0 (Linux; Android 7.0;) AppleWebKit/537.36 (KHTML, like Gecko) Mobile Safari/537.36 (compatible; PetalBot;+https://webmaster.petalsearch.com/site/petalbot)"
63.250.38.117 - - [05/Jul/2025:11:12:07 -0400] "POST /wp-cron.php?doing_wp_cron=1751728326.8809270858764648437500 HTTP/1.1" 403 1242 "-" "WordPress/6.8.1; https://fnf.group"
192.178.6.100 - - [05/Jul/2025:11:12:03 -0400] "GET /?n=64027122297108&channel=5391b6&from=category-info.php%3Fid%3D1222971-25463%26name%3D%E3%83%95%E3%82%A7%E3%83%AB%E3%83%88%E7%A0%94%E7%A3%A8%E3%83%9B%E3%82%A4%E3%83%BC%E3%83%AB+%E3%82%A6%E3%83%BC%E3%83%AB%E7%A0%94%E7%A3%A8%E3%83%98%E3%83%83%E3%83%89+%E3%82%A6%E3%83%BC%E3%83%AB%E3%83%95%E3%82%A7%E3%83%AB%E3%83%88+%E8%A1%A8%E9%9D%A2+%E3%82%A6%E3%83%BC%E3%83%AB+%E7%A0%94%E7%A3%A8%E3%83%91%E3%83%83%E3%83%89+%E3%82%A6%E3%83%BC%E3%83%AB%E3%83%9D%E3%83%AA%E3%83%83%E3%82%B7%E3%83%A3%E3%83%BC%E3%83%91%E3%83%83%E3%83%89+%E7%A0%94%E7%A3%A8%E3%82%A2%E3%82%BF%E3%83%83%E3%83%81%E3%83%A1%E3%83%B3%E3%83%88+%E8%87%AA%E5%8B%95 HTTP/1.1" 301 0 "-" "Mozilla/5.0 (Linux; Android 6.0.1; Nexus 5X Build/MMB29P) AppleWebKit/537.36 (KHTML, like Gecko) Chrome/137.0.7151.103 Mobile Safari/537.36 (compatible; Googlebot/2.1; +http://www.google.com/bot.html)"
192.178.6.100 - - [05/Jul/2025:11:12:07 -0400] "GET /?n=64027122297108&channel=5391b6&from=category-info.php%3Fid%3D1222971-25463%26name%3D%E3%83%95%E3%82%A7%E3%83%AB%E3%83%88%E7%A0%94%E7%A3%A8%E3%83%9B%E3%82%A4%E3%83%BC%E3%83%AB%20%E3%82%A6%E3%83%BC%E3%83%AB%E7%A0%94%E7%A3%A8%E3%83%98%E3%83%83%E3%83%89%20%E3%82%A6%E3%83%BC%E3%83%AB%E3%83%95%E3%82%A7%E3%83%AB%E3%83%88%20%E8%A1%A8%E9%9D%A2%20%E3%82%A6%E3%83%BC%E3%83%AB%20%E7%A0%94%E7%A3%A8%E3%83%91%E3%83%83%E3%83%89%20%E3%82%A6%E3%83%BC%E3%83%AB%E3%83%9D%E3%83%AA%E3%83%83%E3%82%B7%E3%83%A3%E3%83%BC%E3%83%91%E3%83%83%E3%83%89%20%E7%A0%94%E7%A3%A8%E3%82%A2%E3%82%BF%E3%83%83%E3%83%81%E3%83%A1%E3%83%B3%E3%83%88%20%E8%87%AA%E5%8B%95 HTTP/1.1" 200 29548 "-" "Mozilla/5.0 (Linux; Android 6.0.1; Nexus 5X Build/MMB29P) AppleWebKit/537.36 (KHTML, like Gecko) Chrome/137.0.7151.103 Mobile Safari/537.36 (compatible; Googlebot/2.1; +http://www.google.com/bot.html)"
114.119.137.28 - - [05/Jul/2025:11:12:16 -0400] "GET /2020/10/14/karhi-pakora-by-arfa-ovais/ HTTP/1.1" 200 18311 "http://fnf.group/2020/10/15/fish-biryani-by-renuluq" "Mozilla/5.0 (Linux; Android 7.0;) AppleWebKit/537.36 (KHTML, like Gecko) Mobile Safari/537.36 (compatible; PetalBot;+https://webmaster.petalsearch.com/site/petalbot)"
192.178.6.101 - - [05/Jul/2025:11:12:33 -0400] "GET /?n=0326064088703&channel=131f4a&from=news.php%3Fid%3D640887-6714%26name%3D%E8%BB%8A%E3%83%95%E3%83%AD%E3%83%B3%E3%83%88%E3%82%BB%E3%83%B3%E3%82%BF%E3%83%BC%E3%83%90%E3%83%B3%E3%83%91%E3%83%BC%E4%B8%8B%E9%83%A8%E3%82%B0%E3%83%AA%E3%83%AB+VW+Jetta%2FBora%2FGolf+Mk5+2004+2005-2010+%E3%82%AF%E3%83%AD%E3%83%BC%E3%83%A0%E3%82%B5%E3%83%A9%E3%82%A6%E3%83%B3%E3%83%89 HTTP/1.1" 301 0 "-" "Mozilla/5.0 (Linux; Android 6.0.1; Nexus 5X Build/MMB29P) AppleWebKit/537.36 (KHTML, like Gecko) Chrome/137.0.7151.103 Mobile Safari/537.36 (compatible; Googlebot/2.1; +http://www.google.com/bot.html)"
192.178.6.101 - - [05/Jul/2025:11:12:36 -0400] "GET /?n=0326064088703&channel=131f4a&from=news.php%3Fid%3D640887-6714%26name%3D%E8%BB%8A%E3%83%95%E3%83%AD%E3%83%B3%E3%83%88%E3%82%BB%E3%83%B3%E3%82%BF%E3%83%BC%E3%83%90%E3%83%B3%E3%83%91%E3%83%BC%E4%B8%8B%E9%83%A8%E3%82%B0%E3%83%AA%E3%83%AB%20VW%20Jetta%2FBora%2FGolf%20Mk5%202004%202005-2010%20%E3%82%AF%E3%83%AD%E3%83%BC%E3%83%A0%E3%82%B5%E3%83%A9%E3%82%A6%E3%83%B3%E3%83%89 HTTP/1.1" 200 29540 "-" "Mozilla/5.0 (Linux; Android 6.0.1; Nexus 5X Build/MMB29P) AppleWebKit/537.36 (KHTML, like Gecko) Chrome/137.0.7151.103 Mobile Safari/537.36 (compatible; Googlebot/2.1; +http://www.google.com/bot.html)"
63.250.38.117 - - [05/Jul/2025:11:13:42 -0400] "POST /wp-cron.php?doing_wp_cron=1751728421.2930529117584228515625 HTTP/1.1" 403 1242 "-" "WordPress/6.8.1; https://fnf.group"
114.119.135.196 - - [05/Jul/2025:11:13:39 -0400] "GET /2020/08/ HTTP/1.1" 200 15313 "https://fnf.group/plus_wpgallery/" "Mozilla/5.0 (Linux; Android 7.0;) AppleWebKit/537.36 (KHTML, like Gecko) Mobile Safari/537.36 (compatible; PetalBot;+https://webmaster.petalsearch.com/site/petalbot)"
192.178.6.100 - - [05/Jul/2025:11:13:51 -0400] "GET /?n=1927881374904&channel=fd252d&from=brands.php%3Fid%3D813749-15613%26name%3D%E3%82%B3%E3%83%BC%E3%83%88%E3%82%B9%E3%82%BF%E3%82%A4%E3%83%AB%E3%81%AE%E7%A3%81%E5%99%A8%E3%83%86%E3%82%A3%E3%83%BC%E3%82%BB%E3%83%83%E3%83%88%E3%83%86%E3%82%A3%E3%83%BC%E3%83%9D%E3%83%83%E3%83%88%E3%82%BB%E3%83%A9%E3%83%9F%E3%83%83%E3%82%AF%E3%83%95%E3%83%A9%E3%83%AF%E3%83%BC%E3%83%86%E3%82%A3%E3%83%BC%E3%83%9D%E3%83%83%E3%83%88%E3%82%B3%E3%83%BC%E3%83%92%E3%83%BC%E3%83%9D%E3%83%83%E3%83%88%E3%82%A6%E3%82%A9%E3%83%BC%E3%82%BF%E3%83%BC%E3%83%9D%E3%83%83%E3%83%88%E3%83%9B%E3%83%BC%E3%83%A0%E3%82%AD%E3%83%83%E3%83%81%E3%83%B3%E7%94%A8%E7%A3%81%E5%99%A8850m HTTP/1.1" 200 29535 "-" "Mozilla/5.0 (Linux; Android 6.0.1; Nexus 5X Build/MMB29P) AppleWebKit/537.36 (KHTML, like Gecko) Chrome/137.0.7151.103 Mobile Safari/537.36 (compatible; Googlebot/2.1; +http://www.google.com/bot.html)"
103.185.185.188 - - [05/Jul/2025:11:13:58 -0400] "POST /xmlrpc.php HTTP/1.1" 403 1242 "https://fnf.group" "Mozilla/5.0 (Macintosh; Intel Mac OS X 14.3) AppleWebKit/614.31.14 (KHTML, like Gecko) Version/17.0.96 Safari/614.31.14"
103.185.185.188 - - [05/Jul/2025:11:13:59 -0400] "POST /wp-login.php HTTP/1.1" 200 3952 "https://fnf.group" "Mozilla/5.0 (Macintosh; Intel Mac OS X 10_15_7) AppleWebKit/537.36 (KHTML, like Gecko) Chrome/112.0.5615.138 Safari/537.36"
216.244.66.226 - - [05/Jul/2025:11:14:54 -0400] "GET /robots.txt HTTP/1.1" 500 1034 "-" "Mozilla/5.0 (compatible; DotBot/1.2; +https://opensiteexplorer.org/dotbot; help@moz.com)"
114.119.148.60 - - [05/Jul/2025:11:15:03 -0400] "GET /2017/01/05/exploring-the-great-ice-cavern/ HTTP/1.1" 200 18423 "https://fnf.group/author/admin123/page/69/" "Mozilla/5.0 (Linux; Android 7.0;) AppleWebKit/537.36 (KHTML, like Gecko) Mobile Safari/537.36 (compatible; PetalBot;+https://webmaster.petalsearch.com/site/petalbot)"
192.178.6.101 - - [05/Jul/2025:11:15:12 -0400] "GET /?n=98817155712805&channel=61acbc&from=form.php%3Fid%3D1557128-5328%26name%3D%E3%82%A2%E3%82%A4%E3%83%A1%E3%82%A4%E3%82%AF%E5%B0%82%E7%94%A8%E8%80%81%E7%9C%BC%E9%8F%A1+%E5%8C%96%E7%B2%A7%E7%94%A8%E3%83%A1%E3%82%A4%E3%82%AF%E3%82%A2%E3%83%83%E3%83%97+%E3%83%96%E3%83%A9%E3%82%A6%E3%83%B3%E3%83%A1%E3%82%AC%E3%83%8D+%E5%9B%9E%E8%BB%A2%E5%BC%8F%E6%8B%A1%E5%A4%A7%E9%8F%A1%EF%BC%8B1.5 HTTP/1.1" 301 0 "-" "Mozilla/5.0 (Linux; Android 6.0.1; Nexus 5X Build/MMB29P) AppleWebKit/537.36 (KHTML, like Gecko) Chrome/137.0.7151.103 Mobile Safari/537.36 (compatible; Googlebot/2.1; +http://www.google.com/bot.html)"
192.178.6.102 - - [05/Jul/2025:11:15:17 -0400] "GET /?n=98817155712805&channel=61acbc&from=form.php%3Fid%3D1557128-5328%26name%3D%E3%82%A2%E3%82%A4%E3%83%A1%E3%82%A4%E3%82%AF%E5%B0%82%E7%94%A8%E8%80%81%E7%9C%BC%E9%8F%A1%20%E5%8C%96%E7%B2%A7%E7%94%A8%E3%83%A1%E3%82%A4%E3%82%AF%E3%82%A2%E3%83%83%E3%83%97%20%E3%83%96%E3%83%A9%E3%82%A6%E3%83%B3%E3%83%A1%E3%82%AC%E3%83%8D%20%E5%9B%9E%E8%BB%A2%E5%BC%8F%E6%8B%A1%E5%A4%A7%E9%8F%A1%EF%BC%8B1.5 HTTP/1.1" 200 29541 "-" "Mozilla/5.0 (Linux; Android 6.0.1; Nexus 5X Build/MMB29P) AppleWebKit/537.36 (KHTML, like Gecko) Chrome/137.0.7151.103 Mobile Safari/537.36 (compatible; Googlebot/2.1; +http://www.google.com/bot.html)"
91.142.73.116 - - [05/Jul/2025:11:15:27 -0400] "GET /2021/03/21/fondant-orange-cake-by-chanda-arshad/ HTTP/1.1" 200 18818 "https://fnf.group/2021/03/21/fondant-orange-cake-by-chanda-arshad/" "Mozilla/5.0 (Windows NT 10.0; Win64; x64) AppleWebKit/537.36 (KHTML, like Gecko) Chrome/130.0.0.0 Safari/537.36"
91.142.73.116 - - [05/Jul/2025:11:15:30 -0400] "POST /wp-comments-post.php HTTP/1.1" 403 1242 "https://fnf.group/2021/03/21/fondant-orange-cake-by-chanda-arshad/" "Mozilla/5.0 (Windows NT 10.0; Win64; x64) AppleWebKit/537.36 (KHTML, like Gecko) Chrome/130.0.0.0 Safari/537.36"
192.178.6.101 - - [05/Jul/2025:11:16:28 -0400] "GET /?n=39077198006502&channel=ceddbd&from=info.php%3Fid%3D1980065-6687%26name%3D%E3%83%89%E3%82%A2%E3%83%9F%E3%83%A9%E3%83%BC%E3%82%AB%E3%83%90%E3%83%BC+1+%E3%83%9A%E3%82%A2%E3%82%B5%E3%82%A4%E3%83%89%E3%83%89%E3%82%A2%E3%82%A6%E3%82%A4%E3%83%B3%E3%82%B0%E3%83%AA%E3%82%A2%E3%83%93%E3%83%A5%E3%83%BC%E3%83%9F%E3%83%A9%E3%83%BC%E3%82%AB%E3%83%90%E3%83%BC%E3%83%88%E3%83%AA%E3%83%A0%E3%82%AD%E3%83%A3%E3%83%83%E3%83%97%E9%BB%92%E3%81%9F%E3%82%81%E3%81%AB%E3%82%B7%E3%82%B0%E3%83%8A%E3%83%AB%E3%83%A9%E3%82%A4%E3%83%88%E4%BB%98%E3%81%8D%E3%82%A2%E3%82%B3%E3%83%BC%E3%83%89%E3%83%A2%E3%83%87%E3%83%AB+2017 HTTP/1.1" 301 0 "-" "Mozilla/5.0 (Linux; Android 6.0.1; Nexus 5X Build/MMB29P) AppleWebKit/537.36 (KHTML, like Gecko) Chrome/137.0.7151.103 Mobile Safari/537.36 (compatible; Googlebot/2.1; +http://www.google.com/bot.html)"
114.119.134.95 - - [05/Jul/2025:11:16:27 -0400] "GET /2025/06/28/zufallsgenerator-rad-auswahlrad/ HTTP/1.1" 200 23437 "http://fnf.group/category/recipes/page/8" "Mozilla/5.0 (Linux; Android 7.0;) AppleWebKit/537.36 (KHTML, like Gecko) Mobile Safari/537.36 (compatible; PetalBot;+https://webmaster.petalsearch.com/site/petalbot)"
192.178.6.101 - - [05/Jul/2025:11:16:33 -0400] "GET /?n=39077198006502&channel=ceddbd&from=info.php%3Fid%3D1980065-6687%26name%3D%E3%83%89%E3%82%A2%E3%83%9F%E3%83%A9%E3%83%BC%E3%82%AB%E3%83%90%E3%83%BC%201%20%E3%83%9A%E3%82%A2%E3%82%B5%E3%82%A4%E3%83%89%E3%83%89%E3%82%A2%E3%82%A6%E3%82%A4%E3%83%B3%E3%82%B0%E3%83%AA%E3%82%A2%E3%83%93%E3%83%A5%E3%83%BC%E3%83%9F%E3%83%A9%E3%83%BC%E3%82%AB%E3%83%90%E3%83%BC%E3%83%88%E3%83%AA%E3%83%A0%E3%82%AD%E3%83%A3%E3%83%83%E3%83%97%E9%BB%92%E3%81%9F%E3%82%81%E3%81%AB%E3%82%B7%E3%82%B0%E3%83%8A%E3%83%AB%E3%83%A9%E3%82%A4%E3%83%88%E4%BB%98%E3%81%8D%E3%82%A2%E3%82%B3%E3%83%BC%E3%83%89%E3%83%A2%E3%83%87%E3%83%AB%202017 HTTP/1.1" 200 29542 "-" "Mozilla/5.0 (Linux; Android 6.0.1; Nexus 5X Build/MMB29P) AppleWebKit/537.36 (KHTML, like Gecko) Chrome/137.0.7151.103 Mobile Safari/537.36 (compatible; Googlebot/2.1; +http://www.google.com/bot.html)"
192.178.6.101 - - [05/Jul/2025:11:16:58 -0400] "GET /?n=2002926835406&channel=54ed6c&from=jp.php%3Fid%3D268354-9932%26name%3D%E4%B8%AD%E5%BA%AD%E3%83%A9%E3%82%A4%E3%83%88%E8%A4%87%E6%95%B0%E8%89%B2%E8%AA%BF%E5%85%89LED%E3%82%BD%E3%83%BC%E3%83%A9%E3%83%BC%E9%98%B2%E6%B0%B4%E5%B1%8B%E5%A4%96%E3%83%A9%E3%82%A4%E3%83%88%E3%83%A2%E3%83%80%E3%83%B3%E3%82%AF%E3%83%AA%E3%82%A8%E3%82%A4%E3%83%86%E3%82%A3%E3%83%96%E3%82%B3%E3%83%A9%E3%83%A0%E3%83%A9%E3%83%B3%E3%83%97%E3%82%AC%E3%83%BC%E3%83%87%E3%83%B3%E3%82%B9%E3%83%88%E3%83%AA%E3%83%BC%E3%83%88%E8%8A%9D%E7%94%9F%E3%83%90%E3%83%AB%E3%82%B3%E3%83%8B%E3%83%BC%E3%83%94%E3%83%A9%E3%83%BC%E3%83%A9%E3%83%B3%E3%83%97%E3%82%AC%E3%83%BC%E3%83%87%E3%83%B3 HTTP/1.1" 200 29548 "-" "Mozilla/5.0 (Linux; Android 6.0.1; Nexus 5X Build/MMB29P) AppleWebKit/537.36 (KHTML, like Gecko) Chrome/137.0.7151.103 Mobile Safari/537.36 (compatible; Googlebot/2.1; +http://www.google.com/bot.html)"
192.178.6.101 - - [05/Jul/2025:11:17:27 -0400] "GET /?n=40976143811103&channel=c44ccc&from=shared.php%3Fid%3D1438111-5045%26name%3D%E3%83%90%E3%82%A4%E3%82%AF%E3%81%AE%E3%83%90%E3%83%B3%E3%83%91%E3%83%BC+%E3%83%A4%E3%83%9E%E3%83%8F+MT-09+MT09+SP+2021+2022+%E3%82%AA%E3%83%BC%E3%83%88%E3%83%90%E3%82%A4%E8%90%BD%E4%B8%8B%E3%82%A8%E3%83%B3%E3%82%B8%E3%83%B3%E4%BF%9D%E8%AD%B7%E3%82%AC%E3%83%BC%E3%83%89%E3%82%AB%E3%83%90%E3%83%BC%E3%82%AF%E3%83%A9%E3%83%83%E3%82%B7%E3%83%A5%E3%83%90%E3%83%BC%E3%83%95%E3%83%AC%E3%83%BC HTTP/1.1" 301 0 "-" "Mozilla/5.0 (Linux; Android 6.0.1; Nexus 5X Build/MMB29P) AppleWebKit/537.36 (KHTML, like Gecko) Chrome/137.0.7151.103 Mobile Safari/537.36 (compatible; Googlebot/2.1; +http://www.google.com/bot.html)"
63.250.38.117 - - [05/Jul/2025:11:17:33 -0400] "POST /wp-cron.php?doing_wp_cron=1751728653.2739889621734619140625 HTTP/1.1" 403 1242 "-" "WordPress/6.8.1; https://fnf.group"
192.178.6.101 - - [05/Jul/2025:11:17:31 -0400] "GET /?n=40976143811103&channel=c44ccc&from=shared.php%3Fid%3D1438111-5045%26name%3D%E3%83%90%E3%82%A4%E3%82%AF%E3%81%AE%E3%83%90%E3%83%B3%E3%83%91%E3%83%BC%20%E3%83%A4%E3%83%9E%E3%83%8F%20MT-09%20MT09%20SP%202021%202022%20%E3%82%AA%E3%83%BC%E3%83%88%E3%83%90%E3%82%A4%E8%90%BD%E4%B8%8B%E3%82%A8%E3%83%B3%E3%82%B8%E3%83%B3%E4%BF%9D%E8%AD%B7%E3%82%AC%E3%83%BC%E3%83%89%E3%82%AB%E3%83%90%E3%83%BC%E3%82%AF%E3%83%A9%E3%83%83%E3%82%B7%E3%83%A5%E3%83%90%E3%83%BC%E3%83%95%E3%83%AC%E3%83%BC HTTP/1.1" 200 29543 "-" "Mozilla/5.0 (Linux; Android 6.0.1; Nexus 5X Build/MMB29P) AppleWebKit/537.36 (KHTML, like Gecko) Chrome/137.0.7151.103 Mobile Safari/537.36 (compatible; Googlebot/2.1; +http://www.google.com/bot.html)"
114.119.155.200 - - [05/Jul/2025:11:17:49 -0400] "GET /2025/06/20/masalbet-on-line-casino-turkiye-casino-sektorunun-en-iyisi/ HTTP/1.1" 200 24932 "https://fnf.group/author/admin123/page/36/" "Mozilla/5.0 (Linux; Android 7.0;) AppleWebKit/537.36 (KHTML, like Gecko) Mobile Safari/537.36 (compatible; PetalBot;+https://webmaster.petalsearch.com/site/petalbot)"
192.178.6.101 - - [05/Jul/2025:11:17:57 -0400] "GET /?n=59080151173003&channel=a2a8b0&from=shared.php%3Fid%3D1511730-20838%26name%3DKELME+%E3%83%9B%E3%83%AF%E3%82%A4%E3%83%88+T%E3%82%B7%E3%83%A3%E3%83%84+160 HTTP/1.1" 301 0 "-" "Mozilla/5.0 (Linux; Android 6.0.1; Nexus 5X Build/MMB29P) AppleWebKit/537.36 (KHTML, like Gecko) Chrome/137.0.7151.103 Mobile Safari/537.36 (compatible; Googlebot/2.1; +http://www.google.com/bot.html)"
192.178.6.101 - - [05/Jul/2025:11:17:58 -0400] "GET /?n=59080151173003&channel=a2a8b0&from=shared.php%3Fid%3D1511730-20838%26name%3DKELME%20%E3%83%9B%E3%83%AF%E3%82%A4%E3%83%88%20T%E3%82%B7%E3%83%A3%E3%83%84%20160 HTTP/1.1" 200 29534 "-" "Mozilla/5.0 (Linux; Android 6.0.1; Nexus 5X Build/MMB29P) AppleWebKit/537.36 (KHTML, like Gecko) Chrome/137.0.7151.103 Mobile Safari/537.36 (compatible; Googlebot/2.1; +http://www.google.com/bot.html)"
192.178.6.101 - - [05/Jul/2025:11:18:27 -0400] "GET /?n=6928931029800&channel=83173e&from=jp.php%3Fid%3D310298-2622%26name%3DRamanii+International+%E5%AE%97%E6%95%99%E7%9A%84%E3%81%AA%E5%AE%B6%E3%81%AE%E5%AF%BA%E9%99%A2%E3%83%9E%E3%83%B3%E3%83%87%E3%82%A3%E3%83%BC%E3%83%AB%E7%A5%9E%E3%81%AE%E5%A0%B4%E6%89%80%E3%83%9E%E3%83%B3%E3%83%87%E3%82%A3%E3%83%BC%E3%83%AB%7C+%E3%82%AD%E3%83%AA%E3%82%B9%E3%83%88%E6%95%99%E3%81%AE%E6%9C%A8%E8%A3%BD%E5%A3%81%E6%8E%9B%E3%81%91%E5%AF%BA%E9%99%A2%E3%80%81%E5%AE%B6%E3%82%84%E3%81%8A%E5%BA%97 HTTP/1.1" 301 0 "-" "Mozilla/5.0 (Linux; Android 6.0.1; Nexus 5X Build/MMB29P) AppleWebKit/537.36 (KHTML, like Gecko) Chrome/137.0.7151.103 Mobile Safari/537.36 (compatible; Googlebot/2.1; +http://www.google.com/bot.html)"
63.250.38.117 - - [05/Jul/2025:11:18:34 -0400] "POST /wp-cron.php?doing_wp_cron=1751728714.1909739971160888671875 HTTP/1.1" 403 1242 "-" "WordPress/6.8.1; https://fnf.group"
146.174.171.134 - - [05/Jul/2025:11:18:30 -0400] "GET /2025/06/29/stmt-blmzy-thmyl-1xbet-blrby-m-rshdt-kml/ HTTP/1.1" 200 19356 "-" "Mozilla/5.0 (X11; Linux i686; rv:2.0b12pre) Gecko/20100101 Firefox/4.0b12pre"
192.178.6.102 - - [05/Jul/2025:11:18:31 -0400] "GET /?n=6928931029800&channel=83173e&from=jp.php%3Fid%3D310298-2622%26name%3DRamanii%20International%20%E5%AE%97%E6%95%99%E7%9A%84%E3%81%AA%E5%AE%B6%E3%81%AE%E5%AF%BA%E9%99%A2%E3%83%9E%E3%83%B3%E3%83%87%E3%82%A3%E3%83%BC%E3%83%AB%E7%A5%9E%E3%81%AE%E5%A0%B4%E6%89%80%E3%83%9E%E3%83%B3%E3%83%87%E3%82%A3%E3%83%BC%E3%83%AB%7C%20%E3%82%AD%E3%83%AA%E3%82%B9%E3%83%88%E6%95%99%E3%81%AE%E6%9C%A8%E8%A3%BD%E5%A3%81%E6%8E%9B%E3%81%91%E5%AF%BA%E9%99%A2%E3%80%81%E5%AE%B6%E3%82%84%E3%81%8A%E5%BA%97 HTTP/1.1" 200 29530 "-" "Mozilla/5.0 (Linux; Android 6.0.1; Nexus 5X Build/MMB29P) AppleWebKit/537.36 (KHTML, like Gecko) Chrome/137.0.7151.103 Mobile Safari/537.36 (compatible; Googlebot/2.1; +http://www.google.com/bot.html)"
213.209.150.137 - - [05/Jul/2025:11:18:42 -0400] "POST /wp-login.php?action=register HTTP/1.1" 302 0 "-" "-"
216.244.66.226 - - [05/Jul/2025:11:18:49 -0400] "GET /2020/10/06/pakora-curry-by-maria-shujaat/ HTTP/1.1" 500 1034 "-" "Mozilla/5.0 (compatible; DotBot/1.2; +https://opensiteexplorer.org/dotbot; help@moz.com)"
213.209.150.137 - - [05/Jul/2025:11:18:55 -0400] "POST /wp-login.php?action=register HTTP/1.1" 302 0 "-" "-"
213.209.150.137 - - [05/Jul/2025:11:19:04 -0400] "POST /wp-login.php?action=register HTTP/1.1" 302 0 "-" "-"
192.178.6.102 - - [05/Jul/2025:11:19:11 -0400] "GET /?n=18271164945901&channel=7e0f05&from=blog.php%3Fid%3D1649459-9939%26name%3D%E4%B8%AD%E8%8F%AF%E3%81%AA%E3%81%B9+%E3%83%90%E3%82%BF%E3%83%BC+kitchen+gadgets+%E3%83%81%E3%83%BC%E3%82%B9%E3%82%99+%E3%83%95%E3%83%AD%E3%83%9E%E3%83%BC%E3%82%B8%E3%83%A5+%E8%92%B8%E3%81%99+%E3%83%9F%E3%83%AB%E3%82%AF%E3%82%A6%E3%82%A9%E3%83%BC%E3%83%9E%E3%83%BC%E3%83%91%E3%83%B3+%E9%9D%9E+%E5%B0%8F%E3%81%95%E3%81%AA%E3%83%9D%E3%83%83%E3%83%88%E3%81%AB%E6%B2%B9%E3%82%92%E6%B3%A8%E3%81%8E%E3%81%BE%E3%81%99 HTTP/1.1" 301 0 "-" "Mozilla/5.0 (Linux; Android 6.0.1; Nexus 5X Build/MMB29P) AppleWebKit/537.36 (KHTML, like Gecko) Chrome/137.0.7151.103 Mobile Safari/537.36 (compatible; Googlebot/2.1; +http://www.google.com/bot.html)"
192.178.6.102 - - [05/Jul/2025:11:19:13 -0400] "GET /?n=18271164945901&channel=7e0f05&from=blog.php%3Fid%3D1649459-9939%26name%3D%E4%B8%AD%E8%8F%AF%E3%81%AA%E3%81%B9%20%E3%83%90%E3%82%BF%E3%83%BC%20kitchen%20gadgets%20%E3%83%81%E3%83%BC%E3%82%B9%E3%82%99%20%E3%83%95%E3%83%AD%E3%83%9E%E3%83%BC%E3%82%B8%E3%83%A5%20%E8%92%B8%E3%81%99%20%E3%83%9F%E3%83%AB%E3%82%AF%E3%82%A6%E3%82%A9%E3%83%BC%E3%83%9E%E3%83%BC%E3%83%91%E3%83%B3%20%E9%9D%9E%20%E5%B0%8F%E3%81%95%E3%81%AA%E3%83%9D%E3%83%83%E3%83%88%E3%81%AB%E6%B2%B9%E3%82%92%E6%B3%A8%E3%81%8E%E3%81%BE%E3%81%99 HTTP/1.1" 200 29541 "-" "Mozilla/5.0 (Linux; Android 6.0.1; Nexus 5X Build/MMB29P) AppleWebKit/537.36 (KHTML, like Gecko) Chrome/137.0.7151.103 Mobile Safari/537.36 (compatible; Googlebot/2.1; +http://www.google.com/bot.html)"
114.119.135.196 - - [05/Jul/2025:11:19:14 -0400] "GET /2016/01/ HTTP/1.1" 200 14035 "https://fnf.group/plus_wpgallery/" "Mozilla/5.0 (Linux; Android 7.0;) AppleWebKit/537.36 (KHTML, like Gecko) Mobile Safari/537.36 (compatible; PetalBot;+https://webmaster.petalsearch.com/site/petalbot)"
213.209.150.137 - - [05/Jul/2025:11:19:15 -0400] "POST /wp-login.php?action=register HTTP/1.1" 302 0 "-" "-"
213.209.150.137 - - [05/Jul/2025:11:19:27 -0400] "POST /wp-login.php?action=register HTTP/1.1" 302 0 "-" "-"
63.250.38.117 - - [05/Jul/2025:11:19:43 -0400] "POST /wp-cron.php?doing_wp_cron=1751728783.0845439434051513671875 HTTP/1.1" 403 1242 "-" "WordPress/6.8.1; https://fnf.group"
213.209.150.137 - - [05/Jul/2025:11:19:39 -0400] "POST /wp-login.php?action=register HTTP/1.1" 302 0 "-" "-"
47.82.60.22 - - [05/Jul/2025:11:19:50 -0400] "GET /2025/06/30/sweet-bonanza-avis-complet-check-2025-pragmatic-play HTTP/1.1" 301 0 "https://fnf.group/2025/06/30/sweet-bonanza-avis-complet-check-2025-pragmatic-play" "Mozilla/5.0 (Windows NT 10.0; Win64; x64) AppleWebKit/537.36 (KHTML, like Gecko) Chrome/114.0.0.0 Safari/537.36 Edg/114.0.1823.43"
192.178.6.101 - - [05/Jul/2025:11:19:54 -0400] "GET /wp-content/uploads/2020/08/MINI-BEEF-SLIDERS.jpg HTTP/1.1" 200 688519 "-" "Googlebot-Image/1.0"
47.82.60.22 - - [05/Jul/2025:11:19:53 -0400] "GET /2025/06/30/sweet-bonanza-avis-complet-check-2025-pragmatic-play/ HTTP/1.1" 200 28168 "https://fnf.group/2025/06/30/sweet-bonanza-avis-complet-check-2025-pragmatic-play" "Mozilla/5.0 (Windows NT 10.0; Win64; x64) AppleWebKit/537.36 (KHTML, like Gecko) Chrome/114.0.0.0 Safari/537.36 Edg/114.0.1823.43"
213.209.150.137 - - [05/Jul/2025:11:19:54 -0400] "POST /wp-login.php?action=register HTTP/1.1" 302 0 "-" "-"
192.178.6.103 - - [05/Jul/2025:11:20:09 -0400] "GET /?n=091278358005&channel=bfd95f&from=article.php%3Fid%3D83580-373%26name%3D8%E5%80%8B%E3%81%AE%E7%87%83%E6%96%99%E3%82%A4%E3%83%B3%E3%82%B8%E3%82%A7%E3%82%AF%E3%82%BF%E3%83%BC+%E3%83%A9%E3%83%B3%E3%83%89%E3%83%AD%E3%83%BC%E3%83%90%E3%83%BC+%E3%83%AC%E3%83%B3%E3%82%B8%E3%83%AD%E3%83%BC%E3%83%90%E3%83%BC+%E3%82%B9%E3%83%9D%E3%83%BC%E3%83%84+LR3+4.4L+V8+AJ82353+4526563+1955 HTTP/1.1" 301 0 "-" "Mozilla/5.0 (Linux; Android 6.0.1; Nexus 5X Build/MMB29P) AppleWebKit/537.36 (KHTML, like Gecko) Chrome/137.0.7151.103 Mobile Safari/537.36 (compatible; Googlebot/2.1; +http://www.google.com/bot.html)"
213.209.150.137 - - [05/Jul/2025:11:20:07 -0400] "POST /wp-login.php?action=register HTTP/1.1" 302 0 "-" "-"
192.178.6.101 - - [05/Jul/2025:11:20:12 -0400] "GET /?n=091278358005&channel=bfd95f&from=article.php%3Fid%3D83580-373%26name%3D8%E5%80%8B%E3%81%AE%E7%87%83%E6%96%99%E3%82%A4%E3%83%B3%E3%82%B8%E3%82%A7%E3%82%AF%E3%82%BF%E3%83%BC%20%E3%83%A9%E3%83%B3%E3%83%89%E3%83%AD%E3%83%BC%E3%83%90%E3%83%BC%20%E3%83%AC%E3%83%B3%E3%82%B8%E3%83%AD%E3%83%BC%E3%83%90%E3%83%BC%20%E3%82%B9%E3%83%9D%E3%83%BC%E3%83%84%20LR3%204.4L%20V8%20AJ82353%204526563%201955 HTTP/1.1" 200 29543 "-" "Mozilla/5.0 (Linux; Android 6.0.1; Nexus 5X Build/MMB29P) AppleWebKit/537.36 (KHTML, like Gecko) Chrome/137.0.7151.103 Mobile Safari/537.36 (compatible; Googlebot/2.1; +http://www.google.com/bot.html)"
213.209.150.137 - - [05/Jul/2025:11:20:22 -0400] "POST /wp-login.php?action=register HTTP/1.1" 302 0 "-" "-"
216.244.66.226 - - [05/Jul/2025:11:20:35 -0400] "GET /tag/mini/feed/ HTTP/1.1" 500 1034 "-" "Mozilla/5.0 (compatible; DotBot/1.2; +https://opensiteexplorer.org/dotbot; help@moz.com)"
114.119.154.189 - - [05/Jul/2025:11:20:36 -0400] "GET /2013/09/28/serious-bikes-are-fun HTTP/1.1" 301 0 "-" "Mozilla/5.0 (Linux; Android 7.0;) AppleWebKit/537.36 (KHTML, like Gecko) Mobile Safari/537.36 (compatible; PetalBot;+https://webmaster.petalsearch.com/site/petalbot)"
114.119.154.189 - - [05/Jul/2025:11:20:39 -0400] "GET /2013/09/28/serious-bikes-are-fun/ HTTP/1.1" 200 18777 "-" "Mozilla/5.0 (Linux; Android 7.0;) AppleWebKit/537.36 (KHTML, like Gecko) Mobile Safari/537.36 (compatible; PetalBot;+https://webmaster.petalsearch.com/site/petalbot)"
63.250.38.117 - - [05/Jul/2025:11:21:09 -0400] "POST /wp-cron.php?doing_wp_cron=1751728869.4757170677185058593750 HTTP/1.1" 403 1242 "-" "WordPress/6.8.1; https://fnf.group"
192.178.6.101 - - [05/Jul/2025:11:21:08 -0400] "GET /?n=72896101257106&channel=366e24&from=blog.php%3Fid%3D1012571-7143%26name%3D%E5%A3%81%E6%8E%9B%E3%81%91%E3%83%AF%E3%82%A4%E3%83%B3%E3%83%A9%E3%83%83%E3%82%AF+%E3%83%90%E3%83%BC%E3%83%AF%E3%82%A4%E3%83%B3%E3%83%A9%E3%83%83%E3%82%AF+%E5%A4%A9%E4%BA%95%E9%80%86%E3%81%95%E3%81%BE%E3%83%AF%E3%82%A4%E3%83%B3%E3%82%B0%E3%83%A9%E3%82%B9%E3%83%9B%E3%83%AB%E3%83%80%E3%83%BC+%E3%83%AC%E3%82%B9%E3%83%88%E3%83%A9%E3%83%B3+%E5%90%8A%E3%82%8A%E4%B8%8B%E3%81%92%E3%83%AF%E3%82%A4%E3%83%B3%E3%83%9C%E3%83%88%E3%83%AB%E3%83%A9%E3%83%83%E3%82%AF+%E3%82%B4%E3%83%96%E3%83%AC%E3%83%83%E3%83%88%E3%83%A9%E3%83%83%E3%82%AF%E4%BB%98%E3%81%8D HTTP/1.1" 301 0 "-" "Mozilla/5.0 (Linux; Android 6.0.1; Nexus 5X Build/MMB29P) AppleWebKit/537.36 (KHTML, like Gecko) Chrome/137.0.7151.103 Mobile Safari/537.36 (compatible; Googlebot/2.1; +http://www.google.com/bot.html)"
192.178.6.102 - - [05/Jul/2025:11:21:09 -0400] "GET /?n=72896101257106&channel=366e24&from=blog.php%3Fid%3D1012571-7143%26name%3D%E5%A3%81%E6%8E%9B%E3%81%91%E3%83%AF%E3%82%A4%E3%83%B3%E3%83%A9%E3%83%83%E3%82%AF%20%E3%83%90%E3%83%BC%E3%83%AF%E3%82%A4%E3%83%B3%E3%83%A9%E3%83%83%E3%82%AF%20%E5%A4%A9%E4%BA%95%E9%80%86%E3%81%95%E3%81%BE%E3%83%AF%E3%82%A4%E3%83%B3%E3%82%B0%E3%83%A9%E3%82%B9%E3%83%9B%E3%83%AB%E3%83%80%E3%83%BC%20%E3%83%AC%E3%82%B9%E3%83%88%E3%83%A9%E3%83%B3%20%E5%90%8A%E3%82%8A%E4%B8%8B%E3%81%92%E3%83%AF%E3%82%A4%E3%83%B3%E3%83%9C%E3%83%88%E3%83%AB%E3%83%A9%E3%83%83%E3%82%AF%20%E3%82%B4%E3%83%96%E3%83%AC%E3%83%83%E3%83%88%E3%83%A9%E3%83%83%E3%82%AF%E4%BB%98%E3%81%8D HTTP/1.1" 200 29536 "-" "Mozilla/5.0 (Linux; Android 6.0.1; Nexus 5X Build/MMB29P) AppleWebKit/537.36 (KHTML, like Gecko) Chrome/137.0.7151.103 Mobile Safari/537.36 (compatible; Googlebot/2.1; +http://www.google.com/bot.html)"
114.119.148.60 - - [05/Jul/2025:11:21:59 -0400] "GET /recipes/page/7 HTTP/1.1" 301 0 "-" "Mozilla/5.0 (Linux; Android 7.0;) AppleWebKit/537.36 (KHTML, like Gecko) Mobile Safari/537.36 (compatible; PetalBot;+https://webmaster.petalsearch.com/site/petalbot)"
114.119.148.60 - - [05/Jul/2025:11:22:02 -0400] "GET /recipes/page/7/ HTTP/1.1" 200 14964 "-" "Mozilla/5.0 (Linux; Android 7.0;) AppleWebKit/537.36 (KHTML, like Gecko) Mobile Safari/537.36 (compatible; PetalBot;+https://webmaster.petalsearch.com/site/petalbot)"
63.250.38.117 - - [05/Jul/2025:11:22:11 -0400] "POST /wp-cron.php?doing_wp_cron=1751728930.9651219844818115234375 HTTP/1.1" 403 1242 "-" "WordPress/6.8.1; https://fnf.group"
63.250.38.117 - - [05/Jul/2025:11:22:11 -0400] "POST /wp-cron.php?doing_wp_cron=1751728931.2831089496612548828125 HTTP/1.1" 403 1242 "-" "WordPress/6.8.1; https://fnf.group"
192.178.6.101 - - [05/Jul/2025:11:22:07 -0400] "GET /?n=9074028351305&channel=5dde9c&from=jp.php%3Fid%3D283513-2201%26name%3DCHERISH-AUTO+1%E3%83%94%E3%83%BC%E3%82%B9+OEM+23221-28290+2322128290+%E7%87%83%E6%96%99%E3%83%9D%E3%83%B3%E3%83%97%E3%82%A2%E3%82%BB%E3%83%B3%E3%83%96%E3%83%AA+Compatible HTTP/1.1" 301 0 "-" "Mozilla/5.0 (Linux; Android 6.0.1; Nexus 5X Build/MMB29P) AppleWebKit/537.36 (KHTML, like Gecko) Chrome/137.0.7151.103 Mobile Safari/537.36 (compatible; Googlebot/2.1; +http://www.google.com/bot.html)"
84.54.44.204 - - [05/Jul/2025:11:22:07 -0400] "GET /2021/03/21/fondant-orange-cake-by-chanda-arshad/ HTTP/1.1" 200 18818 "https://fnf.group/2021/03/21/fondant-orange-cake-by-chanda-arshad/#comment-29564" "Mozilla/5.0 (Windows NT 10.0; Win64; x64) AppleWebKit/537.36 (KHTML, like Gecko) Chrome/130.0.0.0 Safari/537.36"
84.54.44.204 - - [05/Jul/2025:11:22:13 -0400] "POST /wp-comments-post.php HTTP/1.1" 403 1242 "https://fnf.group/2021/03/21/fondant-orange-cake-by-chanda-arshad/#comment-29564" "Mozilla/5.0 (Windows NT 10.0; Win64; x64) AppleWebKit/537.36 (KHTML, like Gecko) Chrome/130.0.0.0 Safari/537.36"
192.178.6.102 - - [05/Jul/2025:11:22:12 -0400] "GET /?n=9074028351305&channel=5dde9c&from=jp.php%3Fid%3D283513-2201%26name%3DCHERISH-AUTO%201%E3%83%94%E3%83%BC%E3%82%B9%20OEM%2023221-28290%202322128290%20%E7%87%83%E6%96%99%E3%83%9D%E3%83%B3%E3%83%97%E3%82%A2%E3%82%BB%E3%83%B3%E3%83%96%E3%83%AA%20Compatible HTTP/1.1" 200 29544 "-" "Mozilla/5.0 (Linux; Android 6.0.1; Nexus 5X Build/MMB29P) AppleWebKit/537.36 (KHTML, like Gecko) Chrome/137.0.7151.103 Mobile Safari/537.36 (compatible; Googlebot/2.1; +http://www.google.com/bot.html)"
63.250.38.117 - - [05/Jul/2025:11:23:29 -0400] "POST /wp-cron.php?doing_wp_cron=1751729009.3639099597930908203125 HTTP/1.1" 403 1242 "-" "WordPress/6.8.1; https://fnf.group"
114.119.137.28 - - [05/Jul/2025:11:23:24 -0400] "GET /recipes/page/2 HTTP/1.1" 301 0 "-" "Mozilla/5.0 (Linux; Android 7.0;) AppleWebKit/537.36 (KHTML, like Gecko) Mobile Safari/537.36 (compatible; PetalBot;+https://webmaster.petalsearch.com/site/petalbot)"
114.119.137.28 - - [05/Jul/2025:11:23:31 -0400] "GET /recipes/page/2/ HTTP/1.1" 200 14781 "-" "Mozilla/5.0 (Linux; Android 7.0;) AppleWebKit/537.36 (KHTML, like Gecko) Mobile Safari/537.36 (compatible; PetalBot;+https://webmaster.petalsearch.com/site/petalbot)"
192.178.6.101 - - [05/Jul/2025:11:23:45 -0400] "GET /wp-content/uploads/2020/12/foodies.png HTTP/1.1" 304 0 "-" "Googlebot-Image/1.0"
14.175.141.102 - - [05/Jul/2025:11:23:49 -0400] "POST /xmlrpc.php HTTP/1.1" 403 1242 "-" "python-requests/2.28.1"
