192.178.6.102 - - [05/Jul/2025:15:59:40 -0400] "GET /?n=29028165587804&channel=0d43fd&from=blog.php%3Fid%3D1655878-21526%26name%3D%E3%82%B7%E3%83%93%E3%83%83%E3%82%AF+FC1%2FFK8%2FFK7+%E3%82%B7%E3%83%BC%E3%83%88%E8%BB%8A%E5%86%85+%E9%9A%99%E9%96%93%E3%83%A9%E3%83%90%E3%83%BC%E3%82%BF%E3%82%A4%E3%83%97A+%E7%84%A1%E5%9C%B0+%E9%9A%99%E9%96%93%E5%9F%8B%E3%82%81+%E3%82%A2%E3%82%AF%E3%82%BB%E3%82%B5%E3%83%AA+%E8%BB%8A%E7%94%A8%E5%93%81++%E3%83%A9%E3%83%90%E3%83%BC+%E8%BB%8A%E3%82%B7%E3%83%BC%E3%83%88+%E9%9A%99%E9%96%93++%E3%82%B7%E3%83%B3%E3%83%97%E3%83%AB++%E5%86%85%E8%A3%85++%E4%BE%BF%E5%88%A9 HTTP/1.1" 301 0 "-" "Mozilla/5.0 (Linux; Android 6.0.1; Nexus 5X Build/MMB29P) AppleWebKit/537.36 (KHTML, like Gecko) Chrome/137.0.7151.103 Mobile Safari/537.36 (compatible; Googlebot/2.1; +http://www.google.com/bot.html)"
63.250.38.117 - - [05/Jul/2025:15:59:43 -0400] "POST /wp-cron.php?doing_wp_cron=1751745583.5853741168975830078125 HTTP/1.1" 403 1242 "-" "WordPress/6.8.1; https://fnf.group"
192.178.6.100 - - [05/Jul/2025:15:59:40 -0400] "GET /?n=9016841072100&channel=fe4507&from=shop.php%3Fid%3D410721-6666%26name%3D2%E3%83%91%E3%83%83%E3%82%AF%E3%82%AD%E3%83%A3%E3%83%93%E3%83%8D%E3%83%83%E3%83%88%E3%83%8F%E3%83%B3%E3%83%89%E3%83%AB%E3%82%AD%E3%83%A3%E3%83%93%E3%83%8D%E3%83%83%E3%83%88%E7%94%A8%E3%83%96%E3%83%A9%E3%83%83%E3%82%AF%E3%82%AD%E3%83%83%E3%83%81%E3%83%B3%E3%83%8F%E3%83%B3%E3%83%89%E3%83%AB%E9%A3%9F%E5%99%A8%E6%A3%9A%E3%83%8F%E3%83%B3%E3%83%89%E3%83%ABHDJ12BK61%2F4%E3%82%A4%E3%83%B3%E3%83%81%E7%A9%B4%E3%82%BB%E3%83%B3%E3%82%BF%E3%83%BC%E5%BC%95%E3%81%8D%E5%87%BA%E3%81%97%E3%83%8F%E3%83%B3%E3%83%89 HTTP/1.1" 200 30567 "-" "Mozilla/5.0 (Linux; Android 6.0.1; Nexus 5X Build/MMB29P) AppleWebKit/537.36 (KHTML, like Gecko) Chrome/137.0.7151.103 Mobile Safari/537.36 (compatible; Googlebot/2.1; +http://www.google.com/bot.html)"
192.178.6.102 - - [05/Jul/2025:15:59:43 -0400] "GET /?n=29028165587804&channel=0d43fd&from=blog.php%3Fid%3D1655878-21526%26name%3D%E3%82%B7%E3%83%93%E3%83%83%E3%82%AF%20FC1%2FFK8%2FFK7%20%E3%82%B7%E3%83%BC%E3%83%88%E8%BB%8A%E5%86%85%20%E9%9A%99%E9%96%93%E3%83%A9%E3%83%90%E3%83%BC%E3%82%BF%E3%82%A4%E3%83%97A%20%E7%84%A1%E5%9C%B0%20%E9%9A%99%E9%96%93%E5%9F%8B%E3%82%81%20%E3%82%A2%E3%82%AF%E3%82%BB%E3%82%B5%E3%83%AA%20%E8%BB%8A%E7%94%A8%E5%93%81%20%20%E3%83%A9%E3%83%90%E3%83%BC%20%E8%BB%8A%E3%82%B7%E3%83%BC%E3%83%88%20%E9%9A%99%E9%96%93%20%20%E3%82%B7%E3%83%B3%E3%83%97%E3%83%AB%20%20%E5%86%85%E8%A3%85%20%20%E4%BE%BF%E5%88%A9 HTTP/1.1" 200 30568 "-" "Mozilla/5.0 (Linux; Android 6.0.1; Nexus 5X Build/MMB29P) AppleWebKit/537.36 (KHTML, like Gecko) Chrome/137.0.7151.103 Mobile Safari/537.36 (compatible; Googlebot/2.1; +http://www.google.com/bot.html)"
192.178.6.101 - - [05/Jul/2025:15:59:47 -0400] "GET /?n=5820086403502&channel=c0b526&from=brands.php%3Fid%3D864035-2107%26name%3D%E3%83%99%E3%83%B3%E3%83%84+W213+W222+W238+W257+W447+Vito+Sprinter+%E5%AF%BE%E5%BF%9C+Nox+%E3%82%BB%E3%83%B3%E3%82%B5%E3%83%BC+A0009053009 HTTP/1.1" 301 0 "-" "Mozilla/5.0 (Linux; Android 6.0.1; Nexus 5X Build/MMB29P) AppleWebKit/537.36 (KHTML, like Gecko) Chrome/137.0.7151.103 Mobile Safari/537.36 (compatible; Googlebot/2.1; +http://www.google.com/bot.html)"
192.178.6.100 - - [05/Jul/2025:15:59:49 -0400] "GET /?n=5820086403502&channel=c0b526&from=brands.php%3Fid%3D864035-2107%26name%3D%E3%83%99%E3%83%B3%E3%83%84%20W213%20W222%20W238%20W257%20W447%20Vito%20Sprinter%20%E5%AF%BE%E5%BF%9C%20Nox%20%E3%82%BB%E3%83%B3%E3%82%B5%E3%83%BC%20A0009053009 HTTP/1.1" 200 30568 "-" "Mozilla/5.0 (Linux; Android 6.0.1; Nexus 5X Build/MMB29P) AppleWebKit/537.36 (KHTML, like Gecko) Chrome/137.0.7151.103 Mobile Safari/537.36 (compatible; Googlebot/2.1; +http://www.google.com/bot.html)"
192.178.6.100 - - [05/Jul/2025:16:00:24 -0400] "GET /?n=17862154319702&channel=6194da&from=article.php%3Fid%3D1543197-16720%26name%3D%E3%83%87%E3%83%A5%E3%82%A8%E3%83%AB%E3%83%9E%E3%82%B9%E3%82%BF%E3%83%BC%E3%82%BA%E3%80%80GOD%E3%83%87%E3%83%83%E3%82%AD%E3%80%8046%E6%9E%9A HTTP/1.1" 200 30565 "-" "Mozilla/5.0 (Linux; Android 6.0.1; Nexus 5X Build/MMB29P) AppleWebKit/537.36 (KHTML, like Gecko) Chrome/137.0.7151.103 Mobile Safari/537.36 (compatible; Googlebot/2.1; +http://www.google.com/bot.html)"
216.73.216.174 - - [05/Jul/2025:16:01:03 -0400] "GET /tag/fnf/page/2/ HTTP/1.1" 500 1034 "-" "Mozilla/5.0 AppleWebKit/537.36 (KHTML, like Gecko; compatible; ClaudeBot/1.0; +claudebot@anthropic.com)"
63.250.38.117 - - [05/Jul/2025:16:01:27 -0400] "POST /wp-cron.php?doing_wp_cron=1751745687.6757960319519042968750 HTTP/1.1" 403 1242 "-" "WordPress/6.8.1; https://fnf.group"
34.78.35.11 - - [05/Jul/2025:16:01:24 -0400] "GET /2025/07/05/lucky-jungle-on-line-casino-recension-fa-3-thousands-omsattningsfria-spins-expert-support-service/ HTTP/1.1" 200 28683 "-" "Mozilla/5.0 (Windows NT 10.0; Win64; x64) AppleWebKit/537.36 (KHTML, like Gecko) Chrome/134.0.0.0 Safari/537.36"
34.78.35.11 - - [05/Jul/2025:16:01:30 -0400] "GET /wp-content/mu-plugins/1and1-wordpress-assistant/js/cookies.js?ver=6.8.1 HTTP/1.1" 304 0 "https://fnf.group/2025/07/05/lucky-jungle-on-line-casino-recension-fa-3-thousands-omsattningsfria-spins-expert-support-service/" "Mozilla/5.0 (Windows NT 10.0; Win64; x64) AppleWebKit/537.36 (KHTML, like Gecko) Chrome/134.0.0.0 Safari/537.36"
34.78.35.11 - - [05/Jul/2025:16:01:30 -0400] "GET /wp-includes/js/jquery/jquery-migrate.min.js?ver=3.4.1 HTTP/1.1" 304 0 "https://fnf.group/2025/07/05/lucky-jungle-on-line-casino-recension-fa-3-thousands-omsattningsfria-spins-expert-support-service/" "Mozilla/5.0 (Windows NT 10.0; Win64; x64) AppleWebKit/537.36 (KHTML, like Gecko) Chrome/134.0.0.0 Safari/537.36"
34.78.35.11 - - [05/Jul/2025:16:01:30 -0400] "GET /wp-content/plugins/user-submitted-posts/resources/jquery.cookie.js?ver=20250329 HTTP/1.1" 304 0 "https://fnf.group/2025/07/05/lucky-jungle-on-line-casino-recension-fa-3-thousands-omsattningsfria-spins-expert-support-service/" "Mozilla/5.0 (Windows NT 10.0; Win64; x64) AppleWebKit/537.36 (KHTML, like Gecko) Chrome/134.0.0.0 Safari/537.36"
34.78.35.11 - - [05/Jul/2025:16:01:30 -0400] "GET /wp-content/plugins/user-submitted-posts/resources/jquery.parsley.min.js?ver=20250329 HTTP/1.1" 304 0 "https://fnf.group/2025/07/05/lucky-jungle-on-line-casino-recension-fa-3-thousands-omsattningsfria-spins-expert-support-service/" "Mozilla/5.0 (Windows NT 10.0; Win64; x64) AppleWebKit/537.36 (KHTML, like Gecko) Chrome/134.0.0.0 Safari/537.36"
34.78.35.11 - - [05/Jul/2025:16:01:30 -0400] "GET /wp-includes/js/jquery/jquery.min.js?ver=3.7.1 HTTP/1.1" 304 0 "https://fnf.group/2025/07/05/lucky-jungle-on-line-casino-recension-fa-3-thousands-omsattningsfria-spins-expert-support-service/" "Mozilla/5.0 (Windows NT 10.0; Win64; x64) AppleWebKit/537.36 (KHTML, like Gecko) Chrome/134.0.0.0 Safari/537.36"
34.78.35.11 - - [05/Jul/2025:16:01:30 -0400] "GET /wp-content/plugins/hit_plusgallery/assets/js/plusgallery.js?ver=2.0.4 HTTP/1.1" 304 0 "https://fnf.group/2025/07/05/lucky-jungle-on-line-casino-recension-fa-3-thousands-omsattningsfria-spins-expert-support-service/" "Mozilla/5.0 (Windows NT 10.0; Win64; x64) AppleWebKit/537.36 (KHTML, like Gecko) Chrome/134.0.0.0 Safari/537.36"
34.78.35.11 - - [05/Jul/2025:16:01:30 -0400] "GET /wp-content/plugins/hit_plusgallery/assets/js/isotope.pkgd.min.js?ver=6.8.1 HTTP/1.1" 304 0 "https://fnf.group/2025/07/05/lucky-jungle-on-line-casino-recension-fa-3-thousands-omsattningsfria-spins-expert-support-service/" "Mozilla/5.0 (Windows NT 10.0; Win64; x64) AppleWebKit/537.36 (KHTML, like Gecko) Chrome/134.0.0.0 Safari/537.36"
34.78.35.11 - - [05/Jul/2025:16:01:30 -0400] "GET /wp-content/plugins/user-submitted-posts/resources/jquery.usp.core.js?ver=20250329 HTTP/1.1" 304 0 "https://fnf.group/2025/07/05/lucky-jungle-on-line-casino-recension-fa-3-thousands-omsattningsfria-spins-expert-support-service/" "Mozilla/5.0 (Windows NT 10.0; Win64; x64) AppleWebKit/537.36 (KHTML, like Gecko) Chrome/134.0.0.0 Safari/537.36"
34.78.35.11 - - [05/Jul/2025:16:01:30 -0400] "GET /wp-includes/js/dist/hooks.min.js?ver=4d63a3d491d11ffd8ac6 HTTP/1.1" 304 0 "https://fnf.group/2025/07/05/lucky-jungle-on-line-casino-recension-fa-3-thousands-omsattningsfria-spins-expert-support-service/" "Mozilla/5.0 (Windows NT 10.0; Win64; x64) AppleWebKit/537.36 (KHTML, like Gecko) Chrome/134.0.0.0 Safari/537.36"
34.78.35.11 - - [05/Jul/2025:16:01:30 -0400] "GET /wp-includes/js/dist/i18n.min.js?ver=5e580eb46a90c2b997e6 HTTP/1.1" 304 0 "https://fnf.group/2025/07/05/lucky-jungle-on-line-casino-recension-fa-3-thousands-omsattningsfria-spins-expert-support-service/" "Mozilla/5.0 (Windows NT 10.0; Win64; x64) AppleWebKit/537.36 (KHTML, like Gecko) Chrome/134.0.0.0 Safari/537.36"
34.78.35.11 - - [05/Jul/2025:16:01:31 -0400] "GET /wp-content/plugins/contact-form-7/includes/swv/js/index.js?ver=6.1 HTTP/1.1" 304 0 "https://fnf.group/2025/07/05/lucky-jungle-on-line-casino-recension-fa-3-thousands-omsattningsfria-spins-expert-support-service/" "Mozilla/5.0 (Windows NT 10.0; Win64; x64) AppleWebKit/537.36 (KHTML, like Gecko) Chrome/134.0.0.0 Safari/537.36"
34.78.35.11 - - [05/Jul/2025:16:01:31 -0400] "GET /wp-content/themes/salient/js/build/priority.js?ver=15.1.0 HTTP/1.1" 304 0 "https://fnf.group/2025/07/05/lucky-jungle-on-line-casino-recension-fa-3-thousands-omsattningsfria-spins-expert-support-service/" "Mozilla/5.0 (Windows NT 10.0; Win64; x64) AppleWebKit/537.36 (KHTML, like Gecko) Chrome/134.0.0.0 Safari/537.36"
34.78.35.11 - - [05/Jul/2025:16:01:31 -0400] "GET /wp-content/plugins/salient-portfolio/js/third-party/imagesLoaded.min.js?ver=4.1.4 HTTP/1.1" 304 0 "https://fnf.group/2025/07/05/lucky-jungle-on-line-casino-recension-fa-3-thousands-omsattningsfria-spins-expert-support-service/" "Mozilla/5.0 (Windows NT 10.0; Win64; x64) AppleWebKit/537.36 (KHTML, like Gecko) Chrome/134.0.0.0 Safari/537.36"
34.78.35.11 - - [05/Jul/2025:16:01:31 -0400] "GET /wp-content/themes/salient/js/build/third-party/transit.min.js?ver=0.9.9 HTTP/1.1" 304 0 "https://fnf.group/2025/07/05/lucky-jungle-on-line-casino-recension-fa-3-thousands-omsattningsfria-spins-expert-support-service/" "Mozilla/5.0 (Windows NT 10.0; Win64; x64) AppleWebKit/537.36 (KHTML, like Gecko) Chrome/134.0.0.0 Safari/537.36"
34.78.35.11 - - [05/Jul/2025:16:01:31 -0400] "GET /wp-content/plugins/salient-social/js/salient-social.js?ver=1.1 HTTP/1.1" 304 0 "https://fnf.group/2025/07/05/lucky-jungle-on-line-casino-recension-fa-3-thousands-omsattningsfria-spins-expert-support-service/" "Mozilla/5.0 (Windows NT 10.0; Win64; x64) AppleWebKit/537.36 (KHTML, like Gecko) Chrome/134.0.0.0 Safari/537.36"
34.78.35.11 - - [05/Jul/2025:16:01:31 -0400] "GET /wp-content/themes/salient/js/build/third-party/jquery.mousewheel.min.js?ver=3.1.13 HTTP/1.1" 304 0 "https://fnf.group/2025/07/05/lucky-jungle-on-line-casino-recension-fa-3-thousands-omsattningsfria-spins-expert-support-service/" "Mozilla/5.0 (Windows NT 10.0; Win64; x64) AppleWebKit/537.36 (KHTML, like Gecko) Chrome/134.0.0.0 Safari/537.36"
34.78.35.11 - - [05/Jul/2025:16:01:31 -0400] "GET /wp-content/plugins/contact-form-7/includes/js/index.js?ver=6.1 HTTP/1.1" 304 0 "https://fnf.group/2025/07/05/lucky-jungle-on-line-casino-recension-fa-3-thousands-omsattningsfria-spins-expert-support-service/" "Mozilla/5.0 (Windows NT 10.0; Win64; x64) AppleWebKit/537.36 (KHTML, like Gecko) Chrome/134.0.0.0 Safari/537.36"
34.78.35.11 - - [05/Jul/2025:16:01:31 -0400] "GET /wp-content/themes/salient/js/build/third-party/jquery.easing.min.js?ver=1.3 HTTP/1.1" 304 0 "https://fnf.group/2025/07/05/lucky-jungle-on-line-casino-recension-fa-3-thousands-omsattningsfria-spins-expert-support-service/" "Mozilla/5.0 (Windows NT 10.0; Win64; x64) AppleWebKit/537.36 (KHTML, like Gecko) Chrome/134.0.0.0 Safari/537.36"
34.78.35.11 - - [05/Jul/2025:16:01:31 -0400] "GET /wp-content/themes/salient/js/build/third-party/anime.min.js?ver=4.5.1 HTTP/1.1" 304 0 "https://fnf.group/2025/07/05/lucky-jungle-on-line-casino-recension-fa-3-thousands-omsattningsfria-spins-expert-support-service/" "Mozilla/5.0 (Windows NT 10.0; Win64; x64) AppleWebKit/537.36 (KHTML, like Gecko) Chrome/134.0.0.0 Safari/537.36"
34.78.35.11 - - [05/Jul/2025:16:01:31 -0400] "GET /wp-content/themes/salient/js/build/third-party/hoverintent.min.js?ver=1.9 HTTP/1.1" 304 0 "https://fnf.group/2025/07/05/lucky-jungle-on-line-casino-recension-fa-3-thousands-omsattningsfria-spins-expert-support-service/" "Mozilla/5.0 (Windows NT 10.0; Win64; x64) AppleWebKit/537.36 (KHTML, like Gecko) Chrome/134.0.0.0 Safari/537.36"
34.78.35.11 - - [05/Jul/2025:16:01:31 -0400] "GET /wp-content/themes/salient/js/build/init.js?ver=15.1.0 HTTP/1.1" 304 0 "https://fnf.group/2025/07/05/lucky-jungle-on-line-casino-recension-fa-3-thousands-omsattningsfria-spins-expert-support-service/" "Mozilla/5.0 (Windows NT 10.0; Win64; x64) AppleWebKit/537.36 (KHTML, like Gecko) Chrome/134.0.0.0 Safari/537.36"
34.78.35.11 - - [05/Jul/2025:16:01:31 -0400] "GET /wp-content/plugins/wp-smush-pro/app/assets/js/smush-lazy-load.min.js?ver=3.6.0 HTTP/1.1" 304 0 "https://fnf.group/2025/07/05/lucky-jungle-on-line-casino-recension-fa-3-thousands-omsattningsfria-spins-expert-support-service/" "Mozilla/5.0 (Windows NT 10.0; Win64; x64) AppleWebKit/537.36 (KHTML, like Gecko) Chrome/134.0.0.0 Safari/537.36"
34.78.35.11 - - [05/Jul/2025:16:01:31 -0400] "GET /wp-content/themes/salient/js/build/third-party/superfish.js?ver=1.5.8 HTTP/1.1" 304 0 "https://fnf.group/2025/07/05/lucky-jungle-on-line-casino-recension-fa-3-thousands-omsattningsfria-spins-expert-support-service/" "Mozilla/5.0 (Windows NT 10.0; Win64; x64) AppleWebKit/537.36 (KHTML, like Gecko) Chrome/134.0.0.0 Safari/537.36"
34.78.35.11 - - [05/Jul/2025:16:01:31 -0400] "GET /wp-includes/js/comment-reply.min.js?ver=6.8.1 HTTP/1.1" 304 0 "https://fnf.group/2025/07/05/lucky-jungle-on-line-casino-recension-fa-3-thousands-omsattningsfria-spins-expert-support-service/" "Mozilla/5.0 (Windows NT 10.0; Win64; x64) AppleWebKit/537.36 (KHTML, like Gecko) Chrome/134.0.0.0 Safari/537.36"
34.78.35.11 - - [05/Jul/2025:16:01:31 -0400] "GET /wp-content/themes/salient/js/build/third-party/stickkit.js?ver=1.0 HTTP/1.1" 304 0 "https://fnf.group/2025/07/05/lucky-jungle-on-line-casino-recension-fa-3-thousands-omsattningsfria-spins-expert-support-service/" "Mozilla/5.0 (Windows NT 10.0; Win64; x64) AppleWebKit/537.36 (KHTML, like Gecko) Chrome/134.0.0.0 Safari/537.36"
34.78.35.11 - - [05/Jul/2025:16:01:31 -0400] "GET /wp-content/themes/salient/js/build/third-party/magnific.js?ver=7.0.1 HTTP/1.1" 304 0 "https://fnf.group/2025/07/05/lucky-jungle-on-line-casino-recension-fa-3-thousands-omsattningsfria-spins-expert-support-service/" "Mozilla/5.0 (Windows NT 10.0; Win64; x64) AppleWebKit/537.36 (KHTML, like Gecko) Chrome/134.0.0.0 Safari/537.36"
34.78.35.11 - - [05/Jul/2025:16:01:31 -0400] "GET /wp-content/plugins/salient-core/js/third-party/touchswipe.min.js?ver=1.0 HTTP/1.1" 304 0 "https://fnf.group/2025/07/05/lucky-jungle-on-line-casino-recension-fa-3-thousands-omsattningsfria-spins-expert-support-service/" "Mozilla/5.0 (Windows NT 10.0; Win64; x64) AppleWebKit/537.36 (KHTML, like Gecko) Chrome/134.0.0.0 Safari/537.36"
34.78.35.11 - - [05/Jul/2025:16:01:31 -0400] "GET /wp-includes/js/imagesloaded.min.js?ver=5.0.0 HTTP/1.1" 304 0 "https://fnf.group/2025/07/05/lucky-jungle-on-line-casino-recension-fa-3-thousands-omsattningsfria-spins-expert-support-service/" "Mozilla/5.0 (Windows NT 10.0; Win64; x64) AppleWebKit/537.36 (KHTML, like Gecko) Chrome/134.0.0.0 Safari/537.36"
34.78.35.11 - - [05/Jul/2025:16:01:31 -0400] "GET /wp-content/themes/salient/js/build/third-party/waypoints.js?ver=4.0.2 HTTP/1.1" 304 0 "https://fnf.group/2025/07/05/lucky-jungle-on-line-casino-recension-fa-3-thousands-omsattningsfria-spins-expert-support-service/" "Mozilla/5.0 (Windows NT 10.0; Win64; x64) AppleWebKit/537.36 (KHTML, like Gecko) Chrome/134.0.0.0 Safari/537.36"
34.78.35.11 - - [05/Jul/2025:16:01:32 -0400] "GET /wp-includes/js/wp-emoji-release.min.js?ver=6.8.1 HTTP/1.1" 304 0 "https://fnf.group/2025/07/05/lucky-jungle-on-line-casino-recension-fa-3-thousands-omsattningsfria-spins-expert-support-service/" "Mozilla/5.0 (Windows NT 10.0; Win64; x64) AppleWebKit/537.36 (KHTML, like Gecko) Chrome/134.0.0.0 Safari/537.36"
2a01:4f9:c010:b56::1 - - [05/Jul/2025:16:01:36 -0400] "POST /xmlrpc.php HTTP/1.1" 403 1242 "https://fnf.group" "Mozilla/5.0 (Macintosh; Intel Mac OS X 10_15_7) AppleWebKit/537.36 (KHTML, like Gecko) Chrome/112.0.5615.138 Safari/537.36"
192.178.6.100 - - [05/Jul/2025:16:01:34 -0400] "GET /?n=2503944359105&channel=4c22e7&from=goods.php%3Fid%3D443591-8266%26name%3D2%E3%81%A4%E3%81%AE%E3%82%AC%E3%83%A9%E3%82%B9%E3%83%91%E3%83%BC%E3%83%86%E3%82%A3%E3%82%B7%E3%83%A7%E3%83%B3%E3%82%B9%E3%82%AF%E3%83%AA%E3%83%BC%E3%83%B3%E3%82%AF%E3%83%A9%E3%83%B3%E3%83%97%E3%83%87%E3%82%B9%E3%82%AF%E3%83%88%E3%83%83%E3%83%97%E3%83%91%E3%83%BC%E3%83%86%E3%82%A3%E3%82%B7%E3%83%A7%E3%83%B3%E3%82%AF%E3%83%A9%E3%83%B3%E3%83%97%E3%82%B9%E3%82%AF%E3%83%AA%E3%83%BC%E3%83%B3%E3%83%96%E3%83%A9%E3%82%B1%E3%83%83%E3%83%88%E3%82%B9%E3%82%AF%E3%83%AA%E3%83%BC%E3%83%B3%E3%83%91%E3%83%BC%E3%83%86%E3%82%A3%E3%82%B7%E3%83%A7%E3%83%B3%E3%82%AF%E3%83%A9%E3%83%B3%E3%83%97%E3%82%A2 HTTP/1.1" 200 30569 "-" "Mozilla/5.0 (Linux; Android 6.0.1; Nexus 5X Build/MMB29P) AppleWebKit/537.36 (KHTML, like Gecko) Chrome/137.0.7151.103 Mobile Safari/537.36 (compatible; Googlebot/2.1; +http://www.google.com/bot.html)"
2a01:4f9:c010:b56::1 - - [05/Jul/2025:16:01:37 -0400] "POST /wp-login.php HTTP/1.1" 200 3936 "https://fnf.group" "Mozilla/5.0 (Macintosh; Intel Mac OS X 10_15_7) AppleWebKit/537.36 (KHTML, like Gecko) Chrome/114.0.5735.134 Safari/537.36"
216.73.216.174 - - [05/Jul/2025:16:01:54 -0400] "GET /tag/saudi-style/ HTTP/1.1" 500 1034 "-" "Mozilla/5.0 AppleWebKit/537.36 (KHTML, like Gecko; compatible; ClaudeBot/1.0; +claudebot@anthropic.com)"
134.17.14.12 - - [05/Jul/2025:16:02:05 -0400] "GET /wp-content/plugins/elementor-pro/vendor/composer/content.php HTTP/1.1" 404 11504 "-" "Mozilla/5.0 (Windows NT 10.0; Win64; x64; rv:139.0) Gecko/20100101 Firefox/139.0"
63.250.38.117 - - [05/Jul/2025:16:02:51 -0400] "POST /wp-cron.php?doing_wp_cron=1751745770.8746669292449951171875 HTTP/1.1" 403 1242 "-" "WordPress/6.8.1; https://fnf.group"
192.178.6.101 - - [05/Jul/2025:16:02:48 -0400] "GET /?n=0711298319302&channel=80baa1&from=brands.php%3Fid%3D983193-368%26name%3D%E3%82%AD%E3%83%A3%E3%83%96%E3%83%AC%E3%82%BF%E3%83%BC%E3%82%BB%E3%83%83%E3%83%88+%E7%94%A8%E3%83%A4%E3%83%9E%E3%83%8F+%E7%94%A8YFM250+%E7%94%A8YFM350+%E7%94%A8YFM400+%E7%94%A8YFM450+%E7%94%A8400%E7%94%A8+450+%E3%83%93%E3%83%83%E3%82%B0%E3%83%99%E3%82%A2+400 HTTP/1.1" 301 0 "-" "Mozilla/5.0 (Linux; Android 6.0.1; Nexus 5X Build/MMB29P) AppleWebKit/537.36 (KHTML, like Gecko) Chrome/137.0.7151.103 Mobile Safari/537.36 (compatible; Googlebot/2.1; +http://www.google.com/bot.html)"
192.178.6.102 - - [05/Jul/2025:16:02:51 -0400] "GET /?n=0711298319302&channel=80baa1&from=brands.php%3Fid%3D983193-368%26name%3D%E3%82%AD%E3%83%A3%E3%83%96%E3%83%AC%E3%82%BF%E3%83%BC%E3%82%BB%E3%83%83%E3%83%88%20%E7%94%A8%E3%83%A4%E3%83%9E%E3%83%8F%20%E7%94%A8YFM250%20%E7%94%A8YFM350%20%E7%94%A8YFM400%20%E7%94%A8YFM450%20%E7%94%A8400%E7%94%A8%20450%20%E3%83%93%E3%83%83%E3%82%B0%E3%83%99%E3%82%A2%20400 HTTP/1.1" 200 30574 "-" "Mozilla/5.0 (Linux; Android 6.0.1; Nexus 5X Build/MMB29P) AppleWebKit/537.36 (KHTML, like Gecko) Chrome/137.0.7151.103 Mobile Safari/537.36 (compatible; Googlebot/2.1; +http://www.google.com/bot.html)"
2a0a:4cc0:2000:ac6:186e:67ff:fee3:ce8a - - [05/Jul/2025:16:03:36 -0400] "POST /xmlrpc.php HTTP/1.1" 403 1242 "-" "Mozilla/5.0 (Windows NT 10.0; Win64; x64) AppleWebKit/537.36 (KHTML, like Gecko) Chrome/90.0.4430.212 Safari/537.36"
103.47.184.2 - - [05/Jul/2025:16:03:40 -0400] "POST /xmlrpc.php HTTP/1.1" 403 1242 "-" "Mozilla/5.0 (Windows NT 10.0; Win64; x64) AppleWebKit/537.36 (KHTML, like Gecko) Chrome/61.0.3163.100 Safari/537.36"
66.96.183.36 - - [05/Jul/2025:16:03:43 -0400] "POST /xmlrpc.php HTTP/1.1" 403 1242 "-" "Mozilla/5.0 (X11; Linux x86_64) AppleWebKit/537.36 (KHTML, like Gecko) Chrome/44.0.2403.157 Safari/537.36"
66.96.183.36 - - [05/Jul/2025:16:03:51 -0400] "POST /xmlrpc.php HTTP/1.1" 403 1242 "-" "Mozilla/5.0 (Windows NT 10.0; Win64; x64) AppleWebKit/537.36 (KHTML, like Gecko) Chrome/74.0.3729.157 Safari/537.36"
66.96.183.36 - - [05/Jul/2025:16:03:54 -0400] "POST /xmlrpc.php HTTP/1.1" 403 1242 "-" "Mozilla/5.0 (Linux; Android 6.0.1; RedMi Note 5 Build/RB3N5C; wv) AppleWebKit/537.36 (KHTML, like Gecko) Version/4.0 Chrome/68.0.3440.91 Mobile Safari/537.36"
63.250.38.117 - - [05/Jul/2025:16:03:58 -0400] "POST /wp-cron.php?doing_wp_cron=1751745837.7797610759735107421875 HTTP/1.1" 403 1242 "-" "WordPress/6.8.1; https://fnf.group"
47.82.60.24 - - [05/Jul/2025:16:03:54 -0400] "GET /2025/07/02/ozwin-casino-down-under-play-aussie-pokies-win HTTP/1.1" 301 0 "https://fnf.group/2025/07/02/ozwin-casino-down-under-play-aussie-pokies-win" "Mozilla/5.0 (Windows NT 10.0; Win64; x64) AppleWebKit/537.36 (KHTML, like Gecko) Chrome/114.0.0.0 Safari/537.36 Edg/114.0.1823.43"
34.168.56.111 - - [05/Jul/2025:16:04:01 -0400] "POST /xmlrpc.php HTTP/1.1" 403 1242 "-" "Mozilla/5.0 (Windows NT 5.1; rv:33.0) Gecko/20100101 Firefox/33.0"
47.82.60.24 - - [05/Jul/2025:16:03:58 -0400] "GET /2025/07/02/ozwin-casino-down-under-play-aussie-pokies-win/ HTTP/1.1" 200 26607 "https://fnf.group/2025/07/02/ozwin-casino-down-under-play-aussie-pokies-win" "Mozilla/5.0 (Windows NT 10.0; Win64; x64) AppleWebKit/537.36 (KHTML, like Gecko) Chrome/114.0.0.0 Safari/537.36 Edg/114.0.1823.43"
219.94.129.170 - - [05/Jul/2025:16:04:03 -0400] "POST /xmlrpc.php HTTP/1.1" 403 1242 "-" "Mozilla/5.0 (Windows; U; Windows NT 5.1; en-US; rv:1.7.10) Gecko/20050716 Firefox/1.0.6"
2a0a:4cc0:2000:ac6:186e:67ff:fee3:ce8a - - [05/Jul/2025:16:04:04 -0400] "POST /xmlrpc.php HTTP/1.1" 403 1242 "-" "Mozilla/5.0 (Windows NT 6.1; WOW64; rv:50.0) Gecko/20100101 Firefox/50.0"
47.251.116.156 - - [05/Jul/2025:16:04:04 -0400] "POST /xmlrpc.php HTTP/1.1" 403 1242 "-" "Mozilla/5.0 (Windows NT 6.1; WOW64; rv:47.0) Gecko/20100101 Firefox/47.0"
192.178.6.100 - - [05/Jul/2025:16:04:02 -0400] "GET /?n=18720135368501&channel=36c30b&from=product.php%3Fid%3D1353685-648%26name%3D%E3%80%90%E3%82%A2%E3%83%AB%E3%82%B8%E3%83%BC%2Falgy%2FJS%2F%E3%82%AC%E3%83%BC%E3%83%AB%E3%82%BA%2F%E3%82%B8%E3%83%A5%E3%83%8B%E3%82%A2%2F%E5%A5%B3%E3%81%AE%E5%AD%90%E3%80%91++%E3%82%BB%E3%83%BC%E3%83%AB+%E3%80%9050%25OFF%E3%80%91++%E3%80%90%E3%82%BB%E3%83%83%E3%83%88%E3%82%A2%E3%83%83%E3%83%97%E3%80%91%E3%83%AD%E3%83%B3%E3%82%B0%E3%82%B8%E3%83%A3%E3%82%B1%E3%83%83%E3%83%88+%E3%83%96%E3%83%A9%E3%82%A6%E3%83%B3%28BR%29 HTTP/1.1" 301 0 "-" "Mozilla/5.0 (Linux; Android 6.0.1; Nexus 5X Build/MMB29P) AppleWebKit/537.36 (KHTML, like Gecko) Chrome/137.0.7151.103 Mobile Safari/537.36 (compatible; Googlebot/2.1; +http://www.google.com/bot.html)"
192.178.6.100 - - [05/Jul/2025:16:04:06 -0400] "GET /?n=18720135368501&channel=36c30b&from=product.php%3Fid%3D1353685-648%26name%3D%E3%80%90%E3%82%A2%E3%83%AB%E3%82%B8%E3%83%BC%2Falgy%2FJS%2F%E3%82%AC%E3%83%BC%E3%83%AB%E3%82%BA%2F%E3%82%B8%E3%83%A5%E3%83%8B%E3%82%A2%2F%E5%A5%B3%E3%81%AE%E5%AD%90%E3%80%91%20%20%E3%82%BB%E3%83%BC%E3%83%AB%20%E3%80%9050%25OFF%E3%80%91%20%20%E3%80%90%E3%82%BB%E3%83%83%E3%83%88%E3%82%A2%E3%83%83%E3%83%97%E3%80%91%E3%83%AD%E3%83%B3%E3%82%B0%E3%82%B8%E3%83%A3%E3%82%B1%E3%83%83%E3%83%88%20%E3%83%96%E3%83%A9%E3%82%A6%E3%83%B3%28BR%29 HTTP/1.1" 200 30558 "-" "Mozilla/5.0 (Linux; Android 6.0.1; Nexus 5X Build/MMB29P) AppleWebKit/537.36 (KHTML, like Gecko) Chrome/137.0.7151.103 Mobile Safari/537.36 (compatible; Googlebot/2.1; +http://www.google.com/bot.html)"
47.243.239.28 - - [05/Jul/2025:16:04:08 -0400] "POST /xmlrpc.php HTTP/1.1" 403 1242 "-" "Mozilla/5.0 (Windows NT 6.1; Win64; x64; rv:25.0) Gecko/20100101 Firefox/29.0"
54.36.142.130 - - [05/Jul/2025:16:04:09 -0400] "POST /xmlrpc.php HTTP/1.1" 403 1242 "-" "Mozilla/5.0 (Windows NT 10.0; Win64; x64) AppleWebKit/537.36 (KHTML, like Gecko) Chrome/88.0.4324.104 Safari/537.36"
193.19.109.48 - - [05/Jul/2025:16:05:15 -0400] "GET /.env HTTP/1.1" 403 1242 "-" "Mozilla/5.0 (Macintosh; Intel Mac OS X 10.15; rv:77.0) Gecko/20100101 Firefox/77.0"
173.239.254.199 - - [05/Jul/2025:16:05:16 -0400] "GET /wp-content/ HTTP/1.1" 200 0 "-" "Mozilla/5.0 (Macintosh; Intel Mac OS X 10.15; rv:77.0) Gecko/20100101 Firefox/77.0"
63.250.38.117 - - [05/Jul/2025:16:06:29 -0400] "POST /wp-cron.php?doing_wp_cron=1751745988.9722518920898437500000 HTTP/1.1" 403 1242 "-" "WordPress/6.8.1; https://fnf.group"
47.82.60.22 - - [05/Jul/2025:16:06:24 -0400] "GET /2025/07/02/fair-go-on-line-casino-in-australia-deposit-bonus-login HTTP/1.1" 301 0 "https://fnf.group/2025/07/02/fair-go-on-line-casino-in-australia-deposit-bonus-login" "Mozilla/5.0 (Windows NT 10.0; Win64; x64) AppleWebKit/537.36 (KHTML, like Gecko) Chrome/114.0.0.0 Safari/537.36 Edg/114.0.1823.43"
47.82.60.22 - - [05/Jul/2025:16:06:29 -0400] "GET /2025/07/02/fair-go-on-line-casino-in-australia-deposit-bonus-login/ HTTP/1.1" 200 27588 "https://fnf.group/2025/07/02/fair-go-on-line-casino-in-australia-deposit-bonus-login" "Mozilla/5.0 (Windows NT 10.0; Win64; x64) AppleWebKit/537.36 (KHTML, like Gecko) Chrome/114.0.0.0 Safari/537.36 Edg/114.0.1823.43"
63.250.38.117 - - [05/Jul/2025:16:07:29 -0400] "POST /wp-cron.php?doing_wp_cron=1751746049.4808909893035888671875 HTTP/1.1" 403 1242 "-" "WordPress/6.8.1; https://fnf.group"
192.178.6.101 - - [05/Jul/2025:16:07:27 -0400] "GET /?n=19881107232305&channel=9c746a&from=goods.php%3Fid%3D1072323-6408%26name%3D%E3%83%88%E3%83%A9%E3%83%B4%E3%82%A3%E3%82%B9%E3%83%9E%E3%82%B7%E3%83%A5%E3%83%BC%EF%BC%88Travis+Mathew%EF%BC%89+%E3%82%B4%E3%83%AB%E3%83%95%E3%82%A6%E3%82%A7%E3%82%A2+%E3%82%A2%E3%82%A6%E3%82%BF%E3%83%BC+%E3%83%80%E3%82%A6%E3%83%B3+%E3%83%8F%E3%82%A4%E3%83%96%E3%83%AA%E3%83%83%E3%83%89+%E3%82%A4%E3%83%B3%E3%82%B5%E3%83%AC%E3%83%BC%E3%82%B7%E3%83%A7%E3%83%B3%E3%82%B8%E3%83%A3%E3%82%B1%E3%83%83%E3%83%88+7AI0 HTTP/1.1" 301 0 "-" "Mozilla/5.0 (Linux; Android 6.0.1; Nexus 5X Build/MMB29P) AppleWebKit/537.36 (KHTML, like Gecko) Chrome/137.0.7151.103 Mobile Safari/537.36 (compatible; Googlebot/2.1; +http://www.google.com/bot.html)"
192.178.6.100 - - [05/Jul/2025:16:07:29 -0400] "GET /?n=19881107232305&channel=9c746a&from=goods.php%3Fid%3D1072323-6408%26name%3D%E3%83%88%E3%83%A9%E3%83%B4%E3%82%A3%E3%82%B9%E3%83%9E%E3%82%B7%E3%83%A5%E3%83%BC%EF%BC%88Travis%20Mathew%EF%BC%89%20%E3%82%B4%E3%83%AB%E3%83%95%E3%82%A6%E3%82%A7%E3%82%A2%20%E3%82%A2%E3%82%A6%E3%82%BF%E3%83%BC%20%E3%83%80%E3%82%A6%E3%83%B3%20%E3%83%8F%E3%82%A4%E3%83%96%E3%83%AA%E3%83%83%E3%83%89%20%E3%82%A4%E3%83%B3%E3%82%B5%E3%83%AC%E3%83%BC%E3%82%B7%E3%83%A7%E3%83%B3%E3%82%B8%E3%83%A3%E3%82%B1%E3%83%83%E3%83%88%207AI0 HTTP/1.1" 200 30565 "-" "Mozilla/5.0 (Linux; Android 6.0.1; Nexus 5X Build/MMB29P) AppleWebKit/537.36 (KHTML, like Gecko) Chrome/137.0.7151.103 Mobile Safari/537.36 (compatible; Googlebot/2.1; +http://www.google.com/bot.html)"
192.178.6.101 - - [05/Jul/2025:16:07:32 -0400] "GET /?n=5225743848306&channel=6d5bf7&from=shop.php%3Fid%3D438483-16281%26name%3D%E3%80%90%E7%BE%8E%E5%93%81%E3%80%91%E6%9D%B1%E6%80%A5%E3%82%B9%E3%83%9D%E3%83%BC%E3%83%84%E3%82%AA%E3%82%A2%E3%82%B7%E3%82%B9+%E3%83%84%E3%82%A4%E3%82%B9%E3%83%88+%E3%82%B9%E3%83%86%E3%83%83%E3%83%91%E3%83%BC HTTP/1.1" 301 0 "-" "Mozilla/5.0 (Linux; Android 6.0.1; Nexus 5X Build/MMB29P) AppleWebKit/537.36 (KHTML, like Gecko) Chrome/137.0.7151.103 Mobile Safari/537.36 (compatible; Googlebot/2.1; +http://www.google.com/bot.html)"
192.178.6.100 - - [05/Jul/2025:16:07:34 -0400] "GET /?n=5225743848306&channel=6d5bf7&from=shop.php%3Fid%3D438483-16281%26name%3D%E3%80%90%E7%BE%8E%E5%93%81%E3%80%91%E6%9D%B1%E6%80%A5%E3%82%B9%E3%83%9D%E3%83%BC%E3%83%84%E3%82%AA%E3%82%A2%E3%82%B7%E3%82%B9%20%E3%83%84%E3%82%A4%E3%82%B9%E3%83%88%20%E3%82%B9%E3%83%86%E3%83%83%E3%83%91%E3%83%BC HTTP/1.1" 200 30567 "-" "Mozilla/5.0 (Linux; Android 6.0.1; Nexus 5X Build/MMB29P) AppleWebKit/537.36 (KHTML, like Gecko) Chrome/137.0.7151.103 Mobile Safari/537.36 (compatible; Googlebot/2.1; +http://www.google.com/bot.html)"
192.178.6.101 - - [05/Jul/2025:16:08:20 -0400] "GET /?n=41712159175501&channel=300b61&from=goods.php%3Fid%3D1591755-13893%26name%3DLogicool+G502+X+PLUS+%E3%82%B2%E3%83%BC%E3%83%9F%E3%83%B3%E3%82%B0%E3%83%9E%E3%82%A6%E3%82%B9 HTTP/1.1" 301 0 "-" "Mozilla/5.0 (Linux; Android 6.0.1; Nexus 5X Build/MMB29P) AppleWebKit/537.36 (KHTML, like Gecko) Chrome/137.0.7151.103 Mobile Safari/537.36 (compatible; Googlebot/2.1; +http://www.google.com/bot.html)"
192.178.6.103 - - [05/Jul/2025:16:08:20 -0400] "GET /?n=2808162637003&channel=dbceb4&from=blog.php%3Fid%3D626370-6473%26name%3D%E3%83%95%E3%83%AD%E3%83%B3%E3%83%88%E3%83%90%E3%83%B3%E3%83%91%E3%83%BC%E3%82%A4%E3%83%B3%E3%83%86%E3%83%BC%E3%82%AF%E3%82%B0%E3%83%AA%E3%83%AB+%E3%82%B8%E3%83%A3%E3%82%AC%E3%83%BC%E7%94%A8+XE+%E7%94%A82015+2016+2017+2018+%E8%BB%8A%E3%81%AE%E3%83%95%E3%83%AD%E3%83%B3%E3%83%88%E3%83%A9%E3%82%B8%E3%82%A8%E3%83%BC%E3%82%BF%E3%83%BC%E3%82%B0%E3%83%AA%E3%83%AB%E3%83%90%E3%83%B3%E3%83%91%E3%83%BC HTTP/1.1" 301 0 "-" "Mozilla/5.0 (Linux; Android 6.0.1; Nexus 5X Build/MMB29P) AppleWebKit/537.36 (KHTML, like Gecko) Chrome/137.0.7151.103 Mobile Safari/537.36 (compatible; Googlebot/2.1; +http://www.google.com/bot.html)"
192.178.6.101 - - [05/Jul/2025:16:08:22 -0400] "GET /?n=7290946020202&channel=48a7cd&from=category-info.php%3Fid%3D460202-8016%26name%3DROLEX+Datejust+%E8%87%AA%E5%8B%95%E5%B7%BB%E3%81%8D+%E8%85%95%E6%99%82%E8%A8%88 HTTP/1.1" 301 0 "-" "Mozilla/5.0 (Linux; Android 6.0.1; Nexus 5X Build/MMB29P) AppleWebKit/537.36 (KHTML, like Gecko) Chrome/137.0.7151.103 Mobile Safari/537.36 (compatible; Googlebot/2.1; +http://www.google.com/bot.html)"
192.178.6.102 - - [05/Jul/2025:16:08:23 -0400] "GET /?n=41712159175501&channel=300b61&from=goods.php%3Fid%3D1591755-13893%26name%3DLogicool%20G502%20X%20PLUS%20%E3%82%B2%E3%83%BC%E3%83%9F%E3%83%B3%E3%82%B0%E3%83%9E%E3%82%A6%E3%82%B9 HTTP/1.1" 200 30572 "-" "Mozilla/5.0 (Linux; Android 6.0.1; Nexus 5X Build/MMB29P) AppleWebKit/537.36 (KHTML, like Gecko) Chrome/137.0.7151.103 Mobile Safari/537.36 (compatible; Googlebot/2.1; +http://www.google.com/bot.html)"
192.178.6.102 - - [05/Jul/2025:16:08:25 -0400] "GET /?n=2808162637003&channel=dbceb4&from=blog.php%3Fid%3D626370-6473%26name%3D%E3%83%95%E3%83%AD%E3%83%B3%E3%83%88%E3%83%90%E3%83%B3%E3%83%91%E3%83%BC%E3%82%A4%E3%83%B3%E3%83%86%E3%83%BC%E3%82%AF%E3%82%B0%E3%83%AA%E3%83%AB%20%E3%82%B8%E3%83%A3%E3%82%AC%E3%83%BC%E7%94%A8%20XE%20%E7%94%A82015%202016%202017%202018%20%E8%BB%8A%E3%81%AE%E3%83%95%E3%83%AD%E3%83%B3%E3%83%88%E3%83%A9%E3%82%B8%E3%82%A8%E3%83%BC%E3%82%BF%E3%83%BC%E3%82%B0%E3%83%AA%E3%83%AB%E3%83%90%E3%83%B3%E3%83%91%E3%83%BC HTTP/1.1" 200 30567 "-" "Mozilla/5.0 (Linux; Android 6.0.1; Nexus 5X Build/MMB29P) AppleWebKit/537.36 (KHTML, like Gecko) Chrome/137.0.7151.103 Mobile Safari/537.36 (compatible; Googlebot/2.1; +http://www.google.com/bot.html)"
63.250.38.117 - - [05/Jul/2025:16:08:30 -0400] "POST /wp-cron.php?doing_wp_cron=1751746110.0796720981597900390625 HTTP/1.1" 403 1242 "-" "WordPress/6.8.1; https://fnf.group"
192.178.6.101 - - [05/Jul/2025:16:08:28 -0400] "GET /?n=22692111351201&channel=fdeae8&from=info.php%3Fid%3D1113512-6443%26name%3D%E3%83%AC%E3%82%B3%E3%83%AB%E3%83%88+Raclette+%26+Fondue+Maker+Melt HTTP/1.1" 301 0 "-" "Mozilla/5.0 (Linux; Android 6.0.1; Nexus 5X Build/MMB29P) AppleWebKit/537.36 (KHTML, like Gecko) Chrome/137.0.7151.103 Mobile Safari/537.36 (compatible; Googlebot/2.1; +http://www.google.com/bot.html)"
192.178.6.101 - - [05/Jul/2025:16:08:27 -0400] "GET /?n=7290946020202&channel=48a7cd&from=category-info.php%3Fid%3D460202-8016%26name%3DROLEX%20Datejust%20%E8%87%AA%E5%8B%95%E5%B7%BB%E3%81%8D%20%E8%85%95%E6%99%82%E8%A8%88 HTTP/1.1" 200 30568 "-" "Mozilla/5.0 (Linux; Android 6.0.1; Nexus 5X Build/MMB29P) AppleWebKit/537.36 (KHTML, like Gecko) Chrome/137.0.7151.103 Mobile Safari/537.36 (compatible; Googlebot/2.1; +http://www.google.com/bot.html)"
192.178.6.101 - - [05/Jul/2025:16:08:30 -0400] "GET /?n=22692111351201&channel=fdeae8&from=info.php%3Fid%3D1113512-6443%26name%3D%E3%83%AC%E3%82%B3%E3%83%AB%E3%83%88%20Raclette%20%26%20Fondue%20Maker%20Melt HTTP/1.1" 200 30567 "-" "Mozilla/5.0 (Linux; Android 6.0.1; Nexus 5X Build/MMB29P) AppleWebKit/537.36 (KHTML, like Gecko) Chrome/137.0.7151.103 Mobile Safari/537.36 (compatible; Googlebot/2.1; +http://www.google.com/bot.html)"
192.178.6.101 - - [05/Jul/2025:16:09:17 -0400] "GET /?n=1428156711501&channel=a73c71&from=category-info.php%3Fid%3D567115-10040%26name%3DDJGACSI+%E3%83%9D%E3%83%BC%E3%82%BF%E3%83%96%E3%83%AB%E5%85%AD%E8%A7%92%E5%BD%A2%E8%90%BD%E4%B8%8B%E9%98%B2%E6%AD%A2%E6%99%82%E8%A8%88%E5%8F%8E%E7%B4%8D%E3%82%B1%E3%83%BC%E3%82%B9%E6%99%82%E8%A8%88%E3%82%B1%E3%83%BC%E3%82%B9+4+%E3%83%91%E3%83%83%E3%82%AF HTTP/1.1" 301 0 "-" "Mozilla/5.0 (Linux; Android 6.0.1; Nexus 5X Build/MMB29P) AppleWebKit/537.36 (KHTML, like Gecko) Chrome/137.0.7151.103 Mobile Safari/537.36 (compatible; Googlebot/2.1; +http://www.google.com/bot.html)"
192.178.6.102 - - [05/Jul/2025:16:09:19 -0400] "GET /?n=1428156711501&channel=a73c71&from=category-info.php%3Fid%3D567115-10040%26name%3DDJGACSI%20%E3%83%9D%E3%83%BC%E3%82%BF%E3%83%96%E3%83%AB%E5%85%AD%E8%A7%92%E5%BD%A2%E8%90%BD%E4%B8%8B%E9%98%B2%E6%AD%A2%E6%99%82%E8%A8%88%E5%8F%8E%E7%B4%8D%E3%82%B1%E3%83%BC%E3%82%B9%E6%99%82%E8%A8%88%E3%82%B1%E3%83%BC%E3%82%B9%204%20%E3%83%91%E3%83%83%E3%82%AF HTTP/1.1" 200 30569 "-" "Mozilla/5.0 (Linux; Android 6.0.1; Nexus 5X Build/MMB29P) AppleWebKit/537.36 (KHTML, like Gecko) Chrome/137.0.7151.103 Mobile Safari/537.36 (compatible; Googlebot/2.1; +http://www.google.com/bot.html)"
63.250.38.117 - - [05/Jul/2025:16:09:49 -0400] "POST /wp-cron.php?doing_wp_cron=1751746188.9006850719451904296875 HTTP/1.1" 403 1242 "-" "WordPress/6.8.1; https://fnf.group"
2a03:2880:f800:1d:: - - [05/Jul/2025:16:09:47 -0400] "GET / HTTP/1.1" 200 30573 "-" "meta-externalagent/1.1 (+https://developers.facebook.com/docs/sharing/webmasters/crawler)"
192.178.6.101 - - [05/Jul/2025:16:10:08 -0400] "GET /?n=11501127926301&channel=7961b0&from=shop.php%3Fid%3D1279263-7432%26name%3DGenesis+Coupe+86.6%E3%82%A4%E3%83%B3%E3%83%81+%E3%82%B5%E3%82%A4%E3%83%89%E3%82%B9%E3%82%AB%E3%83%BC%E3%83%88+%E3%82%B9%E3%83%97%E3%83%AA%E3%83%83%E3%82%BF%E3%83%BC+%E3%82%B9%E3%83%9D%E3%82%A4%E3%83%A9%E3%83%BC+%E3%83%AA%E3%83%83%E3%83%97+%E3%83%AD%E3%83%83%E3%82%AB%E3%83%BC%E3%83%91%E3%83%8D%E3%83%AB%E3%82%A8%E3%82%AF%E3%82%B9%E3%83%86%E3%83%B3%E3%82%B7%E3%83%A7%E3%83%B3+%E3%83%9C%E3%83%87%E3%82%A3 HTTP/1.1" 301 0 "-" "Mozilla/5.0 (Linux; Android 6.0.1; Nexus 5X Build/MMB29P) AppleWebKit/537.36 (KHTML, like Gecko) Chrome/137.0.7151.103 Mobile Safari/537.36 (compatible; Googlebot/2.1; +http://www.google.com/bot.html)"
192.178.6.102 - - [05/Jul/2025:16:10:12 -0400] "GET /?n=11501127926301&channel=7961b0&from=shop.php%3Fid%3D1279263-7432%26name%3DGenesis%20Coupe%2086.6%E3%82%A4%E3%83%B3%E3%83%81%20%E3%82%B5%E3%82%A4%E3%83%89%E3%82%B9%E3%82%AB%E3%83%BC%E3%83%88%20%E3%82%B9%E3%83%97%E3%83%AA%E3%83%83%E3%82%BF%E3%83%BC%20%E3%82%B9%E3%83%9D%E3%82%A4%E3%83%A9%E3%83%BC%20%E3%83%AA%E3%83%83%E3%83%97%20%E3%83%AD%E3%83%83%E3%82%AB%E3%83%BC%E3%83%91%E3%83%8D%E3%83%AB%E3%82%A8%E3%82%AF%E3%82%B9%E3%83%86%E3%83%B3%E3%82%B7%E3%83%A7%E3%83%B3%20%E3%83%9C%E3%83%87%E3%82%A3 HTTP/1.1" 200 30567 "-" "Mozilla/5.0 (Linux; Android 6.0.1; Nexus 5X Build/MMB29P) AppleWebKit/537.36 (KHTML, like Gecko) Chrome/137.0.7151.103 Mobile Safari/537.36 (compatible; Googlebot/2.1; +http://www.google.com/bot.html)"
192.178.6.101 - - [05/Jul/2025:16:10:16 -0400] "GET /?n=1338158381901&channel=eea2c3&from=news.php%3Fid%3D583819-4955%26name%3D%E3%82%86%E3%81%A3%E3%81%9F%E3%82%8A%E3%82%BB%E3%83%BC%E3%82%BF%E3%83%BC+%E3%83%A1%E3%83%B3%E3%82%BA+%E5%86%AC%E6%9C%8D%E3%83%A1%E3%83%B3%E3%82%BA+%E4%B8%8A%E4%B8%8B+%E3%83%88%E3%83%AC%E3%83%BC%E3%83%8B%E3%83%B3%E3%82%B0%E3%82%A6%E3%82%A7%E3%82%A2+%E3%83%A1%E3%83%B3%E3%82%BA+%E4%B8%8A%E4%B8%8B+%E3%82%B9%E3%83%9D%E3%83%BC%E3%83%84t%E3%82%B7%E3%83%A3%E3%83%84+%E3%82%B0%E3%83%A9%E3%83%87%E3%83%BC%E3%82%B7%E3%83%A7%E3%83%B3+%E3%83%9E+%E3%83%95+%E3%83%91%E3%83%B3%E3%83%84+%E9%98%B2%E5%AF%92 HTTP/1.1" 301 0 "-" "Mozilla/5.0 (Linux; Android 6.0.1; Nexus 5X Build/MMB29P) AppleWebKit/537.36 (KHTML, like Gecko) Chrome/137.0.7151.103 Mobile Safari/537.36 (compatible; Googlebot/2.1; +http://www.google.com/bot.html)"
192.178.6.101 - - [05/Jul/2025:16:10:18 -0400] "GET /?n=1338158381901&channel=eea2c3&from=news.php%3Fid%3D583819-4955%26name%3D%E3%82%86%E3%81%A3%E3%81%9F%E3%82%8A%E3%82%BB%E3%83%BC%E3%82%BF%E3%83%BC%20%E3%83%A1%E3%83%B3%E3%82%BA%20%E5%86%AC%E6%9C%8D%E3%83%A1%E3%83%B3%E3%82%BA%20%E4%B8%8A%E4%B8%8B%20%E3%83%88%E3%83%AC%E3%83%BC%E3%83%8B%E3%83%B3%E3%82%B0%E3%82%A6%E3%82%A7%E3%82%A2%20%E3%83%A1%E3%83%B3%E3%82%BA%20%E4%B8%8A%E4%B8%8B%20%E3%82%B9%E3%83%9D%E3%83%BC%E3%83%84t%E3%82%B7%E3%83%A3%E3%83%84%20%E3%82%B0%E3%83%A9%E3%83%87%E3%83%BC%E3%82%B7%E3%83%A7%E3%83%B3%20%E3%83%9E%20%E3%83%95%20%E3%83%91%E3%83%B3%E3%83%84%20%E9%98%B2%E5%AF%92 HTTP/1.1" 200 30566 "-" "Mozilla/5.0 (Linux; Android 6.0.1; Nexus 5X Build/MMB29P) AppleWebKit/537.36 (KHTML, like Gecko) Chrome/137.0.7151.103 Mobile Safari/537.36 (compatible; Googlebot/2.1; +http://www.google.com/bot.html)"
63.250.38.117 - - [05/Jul/2025:16:11:11 -0400] "POST /wp-cron.php?doing_wp_cron=1751746271.0738449096679687500000 HTTP/1.1" 403 1242 "-" "WordPress/6.8.1; https://fnf.group"
192.178.6.102 - - [05/Jul/2025:16:11:08 -0400] "GET /?n=73239160899600&channel=dad45d&from=shop.php%3Fid%3D1608996-11003%26name%3D%E3%83%92%E3%83%83%E3%83%97%E3%83%9B%E3%83%83%E3%83%97+%E3%82%B5%E3%83%B3%E3%83%90%E3%82%A4%E3%82%B6%E3%83%BC+%E3%82%AD%E3%83%A3%E3%82%B9%E3%82%B1%E3%83%83%E3%83%88+%E5%A4%A7%E3%81%8D%E3%81%84%E3%82%B5%E3%82%A4%E3%82%BA+%E3%82%A2%E3%82%A4%E3%82%B9%E3%82%B5%E3%83%B3+%E3%83%90%E3%82%B1%E3%83%83%E3%83%88+%E3%82%AD%E3%83%A3%E3%83%83%E3%83%97+%E3%83%8A%E3%82%A4%E3%83%AD%E3%83%B3+%E3%81%82%E3%81%A3%E3%81%9F%E3%81%8B+%E5%AE%8C%E5%85%A8%E9%81%AE%E5%85%89+%E3%82%AB%E3%83%83%E3%83%88+%E3%83%8B%E3%83%83%E3%83%88 HTTP/1.1" 301 0 "-" "Mozilla/5.0 (Linux; Android 6.0.1; Nexus 5X Build/MMB29P) AppleWebKit/537.36 (KHTML, like Gecko) Chrome/137.0.7151.103 Mobile Safari/537.36 (compatible; Googlebot/2.1; +http://www.google.com/bot.html)"
216.73.216.174 - - [05/Jul/2025:16:11:12 -0400] "GET /2020/10/30/bombay-bakery-coffee-butter-cream-cake-by-umme-fuzail/ HTTP/1.1" 500 1034 "-" "Mozilla/5.0 AppleWebKit/537.36 (KHTML, like Gecko; compatible; ClaudeBot/1.0; +claudebot@anthropic.com)"
192.178.6.102 - - [05/Jul/2025:16:11:11 -0400] "GET /?n=73239160899600&channel=dad45d&from=shop.php%3Fid%3D1608996-11003%26name%3D%E3%83%92%E3%83%83%E3%83%97%E3%83%9B%E3%83%83%E3%83%97%20%E3%82%B5%E3%83%B3%E3%83%90%E3%82%A4%E3%82%B6%E3%83%BC%20%E3%82%AD%E3%83%A3%E3%82%B9%E3%82%B1%E3%83%83%E3%83%88%20%E5%A4%A7%E3%81%8D%E3%81%84%E3%82%B5%E3%82%A4%E3%82%BA%20%E3%82%A2%E3%82%A4%E3%82%B9%E3%82%B5%E3%83%B3%20%E3%83%90%E3%82%B1%E3%83%83%E3%83%88%20%E3%82%AD%E3%83%A3%E3%83%83%E3%83%97%20%E3%83%8A%E3%82%A4%E3%83%AD%E3%83%B3%20%E3%81%82%E3%81%A3%E3%81%9F%E3%81%8B%20%E5%AE%8C%E5%85%A8%E9%81%AE%E5%85%89%20%E3%82%AB%E3%83%83%E3%83%88%20%E3%83%8B%E3%83%83%E3%83%88 HTTP/1.1" 200 30569 "-" "Mozilla/5.0 (Linux; Android 6.0.1; Nexus 5X Build/MMB29P) AppleWebKit/537.36 (KHTML, like Gecko) Chrome/137.0.7151.103 Mobile Safari/537.36 (compatible; Googlebot/2.1; +http://www.google.com/bot.html)"
114.119.131.93 - - [05/Jul/2025:16:11:59 -0400] "GET /2025/06/23/mostbet-otzyvy-igrokov-no-o-bukmekere/ HTTP/1.1" 200 29888 "https://fnf.group/2025/06/23/tnzyl-brnmj-1xbet-1xbet-thmyl-apk-android-2025/" "Mozilla/5.0 (Linux; Android 7.0;) AppleWebKit/537.36 (KHTML, like Gecko) Mobile Safari/537.36 (compatible; PetalBot;+https://webmaster.petalsearch.com/site/petalbot)"
192.178.6.102 - - [05/Jul/2025:16:12:01 -0400] "GET /?n=93207180543300&channel=a875c4&from=form.php%3Fid%3D1805433-23711%26name%3DAppleWatch+%E3%82%A2%E3%83%83%E3%83%97%E3%83%AB%E3%82%A6%E3%82%A9%E3%83%83%E3%83%81+%E6%99%82%E8%A8%88+%E3%83%90%E3%83%B3%E3%83%89+%E3%83%99%E3%83%AB%E3%83%88+%E3%82%B9%E3%83%86%E3%83%B3%E3%83%AC%E3%82%B9+%E4%BA%A4%E6%8F%9B%E3%83%99%E3%83%AB%E3%83%88+38mm+%E3%82%B7%E3%83%AB%E3%83%90%E3%83%BC%E3%83%94%E3%83%B3%E3%82%AFwatchband-10sp38 HTTP/1.1" 301 0 "-" "Mozilla/5.0 (Linux; Android 6.0.1; Nexus 5X Build/MMB29P) AppleWebKit/537.36 (KHTML, like Gecko) Chrome/137.0.7151.103 Mobile Safari/537.36 (compatible; Googlebot/2.1; +http://www.google.com/bot.html)"
192.178.6.102 - - [05/Jul/2025:16:12:04 -0400] "GET /?n=93207180543300&channel=a875c4&from=form.php%3Fid%3D1805433-23711%26name%3DAppleWatch%20%E3%82%A2%E3%83%83%E3%83%97%E3%83%AB%E3%82%A6%E3%82%A9%E3%83%83%E3%83%81%20%E6%99%82%E8%A8%88%20%E3%83%90%E3%83%B3%E3%83%89%20%E3%83%99%E3%83%AB%E3%83%88%20%E3%82%B9%E3%83%86%E3%83%B3%E3%83%AC%E3%82%B9%20%E4%BA%A4%E6%8F%9B%E3%83%99%E3%83%AB%E3%83%88%2038mm%20%E3%82%B7%E3%83%AB%E3%83%90%E3%83%BC%E3%83%94%E3%83%B3%E3%82%AFwatchband-10sp38 HTTP/1.1" 200 30565 "-" "Mozilla/5.0 (Linux; Android 6.0.1; Nexus 5X Build/MMB29P) AppleWebKit/537.36 (KHTML, like Gecko) Chrome/137.0.7151.103 Mobile Safari/537.36 (compatible; Googlebot/2.1; +http://www.google.com/bot.html)"
192.178.6.101 - - [05/Jul/2025:16:12:07 -0400] "GET /?n=6811394537604&channel=7882e3&from=blog.php%3Fid%3D945376-8205%26name%3DLIHUA+3+%E3%83%94%E3%83%B3%E3%83%A1%E3%82%B9%E8%87%AA%E5%8B%95%E8%BB%8A%E9%98%B2%E6%B0%B4%E3%82%B3%E3%83%8D%E3%82%AF%E3%82%BF%E3%83%97%E3%83%A9%E3%82%B0+6189-0486+90980-11451+ECT+CLT+%E6%B0%B4%E6%B8%A9%E3%82%BB%E3%83%B3%E3%82%B5%E3%83%BC%E3%83%8F%E3%83%BC%E3%83%8D%E3%82%B9%E3%83%97 HTTP/1.1" 301 0 "-" "Mozilla/5.0 (Linux; Android 6.0.1; Nexus 5X Build/MMB29P) AppleWebKit/537.36 (KHTML, like Gecko) Chrome/137.0.7151.103 Mobile Safari/537.36 (compatible; Googlebot/2.1; +http://www.google.com/bot.html)"
63.250.38.117 - - [05/Jul/2025:16:12:12 -0400] "POST /wp-cron.php?doing_wp_cron=1751746332.3082389831542968750000 HTTP/1.1" 403 1242 "-" "WordPress/6.8.1; https://fnf.group"
192.178.6.101 - - [05/Jul/2025:16:12:11 -0400] "GET /?n=6811394537604&channel=7882e3&from=blog.php%3Fid%3D945376-8205%26name%3DLIHUA%203%20%E3%83%94%E3%83%B3%E3%83%A1%E3%82%B9%E8%87%AA%E5%8B%95%E8%BB%8A%E9%98%B2%E6%B0%B4%E3%82%B3%E3%83%8D%E3%82%AF%E3%82%BF%E3%83%97%E3%83%A9%E3%82%B0%206189-0486%2090980-11451%20ECT%20CLT%20%E6%B0%B4%E6%B8%A9%E3%82%BB%E3%83%B3%E3%82%B5%E3%83%BC%E3%83%8F%E3%83%BC%E3%83%8D%E3%82%B9%E3%83%97 HTTP/1.1" 200 30569 "-" "Mozilla/5.0 (Linux; Android 6.0.1; Nexus 5X Build/MMB29P) AppleWebKit/537.36 (KHTML, like Gecko) Chrome/137.0.7151.103 Mobile Safari/537.36 (compatible; Googlebot/2.1; +http://www.google.com/bot.html)"
192.178.6.101 - - [05/Jul/2025:16:12:38 -0400] "GET /?n=8876130363205&channel=6b0d6b&from=product.php%3Fid%3D303632-13887%26name%3D%E9%9B%BB%E6%B0%97%E3%82%BF%E3%82%A4%E3%83%AB%E5%BC%B5%E3%82%8A%E6%A9%9F+%E3%82%BF%E3%82%A4%E3%83%AB+%E6%8C%AF%E5%8B%95%E5%B7%A5%E5%85%B7+%E3%83%97%E3%83%AD%E3%83%95%E3%82%A7%E3%83%83%E3%82%B7%E3%83%A7%E3%83%8A%E3%83%AB+21V+%E3%83%AA%E3%83%81%E3%82%A6%E3%83%A0%E3%82%BB%E3%83%A9%E3%83%9F%E3%83%83%E3%82%AF%E3%82%BF%E3%82%A4%E3%83%AB%E3%83%90%E3%82%A4%E3%83%96%E3%83%AC%E3%83%BC%E3%82%BF%E3%83%BC%E8%87%AA%E5%8B%95%E9%9B%BB%E6%B0%97%E3%82%BF%E3%82%A4%E3%83%AB%E5%BC%B5%E3%82%8A%E6%A9%9F%E5%BA%8A%E6%95%B7%E8%A8%AD%E3%83%AC%E3%83%99 HTTP/1.1" 301 0 "-" "Mozilla/5.0 (Linux; Android 6.0.1; Nexus 5X Build/MMB29P) AppleWebKit/537.36 (KHTML, like Gecko) Chrome/137.0.7151.103 Mobile Safari/537.36 (compatible; Googlebot/2.1; +http://www.google.com/bot.html)"
192.178.6.101 - - [05/Jul/2025:16:12:39 -0400] "GET /?n=8876130363205&channel=6b0d6b&from=product.php%3Fid%3D303632-13887%26name%3D%E9%9B%BB%E6%B0%97%E3%82%BF%E3%82%A4%E3%83%AB%E5%BC%B5%E3%82%8A%E6%A9%9F%20%E3%82%BF%E3%82%A4%E3%83%AB%20%E6%8C%AF%E5%8B%95%E5%B7%A5%E5%85%B7%20%E3%83%97%E3%83%AD%E3%83%95%E3%82%A7%E3%83%83%E3%82%B7%E3%83%A7%E3%83%8A%E3%83%AB%2021V%20%E3%83%AA%E3%83%81%E3%82%A6%E3%83%A0%E3%82%BB%E3%83%A9%E3%83%9F%E3%83%83%E3%82%AF%E3%82%BF%E3%82%A4%E3%83%AB%E3%83%90%E3%82%A4%E3%83%96%E3%83%AC%E3%83%BC%E3%82%BF%E3%83%BC%E8%87%AA%E5%8B%95%E9%9B%BB%E6%B0%97%E3%82%BF%E3%82%A4%E3%83%AB%E5%BC%B5%E3%82%8A%E6%A9%9F%E5%BA%8A%E6%95%B7%E8%A8%AD%E3%83%AC%E3%83%99 HTTP/1.1" 200 30568 "-" "Mozilla/5.0 (Linux; Android 6.0.1; Nexus 5X Build/MMB29P) AppleWebKit/537.36 (KHTML, like Gecko) Chrome/137.0.7151.103 Mobile Safari/537.36 (compatible; Googlebot/2.1; +http://www.google.com/bot.html)"
158.170.66.238 - - [05/Jul/2025:16:13:42 -0400] "POST /xmlrpc.php HTTP/1.1" 403 1242 "https://fnf.group" "Mozilla/5.0 (Windows NT 10.0; Win64; x64) AppleWebKit/537.36 (KHTML, like Gecko) Chrome/115.0.5790.171 Safari/537.36 Edg/115.0.1901.203"
63.250.38.117 - - [05/Jul/2025:16:13:46 -0400] "POST /wp-cron.php?doing_wp_cron=1751746425.9890060424804687500000 HTTP/1.1" 403 1242 "-" "WordPress/6.8.1; https://fnf.group"
158.170.66.238 - - [05/Jul/2025:16:13:43 -0400] "POST /wp-login.php HTTP/1.1" 200 3936 "https://fnf.group" "Mozilla/5.0 (Macintosh; Intel Mac OS X 13.3; rv:126.0) Gecko/20100101 Firefox/126.0"
192.178.6.100 - - [05/Jul/2025:16:14:36 -0400] "GET /?n=2900866295600&channel=1a5faf&from=article.php%3Fid%3D662956-11904%26name%3D%E3%82%A8%E3%83%B3%E3%82%B8%E3%83%B3%E3%82%B3%E3%83%B3%E3%83%88%E3%83%AD%E3%83%BC%E3%83%AB%E3%83%A6%E3%83%8B%E3%83%83%E3%83%88+ECU+ECM+PCM+68136718AD+05150639AB+%E3%82%B8%E3%83%BC%E3%83%97%E3%82%B0%E3%83%A9%E3%83%B3%E3%83%89%E3%83%81%E3%82%A7%E3%83%AD%E3%82%AD%E3%83%BC+5.7L HTTP/1.1" 301 0 "-" "Mozilla/5.0 (Linux; Android 6.0.1; Nexus 5X Build/MMB29P) AppleWebKit/537.36 (KHTML, like Gecko) Chrome/137.0.7151.103 Mobile Safari/537.36 (compatible; Googlebot/2.1; +http://www.google.com/bot.html)"
192.178.6.100 - - [05/Jul/2025:16:14:41 -0400] "GET /?n=2900866295600&channel=1a5faf&from=article.php%3Fid%3D662956-11904%26name%3D%E3%82%A8%E3%83%B3%E3%82%B8%E3%83%B3%E3%82%B3%E3%83%B3%E3%83%88%E3%83%AD%E3%83%BC%E3%83%AB%E3%83%A6%E3%83%8B%E3%83%83%E3%83%88%20ECU%20ECM%20PCM%2068136718AD%2005150639AB%20%E3%82%B8%E3%83%BC%E3%83%97%E3%82%B0%E3%83%A9%E3%83%B3%E3%83%89%E3%83%81%E3%82%A7%E3%83%AD%E3%82%AD%E3%83%BC%205.7L HTTP/1.1" 200 30571 "-" "Mozilla/5.0 (Linux; Android 6.0.1; Nexus 5X Build/MMB29P) AppleWebKit/537.36 (KHTML, like Gecko) Chrome/137.0.7151.103 Mobile Safari/537.36 (compatible; Googlebot/2.1; +http://www.google.com/bot.html)"
63.250.38.117 - - [05/Jul/2025:16:15:17 -0400] "POST /wp-cron.php?doing_wp_cron=1751746516.9742178916931152343750 HTTP/1.1" 403 1242 "-" "WordPress/6.8.1; https://fnf.group"
192.178.6.101 - - [05/Jul/2025:16:15:13 -0400] "GET /?n=9805437610302&channel=7f63c1&from=shared.php%3Fid%3D376103-15408%26name%3D%E5%8D%93%E4%B8%8A%E5%99%B4%E6%B0%B4+%E5%AE%B6%E3%81%AE%E3%83%AA%E3%83%93%E3%83%B3%E3%82%B0%E3%83%AB%E3%83%BC%E3%83%A0%E3%81%AE%E8%A3%85%E9%A3%BE%E5%99%B4%E6%B0%B4%E5%99%B4%E6%B0%B4%E7%8E%84%E9%96%A2%E8%8C%B6%E5%AE%A4%E3%83%87%E3%82%B9%E3%82%AF%E3%83%88%E3%83%83%E3%83%97%E6%B5%81%E6%B0%B4%E8%A3%85%E9%A3%BE%E3%82%AA%E3%83%95%E3%82%A3%E3%82%B9%E3%82%AF%E3%83%AA%E3%82%A8%E3%82%A4%E3%83%86%E3%82%A3%E3%83%96%E6%B0%B4%E6%A9%9F%E8%83%BD%E5%B9%B8%E9%81%8B%E3%82%92%E5%91%BC%E3%81%B6%E5%AE%B6%E5%85%B7+%E5%8D%93%E4%B8%8A%E5%99%B4%E6%B0%B4 HTTP/1.1" 301 0 "-" "Mozilla/5.0 (Linux; Android 6.0.1; Nexus 5X Build/MMB29P) AppleWebKit/537.36 (KHTML, like Gecko) Chrome/137.0.7151.103 Mobile Safari/537.36 (compatible; Googlebot/2.1; +http://www.google.com/bot.html)"
192.178.6.101 - - [05/Jul/2025:16:15:17 -0400] "GET /?n=9805437610302&channel=7f63c1&from=shared.php%3Fid%3D376103-15408%26name%3D%E5%8D%93%E4%B8%8A%E5%99%B4%E6%B0%B4%20%E5%AE%B6%E3%81%AE%E3%83%AA%E3%83%93%E3%83%B3%E3%82%B0%E3%83%AB%E3%83%BC%E3%83%A0%E3%81%AE%E8%A3%85%E9%A3%BE%E5%99%B4%E6%B0%B4%E5%99%B4%E6%B0%B4%E7%8E%84%E9%96%A2%E8%8C%B6%E5%AE%A4%E3%83%87%E3%82%B9%E3%82%AF%E3%83%88%E3%83%83%E3%83%97%E6%B5%81%E6%B0%B4%E8%A3%85%E9%A3%BE%E3%82%AA%E3%83%95%E3%82%A3%E3%82%B9%E3%82%AF%E3%83%AA%E3%82%A8%E3%82%A4%E3%83%86%E3%82%A3%E3%83%96%E6%B0%B4%E6%A9%9F%E8%83%BD%E5%B9%B8%E9%81%8B%E3%82%92%E5%91%BC%E3%81%B6%E5%AE%B6%E5%85%B7%20%E5%8D%93%E4%B8%8A%E5%99%B4%E6%B0%B4 HTTP/1.1" 200 30571 "-" "Mozilla/5.0 (Linux; Android 6.0.1; Nexus 5X Build/MMB29P) AppleWebKit/537.36 (KHTML, like Gecko) Chrome/137.0.7151.103 Mobile Safari/537.36 (compatible; Googlebot/2.1; +http://www.google.com/bot.html)"
47.82.60.43 - - [05/Jul/2025:16:15:59 -0400] "GET /category/bizzo-casino HTTP/1.1" 301 0 "https://fnf.group/category/bizzo-casino" "Mozilla/5.0 (Windows NT 10.0; Win64; x64) AppleWebKit/537.36 (KHTML, like Gecko) Chrome/114.0.0.0 Safari/537.36 Edg/114.0.1823.43"
47.82.60.43 - - [05/Jul/2025:16:16:02 -0400] "GET /category/bizzo-casino/ HTTP/1.1" 200 14263 "https://fnf.group/category/bizzo-casino" "Mozilla/5.0 (Windows NT 10.0; Win64; x64) AppleWebKit/537.36 (KHTML, like Gecko) Chrome/114.0.0.0 Safari/537.36 Edg/114.0.1823.43"
63.250.38.117 - - [05/Jul/2025:16:17:06 -0400] "POST /wp-cron.php?doing_wp_cron=1751746625.8737308979034423828125 HTTP/1.1" 403 1242 "-" "WordPress/6.8.1; https://fnf.group"
192.178.6.100 - - [05/Jul/2025:16:17:01 -0400] "GET /?n=9889959456900&channel=9cf605&from=jp.php%3Fid%3D594569-12082%26name%3DMarsail+%E4%BA%BA%E9%96%93%E5%B7%A5%E5%AD%A6%E3%82%AA%E3%83%95%E3%82%A3%E3%82%B9%E3%83%81%E3%82%A7%E3%82%A2+%E3%82%B2%E3%83%BC%E3%83%9F%E3%83%B3%E3%82%B0%E3%83%81%E3%82%A7%E3%82%A2+3D%E3%83%A9%E3%83%B3%E3%83%90%E3%83%BC%E3%82%B5%E3%83%9D%E3%83%BC%E3%83%88+3D%E3%83%98%E3%83%83%E3%83%89%E3%83%AC%E3%82%B9%E3%83%88+%E8%B7%B3%E3%81%AD%E4%B8%8A%E3%81%92%E5%BC%8F%E8%82%98+%E5%9B%9E%E8%BB%A2%E3%82%BF%E3%82%B9%E3%82%AF%E3%83%81%E3%82%A7%E3%82%A2+9 HTTP/1.1" 301 0 "-" "Mozilla/5.0 (Linux; Android 6.0.1; Nexus 5X Build/MMB29P) AppleWebKit/537.36 (KHTML, like Gecko) Chrome/137.0.7151.103 Mobile Safari/537.36 (compatible; Googlebot/2.1; +http://www.google.com/bot.html)"
