192.178.6.103 - - [05/Jul/2025:09:17:55 -0400] "GET /?n=47497171350802&channel=fef336&from=form.php%3Fid%3D1713508-1940%26name%3D%5Bteakea%5D+T%E3%82%B7%E3%83%A3%E3%83%84+%E3%83%A1%E3%83%B3%E3%82%BA+%E5%8D%8A%E8%A2%96+Led+Zeppelin+%E3%83%AC%E3%83%83%E3%83%89%E3%83%BB%E3%83%84%E3%82%A7%E3%83%83%E3%83%9A%E3%83%AA%E3%83%B3+%E3%83%AD%E3%82%B4+%E3%82%B9%E3%82%A6%E3%82%A7%E3%83%83%E3%83%88+U%E3%83%8D%E3%83%83%E3%82%AF+%E3%83%97%E3%83%AA%E3%83%B3%E3%83%88T%E3%82%B7%E3%83%A3 HTTP/1.1" 301 0 "-" "Mozilla/5.0 (Linux; Android 6.0.1; Nexus 5X Build/MMB29P) AppleWebKit/537.36 (KHTML, like Gecko) Chrome/137.0.7151.103 Mobile Safari/537.36 (compatible; Googlebot/2.1; +http://www.google.com/bot.html)"
192.178.6.103 - - [05/Jul/2025:09:17:57 -0400] "GET /?n=47497171350802&channel=fef336&from=form.php%3Fid%3D1713508-1940%26name%3D%5Bteakea%5D%20T%E3%82%B7%E3%83%A3%E3%83%84%20%E3%83%A1%E3%83%B3%E3%82%BA%20%E5%8D%8A%E8%A2%96%20Led%20Zeppelin%20%E3%83%AC%E3%83%83%E3%83%89%E3%83%BB%E3%83%84%E3%82%A7%E3%83%83%E3%83%9A%E3%83%AA%E3%83%B3%20%E3%83%AD%E3%82%B4%20%E3%82%B9%E3%82%A6%E3%82%A7%E3%83%83%E3%83%88%20U%E3%83%8D%E3%83%83%E3%82%AF%20%E3%83%97%E3%83%AA%E3%83%B3%E3%83%88T%E3%82%B7%E3%83%A3 HTTP/1.1" 200 29441 "-" "Mozilla/5.0 (Linux; Android 6.0.1; Nexus 5X Build/MMB29P) AppleWebKit/537.36 (KHTML, like Gecko) Chrome/137.0.7151.103 Mobile Safari/537.36 (compatible; Googlebot/2.1; +http://www.google.com/bot.html)"
63.250.38.117 - - [05/Jul/2025:09:19:01 -0400] "POST /wp-cron.php?doing_wp_cron=1751721540.7645258903503417968750 HTTP/1.1" 403 1242 "-" "WordPress/6.8.1; https://fnf.group"
192.178.6.103 - - [05/Jul/2025:09:18:59 -0400] "GET /?n=7221982584801&channel=d2b938&from=info.php%3Fid%3D825848-8383%26name%3D%E3%82%AB%E3%83%BC%E3%83%9C%E3%83%B3%E3%83%95%E3%82%A1%E3%82%A4%E3%83%90%E3%83%BC%E3%83%95%E3%83%AD%E3%83%B3%E3%83%88%E3%83%90%E3%83%B3%E3%83%91%E3%83%BC%E3%82%B9%E3%83%97%E3%83%AA%E3%83%83%E3%82%BF%E3%83%BC%E3%83%AA%E3%83%83%E3%83%97+%E3%81%A8%E4%BA%92%E6%8F%9B%E6%80%A7%E3%81%8C%E3%81%82%E3%82%8B+BMW+5%E3%82%B7%E3%83%AA%E3%83%BC%E3%82%BA+F10+M5%E3%83%99%E3%83%BC%E3%82%B9%E3%82%BB%E3%83%80%E3%83%B3+4%E3%83%89%E3%82%A2%E3%83%95%E3%83%AD%E3%83%B3%E3%83%88%E3%82%B9 HTTP/1.1" 301 0 "-" "Mozilla/5.0 (Linux; Android 6.0.1; Nexus 5X Build/MMB29P) AppleWebKit/537.36 (KHTML, like Gecko) Chrome/137.0.7151.103 Mobile Safari/537.36 (compatible; Googlebot/2.1; +http://www.google.com/bot.html)"
192.178.6.103 - - [05/Jul/2025:09:19:01 -0400] "GET /?n=7221982584801&channel=d2b938&from=info.php%3Fid%3D825848-8383%26name%3D%E3%82%AB%E3%83%BC%E3%83%9C%E3%83%B3%E3%83%95%E3%82%A1%E3%82%A4%E3%83%90%E3%83%BC%E3%83%95%E3%83%AD%E3%83%B3%E3%83%88%E3%83%90%E3%83%B3%E3%83%91%E3%83%BC%E3%82%B9%E3%83%97%E3%83%AA%E3%83%83%E3%82%BF%E3%83%BC%E3%83%AA%E3%83%83%E3%83%97%20%E3%81%A8%E4%BA%92%E6%8F%9B%E6%80%A7%E3%81%8C%E3%81%82%E3%82%8B%20BMW%205%E3%82%B7%E3%83%AA%E3%83%BC%E3%82%BA%20F10%20M5%E3%83%99%E3%83%BC%E3%82%B9%E3%82%BB%E3%83%80%E3%83%B3%204%E3%83%89%E3%82%A2%E3%83%95%E3%83%AD%E3%83%B3%E3%83%88%E3%82%B9 HTTP/1.1" 200 29439 "-" "Mozilla/5.0 (Linux; Android 6.0.1; Nexus 5X Build/MMB29P) AppleWebKit/537.36 (KHTML, like Gecko) Chrome/137.0.7151.103 Mobile Safari/537.36 (compatible; Googlebot/2.1; +http://www.google.com/bot.html)"
195.2.75.216 - - [05/Jul/2025:09:19:20 -0400] "GET /2021/03/21/fondant-orange-cake-by-chanda-arshad/ HTTP/1.1" 200 18751 "https://fnf.group/2021/03/21/fondant-orange-cake-by-chanda-arshad/#comment-30288/" "Mozilla/5.0 (Windows NT 10.0; Win64; x64) AppleWebKit/537.36 (KHTML, like Gecko) Chrome/130.0.0.0 Safari/537.36"
195.2.75.216 - - [05/Jul/2025:09:19:23 -0400] "POST /wp-comments-post.php HTTP/1.1" 403 1242 "https://fnf.group/2021/03/21/fondant-orange-cake-by-chanda-arshad/#comment-30288/" "Mozilla/5.0 (Windows NT 10.0; Win64; x64) AppleWebKit/537.36 (KHTML, like Gecko) Chrome/130.0.0.0 Safari/537.36"
63.250.38.117 - - [05/Jul/2025:09:20:05 -0400] "POST /wp-cron.php?doing_wp_cron=1751721605.0811100006103515625000 HTTP/1.1" 403 1242 "-" "WordPress/6.8.1; https://fnf.group"
192.178.6.103 - - [05/Jul/2025:09:20:02 -0400] "GET /?n=2082130440905&channel=1d60a8&from=form.php%3Fid%3D304409-11901%26name%3D1600W+%E7%B4%94%E7%B2%8B%E3%81%AA%E6%AD%A3%E5%BC%A6%E6%B3%A2%E3%83%91%E3%83%AF%E3%83%BC%E3%82%A4%E3%83%B3%E3%83%90%E3%83%BC%E3%82%BF%E3%83%BC+12V%2F24V+DC+%E3%81%8B%E3%82%89+AC+110V+120V+230V+240V+%E3%83%94%E3%83%BC%E3%82%AF%E9%9B%BB%E5%8A%9B+3 HTTP/1.1" 301 0 "-" "Mozilla/5.0 (Linux; Android 6.0.1; Nexus 5X Build/MMB29P) AppleWebKit/537.36 (KHTML, like Gecko) Chrome/137.0.7151.103 Mobile Safari/537.36 (compatible; Googlebot/2.1; +http://www.google.com/bot.html)"
192.178.6.102 - - [05/Jul/2025:09:20:05 -0400] "GET /?n=2082130440905&channel=1d60a8&from=form.php%3Fid%3D304409-11901%26name%3D1600W%20%E7%B4%94%E7%B2%8B%E3%81%AA%E6%AD%A3%E5%BC%A6%E6%B3%A2%E3%83%91%E3%83%AF%E3%83%BC%E3%82%A4%E3%83%B3%E3%83%90%E3%83%BC%E3%82%BF%E3%83%BC%2012V%2F24V%20DC%20%E3%81%8B%E3%82%89%20AC%20110V%20120V%20230V%20240V%20%E3%83%94%E3%83%BC%E3%82%AF%E9%9B%BB%E5%8A%9B%203 HTTP/1.1" 200 29444 "-" "Mozilla/5.0 (Linux; Android 6.0.1; Nexus 5X Build/MMB29P) AppleWebKit/537.36 (KHTML, like Gecko) Chrome/137.0.7151.103 Mobile Safari/537.36 (compatible; Googlebot/2.1; +http://www.google.com/bot.html)"
47.82.60.3 - - [05/Jul/2025:09:20:20 -0400] "GET /2025/06/20/slot-siteleri-en-iyi-60-lisansli-empieza-guvenilir-slot-sitesi-20224 HTTP/1.1" 301 0 "https://fnf.group/2025/06/20/slot-siteleri-en-iyi-60-lisansli-empieza-guvenilir-slot-sitesi-20224" "Mozilla/5.0 (Windows NT 10.0; Win64; x64) AppleWebKit/537.36 (KHTML, like Gecko) Chrome/114.0.0.0 Safari/537.36 Edg/114.0.1823.43"
47.82.60.3 - - [05/Jul/2025:09:20:23 -0400] "GET /2025/06/20/slot-siteleri-en-iyi-60-lisansli-empieza-guvenilir-slot-sitesi-20224/ HTTP/1.1" 200 24865 "https://fnf.group/2025/06/20/slot-siteleri-en-iyi-60-lisansli-empieza-guvenilir-slot-sitesi-20224" "Mozilla/5.0 (Windows NT 10.0; Win64; x64) AppleWebKit/537.36 (KHTML, like Gecko) Chrome/114.0.0.0 Safari/537.36 Edg/114.0.1823.43"
63.250.38.117 - - [05/Jul/2025:09:21:12 -0400] "POST /wp-cron.php?doing_wp_cron=1751721672.3666560649871826171875 HTTP/1.1" 403 1242 "-" "WordPress/6.8.1; https://fnf.group"
192.178.6.101 - - [05/Jul/2025:09:21:08 -0400] "GET /?n=88795130496506&channel=712911&from=brands.php%3Fid%3D1304965-15502%26name%3D%E3%83%88%E3%83%AC%E3%83%83%E3%82%AD%E3%83%B3%E3%82%B0%E3%83%9D%E3%83%BC%E3%83%AB%E3%80%80%E7%99%BB%E5%B1%B1%E7%94%A8%E5%93%81+%E6%9D%96+%E3%82%B9%E3%83%88%E3%83%83%E3%82%AF+%E3%82%B9%E3%83%86%E3%83%83%E3%82%AD+%E6%8A%98%E3%82%8A%E3%81%9F%E3%81%9F%E3%81%BF HTTP/1.1" 301 0 "-" "Mozilla/5.0 (Linux; Android 6.0.1; Nexus 5X Build/MMB29P) AppleWebKit/537.36 (KHTML, like Gecko) Chrome/137.0.7151.103 Mobile Safari/537.36 (compatible; Googlebot/2.1; +http://www.google.com/bot.html)"
192.178.6.102 - - [05/Jul/2025:09:21:13 -0400] "GET /?n=88795130496506&channel=712911&from=brands.php%3Fid%3D1304965-15502%26name%3D%E3%83%88%E3%83%AC%E3%83%83%E3%82%AD%E3%83%B3%E3%82%B0%E3%83%9D%E3%83%BC%E3%83%AB%E3%80%80%E7%99%BB%E5%B1%B1%E7%94%A8%E5%93%81%20%E6%9D%96%20%E3%82%B9%E3%83%88%E3%83%83%E3%82%AF%20%E3%82%B9%E3%83%86%E3%83%83%E3%82%AD%20%E6%8A%98%E3%82%8A%E3%81%9F%E3%81%9F%E3%81%BF HTTP/1.1" 200 29444 "-" "Mozilla/5.0 (Linux; Android 6.0.1; Nexus 5X Build/MMB29P) AppleWebKit/537.36 (KHTML, like Gecko) Chrome/137.0.7151.103 Mobile Safari/537.36 (compatible; Googlebot/2.1; +http://www.google.com/bot.html)"
47.82.60.10 - - [05/Jul/2025:09:21:29 -0400] "GET /2025/06/20/onrain-seupoceu-beting HTTP/1.1" 301 0 "https://fnf.group/2025/06/20/onrain-seupoceu-beting" "Mozilla/5.0 (Windows NT 10.0; Win64; x64) AppleWebKit/537.36 (KHTML, like Gecko) Chrome/114.0.0.0 Safari/537.36 Edg/114.0.1823.43"
47.82.60.10 - - [05/Jul/2025:09:21:31 -0400] "GET /2025/06/20/onrain-seupoceu-beting/ HTTP/1.1" 200 28511 "https://fnf.group/2025/06/20/onrain-seupoceu-beting" "Mozilla/5.0 (Windows NT 10.0; Win64; x64) AppleWebKit/537.36 (KHTML, like Gecko) Chrome/114.0.0.0 Safari/537.36 Edg/114.0.1823.43"
192.178.6.101 - - [05/Jul/2025:09:22:09 -0400] "GET /?n=9506928006208&channel=eec862&from=info.php%3Fid%3D280062-8806%26name%3DTOTITOM+%E3%82%B2%E3%83%BC%E3%83%9F%E3%83%B3%E3%82%B0%E3%83%81%E3%82%A7%E3%82%A2+%E3%82%AA%E3%83%95%E3%82%A3%E3%82%B9%E3%83%81%E3%82%A7%E3%82%A2+%E5%8F%8E%E7%B4%8D%E5%BC%8F%E3%82%AA%E3%83%83%E3%83%88%E3%83%9E%E3%83%B3+140%C2%B0%E3%83%AA%E3%82%AF%E3%83%A9%E3%82%A4%E3%83%8B%E3%83%B3%E3%82%B0+%E3%83%91%E3%82%BD%E3%82%B3%E3%83%B3%E3%83%81%E3%82%A7%E3%82%A2+%E5%A4%9A%E6%A9%9F%E8%83%BD+%E3%83%8F%E3%82%A4%E3%83%90%E3%83%83%E3%82%AF HTTP/1.1" 301 0 "-" "Mozilla/5.0 (Linux; Android 6.0.1; Nexus 5X Build/MMB29P) AppleWebKit/537.36 (KHTML, like Gecko) Chrome/137.0.7151.103 Mobile Safari/537.36 (compatible; Googlebot/2.1; +http://www.google.com/bot.html)"
192.178.6.101 - - [05/Jul/2025:09:22:10 -0400] "GET /?n=9506928006208&channel=eec862&from=info.php%3Fid%3D280062-8806%26name%3DTOTITOM%20%E3%82%B2%E3%83%BC%E3%83%9F%E3%83%B3%E3%82%B0%E3%83%81%E3%82%A7%E3%82%A2%20%E3%82%AA%E3%83%95%E3%82%A3%E3%82%B9%E3%83%81%E3%82%A7%E3%82%A2%20%E5%8F%8E%E7%B4%8D%E5%BC%8F%E3%82%AA%E3%83%83%E3%83%88%E3%83%9E%E3%83%B3%20140%C2%B0%E3%83%AA%E3%82%AF%E3%83%A9%E3%82%A4%E3%83%8B%E3%83%B3%E3%82%B0%20%E3%83%91%E3%82%BD%E3%82%B3%E3%83%B3%E3%83%81%E3%82%A7%E3%82%A2%20%E5%A4%9A%E6%A9%9F%E8%83%BD%20%E3%83%8F%E3%82%A4%E3%83%90%E3%83%83%E3%82%AF HTTP/1.1" 200 29435 "-" "Mozilla/5.0 (Linux; Android 6.0.1; Nexus 5X Build/MMB29P) AppleWebKit/537.36 (KHTML, like Gecko) Chrome/137.0.7151.103 Mobile Safari/537.36 (compatible; Googlebot/2.1; +http://www.google.com/bot.html)"
63.250.38.117 - - [05/Jul/2025:09:24:21 -0400] "POST /wp-cron.php?doing_wp_cron=1751721861.4653820991516113281250 HTTP/1.1" 403 1242 "-" "WordPress/6.8.1; https://fnf.group"
192.178.6.100 - - [05/Jul/2025:09:24:03 -0400] "GET /?n=9515488970007&channel=05a72a&from=pin.php%3Fid%3D889700-16668%26name%3D%E5%85%85%E9%9B%BB%E5%BC%8F%E9%89%9B%E7%AD%86%E5%89%8A%E3%82%8A+%E9%9B%BB%E5%8B%95+%E3%81%88%E3%82%93%E3%81%B4%E3%81%A4%E5%89%8A%E3%82%8A+%E9%89%9B%E7%AD%86%E5%89%8A%E3%82%8A+%E9%9B%BB%E5%8B%95+%E9%89%9B%E7%AD%86%E5%89%8A%E3%82%8A+%E5%85%85%E9%9B%BB%E5%BC%8F+USB%E5%85%85%E9%9B%BB%E5%BC%8F+%E3%81%88%E3%82%93%E3%81%B4%E3%81%A4%E3%81%91%E3%81%9A%E3%82%8A+%E9%9B%BB%E5%8B%95%E9%89%9B%E7%AD%86%E5%89%8A%E3%82%8A+%E5%AD%90%E4%BE%9B+%E3%82%B3%E3%83%B3%E3%83%91%E3%82%AF%E3%83%88+%E5%B0%8F%E5%AD%A6%E7%94%9F+%E5%AD%A6%E6%A0%A1+%E5%B0%8F%E5%AD%A6%E6%A0%A1+%E4%B8%AD%E5%AD%A6%E6%A0%A1+%E9%AB%98%E6%A0%A1+%E5%AD%A6%E7%94%9F+%E5%85%A5%E5%AD%A6%E7%A5%9D%E3%81%84+%E5%85%A5%E5%AD%A6%E6%BA%96%E5%82%99+%E3%83%AA%E3%83%93%E3%83%B3%23shbwdd3900 HTTP/1.1" 301 0 "-" "Mozilla/5.0 (Linux; Android 6.0.1; Nexus 5X Build/MMB29P) AppleWebKit/537.36 (KHTML, like Gecko) Chrome/137.0.7151.103 Mobile Safari/537.36 (compatible; Googlebot/2.1; +http://www.google.com/bot.html)"
192.178.6.101 - - [05/Jul/2025:09:24:22 -0400] "GET /?n=9515488970007&channel=05a72a&from=pin.php%3Fid%3D889700-16668%26name%3D%E5%85%85%E9%9B%BB%E5%BC%8F%E9%89%9B%E7%AD%86%E5%89%8A%E3%82%8A%20%E9%9B%BB%E5%8B%95%20%E3%81%88%E3%82%93%E3%81%B4%E3%81%A4%E5%89%8A%E3%82%8A%20%E9%89%9B%E7%AD%86%E5%89%8A%E3%82%8A%20%E9%9B%BB%E5%8B%95%20%E9%89%9B%E7%AD%86%E5%89%8A%E3%82%8A%20%E5%85%85%E9%9B%BB%E5%BC%8F%20USB%E5%85%85%E9%9B%BB%E5%BC%8F%20%E3%81%88%E3%82%93%E3%81%B4%E3%81%A4%E3%81%91%E3%81%9A%E3%82%8A%20%E9%9B%BB%E5%8B%95%E9%89%9B%E7%AD%86%E5%89%8A%E3%82%8A%20%E5%AD%90%E4%BE%9B%20%E3%82%B3%E3%83%B3%E3%83%91%E3%82%AF%E3%83%88%20%E5%B0%8F%E5%AD%A6%E7%94%9F%20%E5%AD%A6%E6%A0%A1%20%E5%B0%8F%E5%AD%A6%E6%A0%A1%20%E4%B8%AD%E5%AD%A6%E6%A0%A1%20%E9%AB%98%E6%A0%A1%20%E5%AD%A6%E7%94%9F%20%E5%85%A5%E5%AD%A6%E7%A5%9D%E3%81%84%20%E5%85%A5%E5%AD%A6%E6%BA%96%E5%82%99%20%E3%83%AA%E3%83%93%E3%83%B3%23shbwdd3900 HTTP/1.1" 200 29441 "-" "Mozilla/5.0 (Linux; Android 6.0.1; Nexus 5X Build/MMB29P) AppleWebKit/537.36 (KHTML, like Gecko) Chrome/137.0.7151.103 Mobile Safari/537.36 (compatible; Googlebot/2.1; +http://www.google.com/bot.html)"
192.178.6.100 - - [05/Jul/2025:09:24:34 -0400] "GET /?n=00673108239906&channel=50f6c0&from=shop.php%3Fid%3D1082399-16685%26name%3D%E3%82%BF%E3%83%AA%E3%82%A2%E3%83%88%E3%83%BC%E3%83%AC+TAGLIATORE+2B+3%E3%83%94%E3%83%BC%E3%82%B9%E3%82%BB%E3%83%83%E3%83%88%E3%82%A2%E3%83%83%E3%83%97+%E3%82%B9%E3%83%BC%E3%83%84+%E3%83%86%E3%83%BC%E3%83%A9%E3%83%BC%E3%83%89%E3%82%B8%E3%83%A3%E3%82%B1%E3%83%83%E3%83%88+%E3%82%B7%E3%83%B3%E3%82%B0%E3%83%AB+%E3%83%86%E3%83%BC%E3%83%91%E3%83%BC%E3%83%89%E3%83%91%E3%83%B3%E3%83%84+%E3%82%BF%E3%83%83%E3%82%AF+%E3%83%99%E3%82%B9%E3%83%88+%E5%89%8D%E9%96%8B%E3%81%8D+%E3%83%81%E3%82%A7%E3%83%83%E3%82%AF+46%2F7R+46%2F9R+%E3%82%B0%E3%83%AC%E3%83%BC+%E9%BB%92+%2FNR+%E2%96%A0OS+%E2%96%A0AD HTTP/1.1" 301 0 "-" "Mozilla/5.0 (Linux; Android 6.0.1; Nexus 5X Build/MMB29P) AppleWebKit/537.36 (KHTML, like Gecko) Chrome/137.0.7151.103 Mobile Safari/537.36 (compatible; Googlebot/2.1; +http://www.google.com/bot.html)"
192.178.6.100 - - [05/Jul/2025:09:24:37 -0400] "GET /?n=00673108239906&channel=50f6c0&from=shop.php%3Fid%3D1082399-16685%26name%3D%E3%82%BF%E3%83%AA%E3%82%A2%E3%83%88%E3%83%BC%E3%83%AC%20TAGLIATORE%202B%203%E3%83%94%E3%83%BC%E3%82%B9%E3%82%BB%E3%83%83%E3%83%88%E3%82%A2%E3%83%83%E3%83%97%20%E3%82%B9%E3%83%BC%E3%83%84%20%E3%83%86%E3%83%BC%E3%83%A9%E3%83%BC%E3%83%89%E3%82%B8%E3%83%A3%E3%82%B1%E3%83%83%E3%83%88%20%E3%82%B7%E3%83%B3%E3%82%B0%E3%83%AB%20%E3%83%86%E3%83%BC%E3%83%91%E3%83%BC%E3%83%89%E3%83%91%E3%83%B3%E3%83%84%20%E3%82%BF%E3%83%83%E3%82%AF%20%E3%83%99%E3%82%B9%E3%83%88%20%E5%89%8D%E9%96%8B%E3%81%8D%20%E3%83%81%E3%82%A7%E3%83%83%E3%82%AF%2046%2F7R%2046%2F9R%20%E3%82%B0%E3%83%AC%E3%83%BC%20%E9%BB%92%20%2FNR%20%E2%96%A0OS%20%E2%96%A0AD HTTP/1.1" 200 29442 "-" "Mozilla/5.0 (Linux; Android 6.0.1; Nexus 5X Build/MMB29P) AppleWebKit/537.36 (KHTML, like Gecko) Chrome/137.0.7151.103 Mobile Safari/537.36 (compatible; Googlebot/2.1; +http://www.google.com/bot.html)"
63.250.38.117 - - [05/Jul/2025:09:25:24 -0400] "POST /wp-cron.php?doing_wp_cron=1751721924.1620690822601318359375 HTTP/1.1" 403 1242 "-" "WordPress/6.8.1; https://fnf.group"
62.113.113.162 - - [05/Jul/2025:09:25:20 -0400] "GET /2021/03/21/fondant-orange-cake-by-chanda-arshad/ HTTP/1.1" 200 18753 "https://fnf.group/2021/03/21/fondant-orange-cake-by-chanda-arshad/" "Mozilla/5.0 (Windows NT 10.0; Win64; x64) AppleWebKit/537.36 (KHTML, like Gecko) Chrome/131.0.0.0 Safari/537.36 Avast/131.0.0.0"
62.113.113.162 - - [05/Jul/2025:09:25:26 -0400] "POST /wp-comments-post.php HTTP/1.1" 403 1242 "https://fnf.group/2021/03/21/fondant-orange-cake-by-chanda-arshad/" "Mozilla/5.0 (Windows NT 10.0; Win64; x64) AppleWebKit/537.36 (KHTML, like Gecko) Chrome/131.0.0.0 Safari/537.36 Avast/131.0.0.0"
192.178.6.101 - - [05/Jul/2025:09:26:10 -0400] "GET /?n=17757149239904&channel=595326&from=news.php%3Fid%3D1492399-4095%26name%3D%E8%B5%B0%E8%A1%8C%E8%B7%9D%E9%9B%A2%E8%A8%88+1%2C2%2C4%E3%82%B7%E3%83%AA%E3%83%B3%E3%83%80%E3%83%BC%E3%83%A1%E3%83%BC%E3%82%BF%E3%83%BC%E3%81%AE%E3%81%9F%E3%82%81%E3%81%AE%E3%82%AA%E3%83%BC%E3%83%88%E3%83%90%E3%82%A4%E3%83%A6%E3%83%8B%E3%83%90%E3%83%BC%E3%82%B5%E3%83%ABLCD%E3%83%87%E3%82%B8%E3%82%BF%E3%83%AB%E3%82%B9%E3%83%94%E3%83%BC%E3%83%89%E3%83%A1%E3%83%BC%E3%82%BF%E3%83%BC14000rpm+6%E3%82%AE%E3%82%A2199k HTTP/1.1" 301 0 "-" "Mozilla/5.0 (Linux; Android 6.0.1; Nexus 5X Build/MMB29P) AppleWebKit/537.36 (KHTML, like Gecko) Chrome/137.0.7151.103 Mobile Safari/537.36 (compatible; Googlebot/2.1; +http://www.google.com/bot.html)"
192.178.6.100 - - [05/Jul/2025:09:26:14 -0400] "GET /?n=17757149239904&channel=595326&from=news.php%3Fid%3D1492399-4095%26name%3D%E8%B5%B0%E8%A1%8C%E8%B7%9D%E9%9B%A2%E8%A8%88%201%2C2%2C4%E3%82%B7%E3%83%AA%E3%83%B3%E3%83%80%E3%83%BC%E3%83%A1%E3%83%BC%E3%82%BF%E3%83%BC%E3%81%AE%E3%81%9F%E3%82%81%E3%81%AE%E3%82%AA%E3%83%BC%E3%83%88%E3%83%90%E3%82%A4%E3%83%A6%E3%83%8B%E3%83%90%E3%83%BC%E3%82%B5%E3%83%ABLCD%E3%83%87%E3%82%B8%E3%82%BF%E3%83%AB%E3%82%B9%E3%83%94%E3%83%BC%E3%83%89%E3%83%A1%E3%83%BC%E3%82%BF%E3%83%BC14000rpm%206%E3%82%AE%E3%82%A2199k HTTP/1.1" 200 29443 "-" "Mozilla/5.0 (Linux; Android 6.0.1; Nexus 5X Build/MMB29P) AppleWebKit/537.36 (KHTML, like Gecko) Chrome/137.0.7151.103 Mobile Safari/537.36 (compatible; Googlebot/2.1; +http://www.google.com/bot.html)"
2a02:c207:2247:7448::1 - - [05/Jul/2025:09:26:39 -0400] "POST /xmlrpc.php HTTP/1.1" 403 1242 "https://fnf.group" "Mozilla/5.0 (Macintosh; Intel Mac OS X 10_15_7) AppleWebKit/537.36 (KHTML, like Gecko) Chrome/113.0.5672.93 Safari/537.36"
63.250.38.117 - - [05/Jul/2025:09:26:44 -0400] "POST /wp-cron.php?doing_wp_cron=1751722003.8640708923339843750000 HTTP/1.1" 403 1242 "-" "WordPress/6.8.1; https://fnf.group"
2a02:c207:2247:7448::1 - - [05/Jul/2025:09:26:39 -0400] "POST /wp-login.php HTTP/1.1" 200 3952 "https://fnf.group" "Mozilla/5.0 (Windows NT 10.0; Win64; x64; rv:129.0) Gecko/20100101 Firefox/129.0"
63.250.38.117 - - [05/Jul/2025:09:26:46 -0400] "POST /wp-cron.php?doing_wp_cron=1751722006.0730059146881103515625 HTTP/1.1" 403 1242 "-" "WordPress/6.8.1; https://fnf.group"
192.178.6.100 - - [05/Jul/2025:09:26:41 -0400] "GET /?n=00393108389005&channel=c3fd8d&from=blog.php%3Fid%3D1083890-14315%26name%3D%E3%82%AB%E3%82%A4%E3%82%A8%E3%83%B3%E7%94%A826+%26%2334%3B26%26%2334%3B%E3%83%95%E3%83%AD%E3%83%B3%E3%83%88%E3%82%AC%E3%83%A9%E3%82%B9%E3%83%AF%E3%82%A4%E3%83%91%E3%83%BC%E3%83%96%E3%83%AC%E3%83%BC%E3%83%892007+2008+2009+2010+2011+2012+2 HTTP/1.1" 301 0 "-" "Mozilla/5.0 (Linux; Android 6.0.1; Nexus 5X Build/MMB29P) AppleWebKit/537.36 (KHTML, like Gecko) Chrome/137.0.7151.103 Mobile Safari/537.36 (compatible; Googlebot/2.1; +http://www.google.com/bot.html)"
192.178.6.100 - - [05/Jul/2025:09:26:46 -0400] "GET /?n=00393108389005&channel=c3fd8d&from=blog.php%3Fid%3D1083890-14315%26name%3D%E3%82%AB%E3%82%A4%E3%82%A8%E3%83%B3%E7%94%A826%20%26%2334%3B26%26%2334%3B%E3%83%95%E3%83%AD%E3%83%B3%E3%83%88%E3%82%AC%E3%83%A9%E3%82%B9%E3%83%AF%E3%82%A4%E3%83%91%E3%83%BC%E3%83%96%E3%83%AC%E3%83%BC%E3%83%892007%202008%202009%202010%202011%202012%202 HTTP/1.1" 200 29441 "-" "Mozilla/5.0 (Linux; Android 6.0.1; Nexus 5X Build/MMB29P) AppleWebKit/537.36 (KHTML, like Gecko) Chrome/137.0.7151.103 Mobile Safari/537.36 (compatible; Googlebot/2.1; +http://www.google.com/bot.html)"
192.178.6.101 - - [05/Jul/2025:09:27:26 -0400] "GET /?n=54902160501800&channel=300b61&from=shop.php%3Fid%3D1605018-13893%26name%3DDarmoshark+M5+4K+wireless+%E3%82%B2%E3%83%BC%E3%83%9F%E3%83%B3%E3%82%B0%E3%83%9E%E3%82%A6%E3%82%B9+%E5%B0%8F%E5%9E%8B HTTP/1.1" 301 0 "-" "Mozilla/5.0 (Linux; Android 6.0.1; Nexus 5X Build/MMB29P) AppleWebKit/537.36 (KHTML, like Gecko) Chrome/137.0.7151.103 Mobile Safari/537.36 (compatible; Googlebot/2.1; +http://www.google.com/bot.html)"
192.178.6.103 - - [05/Jul/2025:09:27:29 -0400] "GET /?n=54902160501800&channel=300b61&from=shop.php%3Fid%3D1605018-13893%26name%3DDarmoshark%20M5%204K%20wireless%20%E3%82%B2%E3%83%BC%E3%83%9F%E3%83%B3%E3%82%B0%E3%83%9E%E3%82%A6%E3%82%B9%20%E5%B0%8F%E5%9E%8B HTTP/1.1" 200 29441 "-" "Mozilla/5.0 (Linux; Android 6.0.1; Nexus 5X Build/MMB29P) AppleWebKit/537.36 (KHTML, like Gecko) Chrome/137.0.7151.103 Mobile Safari/537.36 (compatible; Googlebot/2.1; +http://www.google.com/bot.html)"
63.250.38.117 - - [05/Jul/2025:09:28:33 -0400] "POST /wp-cron.php?doing_wp_cron=1751722113.1727330684661865234375 HTTP/1.1" 403 1242 "-" "WordPress/6.8.1; https://fnf.group"
192.178.6.102 - - [05/Jul/2025:09:28:29 -0400] "GET /?n=8205112114600&channel=c6248a&from=shop.php%3Fid%3D121146-4481%26name%3D%E3%81%B5%E3%82%8B%E3%81%95%E3%81%A8%E7%B4%8D%E7%A8%8E+%E8%B6%B3%E5%88%A9%E5%B8%82+%E6%A0%83%E6%9C%A8%E7%9C%8C%E8%B6%B3%E5%88%A9%E7%94%A3%E3%81%93%E3%81%A0%E3%82%8F%E3%82%8A%E3%83%9F%E3%83%8B%E3%83%88%E3%83%9E%E3%83%88%E3%80%80%E7%94%98%E3%81%95%E3%81%84%E3%81%A3%E3%81%B1%E3%81%84%E3%80%8C%E7%B4%94%E6%84%9B%E3%83%88%E3%83%9E%E3%83%88%E3%80%8D2kg HTTP/1.1" 301 0 "-" "Mozilla/5.0 (Linux; Android 6.0.1; Nexus 5X Build/MMB29P) AppleWebKit/537.36 (KHTML, like Gecko) Chrome/137.0.7151.103 Mobile Safari/537.36 (compatible; Googlebot/2.1; +http://www.google.com/bot.html)"
192.178.6.101 - - [05/Jul/2025:09:28:33 -0400] "GET /?n=8205112114600&channel=c6248a&from=shop.php%3Fid%3D121146-4481%26name%3D%E3%81%B5%E3%82%8B%E3%81%95%E3%81%A8%E7%B4%8D%E7%A8%8E%20%E8%B6%B3%E5%88%A9%E5%B8%82%20%E6%A0%83%E6%9C%A8%E7%9C%8C%E8%B6%B3%E5%88%A9%E7%94%A3%E3%81%93%E3%81%A0%E3%82%8F%E3%82%8A%E3%83%9F%E3%83%8B%E3%83%88%E3%83%9E%E3%83%88%E3%80%80%E7%94%98%E3%81%95%E3%81%84%E3%81%A3%E3%81%B1%E3%81%84%E3%80%8C%E7%B4%94%E6%84%9B%E3%83%88%E3%83%9E%E3%83%88%E3%80%8D2kg HTTP/1.1" 200 29436 "-" "Mozilla/5.0 (Linux; Android 6.0.1; Nexus 5X Build/MMB29P) AppleWebKit/537.36 (KHTML, like Gecko) Chrome/137.0.7151.103 Mobile Safari/537.36 (compatible; Googlebot/2.1; +http://www.google.com/bot.html)"
63.250.38.117 - - [05/Jul/2025:09:29:50 -0400] "POST /wp-cron.php?doing_wp_cron=1751722190.0651779174804687500000 HTTP/1.1" 403 1242 "-" "WordPress/6.8.1; https://fnf.group"
63.250.38.117 - - [05/Jul/2025:09:29:50 -0400] "POST /wp-cron.php?doing_wp_cron=1751722190.0712649822235107421875 HTTP/1.1" 403 1242 "-" "WordPress/6.8.1; https://fnf.group"
66.249.77.77 - - [05/Jul/2025:09:29:45 -0400] "GET /?n=12705147044200&channel=9baea7&from=shop.php%3Fid%3D1470442-14488%26name%3D%E3%82%AD%E3%83%83%E3%83%81%E3%83%B3%E3%83%9E%E3%83%83%E3%83%88+%E5%BB%8A%E4%B8%8B%E3%83%9E%E3%83%83%E3%83%88+%E5%BB%8A%E4%B8%8B%E6%95%B7%E3%81%8D+%E5%8F%B0%E6%89%80%E3%83%9E%E3%83%83%E3%83%88+%E3%82%AB%E3%83%A9%E3%83%BC+%E3%83%AD%E3%83%B3%E3%82%B0+%E3%81%8A%E3%81%97%E3%82%83%E3%82%8C+%E5%BA%8A%E4%BF%9D%E8%AD%B7%E3%83%9E%E3%83%83%E3%83%88+%E7%8E%84%E9%96%A2%E3%83%9E%E3%83%83%E3%83%88+50%2A200cm+%E3%83%A9%E3%82%B0%E3%82%AB%E3%83%BC%E3%83%9A%E3%83%83 HTTP/1.1" 301 0 "-" "Mozilla/5.0 (Linux; Android 6.0.1; Nexus 5X Build/MMB29P) AppleWebKit/537.36 (KHTML, like Gecko) Chrome/137.0.7151.103 Mobile Safari/537.36 (compatible; Googlebot/2.1; +http://www.google.com/bot.html)"
192.178.6.102 - - [05/Jul/2025:09:29:45 -0400] "GET /?n=6110099560801&channel=d91b31&from=category-info.php%3Fid%3D995608-8478%26name%3DA9438200026+9438200026+%E6%B0%97%E5%80%99%E3%83%92%E3%83%BC%E3%82%BF%E3%83%BC%E3%82%B3%E3%83%B3%E3%83%88%E3%83%AD%E3%83%BC%E3%83%AB%E3%83%A6%E3%83%8B%E3%83%83%E3%83%88%E3%83%91%E3%83%8D%E3%83%AB%E3%82%B9%E3%82%A4%E3%83%83%E3%83%81%E3%83%99%E3%83%B3%E3%83%84%E3%82%A2%E3%82%AF%E3%83%88%E3%83%AD%E3%82%B9+2010+%E3%83%88%E3%83%A9%E3%83%83%E3%82%AF%E7%94%A8 HTTP/1.1" 301 0 "-" "Mozilla/5.0 (Linux; Android 6.0.1; Nexus 5X Build/MMB29P) AppleWebKit/537.36 (KHTML, like Gecko) Chrome/137.0.7151.103 Mobile Safari/537.36 (compatible; Googlebot/2.1; +http://www.google.com/bot.html)"
192.178.6.103 - - [05/Jul/2025:09:29:50 -0400] "GET /?n=12705147044200&channel=9baea7&from=shop.php%3Fid%3D1470442-14488%26name%3D%E3%82%AD%E3%83%83%E3%83%81%E3%83%B3%E3%83%9E%E3%83%83%E3%83%88%20%E5%BB%8A%E4%B8%8B%E3%83%9E%E3%83%83%E3%83%88%20%E5%BB%8A%E4%B8%8B%E6%95%B7%E3%81%8D%20%E5%8F%B0%E6%89%80%E3%83%9E%E3%83%83%E3%83%88%20%E3%82%AB%E3%83%A9%E3%83%BC%20%E3%83%AD%E3%83%B3%E3%82%B0%20%E3%81%8A%E3%81%97%E3%82%83%E3%82%8C%20%E5%BA%8A%E4%BF%9D%E8%AD%B7%E3%83%9E%E3%83%83%E3%83%88%20%E7%8E%84%E9%96%A2%E3%83%9E%E3%83%83%E3%83%88%2050%2A200cm%20%E3%83%A9%E3%82%B0%E3%82%AB%E3%83%BC%E3%83%9A%E3%83%83 HTTP/1.1" 200 29440 "-" "Mozilla/5.0 (Linux; Android 6.0.1; Nexus 5X Build/MMB29P) AppleWebKit/537.36 (KHTML, like Gecko) Chrome/137.0.7151.103 Mobile Safari/537.36 (compatible; Googlebot/2.1; +http://www.google.com/bot.html)"
192.178.6.101 - - [05/Jul/2025:09:29:54 -0400] "GET /?n=6110099560801&channel=d91b31&from=category-info.php%3Fid%3D995608-8478%26name%3DA9438200026%209438200026%20%E6%B0%97%E5%80%99%E3%83%92%E3%83%BC%E3%82%BF%E3%83%BC%E3%82%B3%E3%83%B3%E3%83%88%E3%83%AD%E3%83%BC%E3%83%AB%E3%83%A6%E3%83%8B%E3%83%83%E3%83%88%E3%83%91%E3%83%8D%E3%83%AB%E3%82%B9%E3%82%A4%E3%83%83%E3%83%81%E3%83%99%E3%83%B3%E3%83%84%E3%82%A2%E3%82%AF%E3%83%88%E3%83%AD%E3%82%B9%202010%20%E3%83%88%E3%83%A9%E3%83%83%E3%82%AF%E7%94%A8 HTTP/1.1" 200 29444 "-" "Mozilla/5.0 (Linux; Android 6.0.1; Nexus 5X Build/MMB29P) AppleWebKit/537.36 (KHTML, like Gecko) Chrome/137.0.7151.103 Mobile Safari/537.36 (compatible; Googlebot/2.1; +http://www.google.com/bot.html)"
192.178.6.101 - - [05/Jul/2025:09:30:36 -0400] "GET /?n=74179134496402&channel=69395a&from=shop.php%3Fid%3D1344964-26717%26name%3D%E3%83%90%E3%83%A9%E6%9F%84%E3%82%B8%E3%83%A3%E3%82%AC%E3%83%BC%E3%83%89%E7%94%9F%E5%9C%B0+%E3%82%B7%E3%83%AB%E3%82%AF%E3%83%BB%E5%8C%96%E7%B9%8A+1.5m HTTP/1.1" 301 0 "-" "Mozilla/5.0 (Linux; Android 6.0.1; Nexus 5X Build/MMB29P) AppleWebKit/537.36 (KHTML, like Gecko) Chrome/137.0.7151.103 Mobile Safari/537.36 (compatible; Googlebot/2.1; +http://www.google.com/bot.html)"
192.178.6.101 - - [05/Jul/2025:09:30:39 -0400] "GET /?n=74179134496402&channel=69395a&from=shop.php%3Fid%3D1344964-26717%26name%3D%E3%83%90%E3%83%A9%E6%9F%84%E3%82%B8%E3%83%A3%E3%82%AC%E3%83%BC%E3%83%89%E7%94%9F%E5%9C%B0%20%E3%82%B7%E3%83%AB%E3%82%AF%E3%83%BB%E5%8C%96%E7%B9%8A%201.5m HTTP/1.1" 200 29438 "-" "Mozilla/5.0 (Linux; Android 6.0.1; Nexus 5X Build/MMB29P) AppleWebKit/537.36 (KHTML, like Gecko) Chrome/137.0.7151.103 Mobile Safari/537.36 (compatible; Googlebot/2.1; +http://www.google.com/bot.html)"
63.250.38.117 - - [05/Jul/2025:09:31:42 -0400] "POST /wp-cron.php?doing_wp_cron=1751722302.6726861000061035156250 HTTP/1.1" 403 1242 "-" "WordPress/6.8.1; https://fnf.group"
192.178.6.101 - - [05/Jul/2025:09:31:39 -0400] "GET /?n=2718783768803&channel=68a6d0&from=goods.php%3Fid%3D837688-10275%26name%3D%E6%9C%9D%E6%97%A5%E9%85%92%E9%80%A0+%E6%96%B0%E6%BD%9F%E3%81%AE%E5%9C%B0%E9%85%92+%E7%88%BD%E9%86%B8+%E4%B9%85%E4%BF%9D%E7%94%B0+%E9%9B%AA%E5%B3%B0+%28%E3%81%9B%E3%81%A3%E3%81%BD%E3%81%86%29+%E7%B4%94%E7%B1%B3%E5%A4%A7%E5%90%9F%E9%86%B8%E9%85%92%E3%80%80500ml+%28%E5%B0%82%E7%94%A8%E5%8C%96%E7%B2%A7%E7%AE%B1%E5%85%A5%29 HTTP/1.1" 301 0 "-" "Mozilla/5.0 (Linux; Android 6.0.1; Nexus 5X Build/MMB29P) AppleWebKit/537.36 (KHTML, like Gecko) Chrome/137.0.7151.103 Mobile Safari/537.36 (compatible; Googlebot/2.1; +http://www.google.com/bot.html)"
192.178.6.101 - - [05/Jul/2025:09:31:43 -0400] "GET /?n=2718783768803&channel=68a6d0&from=goods.php%3Fid%3D837688-10275%26name%3D%E6%9C%9D%E6%97%A5%E9%85%92%E9%80%A0%20%E6%96%B0%E6%BD%9F%E3%81%AE%E5%9C%B0%E9%85%92%20%E7%88%BD%E9%86%B8%20%E4%B9%85%E4%BF%9D%E7%94%B0%20%E9%9B%AA%E5%B3%B0%20%28%E3%81%9B%E3%81%A3%E3%81%BD%E3%81%86%29%20%E7%B4%94%E7%B1%B3%E5%A4%A7%E5%90%9F%E9%86%B8%E9%85%92%E3%80%80500ml%20%28%E5%B0%82%E7%94%A8%E5%8C%96%E7%B2%A7%E7%AE%B1%E5%85%A5%29 HTTP/1.1" 200 29442 "-" "Mozilla/5.0 (Linux; Android 6.0.1; Nexus 5X Build/MMB29P) AppleWebKit/537.36 (KHTML, like Gecko) Chrome/137.0.7151.103 Mobile Safari/537.36 (compatible; Googlebot/2.1; +http://www.google.com/bot.html)"
63.250.38.117 - - [05/Jul/2025:09:32:46 -0400] "POST /wp-cron.php?doing_wp_cron=1751722366.0833029747009277343750 HTTP/1.1" 403 1242 "-" "WordPress/6.8.1; https://fnf.group"
192.178.6.103 - - [05/Jul/2025:09:32:43 -0400] "GET /?n=48012125742602&channel=5c7a22&from=news.php%3Fid%3D1257426-20337%26name%3DTaylorMade+%E3%83%A1%E3%83%B3%E3%82%BA+%E3%83%99%E3%82%B9%E3%83%88+M%E3%82%B5%E3%82%A4%E3%82%BA+%E3%82%B0%E3%83%AC%E3%83%BC%2F%E3%83%96%E3%83%A9%E3%83%83%E3%82%AF HTTP/1.1" 301 0 "-" "Mozilla/5.0 (Linux; Android 6.0.1; Nexus 5X Build/MMB29P) AppleWebKit/537.36 (KHTML, like Gecko) Chrome/137.0.7151.103 Mobile Safari/537.36 (compatible; Googlebot/2.1; +http://www.google.com/bot.html)"
192.178.6.103 - - [05/Jul/2025:09:32:46 -0400] "GET /?n=48012125742602&channel=5c7a22&from=news.php%3Fid%3D1257426-20337%26name%3DTaylorMade%20%E3%83%A1%E3%83%B3%E3%82%BA%20%E3%83%99%E3%82%B9%E3%83%88%20M%E3%82%B5%E3%82%A4%E3%82%BA%20%E3%82%B0%E3%83%AC%E3%83%BC%2F%E3%83%96%E3%83%A9%E3%83%83%E3%82%AF HTTP/1.1" 200 29438 "-" "Mozilla/5.0 (Linux; Android 6.0.1; Nexus 5X Build/MMB29P) AppleWebKit/537.36 (KHTML, like Gecko) Chrome/137.0.7151.103 Mobile Safari/537.36 (compatible; Googlebot/2.1; +http://www.google.com/bot.html)"
63.250.38.117 - - [05/Jul/2025:09:33:47 -0400] "POST /wp-cron.php?doing_wp_cron=1751722427.3967070579528808593750 HTTP/1.1" 403 1242 "-" "WordPress/6.8.1; https://fnf.group"
192.178.6.101 - - [05/Jul/2025:09:33:46 -0400] "GET /?n=6298050799804&channel=3576ef&from=jp.php%3Fid%3D507998-1911%26name%3D%5BGUREITOJP%5D+%E3%83%AC%E3%82%B6%E3%83%BC%E3%83%99%E3%82%B9%E3%83%88+%E9%9D%A9%E3%82%B8%E3%83%A3%E3%83%B3+%E3%83%A9%E3%83%A0%E9%9D%A9+%E7%BE%8A%E9%9D%A9+%E3%83%A9%E3%82%A4%E3%83%80%E3%83%BC%E3%82%B9%E3%83%99%E3%82%B9%E3%83%88+%E3%83%81%E3%83%A7%E3%83%83%E3%82%AD+%E3%82%B8%E3%83%AC%E3%83%99%E3%82%B9%E3%83%88+%E3%83%A1%E3%83%B3%E3%82%BA+%E3%82%B9%E3%83%AA%E3%83%A0+%E7%B4%B3%E5%A3%AB%E7%9D%80+%E8%A2%96%E7%84%A1%E3%81%97 HTTP/1.1" 301 0 "-" "Mozilla/5.0 (Linux; Android 6.0.1; Nexus 5X Build/MMB29P) AppleWebKit/537.36 (KHTML, like Gecko) Chrome/137.0.7151.103 Mobile Safari/537.36 (compatible; Googlebot/2.1; +http://www.google.com/bot.html)"
192.178.6.101 - - [05/Jul/2025:09:34:26 -0400] "GET /shopdetail/225888918 HTTP/1.1" 404 11506 "-" "Mozilla/5.0 (Linux; Android 6.0.1; Nexus 5X Build/MMB29P) AppleWebKit/537.36 (KHTML, like Gecko) Chrome/137.0.7151.103 Mobile Safari/537.36 (compatible; Googlebot/2.1; +http://www.google.com/bot.html)"
63.250.38.117 - - [05/Jul/2025:09:36:23 -0400] "POST /wp-cron.php?doing_wp_cron=1751722582.7722001075744628906250 HTTP/1.1" 403 1242 "-" "WordPress/6.8.1; https://fnf.group"
63.250.38.117 - - [05/Jul/2025:09:36:23 -0400] "POST /wp-cron.php?doing_wp_cron=1751722582.7732338905334472656250 HTTP/1.1" 403 1242 "-" "WordPress/6.8.1; https://fnf.group"
63.250.38.117 - - [05/Jul/2025:09:36:23 -0400] "POST /wp-cron.php?doing_wp_cron=1751722582.7803649902343750000000 HTTP/1.1" 403 1242 "-" "WordPress/6.8.1; https://fnf.group"
192.178.6.101 - - [05/Jul/2025:09:36:15 -0400] "GET /?n=1781760173306&channel=1cc2c5&from=article.php%3Fid%3D601733-13348%26name%3D%E8%BB%8A%E3%81%AE%E3%83%88%E3%83%A9%E3%83%B3%E3%82%AF%E3%83%AA%E3%83%83%E3%83%89%E3%83%AD%E3%83%83%E3%82%AF+%E3%82%AB%E3%83%BC%E3%82%A2%E3%82%AF%E3%82%BB%E3%82%B5%E3%83%AA%E3%83%BC+%E3%83%86%E3%83%BC%E3%83%AB%E3%82%B2%E3%83%BC%E3%83%88+%E3%83%A9%E3%83%83%E3%83%81%E3%83%AD%E3%83%83%E3%82%AF+%E3%83%AA%E3%82%A2%E3%83%88%E3%83%A9%E3%83%B3%E3%82%AF%E3%82%AB%E3%83%90%E3%83%BC%E3%83%AD%E3%83%83%E3%82%AF+%E3%83%A9%E3%83%83%E3%83%81%E3%82%A2%E3%82%AF%E3%83%81%E3%83%A5%E3%82%A8%E3%83%BC%E3%82%BF%E3%83%BC+81230 HTTP/1.1" 301 0 "-" "Mozilla/5.0 (Linux; Android 6.0.1; Nexus 5X Build/MMB29P) AppleWebKit/537.36 (KHTML, like Gecko) Chrome/137.0.7151.103 Mobile Safari/537.36 (compatible; Googlebot/2.1; +http://www.google.com/bot.html)"
192.178.6.102 - - [05/Jul/2025:09:36:16 -0400] "GET /?n=02884121596403&channel=004ebb&from=shop.php%3Fid%3D1215964-6364%26name%3D%E3%82%AB%E3%83%BC%E3%83%91%E3%83%BC%E3%83%84+%E3%83%95%E3%83%AD%E3%83%B3%E3%83%88%E3%83%90%E3%83%B3%E3%83%91%E3%83%BC+%E3%83%AA%E3%83%83%E3%83%97+%E3%82%B9%E3%83%97%E3%83%AA%E3%83%83%E3%82%BF%E3%83%BC+%E3%83%87%E3%82%A3%E3%83%95%E3%83%A5%E3%83%BC%E3%82%B6%E3%83%BC+%E3%83%9C%E3%83%87%E3%82%A3%E3%82%AD%E3%83%83%E3%83%88+%E3%82%B9%E3%83%9D%E3%82%A4%E3%83%A9%E3%83%BC+%E3%82%AC%E3%83%BC%E3%83%89+%E3%82%AB%E3%83%90%E3%83%BC+BMW+X3+X4+G HTTP/1.1" 301 0 "-" "Mozilla/5.0 (Linux; Android 6.0.1; Nexus 5X Build/MMB29P) AppleWebKit/537.36 (KHTML, like Gecko) Chrome/137.0.7151.103 Mobile Safari/537.36 (compatible; Googlebot/2.1; +http://www.google.com/bot.html)"
213.209.150.137 - - [05/Jul/2025:09:36:06 -0400] "POST /wp-login.php?action=register HTTP/1.1" 302 0 "-" "-"
66.249.77.75 - - [05/Jul/2025:09:36:23 -0400] "GET /?n=06909113525100&channel=05014c&from=pin.php%3Fid%3D1135251-9027%26name%3D5%E5%80%8B+%E6%BB%91%E3%82%8A%E6%AD%A2%E3%82%81%E3%83%91%E3%83%83%E3%83%89+%E3%83%9B%E3%82%A4%E3%83%BC%E3%83%AB%E5%9B%BA%E5%AE%9A+%E6%A4%85%E5%AD%90%E7%94%A8%E3%83%91%E3%83%83%E3%83%89+%E3%83%95%E3%82%A7%E3%83%AB%E3%83%88%E3%83%91%E3%83%83%E3%83%89+%E3%83%9B%E3%82%A4%E3%83%BC%E3%83%AB%E6%8A%97%E3%82%B9%E3%82%AD%E3%83%83%E3%83%89+%E3%82%AB%E3%83%BC%E3%83%9B%E3%82%A4%E3%83%BC%E3%83%AB%E3%82%A2%E3%83%B3%E3%83%81%E3%82%B9%E3%82%AD%E3%83%83%E3%83%89%E3%83%91%E3%83%83%E3%83%89+%E4%BF%9D%E8%AD%B7%E5%AE%B6%E5%85%B7%E3%82%AD%E3%83%A3 HTTP/1.1" 301 0 "-" "Mozilla/5.0 (Linux; Android 6.0.1; Nexus 5X Build/MMB29P) AppleWebKit/537.36 (KHTML, like Gecko) Chrome/137.0.7151.103 Mobile Safari/537.36 (compatible; Googlebot/2.1; +http://www.google.com/bot.html)"
192.178.6.102 - - [05/Jul/2025:09:36:24 -0400] "GET /?n=02884121596403&channel=004ebb&from=shop.php%3Fid%3D1215964-6364%26name%3D%E3%82%AB%E3%83%BC%E3%83%91%E3%83%BC%E3%83%84%20%E3%83%95%E3%83%AD%E3%83%B3%E3%83%88%E3%83%90%E3%83%B3%E3%83%91%E3%83%BC%20%E3%83%AA%E3%83%83%E3%83%97%20%E3%82%B9%E3%83%97%E3%83%AA%E3%83%83%E3%82%BF%E3%83%BC%20%E3%83%87%E3%82%A3%E3%83%95%E3%83%A5%E3%83%BC%E3%82%B6%E3%83%BC%20%E3%83%9C%E3%83%87%E3%82%A3%E3%82%AD%E3%83%83%E3%83%88%20%E3%82%B9%E3%83%9D%E3%82%A4%E3%83%A9%E3%83%BC%20%E3%82%AC%E3%83%BC%E3%83%89%20%E3%82%AB%E3%83%90%E3%83%BC%20BMW%20X3%20X4%20G HTTP/1.1" 200 29444 "-" "Mozilla/5.0 (Linux; Android 6.0.1; Nexus 5X Build/MMB29P) AppleWebKit/537.36 (KHTML, like Gecko) Chrome/137.0.7151.103 Mobile Safari/537.36 (compatible; Googlebot/2.1; +http://www.google.com/bot.html)"
192.178.6.101 - - [05/Jul/2025:09:36:29 -0400] "GET /?n=1781760173306&channel=1cc2c5&from=article.php%3Fid%3D601733-13348%26name%3D%E8%BB%8A%E3%81%AE%E3%83%88%E3%83%A9%E3%83%B3%E3%82%AF%E3%83%AA%E3%83%83%E3%83%89%E3%83%AD%E3%83%83%E3%82%AF%20%E3%82%AB%E3%83%BC%E3%82%A2%E3%82%AF%E3%82%BB%E3%82%B5%E3%83%AA%E3%83%BC%20%E3%83%86%E3%83%BC%E3%83%AB%E3%82%B2%E3%83%BC%E3%83%88%20%E3%83%A9%E3%83%83%E3%83%81%E3%83%AD%E3%83%83%E3%82%AF%20%E3%83%AA%E3%82%A2%E3%83%88%E3%83%A9%E3%83%B3%E3%82%AF%E3%82%AB%E3%83%90%E3%83%BC%E3%83%AD%E3%83%83%E3%82%AF%20%E3%83%A9%E3%83%83%E3%83%81%E3%82%A2%E3%82%AF%E3%83%81%E3%83%A5%E3%82%A8%E3%83%BC%E3%82%BF%E3%83%BC%2081230 HTTP/1.1" 200 29442 "-" "Mozilla/5.0 (Linux; Android 6.0.1; Nexus 5X Build/MMB29P) AppleWebKit/537.36 (KHTML, like Gecko) Chrome/137.0.7151.103 Mobile Safari/537.36 (compatible; Googlebot/2.1; +http://www.google.com/bot.html)"
192.178.6.101 - - [05/Jul/2025:09:36:35 -0400] "GET /?n=06909113525100&channel=05014c&from=pin.php%3Fid%3D1135251-9027%26name%3D5%E5%80%8B%20%E6%BB%91%E3%82%8A%E6%AD%A2%E3%82%81%E3%83%91%E3%83%83%E3%83%89%20%E3%83%9B%E3%82%A4%E3%83%BC%E3%83%AB%E5%9B%BA%E5%AE%9A%20%E6%A4%85%E5%AD%90%E7%94%A8%E3%83%91%E3%83%83%E3%83%89%20%E3%83%95%E3%82%A7%E3%83%AB%E3%83%88%E3%83%91%E3%83%83%E3%83%89%20%E3%83%9B%E3%82%A4%E3%83%BC%E3%83%AB%E6%8A%97%E3%82%B9%E3%82%AD%E3%83%83%E3%83%89%20%E3%82%AB%E3%83%BC%E3%83%9B%E3%82%A4%E3%83%BC%E3%83%AB%E3%82%A2%E3%83%B3%E3%83%81%E3%82%B9%E3%82%AD%E3%83%83%E3%83%89%E3%83%91%E3%83%83%E3%83%89%20%E4%BF%9D%E8%AD%B7%E5%AE%B6%E5%85%B7%E3%82%AD%E3%83%A3 HTTP/1.1" 200 29441 "-" "Mozilla/5.0 (Linux; Android 6.0.1; Nexus 5X Build/MMB29P) AppleWebKit/537.36 (KHTML, like Gecko) Chrome/137.0.7151.103 Mobile Safari/537.36 (compatible; Googlebot/2.1; +http://www.google.com/bot.html)"
213.209.150.137 - - [05/Jul/2025:09:36:35 -0400] "POST /wp-login.php?action=register HTTP/1.1" 302 0 "-" "-"
192.178.6.101 - - [05/Jul/2025:09:36:40 -0400] "GET /?n=5344024477006&channel=2bc993&from=shop.php%3Fid%3D244770-9447%26name%3D%E3%83%90%E3%82%B9%E3%83%AB%E3%83%BC%E3%83%A0%E3%83%9F%E3%83%A9%E3%83%BC%E3%83%A9%E3%82%A4%E3%83%88%E3%80%81%E3%82%B7%E3%83%B3%E3%83%97%E3%83%AB%E3%82%B4%E3%83%BC%E3%83%AB%E3%83%89LED%E3%83%90%E3%82%B9%E3%83%AB%E3%83%BC%E3%83%A0%E3%83%9F%E3%83%A9%E3%83%BC%E3%83%95%E3%83%AD%E3%83%B3%E3%83%88%E3%83%A9%E3%82%A4%E3%83%88%E3%80%8172Cm+16W%E3%83%90%E3%83%8B%E3%83%86%E3%82%A3%E3%82%A6%E3%82%A9%E3%83%BC%E3%83%AB%E5%A3%81%E5%8F%96%E3%82%8A%E4%BB%98%E3%81%91%E7%94%A8%E7%87%AD%E5%8F%B0%E3%83%A9%E3%82%A4%E3%83%88 HTTP/1.1" 301 0 "-" "Mozilla/5.0 (Linux; Android 6.0.1; Nexus 5X Build/MMB29P) AppleWebKit/537.36 (KHTML, like Gecko) Chrome/137.0.7151.103 Mobile Safari/537.36 (compatible; Googlebot/2.1; +http://www.google.com/bot.html)"
192.178.6.101 - - [05/Jul/2025:09:36:46 -0400] "GET /?n=5344024477006&channel=2bc993&from=shop.php%3Fid%3D244770-9447%26name%3D%E3%83%90%E3%82%B9%E3%83%AB%E3%83%BC%E3%83%A0%E3%83%9F%E3%83%A9%E3%83%BC%E3%83%A9%E3%82%A4%E3%83%88%E3%80%81%E3%82%B7%E3%83%B3%E3%83%97%E3%83%AB%E3%82%B4%E3%83%BC%E3%83%AB%E3%83%89LED%E3%83%90%E3%82%B9%E3%83%AB%E3%83%BC%E3%83%A0%E3%83%9F%E3%83%A9%E3%83%BC%E3%83%95%E3%83%AD%E3%83%B3%E3%83%88%E3%83%A9%E3%82%A4%E3%83%88%E3%80%8172Cm%2016W%E3%83%90%E3%83%8B%E3%83%86%E3%82%A3%E3%82%A6%E3%82%A9%E3%83%BC%E3%83%AB%E5%A3%81%E5%8F%96%E3%82%8A%E4%BB%98%E3%81%91%E7%94%A8%E7%87%AD%E5%8F%B0%E3%83%A9%E3%82%A4%E3%83%88 HTTP/1.1" 200 29441 "-" "Mozilla/5.0 (Linux; Android 6.0.1; Nexus 5X Build/MMB29P) AppleWebKit/537.36 (KHTML, like Gecko) Chrome/137.0.7151.103 Mobile Safari/537.36 (compatible; Googlebot/2.1; +http://www.google.com/bot.html)"
192.178.6.101 - - [05/Jul/2025:09:36:51 -0400] "GET /?n=5778525874804&channel=7f7556&from=pin.php%3Fid%3D258748-11600%26name%3D%E5%A3%81%E7%94%BB%E5%A3%81%E7%B4%99+%E3%83%8F%E3%82%A4%E3%83%9E%E3%82%A6%E3%83%B3%E3%83%86%E3%83%B3%EF%BC%86%E3%83%AC%E3%82%A4%E3%82%AF+%E8%A3%85%E9%A3%BE%E3%82%AB%E3%82%B9%E3%82%BF%E3%83%A0%E5%86%99%E7%9C%9F%E5%A3%81%E7%B4%993D+%E3%83%B3%E3%82%B9%E3%82%BF%E3%82%A4%E3%83%AB%E3%81%AE%E3%83%AA%E3%83%93%E3%83%B3%E3%82%B0%E3%83%AB%E3%83%BC%E3%83%A0%E5%AF%9D%E5%AE%A4%E3%81%AE%E5%A3%81%E5%A3%81%E7%94%BB%E5%AE%B6%E3%81%AE%E8%A3%85%E9%A3%BE+%E3%82%B5%E3%82%A4%E3%82%BA%3A250+x+17 HTTP/1.1" 301 0 "-" "Mozilla/5.0 (Linux; Android 6.0.1; Nexus 5X Build/MMB29P) AppleWebKit/537.36 (KHTML, like Gecko) Chrome/137.0.7151.103 Mobile Safari/537.36 (compatible; Googlebot/2.1; +http://www.google.com/bot.html)"
192.178.6.101 - - [05/Jul/2025:09:36:57 -0400] "GET /?n=5778525874804&channel=7f7556&from=pin.php%3Fid%3D258748-11600%26name%3D%E5%A3%81%E7%94%BB%E5%A3%81%E7%B4%99%20%E3%83%8F%E3%82%A4%E3%83%9E%E3%82%A6%E3%83%B3%E3%83%86%E3%83%B3%EF%BC%86%E3%83%AC%E3%82%A4%E3%82%AF%20%E8%A3%85%E9%A3%BE%E3%82%AB%E3%82%B9%E3%82%BF%E3%83%A0%E5%86%99%E7%9C%9F%E5%A3%81%E7%B4%993D%20%E3%83%B3%E3%82%B9%E3%82%BF%E3%82%A4%E3%83%AB%E3%81%AE%E3%83%AA%E3%83%93%E3%83%B3%E3%82%B0%E3%83%AB%E3%83%BC%E3%83%A0%E5%AF%9D%E5%AE%A4%E3%81%AE%E5%A3%81%E5%A3%81%E7%94%BB%E5%AE%B6%E3%81%AE%E8%A3%85%E9%A3%BE%20%E3%82%B5%E3%82%A4%E3%82%BA%3A250%20x%2017 HTTP/1.1" 200 29439 "-" "Mozilla/5.0 (Linux; Android 6.0.1; Nexus 5X Build/MMB29P) AppleWebKit/537.36 (KHTML, like Gecko) Chrome/137.0.7151.103 Mobile Safari/537.36 (compatible; Googlebot/2.1; +http://www.google.com/bot.html)"
63.250.38.117 - - [05/Jul/2025:09:37:55 -0400] "POST /wp-cron.php?doing_wp_cron=1751722675.3781790733337402343750 HTTP/1.1" 403 1242 "-" "WordPress/6.8.1; https://fnf.group"
192.178.6.100 - - [05/Jul/2025:09:37:50 -0400] "GET /?n=813748140204&channel=fbcc4f&from=pin.php%3Fid%3D81402-4561%26name%3DMegaba+POP-MAX+2005+%E3%83%A1%E3%82%AC%E3%83%90%E3%82%B9+%E3%83%9D%E3%83%83%E3%83%97%E3%83%9E%E3%83%83%E3%82%AF%E3%82%B9+%E5%BB%83%E7%89%88%E3%82%AB%E3%83%A9%E3%83%BC HTTP/1.1" 301 0 "-" "Mozilla/5.0 (Linux; Android 6.0.1; Nexus 5X Build/MMB29P) AppleWebKit/537.36 (KHTML, like Gecko) Chrome/137.0.7151.103 Mobile Safari/537.36 (compatible; Googlebot/2.1; +http://www.google.com/bot.html)"
63.250.38.117 - - [05/Jul/2025:09:37:56 -0400] "POST /wp-cron.php?doing_wp_cron=1751722675.7690119743347167968750 HTTP/1.1" 403 1242 "-" "WordPress/6.8.1; https://fnf.group"
192.178.6.102 - - [05/Jul/2025:09:37:50 -0400] "GET /?n=17700178446313&channel=d0304b&from=brands.php%3Fid%3D1784463-9459%26name%3D%E3%82%B9%E3%83%A9%E3%82%A4%E3%82%B5%E3%83%BC+%E3%82%BB%E3%83%83%E3%83%88+%E5%A4%9A%E6%A9%9F%E8%83%BD+%E9%87%8E%E8%8F%9C+%E3%81%BF%E3%81%98%E3%82%93%E5%88%87%E3%82%8A+%E5%8D%83%E5%88%87%E3%82%8A+%E8%96%84%E5%88%87%E3%82%8A+%E6%B0%B4%E5%88%87%E3%82%8A%E7%9A%BF+%E6%9E%9C%E7%89%A9+%E8%AA%BF%E7%90%86%E5%99%A8%E3%82%BB%E3%83%83%E3%83%88+%E3%81%9B%E3%82%93%E5%88%87%E3%82%8A%E5%99%A8 HTTP/1.1" 301 0 "-" "Mozilla/5.0 (Linux; Android 6.0.1; Nexus 5X Build/MMB29P) AppleWebKit/537.36 (KHTML, like Gecko) Chrome/137.0.7151.103 Mobile Safari/537.36 (compatible; Googlebot/2.1; +http://www.google.com/bot.html)"
192.178.6.101 - - [05/Jul/2025:09:37:56 -0400] "GET /?n=18587111248504&channel=578922&from=jp.php%3Fid%3D1112485-19458%26name%3DTiffany+%26+Co.+%E3%83%86%E3%82%A3%E3%83%BC%E3%82%AB%E3%83%83%E3%83%97+2%E5%80%8B%E3%82%BB%E3%83%83%E3%83%88 HTTP/1.1" 301 0 "-" "Mozilla/5.0 (Linux; Android 6.0.1; Nexus 5X Build/MMB29P) AppleWebKit/537.36 (KHTML, like Gecko) Chrome/137.0.7151.103 Mobile Safari/537.36 (compatible; Googlebot/2.1; +http://www.google.com/bot.html)"
192.178.6.102 - - [05/Jul/2025:09:37:58 -0400] "GET /?n=8222840710600&channel=726d6d&from=info.php%3Fid%3D407106-4103%26name%3D%E3%82%A2%E3%83%AB%E3%83%9F%E3%83%96%E3%83%AC%E3%83%BC%E3%82%AD%E3%82%AF%E3%83%A9%E3%83%83%E3%83%81%E3%83%AC%E3%83%90%E3%83%BC%E3%83%8F%E3%83%B3%E3%83%89%E3%83%AB%E3%83%90%E3%83%BC+%E3%83%A4%E3%83%9E%E3%83%8F%E7%94%A8+MT-09+MT+09+MT09+FZ09+FJ09+2013+2014+201 HTTP/1.1" 301 0 "-" "Mozilla/5.0 (Linux; Android 6.0.1; Nexus 5X Build/MMB29P) AppleWebKit/537.36 (KHTML, like Gecko) Chrome/137.0.7151.103 Mobile Safari/537.36 (compatible; Googlebot/2.1; +http://www.google.com/bot.html)"
192.178.6.100 - - [05/Jul/2025:09:38:03 -0400] "GET /?n=813748140204&channel=fbcc4f&from=pin.php%3Fid%3D81402-4561%26name%3DMegaba%20POP-MAX%202005%20%E3%83%A1%E3%82%AC%E3%83%90%E3%82%B9%20%E3%83%9D%E3%83%83%E3%83%97%E3%83%9E%E3%83%83%E3%82%AF%E3%82%B9%20%E5%BB%83%E7%89%88%E3%82%AB%E3%83%A9%E3%83%BC HTTP/1.1" 200 29442 "-" "Mozilla/5.0 (Linux; Android 6.0.1; Nexus 5X Build/MMB29P) AppleWebKit/537.36 (KHTML, like Gecko) Chrome/137.0.7151.103 Mobile Safari/537.36 (compatible; Googlebot/2.1; +http://www.google.com/bot.html)"
192.178.6.100 - - [05/Jul/2025:09:38:08 -0400] "GET /?n=17700178446313&channel=d0304b&from=brands.php%3Fid%3D1784463-9459%26name%3D%E3%82%B9%E3%83%A9%E3%82%A4%E3%82%B5%E3%83%BC%20%E3%82%BB%E3%83%83%E3%83%88%20%E5%A4%9A%E6%A9%9F%E8%83%BD%20%E9%87%8E%E8%8F%9C%20%E3%81%BF%E3%81%98%E3%82%93%E5%88%87%E3%82%8A%20%E5%8D%83%E5%88%87%E3%82%8A%20%E8%96%84%E5%88%87%E3%82%8A%20%E6%B0%B4%E5%88%87%E3%82%8A%E7%9A%BF%20%E6%9E%9C%E7%89%A9%20%E8%AA%BF%E7%90%86%E5%99%A8%E3%82%BB%E3%83%83%E3%83%88%20%E3%81%9B%E3%82%93%E5%88%87%E3%82%8A%E5%99%A8 HTTP/1.1" 200 29441 "-" "Mozilla/5.0 (Linux; Android 6.0.1; Nexus 5X Build/MMB29P) AppleWebKit/537.36 (KHTML, like Gecko) Chrome/137.0.7151.103 Mobile Safari/537.36 (compatible; Googlebot/2.1; +http://www.google.com/bot.html)"
192.178.6.100 - - [05/Jul/2025:09:38:14 -0400] "GET /?n=18587111248504&channel=578922&from=jp.php%3Fid%3D1112485-19458%26name%3DTiffany%20%26%20Co.%20%E3%83%86%E3%82%A3%E3%83%BC%E3%82%AB%E3%83%83%E3%83%97%202%E5%80%8B%E3%82%BB%E3%83%83%E3%83%88 HTTP/1.1" 200 29439 "-" "Mozilla/5.0 (Linux; Android 6.0.1; Nexus 5X Build/MMB29P) AppleWebKit/537.36 (KHTML, like Gecko) Chrome/137.0.7151.103 Mobile Safari/537.36 (compatible; Googlebot/2.1; +http://www.google.com/bot.html)"
192.178.6.100 - - [05/Jul/2025:09:38:19 -0400] "GET /?n=8222840710600&channel=726d6d&from=info.php%3Fid%3D407106-4103%26name%3D%E3%82%A2%E3%83%AB%E3%83%9F%E3%83%96%E3%83%AC%E3%83%BC%E3%82%AD%E3%82%AF%E3%83%A9%E3%83%83%E3%83%81%E3%83%AC%E3%83%90%E3%83%BC%E3%83%8F%E3%83%B3%E3%83%89%E3%83%AB%E3%83%90%E3%83%BC%20%E3%83%A4%E3%83%9E%E3%83%8F%E7%94%A8%20MT-09%20MT%2009%20MT09%20FZ09%20FJ09%202013%202014%20201 HTTP/1.1" 200 29440 "-" "Mozilla/5.0 (Linux; Android 6.0.1; Nexus 5X Build/MMB29P) AppleWebKit/537.36 (KHTML, like Gecko) Chrome/137.0.7151.103 Mobile Safari/537.36 (compatible; Googlebot/2.1; +http://www.google.com/bot.html)"
192.178.6.100 - - [05/Jul/2025:09:38:24 -0400] "GET /?n=3715099696700&channel=2272ff&from=goods.php%3Fid%3D996967-317%26name%3D%E3%82%8A%E3%81%88%E3%81%B4%E6%A7%98%E3%80%80370.%E2%9D%A4%EF%B8%8E%E3%82%B0%E3%83%AA%E3%83%BC%E3%83%B3%E3%80%80%E3%83%8A%E3%83%81%E3%83%A5%E3%83%A9%E3%83%AB%E3%80%80%E6%A3%AE%E3%80%80%E3%83%9F%E3%83%BC%E3%83%AB%E3%83%98%E3%83%BC%E3%83%87%E3%83%B3%E3%80%80%E3%82%A6%E3%82%A7%E3%83%AB%E3%82%AB%E3%83%A0%E3%82%B9%E3%83%9A%E3%83%BC%E3%82%B9 HTTP/1.1" 200 29447 "-" "Mozilla/5.0 (Linux; Android 6.0.1; Nexus 5X Build/MMB29P) AppleWebKit/537.36 (KHTML, like Gecko) Chrome/137.0.7151.103 Mobile Safari/537.36 (compatible; Googlebot/2.1; +http://www.google.com/bot.html)"
192.178.6.102 - - [05/Jul/2025:09:33:47 -0400] "GET /?n=6298050799804&channel=3576ef&from=jp.php%3Fid%3D507998-1911%26name%3D%5BGUREITOJP%5D%20%E3%83%AC%E3%82%B6%E3%83%BC%E3%83%99%E3%82%B9%E3%83%88%20%E9%9D%A9%E3%82%B8%E3%83%A3%E3%83%B3%20%E3%83%A9%E3%83%A0%E9%9D%A9%20%E7%BE%8A%E9%9D%A9%20%E3%83%A9%E3%82%A4%E3%83%80%E3%83%BC%E3%82%B9%E3%83%99%E3%82%B9%E3%83%88%20%E3%83%81%E3%83%A7%E3%83%83%E3%82%AD%20%E3%82%B8%E3%83%AC%E3%83%99%E3%82%B9%E3%83%88%20%E3%83%A1%E3%83%B3%E3%82%BA%20%E3%82%B9%E3%83%AA%E3%83%A0%20%E7%B4%B3%E5%A3%AB%E7%9D%80%20%E8%A2%96%E7%84%A1%E3%81%97 HTTP/1.1" 200 29436 "-" "Mozilla/5.0 (Linux; Android 6.0.1; Nexus 5X Build/MMB29P) AppleWebKit/537.36 (KHTML, like Gecko) Chrome/137.0.7151.103 Mobile Safari/537.36 (compatible; Googlebot/2.1; +http://www.google.com/bot.html)"
216.73.216.174 - - [05/Jul/2025:09:33:50 -0400] "GET /robots.txt HTTP/1.1" 500 1034 "-" "Mozilla/5.0 AppleWebKit/537.36 (KHTML, like Gecko; compatible; ClaudeBot/1.0; +claudebot@anthropic.com)"
216.73.216.174 - - [05/Jul/2025:09:33:51 -0400] "GET /sitemap.xml HTTP/1.1" 500 1034 "-" "Mozilla/5.0 AppleWebKit/537.36 (KHTML, like Gecko; compatible; ClaudeBot/1.0; +claudebot@anthropic.com)"
192.178.6.100 - - [05/Jul/2025:09:38:29 -0400] "GET /?n=9887867300701&channel=c7bb45&from=info.php%3Fid%3D673007-5269%26name%3D%E3%83%95%E3%83%AD%E3%83%B3%E3%83%88%E3%82%B5%E3%83%B3%E3%82%B7%E3%82%A7%E3%83%BC%E3%83%89+%E3%83%91%E3%82%A4%E3%83%AD%E3%83%83%E3%83%88+2015-2022+%E3%83%95%E3%83%AD%E3%83%B3%E3%83%88%E3%82%B5%E3%82%A4%E3%83%89%E6%97%A5%E7%84%BC%E3%81%91%E6%AD%A2%E3%82%81%E7%AA%93%E3%82%B5%E3%83%B3%E3%82%B7%E3%82%A7%E3%83%BC%E3%83%89%E3%82%AB%E3%83%90%E3%83%BC%E3%83%97%E3%83%AD%E3%83%86%E3%82%AF%E3%82%BF%E3%83%BC%E3%82%AB%E3%83%BC%E3%83%86%E3%83%B3%E8%BB%8A%E3%81%AE%E3%82%B5%E3%83%B3%E3%82%B7%E3%82%A7%E3%83%BC HTTP/1.1" 301 0 "-" "Mozilla/5.0 (Linux; Android 6.0.1; Nexus 5X Build/MMB29P) AppleWebKit/537.36 (KHTML, like Gecko) Chrome/137.0.7151.103 Mobile Safari/537.36 (compatible; Googlebot/2.1; +http://www.google.com/bot.html)"
192.178.6.100 - - [05/Jul/2025:09:38:34 -0400] "GET /?n=9887867300701&channel=c7bb45&from=info.php%3Fid%3D673007-5269%26name%3D%E3%83%95%E3%83%AD%E3%83%B3%E3%83%88%E3%82%B5%E3%83%B3%E3%82%B7%E3%82%A7%E3%83%BC%E3%83%89%20%E3%83%91%E3%82%A4%E3%83%AD%E3%83%83%E3%83%88%202015-2022%20%E3%83%95%E3%83%AD%E3%83%B3%E3%83%88%E3%82%B5%E3%82%A4%E3%83%89%E6%97%A5%E7%84%BC%E3%81%91%E6%AD%A2%E3%82%81%E7%AA%93%E3%82%B5%E3%83%B3%E3%82%B7%E3%82%A7%E3%83%BC%E3%83%89%E3%82%AB%E3%83%90%E3%83%BC%E3%83%97%E3%83%AD%E3%83%86%E3%82%AF%E3%82%BF%E3%83%BC%E3%82%AB%E3%83%BC%E3%83%86%E3%83%B3%E8%BB%8A%E3%81%AE%E3%82%B5%E3%83%B3%E3%82%B7%E3%82%A7%E3%83%BC HTTP/1.1" 200 29443 "-" "Mozilla/5.0 (Linux; Android 6.0.1; Nexus 5X Build/MMB29P) AppleWebKit/537.36 (KHTML, like Gecko) Chrome/137.0.7151.103 Mobile Safari/537.36 (compatible; Googlebot/2.1; +http://www.google.com/bot.html)"
63.250.38.117 - - [05/Jul/2025:09:39:34 -0400] "POST /wp-cron.php?doing_wp_cron=1751722774.3006830215454101562500 HTTP/1.1" 403 1242 "-" "WordPress/6.8.1; https://fnf.group"
63.250.38.117 - - [05/Jul/2025:09:39:34 -0400] "POST /wp-cron.php?doing_wp_cron=1751722774.2997200489044189453125 HTTP/1.1" 403 1242 "-" "WordPress/6.8.1; https://fnf.group"
192.178.6.102 - - [05/Jul/2025:09:39:30 -0400] "GET /?n=23802165888802&channel=da3993&from=shop.php%3Fid%3D1658888-3808%26name%3D%E3%82%AF%E3%83%AC%E3%83%A8%E3%83%B3%E3%81%97%E3%82%93%E3%81%A1%E3%82%83%E3%82%93+%E3%82%B9%E3%83%9E%E3%83%9B+%E3%82%B1%E3%83%BC%E3%82%B9+iphone15pro%E3%82%B1%E3%83%BC%E3%82%B9+%E8%82%8C%E8%A7%A6%E3%82%8A%E8%89%AF%E3%81%84+%E3%82%B9%E3%83%9E%E3%83%9B%E3%82%AB%E3%83%90%E3%83%BC+%E5%85%A8%E6%A9%9F%E7%A8%AE%E5%AF%BE%E5%BF%9C+iphone15+pro+%E3%82%B1 HTTP/1.1" 301 0 "-" "Mozilla/5.0 (Linux; Android 6.0.1; Nexus 5X Build/MMB29P) AppleWebKit/537.36 (KHTML, like Gecko) Chrome/137.0.7151.103 Mobile Safari/537.36 (compatible; Googlebot/2.1; +http://www.google.com/bot.html)"
66.249.77.77 - - [05/Jul/2025:09:39:30 -0400] "GET /?n=3809191164500&channel=8cf126&from=blog.php%3Fid%3D911645-21961%26name%3D%E5%AE%9F%E6%9C%A8%E7%8C%AB%E6%8E%B4%E3%81%BF%E6%9D%BF+%E3%82%B9%E3%82%AF%E3%83%A9%E3%83%83%E3%83%81%E3%83%A3%E3%83%BC+%E3%83%9A%E3%83%83%E3%83%88+%E7%8C%AB%E3%83%9C%E3%83%BC%E3%83%AB%E3%81%AE%E3%81%8A%E3%82%82%E3%81%A1%E3%82%83+%E5%B0%8F%E3%81%95%E3%81%84+%E7%8C%AB%E5%BC%95%E3%81%A3%E6%8E%BB%E3%81%8D+%E5%AD%90%E7%8C%AB%E3%82%BF%E3%83%BC%E3%83%B3%E3%83%86%E3%83%BC%E3%83%96%E3%83%AB+%E7%8C%AB%E3%81%AE%E3%81%8A%E3%82%82%E3%81%A1%E3%82%83+%E7%8C%AB%E3%82%A4%E3%83%B3%E3%82%BF%E3%83%A9%E3%82%AF%E3%83%86%E3%82%A3%E3%83%96%E3%82%BF HTTP/1.1" 301 0 "-" "Mozilla/5.0 (Linux; Android 6.0.1; Nexus 5X Build/MMB29P) AppleWebKit/537.36 (KHTML, like Gecko) Chrome/137.0.7151.103 Mobile Safari/537.36 (compatible; Googlebot/2.1; +http://www.google.com/bot.html)"
192.178.6.100 - - [05/Jul/2025:09:39:34 -0400] "GET /?n=23802165888802&channel=da3993&from=shop.php%3Fid%3D1658888-3808%26name%3D%E3%82%AF%E3%83%AC%E3%83%A8%E3%83%B3%E3%81%97%E3%82%93%E3%81%A1%E3%82%83%E3%82%93%20%E3%82%B9%E3%83%9E%E3%83%9B%20%E3%82%B1%E3%83%BC%E3%82%B9%20iphone15pro%E3%82%B1%E3%83%BC%E3%82%B9%20%E8%82%8C%E8%A7%A6%E3%82%8A%E8%89%AF%E3%81%84%20%E3%82%B9%E3%83%9E%E3%83%9B%E3%82%AB%E3%83%90%E3%83%BC%20%E5%85%A8%E6%A9%9F%E7%A8%AE%E5%AF%BE%E5%BF%9C%20iphone15%20pro%20%E3%82%B1 HTTP/1.1" 200 29443 "-" "Mozilla/5.0 (Linux; Android 6.0.1; Nexus 5X Build/MMB29P) AppleWebKit/537.36 (KHTML, like Gecko) Chrome/137.0.7151.103 Mobile Safari/537.36 (compatible; Googlebot/2.1; +http://www.google.com/bot.html)"
