185.191.171.6 - - [05/Jul/2025:16:55:05 -0400] "GET /robots.txt HTTP/1.1" 500 1034 "-" "Mozilla/5.0 (compatible; SemrushBot/7~bl; +http://www.semrush.com/bot.html)"
85.208.96.205 - - [05/Jul/2025:16:55:07 -0400] "GET /2021/11/16/live-session-on-clear-hot-and-sour-soup/ HTTP/1.1" 500 262 "-" "Mozilla/5.0 (compatible; SemrushBot/7~bl; +http://www.semrush.com/bot.html)"
165.232.184.76 - - [05/Jul/2025:16:55:14 -0400] "GET /wp-admin/css/colors/ HTTP/1.1" 200 1106 "binance.com" "Mozilla/5.0 (Windows NT 10.0; Win64; x64) AppleWebKit/537.36 (KHTML, like Gecko) Chrome/90.0.4430.85 Safari/537.36"
165.232.184.76 - - [05/Jul/2025:16:55:27 -0400] "GET /wp-admin/css/colors/blue/ HTTP/1.1" 200 727 "binance.com" "Mozilla/5.0 (Windows NT 10.0; Win64; x64) AppleWebKit/537.36 (KHTML, like Gecko) Chrome/90.0.4430.85 Safari/537.36"
165.232.184.76 - - [05/Jul/2025:16:55:35 -0400] "GET /wp-admin/css/colors/coffee/ HTTP/1.1" 200 736 "binance.com" "Mozilla/5.0 (Windows NT 10.0; Win64; x64) AppleWebKit/537.36 (KHTML, like Gecko) Chrome/90.0.4430.85 Safari/537.36"
63.250.38.117 - - [05/Jul/2025:16:55:44 -0400] "POST /wp-cron.php?doing_wp_cron=1751748944.3831140995025634765625 HTTP/1.1" 403 1242 "-" "WordPress/6.8.1; https://fnf.group"
192.178.6.100 - - [05/Jul/2025:16:55:43 -0400] "GET /?n=1895065175303&channel=0c7424&from=jp.php%3Fid%3D651753-6017%26name%3D%E3%83%9C%E3%83%B3%E3%83%8D%E3%83%83%E3%83%88%E3%83%80%E3%83%B3%E3%83%91%E3%83%BC+%E3%83%95%E3%83%AD%E3%83%B3%E3%83%88%E3%83%9C%E3%83%B3%E3%83%8D%E3%83%83%E3%83%88+%E3%82%AC%E3%82%B9%E3%83%95%E3%83%BC%E3%83%89+%E3%83%AA%E3%83%95%E3%83%88+%E3%82%B5%E3%83%9D%E3%83%BC%E3%83%88+%E3%82%B7%E3%83%A7%E3%83%83%E3%82%AF+%E3%82%B9%E3%83%88%E3%83%A9%E3%83%83%E3%83%88+%E3%82%AC%E3%82%B9+%E3%82%B9%E3%83%97%E3%83%AA%E3%83%B3%E3%82%B0+%E7%94%A8+%E3%82%A2%E3%82%A6%E3%83%87%E3%82%A3+A6+C HTTP/1.1" 301 0 "-" "Mozilla/5.0 (Linux; Android 6.0.1; Nexus 5X Build/MMB29P) AppleWebKit/537.36 (KHTML, like Gecko) Chrome/137.0.7151.103 Mobile Safari/537.36 (compatible; Googlebot/2.1; +http://www.google.com/bot.html)"
165.232.184.76 - - [05/Jul/2025:16:55:44 -0400] "GET /wp-admin/css/colors/ectoplasm/ HTTP/1.1" 200 727 "binance.com" "Mozilla/5.0 (Windows NT 10.0; Win64; x64) AppleWebKit/537.36 (KHTML, like Gecko) Chrome/90.0.4430.85 Safari/537.36"
192.178.6.100 - - [05/Jul/2025:16:55:44 -0400] "GET /?n=1895065175303&channel=0c7424&from=jp.php%3Fid%3D651753-6017%26name%3D%E3%83%9C%E3%83%B3%E3%83%8D%E3%83%83%E3%83%88%E3%83%80%E3%83%B3%E3%83%91%E3%83%BC%20%E3%83%95%E3%83%AD%E3%83%B3%E3%83%88%E3%83%9C%E3%83%B3%E3%83%8D%E3%83%83%E3%83%88%20%E3%82%AC%E3%82%B9%E3%83%95%E3%83%BC%E3%83%89%20%E3%83%AA%E3%83%95%E3%83%88%20%E3%82%B5%E3%83%9D%E3%83%BC%E3%83%88%20%E3%82%B7%E3%83%A7%E3%83%83%E3%82%AF%20%E3%82%B9%E3%83%88%E3%83%A9%E3%83%83%E3%83%88%20%E3%82%AC%E3%82%B9%20%E3%82%B9%E3%83%97%E3%83%AA%E3%83%B3%E3%82%B0%20%E7%94%A8%20%E3%82%A2%E3%82%A6%E3%83%87%E3%82%A3%20A6%20C HTTP/1.1" 200 30569 "-" "Mozilla/5.0 (Linux; Android 6.0.1; Nexus 5X Build/MMB29P) AppleWebKit/537.36 (KHTML, like Gecko) Chrome/137.0.7151.103 Mobile Safari/537.36 (compatible; Googlebot/2.1; +http://www.google.com/bot.html)"
165.232.184.76 - - [05/Jul/2025:16:55:56 -0400] "GET /wp-admin/css/colors/light/ HTTP/1.1" 200 734 "binance.com" "Mozilla/5.0 (Windows NT 10.0; Win64; x64) AppleWebKit/537.36 (KHTML, like Gecko) Chrome/90.0.4430.85 Safari/537.36"
45.128.199.119 - - [05/Jul/2025:16:55:57 -0400] "GET /2021/03/21/fondant-orange-cake-by-chanda-arshad/ HTTP/1.1" 200 19210 "https://fnf.group/2021/03/21/fondant-orange-cake-by-chanda-arshad/" "Mozilla/5.0 (Windows NT 10.0; Win64; x64) AppleWebKit/537.36 (KHTML, like Gecko) Chrome/131.0.0.0 Safari/537.36 Avast/131.0.0.0"
45.8.17.24 - - [05/Jul/2025:16:56:04 -0400] "POST /wp-comments-post.php HTTP/1.1" 403 1242 "https://fnf.group/2021/03/21/fondant-orange-cake-by-chanda-arshad/" "Mozilla/5.0 (Windows NT 10.0; Win64; x64) AppleWebKit/537.36 (KHTML, like Gecko) Chrome/131.0.0.0 Safari/537.36 Avast/131.0.0.0"
165.232.184.76 - - [05/Jul/2025:16:56:06 -0400] "GET /wp-admin/css/colors/midnight/ HTTP/1.1" 200 732 "binance.com" "Mozilla/5.0 (Windows NT 10.0; Win64; x64) AppleWebKit/537.36 (KHTML, like Gecko) Chrome/90.0.4430.85 Safari/537.36"
165.232.184.76 - - [05/Jul/2025:16:56:19 -0400] "GET /wp-admin/css/colors/modern/ HTTP/1.1" 200 719 "binance.com" "Mozilla/5.0 (Windows NT 10.0; Win64; x64) AppleWebKit/537.36 (KHTML, like Gecko) Chrome/90.0.4430.85 Safari/537.36"
165.232.184.76 - - [05/Jul/2025:16:56:29 -0400] "GET /wp-admin/css/colors/ocean/ HTTP/1.1" 200 736 "binance.com" "Mozilla/5.0 (Windows NT 10.0; Win64; x64) AppleWebKit/537.36 (KHTML, like Gecko) Chrome/90.0.4430.85 Safari/537.36"
192.178.6.100 - - [05/Jul/2025:16:56:33 -0400] "GET /?n=24888137398001&channel=e5ccba&from=info.php%3Fid%3D1373980-6546%26name%3DEasy+Spirit+%E3%83%AC%E3%83%87%E3%82%A3%E3%83%BC%E3%82%B9+%E3%82%AF%E3%83%A9%E3%83%AA%E3%82%B9%E3%83%91%E3%83%B3%E3%83%97%E3%82%B9%2C+%E3%83%96%E3%83%A9%E3%83%83%E3%82%AF+%E3%83%91%E3%83%86%E3%83%B3%E3%83%88%2C+12+Wide HTTP/1.1" 301 0 "-" "Mozilla/5.0 (Linux; Android 6.0.1; Nexus 5X Build/MMB29P) AppleWebKit/537.36 (KHTML, like Gecko) Chrome/137.0.7151.103 Mobile Safari/537.36 (compatible; Googlebot/2.1; +http://www.google.com/bot.html)"
192.178.6.100 - - [05/Jul/2025:16:56:34 -0400] "GET /?n=24888137398001&channel=e5ccba&from=info.php%3Fid%3D1373980-6546%26name%3DEasy%20Spirit%20%E3%83%AC%E3%83%87%E3%82%A3%E3%83%BC%E3%82%B9%20%E3%82%AF%E3%83%A9%E3%83%AA%E3%82%B9%E3%83%91%E3%83%B3%E3%83%97%E3%82%B9%2C%20%E3%83%96%E3%83%A9%E3%83%83%E3%82%AF%20%E3%83%91%E3%83%86%E3%83%B3%E3%83%88%2C%2012%20Wide HTTP/1.1" 200 30570 "-" "Mozilla/5.0 (Linux; Android 6.0.1; Nexus 5X Build/MMB29P) AppleWebKit/537.36 (KHTML, like Gecko) Chrome/137.0.7151.103 Mobile Safari/537.36 (compatible; Googlebot/2.1; +http://www.google.com/bot.html)"
165.232.184.76 - - [05/Jul/2025:16:56:39 -0400] "GET /wp-admin/css/colors/sunrise/%20 HTTP/1.1" 301 0 "binance.com" "Mozilla/5.0 (Windows NT 10.0; Win64; x64) AppleWebKit/537.36 (KHTML, like Gecko) Chrome/90.0.4430.85 Safari/537.36"
165.232.184.76 - - [05/Jul/2025:16:56:40 -0400] "GET /wp-admin/css/colors/sunrise/ HTTP/1.1" 200 730 "binance.com" "Mozilla/5.0 (Windows NT 10.0; Win64; x64) AppleWebKit/537.36 (KHTML, like Gecko) Chrome/90.0.4430.85 Safari/537.36"
165.232.184.76 - - [05/Jul/2025:16:56:49 -0400] "GET /wp-admin/images/ HTTP/1.1" 200 2399 "binance.com" "Mozilla/5.0 (Windows NT 10.0; Win64; x64) AppleWebKit/537.36 (KHTML, like Gecko) Chrome/90.0.4430.85 Safari/537.36"
165.232.184.76 - - [05/Jul/2025:16:57:01 -0400] "GET /wp-admin/js/ HTTP/1.1" 200 3135 "binance.com" "Mozilla/5.0 (Windows NT 10.0; Win64; x64) AppleWebKit/537.36 (KHTML, like Gecko) Chrome/90.0.4430.85 Safari/537.36"
165.232.184.76 - - [05/Jul/2025:16:57:11 -0400] "GET /wp-admin/js/widgets/ HTTP/1.1" 200 1252 "binance.com" "Mozilla/5.0 (Windows NT 10.0; Win64; x64) AppleWebKit/537.36 (KHTML, like Gecko) Chrome/90.0.4430.85 Safari/537.36"
165.232.184.76 - - [05/Jul/2025:16:57:22 -0400] "GET /wp-includes/ HTTP/1.1" 200 7163 "binance.com" "Mozilla/5.0 (Windows NT 10.0; Win64; x64) AppleWebKit/537.36 (KHTML, like Gecko) Chrome/90.0.4430.85 Safari/537.36"
165.232.184.76 - - [05/Jul/2025:16:57:32 -0400] "GET /wp-includes/ HTTP/1.1" 200 7162 "binance.com" "Mozilla/5.0 (Windows NT 10.0; Win64; x64) AppleWebKit/537.36 (KHTML, like Gecko) Chrome/90.0.4430.85 Safari/537.36"
165.232.184.76 - - [05/Jul/2025:16:57:45 -0400] "GET /wp-includes/block-bindings.php HTTP/1.1" 403 1242 "binance.com" "Mozilla/5.0 (Windows NT 10.0; Win64; x64) AppleWebKit/537.36 (KHTML, like Gecko) Chrome/90.0.4430.85 Safari/537.36"
165.232.184.76 - - [05/Jul/2025:16:57:57 -0400] "GET /wp-includes/block-editor.php HTTP/1.1" 403 1242 "binance.com" "Mozilla/5.0 (Windows NT 10.0; Win64; x64) AppleWebKit/537.36 (KHTML, like Gecko) Chrome/90.0.4430.85 Safari/537.36"
63.250.38.117 - - [05/Jul/2025:16:58:01 -0400] "POST /wp-cron.php?doing_wp_cron=1751749081.3749220371246337890625 HTTP/1.1" 403 1242 "-" "WordPress/6.8.1; https://fnf.group"
192.178.6.102 - - [05/Jul/2025:16:57:58 -0400] "GET /?n=3837655908200&channel=5b8eaf&from=category-info.php%3Fid%3D559082-12321%26name%3D%E3%82%B7%E3%83%9E%E3%83%8E+complexci4+2000HGS%E2%9E%95%E6%9B%BF%E3%81%88%E3%82%B9%E3%83%97%E3%83%BC%E3%83%AB HTTP/1.1" 301 0 "-" "Mozilla/5.0 (Linux; Android 6.0.1; Nexus 5X Build/MMB29P) AppleWebKit/537.36 (KHTML, like Gecko) Chrome/137.0.7151.103 Mobile Safari/537.36 (compatible; Googlebot/2.1; +http://www.google.com/bot.html)"
165.232.184.76 - - [05/Jul/2025:16:58:06 -0400] "GET /wp-includes/block-template-utils.php HTTP/1.1" 403 1242 "binance.com" "Mozilla/5.0 (Windows NT 10.0; Win64; x64) AppleWebKit/537.36 (KHTML, like Gecko) Chrome/90.0.4430.85 Safari/537.36"
192.178.6.102 - - [05/Jul/2025:16:58:01 -0400] "GET /?n=3837655908200&channel=5b8eaf&from=category-info.php%3Fid%3D559082-12321%26name%3D%E3%82%B7%E3%83%9E%E3%83%8E%20complexci4%202000HGS%E2%9E%95%E6%9B%BF%E3%81%88%E3%82%B9%E3%83%97%E3%83%BC%E3%83%AB HTTP/1.1" 200 30577 "-" "Mozilla/5.0 (Linux; Android 6.0.1; Nexus 5X Build/MMB29P) AppleWebKit/537.36 (KHTML, like Gecko) Chrome/137.0.7151.103 Mobile Safari/537.36 (compatible; Googlebot/2.1; +http://www.google.com/bot.html)"
165.232.184.76 - - [05/Jul/2025:16:58:23 -0400] "GET /wp-includes/block-template.php HTTP/1.1" 403 1242 "binance.com" "Mozilla/5.0 (Windows NT 10.0; Win64; x64) AppleWebKit/537.36 (KHTML, like Gecko) Chrome/90.0.4430.85 Safari/537.36"
165.232.184.76 - - [05/Jul/2025:16:58:37 -0400] "GET /wp-includes/class-avif-info.php HTTP/1.1" 403 1242 "binance.com" "Mozilla/5.0 (Windows NT 10.0; Win64; x64) AppleWebKit/537.36 (KHTML, like Gecko) Chrome/90.0.4430.85 Safari/537.36"
192.178.6.100 - - [05/Jul/2025:16:58:43 -0400] "GET /?n=7281576083900&channel=9ed6f7&from=jp.php%3Fid%3D760839-5791%26name%3DJasleen+Overseas++%E7%B6%BF+%E3%82%AF%E3%83%83%E3%82%B7%E3%83%A7%E3%83%B3S%26L%E3%82%B5%E3%82%A4%E3%82%BA%E3%82%BB%E3%83%83%E3%83%88 HTTP/1.1" 301 0 "-" "Mozilla/5.0 (Linux; Android 6.0.1; Nexus 5X Build/MMB29P) AppleWebKit/537.36 (KHTML, like Gecko) Chrome/137.0.7151.103 Mobile Safari/537.36 (compatible; Googlebot/2.1; +http://www.google.com/bot.html)"
192.178.6.101 - - [05/Jul/2025:16:58:44 -0400] "GET /?n=7281576083900&channel=9ed6f7&from=jp.php%3Fid%3D760839-5791%26name%3DJasleen%20Overseas%20%20%E7%B6%BF%20%E3%82%AF%E3%83%83%E3%82%B7%E3%83%A7%E3%83%B3S%26L%E3%82%B5%E3%82%A4%E3%82%BA%E3%82%BB%E3%83%83%E3%83%88 HTTP/1.1" 200 30564 "-" "Mozilla/5.0 (Linux; Android 6.0.1; Nexus 5X Build/MMB29P) AppleWebKit/537.36 (KHTML, like Gecko) Chrome/137.0.7151.103 Mobile Safari/537.36 (compatible; Googlebot/2.1; +http://www.google.com/bot.html)"
165.232.184.76 - - [05/Jul/2025:16:58:53 -0400] "GET /wp-includes/class-wp-block-bindings-registry.php HTTP/1.1" 403 1242 "binance.com" "Mozilla/5.0 (Windows NT 10.0; Win64; x64) AppleWebKit/537.36 (KHTML, like Gecko) Chrome/90.0.4430.85 Safari/537.36"
165.232.184.76 - - [05/Jul/2025:16:59:02 -0400] "GET /wp-includes/class-wp-block-bindings-source.php HTTP/1.1" 403 1242 "binance.com" "Mozilla/5.0 (Windows NT 10.0; Win64; x64) AppleWebKit/537.36 (KHTML, like Gecko) Chrome/90.0.4430.85 Safari/537.36"
165.232.184.76 - - [05/Jul/2025:16:59:12 -0400] "GET /wp-includes/class-wp-block-editor-context.php HTTP/1.1" 403 1242 "binance.com" "Mozilla/5.0 (Windows NT 10.0; Win64; x64) AppleWebKit/537.36 (KHTML, like Gecko) Chrome/90.0.4430.85 Safari/537.36"
165.232.184.76 - - [05/Jul/2025:16:59:30 -0400] "GET /wp-includes/class-wp-block-metadata-registry.php HTTP/1.1" 403 1242 "binance.com" "Mozilla/5.0 (Windows NT 10.0; Win64; x64) AppleWebKit/537.36 (KHTML, like Gecko) Chrome/90.0.4430.85 Safari/537.36"
63.250.38.117 - - [05/Jul/2025:16:59:35 -0400] "POST /wp-cron.php?doing_wp_cron=1751749175.3861799240112304687500 HTTP/1.1" 403 1242 "-" "WordPress/6.8.1; https://fnf.group"
192.178.6.103 - - [05/Jul/2025:16:59:34 -0400] "GET /?n=0080051434600&channel=605c80&from=jp.php%3Fid%3D514346-8982%26name%3D%E6%A0%BC%E5%AD%90%E6%9F%84%E3%83%86%E3%83%BC%E3%83%96%E3%83%AB%E3%83%A9%E3%83%B3%E3%83%8A%E3%83%BC+%E4%B8%A1%E9%9D%A2+%E3%83%95%E3%82%A7%E3%82%B9%E3%83%86%E3%82%A3%E3%83%90%E3%83%AB+%E3%83%91%E3%83%BC%E3%83%86%E3%82%A3%E3%83%BC+%E7%B5%90%E5%A9%9A%E5%BC%8F%E7%94%A8+%E3%83%AC%E3%83%83%E3%83%89+14x72%E3%82%A4%E3%83%B3%E3%83%81+%E3%83%97%E3%83%AC%E3%83%BC%E3%82%B9%E3%83%9E%E3%83%83%E3%83%88+4%E6%9E%9A HTTP/1.1" 301 0 "-" "Mozilla/5.0 (Linux; Android 6.0.1; Nexus 5X Build/MMB29P) AppleWebKit/537.36 (KHTML, like Gecko) Chrome/137.0.7151.103 Mobile Safari/537.36 (compatible; Googlebot/2.1; +http://www.google.com/bot.html)"
192.178.6.102 - - [05/Jul/2025:16:59:35 -0400] "GET /?n=0080051434600&channel=605c80&from=jp.php%3Fid%3D514346-8982%26name%3D%E6%A0%BC%E5%AD%90%E6%9F%84%E3%83%86%E3%83%BC%E3%83%96%E3%83%AB%E3%83%A9%E3%83%B3%E3%83%8A%E3%83%BC%20%E4%B8%A1%E9%9D%A2%20%E3%83%95%E3%82%A7%E3%82%B9%E3%83%86%E3%82%A3%E3%83%90%E3%83%AB%20%E3%83%91%E3%83%BC%E3%83%86%E3%82%A3%E3%83%BC%20%E7%B5%90%E5%A9%9A%E5%BC%8F%E7%94%A8%20%E3%83%AC%E3%83%83%E3%83%89%2014x72%E3%82%A4%E3%83%B3%E3%83%81%20%E3%83%97%E3%83%AC%E3%83%BC%E3%82%B9%E3%83%9E%E3%83%83%E3%83%88%204%E6%9E%9A HTTP/1.1" 200 30570 "-" "Mozilla/5.0 (Linux; Android 6.0.1; Nexus 5X Build/MMB29P) AppleWebKit/537.36 (KHTML, like Gecko) Chrome/137.0.7151.103 Mobile Safari/537.36 (compatible; Googlebot/2.1; +http://www.google.com/bot.html)"
165.232.184.76 - - [05/Jul/2025:16:59:44 -0400] "GET /wp-includes/class-wp-block-parser-block.php HTTP/1.1" 403 1242 "binance.com" "Mozilla/5.0 (Windows NT 10.0; Win64; x64) AppleWebKit/537.36 (KHTML, like Gecko) Chrome/90.0.4430.85 Safari/537.36"
165.232.184.76 - - [05/Jul/2025:16:59:57 -0400] "GET /wp-includes/class-wp-block-parser-frame.php HTTP/1.1" 403 1242 "binance.com" "Mozilla/5.0 (Windows NT 10.0; Win64; x64) AppleWebKit/537.36 (KHTML, like Gecko) Chrome/90.0.4430.85 Safari/537.36"
165.232.184.76 - - [05/Jul/2025:17:00:11 -0400] "GET /wp-includes/class-wp-block-template.php HTTP/1.1" 403 1242 "binance.com" "Mozilla/5.0 (Windows NT 10.0; Win64; x64) AppleWebKit/537.36 (KHTML, like Gecko) Chrome/90.0.4430.85 Safari/537.36"
192.178.6.102 - - [05/Jul/2025:17:00:17 -0400] "GET /?n=1849937582602&channel=cc4955&from=info.php%3Fid%3D375826-12036%26name%3D%E9%B3%A5%E3%81%AE%E3%81%8A%E3%82%82%E3%81%A1%E3%82%83+%E3%83%8A%E3%83%81%E3%83%A5%E3%83%A9%E3%83%AB%E3%82%AB%E3%83%A9%E3%83%95%E3%83%AB%E3%81%AA%E9%B3%A5%E3%81%AE%E3%81%8A%E3%82%82%E3%81%A1%E3%82%83%E3%82%AA%E3%82%A6%E3%83%A0%E3%82%B1%E3%83%BC%E3%82%B8%E5%B0%8F%E5%A4%A7%E9%B3%A5%E5%92%80%E5%9A%BC%E3%81%AE%E3%81%8A%E3%82%82%E3%81%A1%E3%82%83%E3%81%AE%E3%81%9F%E3%82%81%E3%81%AE%E7%8E%A9%E5%85%B7+%E5%BA%83%E3%81%8F%E4%BD%BF%E7%94%A8 HTTP/1.1" 301 0 "-" "Mozilla/5.0 (Linux; Android 6.0.1; Nexus 5X Build/MMB29P) AppleWebKit/537.36 (KHTML, like Gecko) Chrome/137.0.7151.103 Mobile Safari/537.36 (compatible; Googlebot/2.1; +http://www.google.com/bot.html)"
165.232.184.76 - - [05/Jul/2025:17:00:23 -0400] "GET /wp-includes/class-wp-block-templates-registry.php HTTP/1.1" 403 1242 "binance.com" "Mozilla/5.0 (Windows NT 10.0; Win64; x64) AppleWebKit/537.36 (KHTML, like Gecko) Chrome/90.0.4430.85 Safari/537.36"
192.178.6.101 - - [05/Jul/2025:17:00:21 -0400] "GET /?n=1849937582602&channel=cc4955&from=info.php%3Fid%3D375826-12036%26name%3D%E9%B3%A5%E3%81%AE%E3%81%8A%E3%82%82%E3%81%A1%E3%82%83%20%E3%83%8A%E3%83%81%E3%83%A5%E3%83%A9%E3%83%AB%E3%82%AB%E3%83%A9%E3%83%95%E3%83%AB%E3%81%AA%E9%B3%A5%E3%81%AE%E3%81%8A%E3%82%82%E3%81%A1%E3%82%83%E3%82%AA%E3%82%A6%E3%83%A0%E3%82%B1%E3%83%BC%E3%82%B8%E5%B0%8F%E5%A4%A7%E9%B3%A5%E5%92%80%E5%9A%BC%E3%81%AE%E3%81%8A%E3%82%82%E3%81%A1%E3%82%83%E3%81%AE%E3%81%9F%E3%82%81%E3%81%AE%E7%8E%A9%E5%85%B7%20%E5%BA%83%E3%81%8F%E4%BD%BF%E7%94%A8 HTTP/1.1" 200 30569 "-" "Mozilla/5.0 (Linux; Android 6.0.1; Nexus 5X Build/MMB29P) AppleWebKit/537.36 (KHTML, like Gecko) Chrome/137.0.7151.103 Mobile Safari/537.36 (compatible; Googlebot/2.1; +http://www.google.com/bot.html)"
192.178.6.101 - - [05/Jul/2025:17:00:24 -0400] "GET /?n=2819149145602&channel=6c4754&from=form.php%3Fid%3D491456-7216%26name%3D%E8%BB%8A%E3%81%AE%E3%83%9B%E3%82%A4%E3%83%BC%E3%83%AB%E3%83%9E%E3%83%83%E3%83%89%E3%82%AC%E3%83%BC%E3%83%89+4+%E5%80%8B%E3%81%AE%E8%BB%8A%E3%81%AE%E3%83%9E%E3%83%83%E3%83%89%E3%83%95%E3%83%A9%E3%83%83%E3%83%97%E3%83%86%E3%82%B9%E3%83%A9%E3%83%A2%E3%83%87%E3%83%AB+3+%E3%83%9E%E3%83%83%E3%83%89%E3%82%AC%E3%83%BC%E3%83%89%E3%82%B9%E3%83%97%E3%83%A9%E3%83%83%E3%82%B7%E3%83%A5%E3%82%AC%E3%83%BC%E3%83%89%E3%83%95%E3%82%A7%E3%83%B3%E3%83%80%E3%83%BC%E3%83%95%E3%83%AD%E3%83%B3%E3%83%88%E3%83%AA%E3%82%A2%E3%83%9B%E3%82%A4%E3%83%BC%E3%83%AB%E3%83%9E HTTP/1.1" 301 0 "-" "Mozilla/5.0 (Linux; Android 6.0.1; Nexus 5X Build/MMB29P) AppleWebKit/537.36 (KHTML, like Gecko) Chrome/137.0.7151.103 Mobile Safari/537.36 (compatible; Googlebot/2.1; +http://www.google.com/bot.html)"
192.178.6.102 - - [05/Jul/2025:17:00:26 -0400] "GET /?n=2819149145602&channel=6c4754&from=form.php%3Fid%3D491456-7216%26name%3D%E8%BB%8A%E3%81%AE%E3%83%9B%E3%82%A4%E3%83%BC%E3%83%AB%E3%83%9E%E3%83%83%E3%83%89%E3%82%AC%E3%83%BC%E3%83%89%204%20%E5%80%8B%E3%81%AE%E8%BB%8A%E3%81%AE%E3%83%9E%E3%83%83%E3%83%89%E3%83%95%E3%83%A9%E3%83%83%E3%83%97%E3%83%86%E3%82%B9%E3%83%A9%E3%83%A2%E3%83%87%E3%83%AB%203%20%E3%83%9E%E3%83%83%E3%83%89%E3%82%AC%E3%83%BC%E3%83%89%E3%82%B9%E3%83%97%E3%83%A9%E3%83%83%E3%82%B7%E3%83%A5%E3%82%AC%E3%83%BC%E3%83%89%E3%83%95%E3%82%A7%E3%83%B3%E3%83%80%E3%83%BC%E3%83%95%E3%83%AD%E3%83%B3%E3%83%88%E3%83%AA%E3%82%A2%E3%83%9B%E3%82%A4%E3%83%BC%E3%83%AB%E3%83%9E HTTP/1.1" 200 30567 "-" "Mozilla/5.0 (Linux; Android 6.0.1; Nexus 5X Build/MMB29P) AppleWebKit/537.36 (KHTML, like Gecko) Chrome/137.0.7151.103 Mobile Safari/537.36 (compatible; Googlebot/2.1; +http://www.google.com/bot.html)"
165.232.184.76 - - [05/Jul/2025:17:00:33 -0400] "GET /wp-includes/class-wp-classic-to-block-menu-converter.php HTTP/1.1" 403 1242 "binance.com" "Mozilla/5.0 (Windows NT 10.0; Win64; x64) AppleWebKit/537.36 (KHTML, like Gecko) Chrome/90.0.4430.85 Safari/537.36"
165.232.184.76 - - [05/Jul/2025:17:00:44 -0400] "GET /wp-includes/class-wp-dependencies.php HTTP/1.1" 403 1242 "binance.com" "Mozilla/5.0 (Windows NT 10.0; Win64; x64) AppleWebKit/537.36 (KHTML, like Gecko) Chrome/90.0.4430.85 Safari/537.36"
63.250.38.117 - - [05/Jul/2025:17:00:46 -0400] "POST /wp-cron.php?doing_wp_cron=1751749246.7753629684448242187500 HTTP/1.1" 403 1242 "-" "WordPress/6.8.1; https://fnf.group"
192.178.6.101 - - [05/Jul/2025:17:00:44 -0400] "GET /?n=0391637656805&channel=e371e3&from=shared.php%3Fid%3D376568-6812%26name%3D1%E3%83%95%E3%82%A3%E3%83%BC%E3%83%88-20%E3%83%95%E3%82%A3%E3%83%BC%E3%83%88%E3%81%AE%E9%9D%9E%E6%BB%91%E3%82%8A%E6%9D%90%E3%81%AE%E9%9A%8E%E6%AE%B5%E6%89%8B%E3%81%99%E6%89%8B%E3%81%99%E3%82%8A%E3%82%A6%E3%82%A9%E3%83%BC%E3%83%AB%E3%83%9E%E3%82%A6%E3%83%B3%E3%83%88%E9%AB%98%E9%BD%A2%E8%80%85%E6%89%8B%E3%81%99%E3%82%8A%E3%81%AE%E5%AE%89%E5%85%A8%E3%83%8F%E3%83%B3%E3%83%89%E3%82%B5%E3%83%9D%E3%83%BC%E3%83%88%E3%83%AC%E3%83%BC%E3%83%AB%E3%82%B3%E3%83%AA%E3%83%89%E3%83%BC%E3%83%AD%E3%83%83%E3%83%89%E9%87%91%E5%B1%9E%E3%83%96%E3%83%A9%E3%82%B1%E3%83%83%E3%83%88 HTTP/1.1" 200 30573 "-" "Mozilla/5.0 (Linux; Android 6.0.1; Nexus 5X Build/MMB29P) AppleWebKit/537.36 (KHTML, like Gecko) Chrome/137.0.7151.103 Mobile Safari/537.36 (compatible; Googlebot/2.1; +http://www.google.com/bot.html)"
165.232.184.76 - - [05/Jul/2025:17:00:51 -0400] "GET /wp-includes/class-wp-duotone.php HTTP/1.1" 403 1242 "binance.com" "Mozilla/5.0 (Windows NT 10.0; Win64; x64) AppleWebKit/537.36 (KHTML, like Gecko) Chrome/90.0.4430.85 Safari/537.36"
165.232.184.76 - - [05/Jul/2025:17:00:59 -0400] "GET /wp-includes/class-wp-exception.php HTTP/1.1" 403 1242 "binance.com" "Mozilla/5.0 (Windows NT 10.0; Win64; x64) AppleWebKit/537.36 (KHTML, like Gecko) Chrome/90.0.4430.85 Safari/537.36"
165.232.184.76 - - [05/Jul/2025:17:01:08 -0400] "GET /wp-includes/class-wp-http.php HTTP/1.1" 403 1242 "binance.com" "Mozilla/5.0 (Windows NT 10.0; Win64; x64) AppleWebKit/537.36 (KHTML, like Gecko) Chrome/90.0.4430.85 Safari/537.36"
165.232.184.76 - - [05/Jul/2025:17:01:15 -0400] "GET /wp-includes/class-wp-navigation-fallback.php HTTP/1.1" 403 1242 "binance.com" "Mozilla/5.0 (Windows NT 10.0; Win64; x64) AppleWebKit/537.36 (KHTML, like Gecko) Chrome/90.0.4430.85 Safari/537.36"
165.232.184.76 - - [05/Jul/2025:17:01:25 -0400] "GET /wp-includes/class-wp-phpmailer.php HTTP/1.1" 403 1242 "binance.com" "Mozilla/5.0 (Windows NT 10.0; Win64; x64) AppleWebKit/537.36 (KHTML, like Gecko) Chrome/90.0.4430.85 Safari/537.36"
165.232.184.76 - - [05/Jul/2025:17:01:31 -0400] "GET /wp-includes/class-wp-plugin-dependencies.php HTTP/1.1" 403 1242 "binance.com" "Mozilla/5.0 (Windows NT 10.0; Win64; x64) AppleWebKit/537.36 (KHTML, like Gecko) Chrome/90.0.4430.85 Safari/537.36"
165.232.184.76 - - [05/Jul/2025:17:01:42 -0400] "GET /wp-includes/class-wp-script-modules.php HTTP/1.1" 403 1242 "binance.com" "Mozilla/5.0 (Windows NT 10.0; Win64; x64) AppleWebKit/537.36 (KHTML, like Gecko) Chrome/90.0.4430.85 Safari/537.36"
165.232.184.76 - - [05/Jul/2025:17:01:52 -0400] "GET /wp-includes/class-wp-scripts.php HTTP/1.1" 403 1242 "binance.com" "Mozilla/5.0 (Windows NT 10.0; Win64; x64) AppleWebKit/537.36 (KHTML, like Gecko) Chrome/90.0.4430.85 Safari/537.36"
2001:1bb0:e000:1e::387 - - [05/Jul/2025:17:02:03 -0400] "POST /xmlrpc.php HTTP/1.1" 403 1242 "https://fnf.group" "Mozilla/5.0 (Macintosh; Intel Mac OS X 10_15_7; rv:125.0.1) Gecko/20100101 Firefox/125.0.1"
63.250.38.117 - - [05/Jul/2025:17:02:04 -0400] "POST /wp-cron.php?doing_wp_cron=1751749324.2743771076202392578125 HTTP/1.1" 403 1242 "-" "WordPress/6.8.1; https://fnf.group"
63.250.38.117 - - [05/Jul/2025:17:02:04 -0400] "POST /wp-cron.php?doing_wp_cron=1751749324.6097469329833984375000 HTTP/1.1" 403 1242 "-" "WordPress/6.8.1; https://fnf.group"
192.178.6.103 - - [05/Jul/2025:17:02:03 -0400] "GET /?n=93829191502301&channel=21bf60&from=blog.php%3Fid%3D1915023-353%26name%3D%E3%83%90%E3%82%A4%E3%82%AF%E3%83%AA%E3%82%A2%E8%8D%B7%E7%89%A9%E3%82%B5%E3%83%9D%E3%83%BC%E3%83%88+%E5%8A%9B%E5%B8%86%E7%94%A8+KPT200+KPT+200+%E3%82%AA%E3%83%BC%E3%83%88%E3%83%90%E3%82%A4%E3%81%AE%E8%8D%B7%E7%89%A9%E3%83%A9%E3%83%83%E3%82%AF%E8%8D%B7%E7%89%A9%E3%83%88%E3%83%A9%E3%83%B3%E3%82%AF%E3%83%A9%E3%83%83%E3%82%AF HTTP/1.1" 301 0 "-" "Mozilla/5.0 (Linux; Android 6.0.1; Nexus 5X Build/MMB29P) AppleWebKit/537.36 (KHTML, like Gecko) Chrome/137.0.7151.103 Mobile Safari/537.36 (compatible; Googlebot/2.1; +http://www.google.com/bot.html)"
192.178.6.101 - - [05/Jul/2025:17:02:02 -0400] "GET /?n=82854198429602&channel=96f367&from=category-info.php%3Fid%3D1984296-31201%26name%3D%E3%82%AB%E3%83%8A%E3%83%98%E3%82%A4%E3%81%AE%E5%B0%8F%E5%8B%95%E7%89%A9%E3%80%80%E3%82%AD%E3%83%A3%E3%83%B3%E3%83%87%E3%82%A3%E3%83%89%E3%83%BC%E3%83%A0%E3%80%80%E6%B5%B7%E6%B0%B4%E6%B5%B4 HTTP/1.1" 200 30570 "-" "Mozilla/5.0 (Linux; Android 6.0.1; Nexus 5X Build/MMB29P) AppleWebKit/537.36 (KHTML, like Gecko) Chrome/137.0.7151.103 Mobile Safari/537.36 (compatible; Googlebot/2.1; +http://www.google.com/bot.html)"
63.250.38.117 - - [05/Jul/2025:17:02:06 -0400] "POST /wp-cron.php?doing_wp_cron=1751749325.6948840618133544921875 HTTP/1.1" 403 1242 "-" "WordPress/6.8.1; https://fnf.group"
165.232.184.76 - - [05/Jul/2025:17:02:06 -0400] "GET /wp-includes/class-wp-speculation-rules.php HTTP/1.1" 403 1242 "binance.com" "Mozilla/5.0 (Windows NT 10.0; Win64; x64) AppleWebKit/537.36 (KHTML, like Gecko) Chrome/90.0.4430.85 Safari/537.36"
2001:1bb0:e000:1e::387 - - [05/Jul/2025:17:02:04 -0400] "POST /wp-login.php HTTP/1.1" 200 3936 "https://fnf.group" "Mozilla/5.0 (Windows NT 10.0; Win64; x64; rv:129.0) Gecko/20100101 Firefox/129.0"
192.178.6.101 - - [05/Jul/2025:17:02:05 -0400] "GET /?n=93829191502301&channel=21bf60&from=blog.php%3Fid%3D1915023-353%26name%3D%E3%83%90%E3%82%A4%E3%82%AF%E3%83%AA%E3%82%A2%E8%8D%B7%E7%89%A9%E3%82%B5%E3%83%9D%E3%83%BC%E3%83%88%20%E5%8A%9B%E5%B8%86%E7%94%A8%20KPT200%20KPT%20200%20%E3%82%AA%E3%83%BC%E3%83%88%E3%83%90%E3%82%A4%E3%81%AE%E8%8D%B7%E7%89%A9%E3%83%A9%E3%83%83%E3%82%AF%E8%8D%B7%E7%89%A9%E3%83%88%E3%83%A9%E3%83%B3%E3%82%AF%E3%83%A9%E3%83%83%E3%82%AF HTTP/1.1" 200 30571 "-" "Mozilla/5.0 (Linux; Android 6.0.1; Nexus 5X Build/MMB29P) AppleWebKit/537.36 (KHTML, like Gecko) Chrome/137.0.7151.103 Mobile Safari/537.36 (compatible; Googlebot/2.1; +http://www.google.com/bot.html)"
165.232.184.76 - - [05/Jul/2025:17:02:20 -0400] "GET /wp-includes/class-wp-styles.php HTTP/1.1" 403 1242 "binance.com" "Mozilla/5.0 (Windows NT 10.0; Win64; x64) AppleWebKit/537.36 (KHTML, like Gecko) Chrome/90.0.4430.85 Safari/537.36"
101.91.148.219 - - [05/Jul/2025:17:02:19 -0400] "GET / HTTP/1.1" 301 0 "http://www.fnf.group" "Mozilla/5.0 (iPhone; CPU iPhone OS 13_2_3 like Mac OS X) AppleWebKit/605.1.15 (KHTML, like Gecko) Version/13.0.3 Mobile/15E148 Safari/604.1"
101.91.148.219 - - [05/Jul/2025:17:02:23 -0400] "GET / HTTP/1.1" 200 30566 "https://www.fnf.group/" "Mozilla/5.0 (iPhone; CPU iPhone OS 13_2_3 like Mac OS X) AppleWebKit/605.1.15 (KHTML, like Gecko) Version/13.0.3 Mobile/15E148 Safari/604.1"
165.232.184.76 - - [05/Jul/2025:17:02:30 -0400] "GET /wp-includes/class-wp-textdomain-registry.php HTTP/1.1" 403 1242 "binance.com" "Mozilla/5.0 (Windows NT 10.0; Win64; x64) AppleWebKit/537.36 (KHTML, like Gecko) Chrome/90.0.4430.85 Safari/537.36"
192.178.6.102 - - [05/Jul/2025:17:02:27 -0400] "GET /?n=9732181730604&channel=40b031&from=pin.php%3Fid%3D817306-4375%26name%3D%E8%8A%B1%E5%AB%81%E3%83%99%E3%83%BC%E3%83%AB%E3%80%81%E3%82%A6%E3%82%A7%E3%83%87%E3%82%A3%E3%83%B3%E3%82%B0%E3%83%89%E3%83%AC%E3%82%B9%E3%82%A2%E3%82%AF%E3%82%BB%E3%82%B5%E3%83%AA%E3%83%BC%E3%80%81%E3%82%A6%E3%82%A7%E3%83%87%E3%82%A3%E3%83%B3%E3%82%B0%E3%83%99%E3%83%BC%E3%83%AB%E3%80%81%E3%82%A2%E3%82%A4%E3%83%9C%E3%83%AA%E3%83%BC%E3%83%96%E3%83%A9%E3%82%A4%E3%83%80%E3%83%AB%E3%83%99%E3%83%BC%E3%83%AB%E3%80%81%E3%82%A6%E3%82%A7%E3%83%87%E3%82%A3%E3%83%B3%E3%82%B0%E3%82%AB%E3%83%86%E3%83%89%E3%83%A9%E3%83%AB%E3%83%99%E3%83%BC%E3%83%AB%E3%82%A2%E3%82%AF%E3%82%BB%E3%82%B5%E3%83%AA%E3%83%BC HTTP/1.1" 200 30568 "-" "Mozilla/5.0 (Linux; Android 6.0.1; Nexus 5X Build/MMB29P) AppleWebKit/537.36 (KHTML, like Gecko) Chrome/137.0.7151.103 Mobile Safari/537.36 (compatible; Googlebot/2.1; +http://www.google.com/bot.html)"
165.232.184.76 - - [05/Jul/2025:17:02:38 -0400] "GET /wp-includes/class-wp-theme-json-data.php HTTP/1.1" 403 1242 "binance.com" "Mozilla/5.0 (Windows NT 10.0; Win64; x64) AppleWebKit/537.36 (KHTML, like Gecko) Chrome/90.0.4430.85 Safari/537.36"
165.232.184.76 - - [05/Jul/2025:17:02:48 -0400] "GET /wp-includes/class-wp-theme-json-resolver.php HTTP/1.1" 403 1242 "binance.com" "Mozilla/5.0 (Windows NT 10.0; Win64; x64) AppleWebKit/537.36 (KHTML, like Gecko) Chrome/90.0.4430.85 Safari/537.36"
165.232.184.76 - - [05/Jul/2025:17:02:55 -0400] "GET /wp-includes/class-wp-theme-json-schema.php HTTP/1.1" 403 1242 "binance.com" "Mozilla/5.0 (Windows NT 10.0; Win64; x64) AppleWebKit/537.36 (KHTML, like Gecko) Chrome/90.0.4430.85 Safari/537.36"
165.232.184.76 - - [05/Jul/2025:17:03:05 -0400] "GET /wp-includes/class-wp-theme-json.php HTTP/1.1" 403 1242 "binance.com" "Mozilla/5.0 (Windows NT 10.0; Win64; x64) AppleWebKit/537.36 (KHTML, like Gecko) Chrome/90.0.4430.85 Safari/537.36"
165.232.184.76 - - [05/Jul/2025:17:03:15 -0400] "GET /wp-includes/class-wp-token-map.php HTTP/1.1" 403 1242 "binance.com" "Mozilla/5.0 (Windows NT 10.0; Win64; x64) AppleWebKit/537.36 (KHTML, like Gecko) Chrome/90.0.4430.85 Safari/537.36"
63.250.38.117 - - [05/Jul/2025:17:03:18 -0400] "POST /wp-cron.php?doing_wp_cron=1751749398.6787359714508056640625 HTTP/1.1" 403 1242 "-" "WordPress/6.8.1; https://fnf.group"
192.178.6.103 - - [05/Jul/2025:17:03:14 -0400] "GET /?n=1879728204402&channel=f1d013&from=info.php%3Fid%3D282044-13356%26name%3DSONY+BDZ-ET1000+BluRay%E3%83%AC%E3%82%B3%E3%83%BC%E3%83%80%E3%83%BC%E3%80%80%E3%83%AA%E3%83%A2%E3%82%B3%E3%83%B3 HTTP/1.1" 301 0 "-" "Mozilla/5.0 (Linux; Android 6.0.1; Nexus 5X Build/MMB29P) AppleWebKit/537.36 (KHTML, like Gecko) Chrome/137.0.7151.103 Mobile Safari/537.36 (compatible; Googlebot/2.1; +http://www.google.com/bot.html)"
63.250.38.117 - - [05/Jul/2025:17:03:19 -0400] "POST /wp-cron.php?doing_wp_cron=1751749399.0833859443664550781250 HTTP/1.1" 403 1242 "-" "WordPress/6.8.1; https://fnf.group"
216.73.216.174 - - [05/Jul/2025:17:03:19 -0400] "GET /2020/12/18/gulab-jamun-cheese-cake-by-sadia-kashif/ HTTP/1.1" 500 1034 "-" "Mozilla/5.0 AppleWebKit/537.36 (KHTML, like Gecko; compatible; ClaudeBot/1.0; +claudebot@anthropic.com)"
114.119.148.60 - - [05/Jul/2025:17:03:15 -0400] "GET /2020/09/24/banana-split-by-muniza-adnan/ HTTP/1.1" 200 18344 "https://fnf.group/2020/09/24/banofee-pie-by-umaima-sameer/" "Mozilla/5.0 (Linux; Android 7.0;) AppleWebKit/537.36 (KHTML, like Gecko) Mobile Safari/537.36 (compatible; PetalBot;+https://webmaster.petalsearch.com/site/petalbot)"
192.178.6.102 - - [05/Jul/2025:17:03:19 -0400] "GET /?n=1879728204402&channel=f1d013&from=info.php%3Fid%3D282044-13356%26name%3DSONY%20BDZ-ET1000%20BluRay%E3%83%AC%E3%82%B3%E3%83%BC%E3%83%80%E3%83%BC%E3%80%80%E3%83%AA%E3%83%A2%E3%82%B3%E3%83%B3 HTTP/1.1" 200 30568 "-" "Mozilla/5.0 (Linux; Android 6.0.1; Nexus 5X Build/MMB29P) AppleWebKit/537.36 (KHTML, like Gecko) Chrome/137.0.7151.103 Mobile Safari/537.36 (compatible; Googlebot/2.1; +http://www.google.com/bot.html)"
165.232.184.76 - - [05/Jul/2025:17:03:28 -0400] "GET /wp-includes/class-wp-url-pattern-prefixer.php HTTP/1.1" 403 1242 "binance.com" "Mozilla/5.0 (Windows NT 10.0; Win64; x64) AppleWebKit/537.36 (KHTML, like Gecko) Chrome/90.0.4430.85 Safari/537.36"
165.232.184.76 - - [05/Jul/2025:17:03:44 -0400] "GET /wp-includes/class-wpdb.php HTTP/1.1" 403 1242 "binance.com" "Mozilla/5.0 (Windows NT 10.0; Win64; x64) AppleWebKit/537.36 (KHTML, like Gecko) Chrome/90.0.4430.85 Safari/537.36"
165.232.184.76 - - [05/Jul/2025:17:03:54 -0400] "GET /wp-includes/fonts.php HTTP/1.1" 403 1242 "binance.com" "Mozilla/5.0 (Windows NT 10.0; Win64; x64) AppleWebKit/537.36 (KHTML, like Gecko) Chrome/90.0.4430.85 Safari/537.36"
165.232.184.76 - - [05/Jul/2025:17:04:04 -0400] "GET /wp-includes/global-styles-and-settings.php HTTP/1.1" 403 1242 "binance.com" "Mozilla/5.0 (Windows NT 10.0; Win64; x64) AppleWebKit/537.36 (KHTML, like Gecko) Chrome/90.0.4430.85 Safari/537.36"
192.178.6.103 - - [05/Jul/2025:17:04:04 -0400] "GET /?n=98143116456600&channel=e0f836&from=pin.php%3Fid%3D1164566-4855%26name%3D%E3%82%B3%E3%83%AB%E3%82%AF+%E3%82%A4%E3%83%B3%E3%82%BD%E3%83%BC%E3%83%AB+SOKO%EF%BC%88%E3%82%AD%E3%83%A2%E3%83%8E%EF%BC%89%E4%B8%AD%E6%95%B7%E3%81%8D+%E5%B8%82%E6%9D%BE+%E5%92%8C%E6%9F%84+%E6%B6%88%E8%87%AD+%E7%9D%80%E7%89%A9+%28ICHIMATSU%E3%83%AC%E3%83%83%E3%83%89%2C+21-29cm%29 HTTP/1.1" 301 0 "-" "Mozilla/5.0 (Linux; Android 6.0.1; Nexus 5X Build/MMB29P) AppleWebKit/537.36 (KHTML, like Gecko) Chrome/137.0.7151.103 Mobile Safari/537.36 (compatible; Googlebot/2.1; +http://www.google.com/bot.html)"
192.178.6.102 - - [05/Jul/2025:17:04:06 -0400] "GET /?n=98143116456600&channel=e0f836&from=pin.php%3Fid%3D1164566-4855%26name%3D%E3%82%B3%E3%83%AB%E3%82%AF%20%E3%82%A4%E3%83%B3%E3%82%BD%E3%83%BC%E3%83%AB%20SOKO%EF%BC%88%E3%82%AD%E3%83%A2%E3%83%8E%EF%BC%89%E4%B8%AD%E6%95%B7%E3%81%8D%20%E5%B8%82%E6%9D%BE%20%E5%92%8C%E6%9F%84%20%E6%B6%88%E8%87%AD%20%E7%9D%80%E7%89%A9%20%28ICHIMATSU%E3%83%AC%E3%83%83%E3%83%89%2C%2021-29cm%29 HTTP/1.1" 200 30568 "-" "Mozilla/5.0 (Linux; Android 6.0.1; Nexus 5X Build/MMB29P) AppleWebKit/537.36 (KHTML, like Gecko) Chrome/137.0.7151.103 Mobile Safari/537.36 (compatible; Googlebot/2.1; +http://www.google.com/bot.html)"
165.232.184.76 - - [05/Jul/2025:17:04:12 -0400] "GET /wp-includes/https-detection.php HTTP/1.1" 403 1242 "binance.com" "Mozilla/5.0 (Windows NT 10.0; Win64; x64) AppleWebKit/537.36 (KHTML, like Gecko) Chrome/90.0.4430.85 Safari/537.36"
165.232.184.76 - - [05/Jul/2025:17:04:22 -0400] "GET /wp-includes/https-migration.php HTTP/1.1" 403 1242 "binance.com" "Mozilla/5.0 (Windows NT 10.0; Win64; x64) AppleWebKit/537.36 (KHTML, like Gecko) Chrome/90.0.4430.85 Safari/537.36"
165.232.184.76 - - [05/Jul/2025:17:04:36 -0400] "GET /wp-includes/robots-template.php HTTP/1.1" 403 1242 "binance.com" "Mozilla/5.0 (Windows NT 10.0; Win64; x64) AppleWebKit/537.36 (KHTML, like Gecko) Chrome/90.0.4430.85 Safari/537.36"
165.232.184.76 - - [05/Jul/2025:17:04:46 -0400] "GET /wp-includes/script-modules.php HTTP/1.1" 403 1242 "binance.com" "Mozilla/5.0 (Windows NT 10.0; Win64; x64) AppleWebKit/537.36 (KHTML, like Gecko) Chrome/90.0.4430.85 Safari/537.36"
165.232.184.76 - - [05/Jul/2025:17:04:57 -0400] "GET /wp-includes/speculative-loading.php HTTP/1.1" 403 1242 "binance.com" "Mozilla/5.0 (Windows NT 10.0; Win64; x64) AppleWebKit/537.36 (KHTML, like Gecko) Chrome/90.0.4430.85 Safari/537.36"
165.232.184.76 - - [05/Jul/2025:17:05:08 -0400] "GET /wp-includes/style-engine.php HTTP/1.1" 403 1242 "binance.com" "Mozilla/5.0 (Windows NT 10.0; Win64; x64) AppleWebKit/537.36 (KHTML, like Gecko) Chrome/90.0.4430.85 Safari/537.36"
63.250.38.117 - - [05/Jul/2025:17:05:12 -0400] "POST /wp-cron.php?doing_wp_cron=1751749512.4714128971099853515625 HTTP/1.1" 403 1242 "-" "WordPress/6.8.1; https://fnf.group"
192.178.6.101 - - [05/Jul/2025:17:05:09 -0400] "GET /?n=7970046262505&channel=b07e3d&from=shop.php%3Fid%3D462625-13403%26name%3DSY32+BY+SWEETYEARS+%E3%83%8F%E3%83%BC%E3%83%95%E3%82%B8%E3%83%83%E3%83%97M HTTP/1.1" 301 0 "-" "Mozilla/5.0 (Linux; Android 6.0.1; Nexus 5X Build/MMB29P) AppleWebKit/537.36 (KHTML, like Gecko) Chrome/137.0.7151.103 Mobile Safari/537.36 (compatible; Googlebot/2.1; +http://www.google.com/bot.html)"
63.250.38.117 - - [05/Jul/2025:17:05:13 -0400] "POST /wp-cron.php?doing_wp_cron=1751749513.5680239200592041015625 HTTP/1.1" 403 1242 "-" "WordPress/6.8.1; https://fnf.group"
192.178.6.100 - - [05/Jul/2025:17:05:10 -0400] "GET /?n=95770142659302&channel=9573c2&from=jp.php%3Fid%3D1426593-6783%26name%3D%E3%83%86%E3%83%BC%E3%83%96%E3%83%AB%E3%82%B0%E3%83%A9%E3%82%A4%E3%83%B3%E3%83%80%E3%83%BC%E3%80%81%E5%B0%8F%E3%81%95%E3%81%AA%E3%83%99%E3%83%B3%E3%83%81%E3%82%B0%E3%83%A9%E3%82%A4%E3%83%B3%E3%83%80%E3%83%BC+%7C+%E6%9C%A8%E5%B7%A5%E3%83%99%E3%83%AB%E3%83%88%E3%82%B5%E3%83%B3%E3%83%80%E3%83%BC%2C350W%E9%9B%BB%E5%8B%95%E3%83%99%E3%83%B3%E3%83%81%E3%82%B0%E3%83%A9%E3%82%A4%E3%83%B3%E3%83%80%E3%83%BC%E3%82%B5%E3%83%B3%E3%83%87%E3%82%A3%E3%83%B3%E3%82%B0%E3%83%9E%E3%82%B7%E3%83%B3%E3%80%81%E9%87%91%E5%B1%9E%E8%A3%BD%E3%81%AE%E6%9C%A8 HTTP/1.1" 301 0 "-" "Mozilla/5.0 (Linux; Android 6.0.1; Nexus 5X Build/MMB29P) AppleWebKit/537.36 (KHTML, like Gecko) Chrome/137.0.7151.103 Mobile Safari/537.36 (compatible; Googlebot/2.1; +http://www.google.com/bot.html)"
192.178.6.102 - - [05/Jul/2025:17:05:13 -0400] "GET /?n=7970046262505&channel=b07e3d&from=shop.php%3Fid%3D462625-13403%26name%3DSY32%20BY%20SWEETYEARS%20%E3%83%8F%E3%83%BC%E3%83%95%E3%82%B8%E3%83%83%E3%83%97M HTTP/1.1" 200 30570 "-" "Mozilla/5.0 (Linux; Android 6.0.1; Nexus 5X Build/MMB29P) AppleWebKit/537.36 (KHTML, like Gecko) Chrome/137.0.7151.103 Mobile Safari/537.36 (compatible; Googlebot/2.1; +http://www.google.com/bot.html)"
192.178.6.100 - - [05/Jul/2025:17:05:14 -0400] "GET /?n=95770142659302&channel=9573c2&from=jp.php%3Fid%3D1426593-6783%26name%3D%E3%83%86%E3%83%BC%E3%83%96%E3%83%AB%E3%82%B0%E3%83%A9%E3%82%A4%E3%83%B3%E3%83%80%E3%83%BC%E3%80%81%E5%B0%8F%E3%81%95%E3%81%AA%E3%83%99%E3%83%B3%E3%83%81%E3%82%B0%E3%83%A9%E3%82%A4%E3%83%B3%E3%83%80%E3%83%BC%20%7C%20%E6%9C%A8%E5%B7%A5%E3%83%99%E3%83%AB%E3%83%88%E3%82%B5%E3%83%B3%E3%83%80%E3%83%BC%2C350W%E9%9B%BB%E5%8B%95%E3%83%99%E3%83%B3%E3%83%81%E3%82%B0%E3%83%A9%E3%82%A4%E3%83%B3%E3%83%80%E3%83%BC%E3%82%B5%E3%83%B3%E3%83%87%E3%82%A3%E3%83%B3%E3%82%B0%E3%83%9E%E3%82%B7%E3%83%B3%E3%80%81%E9%87%91%E5%B1%9E%E8%A3%BD%E3%81%AE%E6%9C%A8 HTTP/1.1" 200 30569 "-" "Mozilla/5.0 (Linux; Android 6.0.1; Nexus 5X Build/MMB29P) AppleWebKit/537.36 (KHTML, like Gecko) Chrome/137.0.7151.103 Mobile Safari/537.36 (compatible; Googlebot/2.1; +http://www.google.com/bot.html)"
165.232.184.76 - - [05/Jul/2025:17:05:23 -0400] "GET /wp-includes/template-canvas.php HTTP/1.1" 403 1242 "binance.com" "Mozilla/5.0 (Windows NT 10.0; Win64; x64) AppleWebKit/537.36 (KHTML, like Gecko) Chrome/90.0.4430.85 Safari/537.36"
165.232.184.76 - - [05/Jul/2025:17:05:37 -0400] "GET /wp-includes/theme-previews.php HTTP/1.1" 403 1242 "binance.com" "Mozilla/5.0 (Windows NT 10.0; Win64; x64) AppleWebKit/537.36 (KHTML, like Gecko) Chrome/90.0.4430.85 Safari/537.36"
165.232.184.76 - - [05/Jul/2025:17:05:45 -0400] "GET /wp-includes/theme-templates.php HTTP/1.1" 403 1242 "binance.com" "Mozilla/5.0 (Windows NT 10.0; Win64; x64) AppleWebKit/537.36 (KHTML, like Gecko) Chrome/90.0.4430.85 Safari/537.36"
216.73.216.174 - - [05/Jul/2025:17:05:49 -0400] "GET /2021/11/02/live-session-on-risotto/ HTTP/1.1" 500 1034 "-" "Mozilla/5.0 AppleWebKit/537.36 (KHTML, like Gecko; compatible; ClaudeBot/1.0; +claudebot@anthropic.com)"
165.232.184.76 - - [05/Jul/2025:17:05:52 -0400] "GET /wp-includes/ID3/ HTTP/1.1" 200 1337 "binance.com" "Mozilla/5.0 (Windows NT 10.0; Win64; x64) AppleWebKit/537.36 (KHTML, like Gecko) Chrome/90.0.4430.85 Safari/537.36"
165.232.184.76 - - [05/Jul/2025:17:05:56 -0400] "GET /wp-includes/ID3/ HTTP/1.1" 200 1337 "binance.com" "Mozilla/5.0 (Windows NT 10.0; Win64; x64) AppleWebKit/537.36 (KHTML, like Gecko) Chrome/90.0.4430.85 Safari/537.36"
192.178.6.100 - - [05/Jul/2025:17:05:55 -0400] "GET /?n=03658112389003&channel=0b9d4f&from=category-info.php%3Fid%3D1123890-1021%26name%3D%E3%83%90%E3%82%A4%E3%82%AF%E3%82%B5%E3%83%89%E3%83%AB%E3%83%90%E3%83%83%E3%82%B0+%E3%82%B5%E3%83%89%E3%83%AB%E3%83%90%E3%83%83%E3%82%B0+%E3%83%90%E3%82%A4%E3%82%AF+%E5%8F%8E%E7%B4%8D%E3%83%90%E3%83%83%E3%82%B0+%E3%82%AA%E3%83%BC%E3%83%88%E3%83%90%E3%82%A4+%E3%82%B5%E3%82%A4%E3%83%89%E3%83%90%E3%83%83%E3%82%B0+%E3%82%AA%E3%83%BC%E3%83%88%E3%83%90%E3%82%A4+Rebel+250+500+1100%E7%94%A8 HTTP/1.1" 301 0 "-" "Mozilla/5.0 (Linux; Android 6.0.1; Nexus 5X Build/MMB29P) AppleWebKit/537.36 (KHTML, like Gecko) Chrome/137.0.7151.103 Mobile Safari/537.36 (compatible; Googlebot/2.1; +http://www.google.com/bot.html)"
192.178.6.100 - - [05/Jul/2025:17:05:55 -0400] "GET /?n=1967074914202&channel=a1c3c7&from=form.php%3Fid%3D749142-2148%26name%3DTHE+NORTH+FACE+%E3%83%95%E3%82%A3%E3%83%AB%E3%83%87%E3%83%B3%E3%82%B9%E3%82%AE%E3%82%A2%E3%83%88%E3%83%BC%E3%83%88L++%E3%83%8B%E3%83%A5%E3%83%BC%E3%83%88%E3%83%BC%E3%83%97%E3%82%B0%E3%83%AA%E3%83%BC%E3%83%B3 HTTP/1.1" 301 0 "-" "Mozilla/5.0 (Linux; Android 6.0.1; Nexus 5X Build/MMB29P) AppleWebKit/537.36 (KHTML, like Gecko) Chrome/137.0.7151.103 Mobile Safari/537.36 (compatible; Googlebot/2.1; +http://www.google.com/bot.html)"
192.178.6.100 - - [05/Jul/2025:17:05:58 -0400] "GET /?n=03658112389003&channel=0b9d4f&from=category-info.php%3Fid%3D1123890-1021%26name%3D%E3%83%90%E3%82%A4%E3%82%AF%E3%82%B5%E3%83%89%E3%83%AB%E3%83%90%E3%83%83%E3%82%B0%20%E3%82%B5%E3%83%89%E3%83%AB%E3%83%90%E3%83%83%E3%82%B0%20%E3%83%90%E3%82%A4%E3%82%AF%20%E5%8F%8E%E7%B4%8D%E3%83%90%E3%83%83%E3%82%B0%20%E3%82%AA%E3%83%BC%E3%83%88%E3%83%90%E3%82%A4%20%E3%82%B5%E3%82%A4%E3%83%89%E3%83%90%E3%83%83%E3%82%B0%20%E3%82%AA%E3%83%BC%E3%83%88%E3%83%90%E3%82%A4%20Rebel%20250%20500%201100%E7%94%A8 HTTP/1.1" 200 30569 "-" "Mozilla/5.0 (Linux; Android 6.0.1; Nexus 5X Build/MMB29P) AppleWebKit/537.36 (KHTML, like Gecko) Chrome/137.0.7151.103 Mobile Safari/537.36 (compatible; Googlebot/2.1; +http://www.google.com/bot.html)"
165.232.184.76 - - [05/Jul/2025:17:06:04 -0400] "GET /wp-includes/IXR/ HTTP/1.1" 200 1143 "binance.com" "Mozilla/5.0 (Windows NT 10.0; Win64; x64) AppleWebKit/537.36 (KHTML, like Gecko) Chrome/90.0.4430.85 Safari/537.36"
192.178.6.100 - - [05/Jul/2025:17:06:00 -0400] "GET /?n=1967074914202&channel=a1c3c7&from=form.php%3Fid%3D749142-2148%26name%3DTHE%20NORTH%20FACE%20%E3%83%95%E3%82%A3%E3%83%AB%E3%83%87%E3%83%B3%E3%82%B9%E3%82%AE%E3%82%A2%E3%83%88%E3%83%BC%E3%83%88L%20%20%E3%83%8B%E3%83%A5%E3%83%BC%E3%83%88%E3%83%BC%E3%83%97%E3%82%B0%E3%83%AA%E3%83%BC%E3%83%B3 HTTP/1.1" 200 30569 "-" "Mozilla/5.0 (Linux; Android 6.0.1; Nexus 5X Build/MMB29P) AppleWebKit/537.36 (KHTML, like Gecko) Chrome/137.0.7151.103 Mobile Safari/537.36 (compatible; Googlebot/2.1; +http://www.google.com/bot.html)"
192.178.6.100 - - [05/Jul/2025:17:06:05 -0400] "GET /?n=29759127084100&channel=3bb57f&from=pin.php%3Fid%3D1270841-2668%26name%3D%E3%83%96%E3%83%AC%E3%82%B9%E3%83%AC%E3%83%83%E3%83%88+%E3%83%81%E3%82%A7%E3%83%BC%E3%83%B3+%E7%B4%94%E3%83%81%E3%82%BF%E3%83%B3+%E3%82%B9%E3%82%AF%E3%83%AA%E3%83%A5%E3%83%BC%E3%83%81%E3%82%A7%E3%83%BC%E3%83%B3+%E5%B9%852.3mm+%E9%95%B7%E3%81%9515cm%EF%BD%9C%E9%8E%96+%E3%83%81%E3%82%BF%E3%83%B3+%E3%82%A2%E3%82%AF%E3%82%BB%E3%82%B5%E3%83%AA%E3%83%BC+%E3%83%AC%E3%83%87%E3%82%A3%E3%83%BC%E3%82%B9+%E3%83%A1%E3%83%B3%E3%82%BA HTTP/1.1" 301 0 "-" "Mozilla/5.0 (Linux; Android 6.0.1; Nexus 5X Build/MMB29P) AppleWebKit/537.36 (KHTML, like Gecko) Chrome/137.0.7151.103 Mobile Safari/537.36 (compatible; Googlebot/2.1; +http://www.google.com/bot.html)"
192.178.6.101 - - [05/Jul/2025:17:06:08 -0400] "GET /?n=29759127084100&channel=3bb57f&from=pin.php%3Fid%3D1270841-2668%26name%3D%E3%83%96%E3%83%AC%E3%82%B9%E3%83%AC%E3%83%83%E3%83%88%20%E3%83%81%E3%82%A7%E3%83%BC%E3%83%B3%20%E7%B4%94%E3%83%81%E3%82%BF%E3%83%B3%20%E3%82%B9%E3%82%AF%E3%83%AA%E3%83%A5%E3%83%BC%E3%83%81%E3%82%A7%E3%83%BC%E3%83%B3%20%E5%B9%852.3mm%20%E9%95%B7%E3%81%9515cm%EF%BD%9C%E9%8E%96%20%E3%83%81%E3%82%BF%E3%83%B3%20%E3%82%A2%E3%82%AF%E3%82%BB%E3%82%B5%E3%83%AA%E3%83%BC%20%E3%83%AC%E3%83%87%E3%82%A3%E3%83%BC%E3%82%B9%20%E3%83%A1%E3%83%B3%E3%82%BA HTTP/1.1" 200 30572 "-" "Mozilla/5.0 (Linux; Android 6.0.1; Nexus 5X Build/MMB29P) AppleWebKit/537.36 (KHTML, like Gecko) Chrome/137.0.7151.103 Mobile Safari/537.36 (compatible; Googlebot/2.1; +http://www.google.com/bot.html)"
165.232.184.76 - - [05/Jul/2025:17:06:13 -0400] "GET /wp-includes/IXR/ HTTP/1.1" 200 1143 "binance.com" "Mozilla/5.0 (Windows NT 10.0; Win64; x64) AppleWebKit/537.36 (KHTML, like Gecko) Chrome/90.0.4430.85 Safari/537.36"
165.232.184.76 - - [05/Jul/2025:17:06:20 -0400] "GET /wp-includes/PHPMailer/ HTTP/1.1" 200 704 "binance.com" "Mozilla/5.0 (Windows NT 10.0; Win64; x64) AppleWebKit/537.36 (KHTML, like Gecko) Chrome/90.0.4430.85 Safari/537.36"
165.232.184.76 - - [05/Jul/2025:17:06:27 -0400] "GET /wp-includes/PHPMailer/ HTTP/1.1" 200 704 "binance.com" "Mozilla/5.0 (Windows NT 10.0; Win64; x64) AppleWebKit/537.36 (KHTML, like Gecko) Chrome/90.0.4430.85 Safari/537.36"
216.73.216.174 - - [05/Jul/2025:17:06:28 -0400] "GET /category/food-reviews/ HTTP/1.1" 500 1034 "-" "Mozilla/5.0 AppleWebKit/537.36 (KHTML, like Gecko; compatible; ClaudeBot/1.0; +claudebot@anthropic.com)"
165.232.184.76 - - [05/Jul/2025:17:06:38 -0400] "GET /wp-includes/Text/ HTTP/1.1" 200 706 "binance.com" "Mozilla/5.0 (Windows NT 10.0; Win64; x64) AppleWebKit/537.36 (KHTML, like Gecko) Chrome/90.0.4430.85 Safari/537.36"
165.232.184.76 - - [05/Jul/2025:17:06:47 -0400] "GET /wp-includes/Text/ HTTP/1.1" 200 706 "binance.com" "Mozilla/5.0 (Windows NT 10.0; Win64; x64) AppleWebKit/537.36 (KHTML, like Gecko) Chrome/90.0.4430.85 Safari/537.36"
63.250.38.117 - - [05/Jul/2025:17:06:52 -0400] "POST /wp-cron.php?doing_wp_cron=1751749612.0775139331817626953125 HTTP/1.1" 403 1242 "-" "WordPress/6.8.1; https://fnf.group"
63.250.38.117 - - [05/Jul/2025:17:06:52 -0400] "POST /wp-cron.php?doing_wp_cron=1751749612.0844900608062744140625 HTTP/1.1" 403 1242 "-" "WordPress/6.8.1; https://fnf.group"
192.178.6.100 - - [05/Jul/2025:17:06:47 -0400] "GET /?n=12583195017901&channel=4e9606&from=info.php%3Fid%3D1950179-12442%26name%3DIntex+Pure+Spa%E7%94%A8%E3%82%A4%E3%83%B3%E3%83%AC%E3%83%83%E3%83%88%26amp%3B%E3%82%A2%E3%82%A6%E3%83%88%E3%83%AC%E3%83%83%E3%83%88%E3%82%B7%E3%83%BC%E3%83%AB%E3%82%BB%E3%83%83%E3%83%88%E3%80%81%E3%82%B3%E3%83%8D%E3%82%AF%E3%82%BF%E9%96%93%E3%81%AE%E3%82%AC%E3%82%B9%E3%82%B1%E3%83%83%E3%83%88%E3%80%81Simple+Spa+11699 HTTP/1.1" 301 0 "-" "Mozilla/5.0 (Linux; Android 6.0.1; Nexus 5X Build/MMB29P) AppleWebKit/537.36 (KHTML, like Gecko) Chrome/137.0.7151.103 Mobile Safari/537.36 (compatible; Googlebot/2.1; +http://www.google.com/bot.html)"
192.178.6.100 - - [05/Jul/2025:17:06:47 -0400] "GET /?n=03477177931506&channel=0fd410&from=info.php%3Fid%3D1779315-5551%26name%3D%E3%83%90%E3%82%B9%E6%B7%B7%E5%90%88%E6%A0%93+3+%E7%A9%B4%E3%83%87%E3%83%83%E3%82%AD%E3%83%9E%E3%82%A6%E3%83%B3%E3%83%88%E3%83%90%E3%82%B9%E3%82%B7%E3%83%A3%E3%83%AF%E3%83%BC%E3%82%BF%E3%83%83%E3%83%97%E3%83%90%E3%82%B9%E3%82%BF%E3%83%83%E3%83%97%E7%94%A8%E3%82%B7%E3%83%A3%E3%83%AF%E3%83%BC%E3%83%98%E3%83%83%E3%83%89%E3%81%A8%E3%83%9B%E3%83%BC%E3%82%B9%E3%82%BB%E3%83%83%E3%83%88+Chrome-B%2FChrome-B HTTP/1.1" 301 0 "-" "Mozilla/5.0 (Linux; Android 6.0.1; Nexus 5X Build/MMB29P) AppleWebKit/537.36 (KHTML, like Gecko) Chrome/137.0.7151.103 Mobile Safari/537.36 (compatible; Googlebot/2.1; +http://www.google.com/bot.html)"
216.244.66.226 - - [05/Jul/2025:17:06:53 -0400] "GET /2020/09/02/bun-kabab-by-zeenat-muneer/feed/ HTTP/1.1" 500 1034 "-" "Mozilla/5.0 (compatible; DotBot/1.2; +https://opensiteexplorer.org/dotbot; help@moz.com)"
165.232.184.76 - - [05/Jul/2025:17:06:55 -0400] "GET /wp-includes/Text/Diff/ HTTP/1.1" 200 695 "binance.com" "Mozilla/5.0 (Windows NT 10.0; Win64; x64) AppleWebKit/537.36 (KHTML, like Gecko) Chrome/90.0.4430.85 Safari/537.36"
192.178.6.100 - - [05/Jul/2025:17:06:52 -0400] "GET /?n=03477177931506&channel=0fd410&from=info.php%3Fid%3D1779315-5551%26name%3D%E3%83%90%E3%82%B9%E6%B7%B7%E5%90%88%E6%A0%93%203%20%E7%A9%B4%E3%83%87%E3%83%83%E3%82%AD%E3%83%9E%E3%82%A6%E3%83%B3%E3%83%88%E3%83%90%E3%82%B9%E3%82%B7%E3%83%A3%E3%83%AF%E3%83%BC%E3%82%BF%E3%83%83%E3%83%97%E3%83%90%E3%82%B9%E3%82%BF%E3%83%83%E3%83%97%E7%94%A8%E3%82%B7%E3%83%A3%E3%83%AF%E3%83%BC%E3%83%98%E3%83%83%E3%83%89%E3%81%A8%E3%83%9B%E3%83%BC%E3%82%B9%E3%82%BB%E3%83%83%E3%83%88%20Chrome-B%2FChrome-B HTTP/1.1" 200 30572 "-" "Mozilla/5.0 (Linux; Android 6.0.1; Nexus 5X Build/MMB29P) AppleWebKit/537.36 (KHTML, like Gecko) Chrome/137.0.7151.103 Mobile Safari/537.36 (compatible; Googlebot/2.1; +http://www.google.com/bot.html)"
192.178.6.100 - - [05/Jul/2025:17:06:53 -0400] "GET /?n=12583195017901&channel=4e9606&from=info.php%3Fid%3D1950179-12442%26name%3DIntex%20Pure%20Spa%E7%94%A8%E3%82%A4%E3%83%B3%E3%83%AC%E3%83%83%E3%83%88%26amp%3B%E3%82%A2%E3%82%A6%E3%83%88%E3%83%AC%E3%83%83%E3%83%88%E3%82%B7%E3%83%BC%E3%83%AB%E3%82%BB%E3%83%83%E3%83%88%E3%80%81%E3%82%B3%E3%83%8D%E3%82%AF%E3%82%BF%E9%96%93%E3%81%AE%E3%82%AC%E3%82%B9%E3%82%B1%E3%83%83%E3%83%88%E3%80%81Simple%20Spa%2011699 HTTP/1.1" 200 30570 "-" "Mozilla/5.0 (Linux; Android 6.0.1; Nexus 5X Build/MMB29P) AppleWebKit/537.36 (KHTML, like Gecko) Chrome/137.0.7151.103 Mobile Safari/537.36 (compatible; Googlebot/2.1; +http://www.google.com/bot.html)"
165.232.184.76 - - [05/Jul/2025:17:07:05 -0400] "GET /wp-includes/Text/Diff/ HTTP/1.1" 200 695 "binance.com" "Mozilla/5.0 (Windows NT 10.0; Win64; x64) AppleWebKit/537.36 (KHTML, like Gecko) Chrome/90.0.4430.85 Safari/537.36"
165.232.184.76 - - [05/Jul/2025:17:07:16 -0400] "GET /wp-includes/Text/Diff/Engine/ HTTP/1.1" 200 692 "binance.com" "Mozilla/5.0 (Windows NT 10.0; Win64; x64) AppleWebKit/537.36 (KHTML, like Gecko) Chrome/90.0.4430.85 Safari/537.36"
165.232.184.76 - - [05/Jul/2025:17:07:26 -0400] "GET /wp-includes/Text/Diff/Engine/ HTTP/1.1" 200 692 "binance.com" "Mozilla/5.0 (Windows NT 10.0; Win64; x64) AppleWebKit/537.36 (KHTML, like Gecko) Chrome/90.0.4430.85 Safari/537.36"
165.232.184.76 - - [05/Jul/2025:17:07:36 -0400] "GET /wp-includes/Text/Diff/Renderer/ HTTP/1.1" 200 627 "binance.com" "Mozilla/5.0 (Windows NT 10.0; Win64; x64) AppleWebKit/537.36 (KHTML, like Gecko) Chrome/90.0.4430.85 Safari/537.36"
114.119.148.60 - - [05/Jul/2025:17:07:33 -0400] "GET /2021/11/ HTTP/1.1" 200 14703 "https://fnf.group/plus_wpgallery/" "Mozilla/5.0 (Linux; Android 7.0;) AppleWebKit/537.36 (KHTML, like Gecko) Mobile Safari/537.36 (compatible; PetalBot;+https://webmaster.petalsearch.com/site/petalbot)"
192.178.6.100 - - [05/Jul/2025:17:07:35 -0400] "GET /?n=04799119968804&channel=5a7ef5&from=pin.php%3Fid%3D1199688-7240%26name%3D%E4%B9%83%E6%9C%A8%E5%9D%8246+SUMMER+TOUR+2018+T%E3%82%B7%E3%83%A3%E3%83%84 HTTP/1.1" 301 0 "-" "Mozilla/5.0 (Linux; Android 6.0.1; Nexus 5X Build/MMB29P) AppleWebKit/537.36 (KHTML, like Gecko) Chrome/137.0.7151.103 Mobile Safari/537.36 (compatible; Googlebot/2.1; +http://www.google.com/bot.html)"
192.178.6.100 - - [05/Jul/2025:17:07:39 -0400] "GET /?n=04799119968804&channel=5a7ef5&from=pin.php%3Fid%3D1199688-7240%26name%3D%E4%B9%83%E6%9C%A8%E5%9D%8246%20SUMMER%20TOUR%202018%20T%E3%82%B7%E3%83%A3%E3%83%84 HTTP/1.1" 200 30571 "-" "Mozilla/5.0 (Linux; Android 6.0.1; Nexus 5X Build/MMB29P) AppleWebKit/537.36 (KHTML, like Gecko) Chrome/137.0.7151.103 Mobile Safari/537.36 (compatible; Googlebot/2.1; +http://www.google.com/bot.html)"
165.232.184.76 - - [05/Jul/2025:17:07:47 -0400] "GET /wp-includes/Text/Diff/Renderer/ HTTP/1.1" 200 627 "binance.com" "Mozilla/5.0 (Windows NT 10.0; Win64; x64) AppleWebKit/537.36 (KHTML, like Gecko) Chrome/90.0.4430.85 Safari/537.36"
192.178.6.100 - - [05/Jul/2025:17:07:46 -0400] "GET /?n=51122141712300&channel=fb34c3&from=form.php%3Fid%3D1417123-27191%26name%3D%E3%80%90DVD%E4%BB%98%E3%80%91%E3%81%8B%E3%81%9B%E3%81%8D%E3%81%95%E3%81%84%E3%81%A0%E3%81%81+-+Sound+Burger+Planet%E3%80%80%2F+Bose%E3%80%81SHINCO%E3%80%81%E5%B7%9D%E8%BE%BA%E3%83%92%E3%83%AD%E3%82%B7%E3%80%81%E6%B8%A1%E8%BE%BA%E4%BF%8A%E7%BE%8E%E3%80%81+Illicit+Tsuboi+%E5%8F%82%E5%8A%A0 HTTP/1.1" 301 0 "-" "Mozilla/5.0 (Linux; Android 6.0.1; Nexus 5X Build/MMB29P) AppleWebKit/537.36 (KHTML, like Gecko) Chrome/137.0.7151.103 Mobile Safari/537.36 (compatible; Googlebot/2.1; +http://www.google.com/bot.html)"
