192.178.6.100 - - [05/Jul/2025:08:51:55 -0400] "GET /?n=25724129294215&channel=04ed9f&from=news.php%3Fid%3D1292942-9622%26name%3D%E3%82%AC%E3%83%BC%E3%83%87%E3%83%B3%E3%83%A9%E3%83%83%E3%82%AF%20%E3%83%95%E3%83%A9%E3%83%AF%E3%83%BC%E3%82%B9%E3%82%BF%E3%83%B3%E3%83%89%20%E5%A4%A9%E7%84%B6%E7%AB%B9%E8%A3%BD%20%E3%83%95%E3%83%A9%E3%83%AF%E3%83%BC%E3%83%A9%E3%83%83%E3%82%AF%20%E5%A4%9A%E8%82%89%E6%A4%8D%E7%89%A9%E6%A3%9A%20%E7%9B%86%E6%A0%BD%E6%A3%9A%20%E8%A6%B3%E8%91%89%E6%A4%8D%E7%89%A9%20%E3%83%99%E3%83%A9%E3%83%B3%E3%83%80%20%E6%95%B4%E7%90%86%20%E3%83%97%E3%83%A9%E3%83%B3%E3%82%BF%E3%83%BC%20%E5%9C%92%E8%8A%B8%E3%83%A9%E3%83%83%E3%82%AF%20%E8%8A%B1%E5%8F%B0%20%E8%8A%B1%E6%A3%9A%20%E6%A4%8D%E6%9C%A8%E9%89%A2%E3%82%B9%E3%82%BF%E3%83%B3%E3%83%89 HTTP/1.1" 200 29450 "-" "Mozilla/5.0 (Linux; Android 6.0.1; Nexus 5X Build/MMB29P) AppleWebKit/537.36 (KHTML, like Gecko) Chrome/137.0.7151.103 Mobile Safari/537.36 (compatible; Googlebot/2.1; +http://www.google.com/bot.html)"
63.250.38.117 - - [05/Jul/2025:08:52:11 -0400] "POST /wp-cron.php?doing_wp_cron=1751719931.0678019523620605468750 HTTP/1.1" 403 1242 "-" "WordPress/6.8.1; https://fnf.group"
192.178.6.100 - - [05/Jul/2025:08:52:06 -0400] "GET /?n=82937163389903&channel=ba8813&from=goods.php%3Fid%3D1633899-21794%26name%3DAGED%20%E3%83%94%E3%83%B3%E3%83%9D%E3%83%B3%E3%83%91%E3%83%89%E3%83%AB%E3%82%B4%E3%83%A0%E9%AB%98%E5%BC%BE%E6%80%A7%E3%82%B9%E3%83%9D%E3%83%B3%E3%82%B8%205%20%E5%B1%A4%E3%83%90%E3%82%B9%E3%82%A6%E3%83%83%E3%83%89%E3%83%97%E3%83%AD%E5%8D%93%E7%90%83%E3%83%A9%E3%82%B1%E3%83%83%E3%83%88%E3%82%B7%E3%83%B3%E3%82%B0%E3%83%AB%E3%82%B7%E3%83%A7%E3%83%83%E3%83%88%E5%8D%93%E7%90%83%E3%83%91%E3%83%89%E3%83%AB%E3%82%BB%E3%83%83%E3%83%88%20%28Color%20%3A%20Bl HTTP/1.1" 200 29440 "-" "Mozilla/5.0 (Linux; Android 6.0.1; Nexus 5X Build/MMB29P) AppleWebKit/537.36 (KHTML, like Gecko) Chrome/137.0.7151.103 Mobile Safari/537.36 (compatible; Googlebot/2.1; +http://www.google.com/bot.html)"
192.178.6.100 - - [05/Jul/2025:08:52:17 -0400] "GET /?n=97020156263503&channel=6a611f&from=shop.php%3Fid%3D1562635-4378%26name%3D%E3%82%AF%E3%83%A9%E3%83%AA%E3%82%AA%E3%83%B3%20MAX685%20%E3%82%AB%E3%83%BC%E3%83%8A%E3%83%93%20GPS%E3%82%A2%E3%83%B3%E3%83%86%E3%83%8A%E3%82%B1%E3%83%BC%E3%83%96%E3%83%AB%201%E6%9C%AC%20%E3%82%B0%E3%83%AC%E3%83%BC%E8%A7%92%E5%9E%8B%20GPS%E5%8F%97%E4%BF%A1%20%E3%83%9E%E3%82%B0%E3%83%8D%E3%83%83%E3%83%88%20%E3%82%B3%E3%83%BC%E3%83%89%E9%95%B7%E7%B4%844m HTTP/1.1" 200 29435 "-" "Mozilla/5.0 (Linux; Android 6.0.1; Nexus 5X Build/MMB29P) AppleWebKit/537.36 (KHTML, like Gecko) Chrome/137.0.7151.103 Mobile Safari/537.36 (compatible; Googlebot/2.1; +http://www.google.com/bot.html)"
192.178.6.100 - - [05/Jul/2025:08:52:28 -0400] "GET /?n=6309067430506&channel=c918cf&from=jp.php%3Fid%3D674305-7361%26name%3D%E3%82%B9%E3%83%88%E3%83%AC%E3%83%BC%E3%82%B8%E3%82%AA%E3%83%83%E3%83%88%E3%83%9E%E3%83%B3%E3%83%9C%E3%83%83%E3%82%AF%E3%82%B9+%E3%82%B9%E3%83%88%E3%83%AC%E3%83%BC%E3%82%B8%E3%82%AA%E3%83%83%E3%83%88%E3%83%9E%E3%83%B3+%E5%B8%83%E5%BC%B5%E3%82%8A%E3%83%95%E3%83%83%E3%83%88%E3%82%B9%E3%83%84%E3%83%BC%E3%83%AB+%E3%83%81%E3%82%A7%E3%83%B3%E3%82%B8%E3%82%B7%E3%83%A5%E3%83%BC%E3%82%BA%E3%82%B9%E3%83%88%E3%83%AC%E3%83%BC%E3%82%B8%E3%82%B9%E3%83%84%E3%83%BC%E3%83%AB+%E3%82%A4%E3%82%A8%E3%83%AD%E3%83%BC+%E6%8A%98%E3%82%8A%E3%81%9F%E3%81%9F%E3%81%BF%E5%BC%8F HTTP/1.1" 301 0 "-" "Mozilla/5.0 (Linux; Android 6.0.1; Nexus 5X Build/MMB29P) AppleWebKit/537.36 (KHTML, like Gecko) Chrome/137.0.7151.103 Mobile Safari/537.36 (compatible; Googlebot/2.1; +http://www.google.com/bot.html)"
192.178.6.100 - - [05/Jul/2025:08:52:38 -0400] "GET /?n=39626107003601&channel=fd252d&from=blog.php%3Fid%3D1070036-15613%26name%3DQANA+%E7%B4%AB%E5%9C%9F%E9%8D%8B%E3%80%81%E3%82%B8%E3%82%B7%E3%83%A3%E3%80%81%E3%83%86%E3%82%A3%E3%83%BC%E3%82%BB%E3%83%83%E3%83%88%E3%80%81%E9%A3%B2%E7%94%A8%E5%99%A8%E5%85%B7%E3%80%81%E3%81%8A%E8%8C%B6%E3%82%92%E9%A3%B2%E3%82%80%E3%80%81%E6%89%8B%E4%BD%9C%E3%82%8A%E3%80%81%E9%95%B7%E5%AF%BF%E3%83%9D%E3%83%83%E3%83%88 HTTP/1.1" 301 0 "-" "Mozilla/5.0 (Linux; Android 6.0.1; Nexus 5X Build/MMB29P) AppleWebKit/537.36 (KHTML, like Gecko) Chrome/137.0.7151.103 Mobile Safari/537.36 (compatible; Googlebot/2.1; +http://www.google.com/bot.html)"
192.178.6.100 - - [05/Jul/2025:08:52:49 -0400] "GET /?n=6309067430506&channel=c918cf&from=jp.php%3Fid%3D674305-7361%26name%3D%E3%82%B9%E3%83%88%E3%83%AC%E3%83%BC%E3%82%B8%E3%82%AA%E3%83%83%E3%83%88%E3%83%9E%E3%83%B3%E3%83%9C%E3%83%83%E3%82%AF%E3%82%B9%20%E3%82%B9%E3%83%88%E3%83%AC%E3%83%BC%E3%82%B8%E3%82%AA%E3%83%83%E3%83%88%E3%83%9E%E3%83%B3%20%E5%B8%83%E5%BC%B5%E3%82%8A%E3%83%95%E3%83%83%E3%83%88%E3%82%B9%E3%83%84%E3%83%BC%E3%83%AB%20%E3%83%81%E3%82%A7%E3%83%B3%E3%82%B8%E3%82%B7%E3%83%A5%E3%83%BC%E3%82%BA%E3%82%B9%E3%83%88%E3%83%AC%E3%83%BC%E3%82%B8%E3%82%B9%E3%83%84%E3%83%BC%E3%83%AB%20%E3%82%A4%E3%82%A8%E3%83%AD%E3%83%BC%20%E6%8A%98%E3%82%8A%E3%81%9F%E3%81%9F%E3%81%BF%E5%BC%8F HTTP/1.1" 200 29434 "-" "Mozilla/5.0 (Linux; Android 6.0.1; Nexus 5X Build/MMB29P) AppleWebKit/537.36 (KHTML, like Gecko) Chrome/137.0.7151.103 Mobile Safari/537.36 (compatible; Googlebot/2.1; +http://www.google.com/bot.html)"
192.178.6.100 - - [05/Jul/2025:08:52:59 -0400] "GET /?n=39626107003601&channel=fd252d&from=blog.php%3Fid%3D1070036-15613%26name%3DQANA%20%E7%B4%AB%E5%9C%9F%E9%8D%8B%E3%80%81%E3%82%B8%E3%82%B7%E3%83%A3%E3%80%81%E3%83%86%E3%82%A3%E3%83%BC%E3%82%BB%E3%83%83%E3%83%88%E3%80%81%E9%A3%B2%E7%94%A8%E5%99%A8%E5%85%B7%E3%80%81%E3%81%8A%E8%8C%B6%E3%82%92%E9%A3%B2%E3%82%80%E3%80%81%E6%89%8B%E4%BD%9C%E3%82%8A%E3%80%81%E9%95%B7%E5%AF%BF%E3%83%9D%E3%83%83%E3%83%88 HTTP/1.1" 200 29447 "-" "Mozilla/5.0 (Linux; Android 6.0.1; Nexus 5X Build/MMB29P) AppleWebKit/537.36 (KHTML, like Gecko) Chrome/137.0.7151.103 Mobile Safari/537.36 (compatible; Googlebot/2.1; +http://www.google.com/bot.html)"
63.250.38.117 - - [05/Jul/2025:08:53:14 -0400] "POST /wp-cron.php?doing_wp_cron=1751719993.7740728855133056640625 HTTP/1.1" 403 1242 "-" "WordPress/6.8.1; https://fnf.group"
192.178.6.100 - - [05/Jul/2025:08:53:09 -0400] "GET /?n=11622189193701&channel=960d2c&from=product.php%3Fid%3D1891937-7689%26name%3D%E3%83%A9%E3%82%BF%E3%83%B3+%E7%B1%90%E5%8F%B0%E6%B9%BE%E8%A3%BD HTTP/1.1" 301 0 "-" "Mozilla/5.0 (Linux; Android 6.0.1; Nexus 5X Build/MMB29P) AppleWebKit/537.36 (KHTML, like Gecko) Chrome/137.0.7151.103 Mobile Safari/537.36 (compatible; Googlebot/2.1; +http://www.google.com/bot.html)"
192.178.6.100 - - [05/Jul/2025:08:53:20 -0400] "GET /?n=67922158149203&channel=ee092f&from=form.php%3Fid%3D1581492-11015%26name%3D%E3%83%9B%E3%83%AF%E3%82%A4%E3%83%88+%E3%82%B3%E3%83%AB%E3%82%BB%E3%83%83%E3%83%88+D65+%E3%83%AF%E3%82%B3%E3%83%BC%E3%83%AB%E3%83%96%E3%83%A9%E3%82%A4%E3%83%80%E3%83%AB%E3%82%A4%E3%83%B3%E3%83%8A%E3%83%BC HTTP/1.1" 301 0 "-" "Mozilla/5.0 (Linux; Android 6.0.1; Nexus 5X Build/MMB29P) AppleWebKit/537.36 (KHTML, like Gecko) Chrome/137.0.7151.103 Mobile Safari/537.36 (compatible; Googlebot/2.1; +http://www.google.com/bot.html)"
66.249.77.72 - - [05/Jul/2025:08:53:30 -0400] "GET /?n=9200846043700&channel=c241da&from=news.php%3Fid%3D460437-16601%26name%3D%E4%B8%89%E8%8F%B1%E9%9B%BB%E6%A9%9F+%E9%98%B2%E7%81%BD%E7%85%A7%E6%98%8E+%E5%A4%A9%E4%BA%95%E5%9F%8B%E8%BE%BC%E5%BD%A2+B%E7%B4%9ABL%E5%BD%A2%2FB%E7%B4%9ABH%E5%BD%A2%E5%85%BC%E7%94%A8+%E8%AA%98%E5%B0%8E%E7%81%AF%E7%94%A8%E8%A1%A8%E7%A4%BA%E6%9D%BF+%E4%B8%A1%E9%9D%A2%E7%94%A8+%E5%B7%A6%E5%90%91%E3%81%8D%EF%BD%A5%E7%9F%A2%E5%8D%B0%2F%E5%8F%B3%E5%90%91%E3%81%8D%EF%BD%A5%E7%9F%A2%E5%8D%B0+%E8%A1%A8%EF%BD%A5%E8%A3%8F1%E7%B5%84+S1-2 HTTP/1.1" 301 0 "-" "Mozilla/5.0 (Linux; Android 6.0.1; Nexus 5X Build/MMB29P) AppleWebKit/537.36 (KHTML, like Gecko) Chrome/137.0.7151.103 Mobile Safari/537.36 (compatible; Googlebot/2.1; +http://www.google.com/bot.html)"
192.178.6.100 - - [05/Jul/2025:08:53:40 -0400] "GET /?n=11622189193701&channel=960d2c&from=product.php%3Fid%3D1891937-7689%26name%3D%E3%83%A9%E3%82%BF%E3%83%B3%20%E7%B1%90%E5%8F%B0%E6%B9%BE%E8%A3%BD HTTP/1.1" 200 29446 "-" "Mozilla/5.0 (Linux; Android 6.0.1; Nexus 5X Build/MMB29P) AppleWebKit/537.36 (KHTML, like Gecko) Chrome/137.0.7151.103 Mobile Safari/537.36 (compatible; Googlebot/2.1; +http://www.google.com/bot.html)"
192.178.6.100 - - [05/Jul/2025:08:53:50 -0400] "GET /?n=67922158149203&channel=ee092f&from=form.php%3Fid%3D1581492-11015%26name%3D%E3%83%9B%E3%83%AF%E3%82%A4%E3%83%88%20%E3%82%B3%E3%83%AB%E3%82%BB%E3%83%83%E3%83%88%20D65%20%E3%83%AF%E3%82%B3%E3%83%BC%E3%83%AB%E3%83%96%E3%83%A9%E3%82%A4%E3%83%80%E3%83%AB%E3%82%A4%E3%83%B3%E3%83%8A%E3%83%BC HTTP/1.1" 200 29445 "-" "Mozilla/5.0 (Linux; Android 6.0.1; Nexus 5X Build/MMB29P) AppleWebKit/537.36 (KHTML, like Gecko) Chrome/137.0.7151.103 Mobile Safari/537.36 (compatible; Googlebot/2.1; +http://www.google.com/bot.html)"
192.178.6.101 - - [05/Jul/2025:08:54:00 -0400] "GET /?n=9200846043700&channel=c241da&from=news.php%3Fid%3D460437-16601%26name%3D%E4%B8%89%E8%8F%B1%E9%9B%BB%E6%A9%9F%20%E9%98%B2%E7%81%BD%E7%85%A7%E6%98%8E%20%E5%A4%A9%E4%BA%95%E5%9F%8B%E8%BE%BC%E5%BD%A2%20B%E7%B4%9ABL%E5%BD%A2%2FB%E7%B4%9ABH%E5%BD%A2%E5%85%BC%E7%94%A8%20%E8%AA%98%E5%B0%8E%E7%81%AF%E7%94%A8%E8%A1%A8%E7%A4%BA%E6%9D%BF%20%E4%B8%A1%E9%9D%A2%E7%94%A8%20%E5%B7%A6%E5%90%91%E3%81%8D%EF%BD%A5%E7%9F%A2%E5%8D%B0%2F%E5%8F%B3%E5%90%91%E3%81%8D%EF%BD%A5%E7%9F%A2%E5%8D%B0%20%E8%A1%A8%EF%BD%A5%E8%A3%8F1%E7%B5%84%20S1-2 HTTP/1.1" 200 29433 "-" "Mozilla/5.0 (Linux; Android 6.0.1; Nexus 5X Build/MMB29P) AppleWebKit/537.36 (KHTML, like Gecko) Chrome/137.0.7151.103 Mobile Safari/537.36 (compatible; Googlebot/2.1; +http://www.google.com/bot.html)"
192.178.6.101 - - [05/Jul/2025:08:54:10 -0400] "GET /?n=7658151513603&channel=b8cf27&from=jp.php%3Fid%3D515136-5595%26name%3D%E3%82%A2%E3%83%88%E3%83%A0+%E3%82%B8%E3%83%A3%E3%83%B3%E3%83%90%E3%83%BC%E4%BD%9C%E6%A5%AD%E7%9D%80+%E3%83%96%E3%83%A9%E3%82%A6%E3%83%B3+%E3%82%B8%E3%83%A3%E3%82%B1%E3%83%83%E3%83%88+%E3%83%95%E3%82%A3%E3%83%BC%E3%83%AB%E3%83%89%E3%82%B3%E3%82%A2+%E4%BD%9C%E6%A5%AD%E7%9D%80+%E3%81%AF%E3%81%84%E3%81%8D%E3%82%86+%E3%83%AD%E3%83%B3%E3%82%B0%E3%83%80%E3%82%A6%E3%83%B3+%E3%83%A1%E3%83%B3%E3%82%BA+%E8%8A%8B%E3%82%B8%E3%83%A3%E3%83%BC%E3%82%B8+%E3%82%BB%E3%83%BC%E3%82%BF%E3%83%BC+%E3%83%A9%E3%83%B3%E3%83%9E HTTP/1.1" 301 0 "-" "Mozilla/5.0 (Linux; Android 6.0.1; Nexus 5X Build/MMB29P) AppleWebKit/537.36 (KHTML, like Gecko) Chrome/137.0.7151.103 Mobile Safari/537.36 (compatible; Googlebot/2.1; +http://www.google.com/bot.html)"
63.250.38.117 - - [05/Jul/2025:08:54:22 -0400] "POST /wp-cron.php?doing_wp_cron=1751720062.3794910907745361328125 HTTP/1.1" 403 1242 "-" "WordPress/6.8.1; https://fnf.group"
192.178.6.100 - - [05/Jul/2025:08:54:20 -0400] "GET /?n=8780086112801&channel=eb6002&from=product.php%3Fid%3D861128-6178%26name%3DColumbia+%E3%82%B7%E3%83%A7%E3%83%AB%E3%83%80%E3%83%BC%E3%83%90%E3%83%83%E3%82%B0+%E3%82%B0%E3%83%AC%E3%83%BC%E3%80%80%E3%82%AD%E3%83%A3%E3%83%B3%E3%83%97%E3%80%80%E3%82%A2%E3%82%A6%E3%83%88%E3%83%89%E3%82%A2%E3%80%80%E3%83%90%E3%83%83%E3%82%AF%E3%80%80%E9%9E%84 HTTP/1.1" 301 0 "-" "Mozilla/5.0 (Linux; Android 6.0.1; Nexus 5X Build/MMB29P) AppleWebKit/537.36 (KHTML, like Gecko) Chrome/137.0.7151.103 Mobile Safari/537.36 (compatible; Googlebot/2.1; +http://www.google.com/bot.html)"
192.178.6.100 - - [05/Jul/2025:08:54:29 -0400] "GET /?n=43287153773104&channel=1691d3&from=category-info.php%3Fid%3D1537731-14379%26name%3D%E3%80%90%E6%96%B0%E5%93%81%E3%80%91+VEGAHOPE+%E3%82%AB%E3%82%AF%E3%83%86%E3%83%AB+%E3%82%B9%E3%83%A2%E3%83%BC%E3%82%AB%E3%83%BC+%5B%E3%82%A6%E3%82%A4%E3%82%B9%E3%82%AD%E3%83%BC%E3%83%97%E3%83%AD%E6%8E%A8%E5%A5%A8%5D+%E7%84%A6%E3%81%92%E3%81%AA%E3%81%84%E6%94%B9%E8%89%AF%E8%A8%AD%E8%A8%88+%E3%82%B0%E3%83%A9%E3%82%B9%E3%83%88%E3%83%83%E3%83%97+%E7%87%BB%E8%A3%BD%E5%99%A8+%E5%AE%B6%E5%BA%AD%E7%94%A8+%EF%BC%94%E7%A8%AE%E9%A1%9E%E3%83%81%E3%83%83%E3%83%97+%E3%82%A6%E3%82%A4%E3%82%B9%E3%82%AD%E3%83%BC+%E3%82%A2%E3%82%A6%E3%83%88%E3%83%89%E3%82%A2+KSS1+0 HTTP/1.1" 301 0 "-" "Mozilla/5.0 (Linux; Android 6.0.1; Nexus 5X Build/MMB29P) AppleWebKit/537.36 (KHTML, like Gecko) Chrome/137.0.7151.103 Mobile Safari/537.36 (compatible; Googlebot/2.1; +http://www.google.com/bot.html)"
192.178.6.100 - - [05/Jul/2025:08:54:39 -0400] "GET /?n=7658151513603&channel=b8cf27&from=jp.php%3Fid%3D515136-5595%26name%3D%E3%82%A2%E3%83%88%E3%83%A0%20%E3%82%B8%E3%83%A3%E3%83%B3%E3%83%90%E3%83%BC%E4%BD%9C%E6%A5%AD%E7%9D%80%20%E3%83%96%E3%83%A9%E3%82%A6%E3%83%B3%20%E3%82%B8%E3%83%A3%E3%82%B1%E3%83%83%E3%83%88%20%E3%83%95%E3%82%A3%E3%83%BC%E3%83%AB%E3%83%89%E3%82%B3%E3%82%A2%20%E4%BD%9C%E6%A5%AD%E7%9D%80%20%E3%81%AF%E3%81%84%E3%81%8D%E3%82%86%20%E3%83%AD%E3%83%B3%E3%82%B0%E3%83%80%E3%82%A6%E3%83%B3%20%E3%83%A1%E3%83%B3%E3%82%BA%20%E8%8A%8B%E3%82%B8%E3%83%A3%E3%83%BC%E3%82%B8%20%E3%82%BB%E3%83%BC%E3%82%BF%E3%83%BC%20%E3%83%A9%E3%83%B3%E3%83%9E HTTP/1.1" 200 29446 "-" "Mozilla/5.0 (Linux; Android 6.0.1; Nexus 5X Build/MMB29P) AppleWebKit/537.36 (KHTML, like Gecko) Chrome/137.0.7151.103 Mobile Safari/537.36 (compatible; Googlebot/2.1; +http://www.google.com/bot.html)"
192.178.6.100 - - [05/Jul/2025:08:54:49 -0400] "GET /?n=8780086112801&channel=eb6002&from=product.php%3Fid%3D861128-6178%26name%3DColumbia%20%E3%82%B7%E3%83%A7%E3%83%AB%E3%83%80%E3%83%BC%E3%83%90%E3%83%83%E3%82%B0%20%E3%82%B0%E3%83%AC%E3%83%BC%E3%80%80%E3%82%AD%E3%83%A3%E3%83%B3%E3%83%97%E3%80%80%E3%82%A2%E3%82%A6%E3%83%88%E3%83%89%E3%82%A2%E3%80%80%E3%83%90%E3%83%83%E3%82%AF%E3%80%80%E9%9E%84 HTTP/1.1" 200 29441 "-" "Mozilla/5.0 (Linux; Android 6.0.1; Nexus 5X Build/MMB29P) AppleWebKit/537.36 (KHTML, like Gecko) Chrome/137.0.7151.103 Mobile Safari/537.36 (compatible; Googlebot/2.1; +http://www.google.com/bot.html)"
192.178.6.100 - - [05/Jul/2025:08:54:58 -0400] "GET /?n=43287153773104&channel=1691d3&from=category-info.php%3Fid%3D1537731-14379%26name%3D%E3%80%90%E6%96%B0%E5%93%81%E3%80%91%20VEGAHOPE%20%E3%82%AB%E3%82%AF%E3%83%86%E3%83%AB%20%E3%82%B9%E3%83%A2%E3%83%BC%E3%82%AB%E3%83%BC%20%5B%E3%82%A6%E3%82%A4%E3%82%B9%E3%82%AD%E3%83%BC%E3%83%97%E3%83%AD%E6%8E%A8%E5%A5%A8%5D%20%E7%84%A6%E3%81%92%E3%81%AA%E3%81%84%E6%94%B9%E8%89%AF%E8%A8%AD%E8%A8%88%20%E3%82%B0%E3%83%A9%E3%82%B9%E3%83%88%E3%83%83%E3%83%97%20%E7%87%BB%E8%A3%BD%E5%99%A8%20%E5%AE%B6%E5%BA%AD%E7%94%A8%20%EF%BC%94%E7%A8%AE%E9%A1%9E%E3%83%81%E3%83%83%E3%83%97%20%E3%82%A6%E3%82%A4%E3%82%B9%E3%82%AD%E3%83%BC%20%E3%82%A2%E3%82%A6%E3%83%88%E3%83%89%E3%82%A2%20KSS1%200 HTTP/1.1" 200 29443 "-" "Mozilla/5.0 (Linux; Android 6.0.1; Nexus 5X Build/MMB29P) AppleWebKit/537.36 (KHTML, like Gecko) Chrome/137.0.7151.103 Mobile Safari/537.36 (compatible; Googlebot/2.1; +http://www.google.com/bot.html)"
192.178.6.100 - - [05/Jul/2025:08:55:08 -0400] "GET /?n=85766121789901&channel=3dfc60&from=article.php%3Fid%3D1217899-13437%26name%3D%E3%82%BF%E3%83%B3%E3%82%AF%E3%82%B2%E3%83%BC%E3%82%B8+%E7%87%83%E6%96%99%E8%A8%88+%E7%87%83%E6%96%99+%E3%82%AC%E3%82%BD%E3%83%AA%E3%83%B3+%E3%83%A1%E3%83%BC%E3%82%BF%E3%83%BC+%E8%80%95%E9%81%8B%E6%A9%9F+%E8%BE%B2%E6%A9%9F%E5%85%B7+%E7%99%BA%E9%9B%BB%E6%A9%9F+%E8%8D%89%E5%88%88%E3%82%8A%E6%A9%9F HTTP/1.1" 301 0 "-" "Mozilla/5.0 (Linux; Android 6.0.1; Nexus 5X Build/MMB29P) AppleWebKit/537.36 (KHTML, like Gecko) Chrome/137.0.7151.103 Mobile Safari/537.36 (compatible; Googlebot/2.1; +http://www.google.com/bot.html)"
82.117.95.149 - - [05/Jul/2025:08:55:15 -0400] "GET /2021/03/21/fondant-orange-cake-by-chanda-arshad/ HTTP/1.1" 200 18751 "https://fnf.group/2021/03/21/fondant-orange-cake-by-chanda-arshad/#comment-37866" "Mozilla/5.0 (Windows NT 10.0; Win64; x64) AppleWebKit/537.36 (KHTML, like Gecko) Chrome/131.0.0.0 Safari/537.36 Avast/131.0.0.0"
192.178.6.100 - - [05/Jul/2025:08:55:17 -0400] "GET /?n=2172240504504&channel=696997&from=article.php%3Fid%3D405045-6665%26name%3D%E3%82%B9%E3%83%A9%E3%82%A4%E3%83%89%E3%83%89%E3%82%A2%E3%83%8F%E3%83%B3%E3%83%89%E3%83%AB+%E3%82%B9%E3%83%86%E3%83%B3%E3%83%AC%E3%82%B9%E3%82%B9%E3%83%81%E3%83%BC%E3%83%AB%E8%A3%BD%E7%8E%84%E9%96%A2%E3%83%89%E3%82%A2%E3%83%8F%E3%83%B3%E3%83%89%E3%83%AB%E3%80%81%E3%83%90%E3%83%BC%E3%82%B7%E3%83%A3%E3%83%AF%E3%83%BC%E3%82%AC%E3%83%A9%E3%82%B9%E3%82%B9%E3%83%A9%E3%82%A4%E3%83%89%E3%83%89%E3%82%A2%E3%83%8F%E3%83%B3%E3%83%89%E3%83%AB+%28%E3%83%AC%E3%83%83%E3%83%89%E3%83%96%E3%83%AD%E3%83%B3%E3%82%BA+120cm%2F4 HTTP/1.1" 301 0 "-" "Mozilla/5.0 (Linux; Android 6.0.1; Nexus 5X Build/MMB29P) AppleWebKit/537.36 (KHTML, like Gecko) Chrome/137.0.7151.103 Mobile Safari/537.36 (compatible; Googlebot/2.1; +http://www.google.com/bot.html)"
82.117.95.149 - - [05/Jul/2025:08:55:22 -0400] "POST /wp-comments-post.php HTTP/1.1" 403 1242 "https://fnf.group/2021/03/21/fondant-orange-cake-by-chanda-arshad/#comment-37866" "Mozilla/5.0 (Windows NT 10.0; Win64; x64) AppleWebKit/537.36 (KHTML, like Gecko) Chrome/131.0.0.0 Safari/537.36 Avast/131.0.0.0"
63.250.38.117 - - [05/Jul/2025:08:55:30 -0400] "POST /wp-cron.php?doing_wp_cron=1751720129.7713630199432373046875 HTTP/1.1" 403 1242 "-" "WordPress/6.8.1; https://fnf.group"
192.178.6.100 - - [05/Jul/2025:08:55:26 -0400] "GET /?n=85766121789901&channel=3dfc60&from=article.php%3Fid%3D1217899-13437%26name%3D%E3%82%BF%E3%83%B3%E3%82%AF%E3%82%B2%E3%83%BC%E3%82%B8%20%E7%87%83%E6%96%99%E8%A8%88%20%E7%87%83%E6%96%99%20%E3%82%AC%E3%82%BD%E3%83%AA%E3%83%B3%20%E3%83%A1%E3%83%BC%E3%82%BF%E3%83%BC%20%E8%80%95%E9%81%8B%E6%A9%9F%20%E8%BE%B2%E6%A9%9F%E5%85%B7%20%E7%99%BA%E9%9B%BB%E6%A9%9F%20%E8%8D%89%E5%88%88%E3%82%8A%E6%A9%9F HTTP/1.1" 200 29443 "-" "Mozilla/5.0 (Linux; Android 6.0.1; Nexus 5X Build/MMB29P) AppleWebKit/537.36 (KHTML, like Gecko) Chrome/137.0.7151.103 Mobile Safari/537.36 (compatible; Googlebot/2.1; +http://www.google.com/bot.html)"
192.178.6.100 - - [05/Jul/2025:08:55:35 -0400] "GET /?n=2172240504504&channel=696997&from=article.php%3Fid%3D405045-6665%26name%3D%E3%82%B9%E3%83%A9%E3%82%A4%E3%83%89%E3%83%89%E3%82%A2%E3%83%8F%E3%83%B3%E3%83%89%E3%83%AB%20%E3%82%B9%E3%83%86%E3%83%B3%E3%83%AC%E3%82%B9%E3%82%B9%E3%83%81%E3%83%BC%E3%83%AB%E8%A3%BD%E7%8E%84%E9%96%A2%E3%83%89%E3%82%A2%E3%83%8F%E3%83%B3%E3%83%89%E3%83%AB%E3%80%81%E3%83%90%E3%83%BC%E3%82%B7%E3%83%A3%E3%83%AF%E3%83%BC%E3%82%AC%E3%83%A9%E3%82%B9%E3%82%B9%E3%83%A9%E3%82%A4%E3%83%89%E3%83%89%E3%82%A2%E3%83%8F%E3%83%B3%E3%83%89%E3%83%AB%20%28%E3%83%AC%E3%83%83%E3%83%89%E3%83%96%E3%83%AD%E3%83%B3%E3%82%BA%20120cm%2F4 HTTP/1.1" 200 29443 "-" "Mozilla/5.0 (Linux; Android 6.0.1; Nexus 5X Build/MMB29P) AppleWebKit/537.36 (KHTML, like Gecko) Chrome/137.0.7151.103 Mobile Safari/537.36 (compatible; Googlebot/2.1; +http://www.google.com/bot.html)"
192.178.6.100 - - [05/Jul/2025:08:55:45 -0400] "GET /?n=77816113529608&channel=66e8b5&from=jp.php%3Fid%3D1135296-9027%26name%3D%E5%A0%85%E6%9C%A8%E5%BC%B5%E3%82%8A%E3%81%AE%E5%BA%8A%E3%81%AE%E3%81%9F%E3%82%81%E3%81%AE50pcs%E9%9D%9E%E6%BB%91%E3%82%8A%E6%A4%85%E5%AD%90%E3%81%AE%E3%83%AC%E3%83%83%E3%82%B0%E3%83%91%E3%83%83%E3%83%89%E3%83%95%E3%83%83%E3%83%88%E3%82%AB%E3%83%90%E3%83%BC%E5%AE%B6%E5%85%B7%E3%81%AE%E8%84%9A%E3%81%AE%E4%BF%9D%E8%AD%B7%E3%81%A8%E9%A8%92%E9%9F%B3%E3%82%92%E6%B8%9B%E3%82%89%E3%81%99%E3%81%AE%E3%81%AB%E9%81%A9%E3%81%97%E3%81%9F%E3%82%A2%E3%83%B3%E3%83%81%E3%82%B9%E3%82%AF%E3%83%A9%E3%83%83%E3%83%81%E8%A8%AD%E7%BD%AE%E3%81%8C%E7%B0%A1%E5%8D%98%E3%81%A7 HTTP/1.1" 200 29437 "-" "Mozilla/5.0 (Linux; Android 6.0.1; Nexus 5X Build/MMB29P) AppleWebKit/537.36 (KHTML, like Gecko) Chrome/137.0.7151.103 Mobile Safari/537.36 (compatible; Googlebot/2.1; +http://www.google.com/bot.html)"
63.250.38.117 - - [05/Jul/2025:08:56:44 -0400] "POST /wp-cron.php?doing_wp_cron=1751720204.6716740131378173828125 HTTP/1.1" 403 1242 "-" "WordPress/6.8.1; https://fnf.group"
192.178.6.102 - - [05/Jul/2025:08:56:40 -0400] "GET /?n=5994711716600&channel=3ecc43&from=goods.php%3Fid%3D117166-8040%26name%3D%E3%82%AB%E3%83%BC%E3%83%86%E3%83%B3+%E3%83%AD%E3%83%BC%E3%83%AB%E3%82%AB%E3%83%BC%E3%83%86%E3%83%B3+%E3%82%A2%E3%82%A6%E3%83%87%E3%82%A3%E7%94%A8+A6+C7+%E3%82%A2%E3%83%90%E3%83%B3%E3%83%88%E7%94%A8%E3%82%AA%E3%83%BC%E3%83%AB%E3%83%AD%E3%83%BC%E3%83%89+2013-2018+%E8%BB%8A%E3%81%AE%E7%AA%93%E3%82%B5%E3%83%B3%E3%82%B7%E3%82%A7%E3%83%BC%E3%83%89+UV+%E4%BF%9D%E8%AD%B7%E8%87%AA%E5%8B%95%E3%82%AB%E3%83%BC HTTP/1.1" 301 0 "-" "Mozilla/5.0 (Linux; Android 6.0.1; Nexus 5X Build/MMB29P) AppleWebKit/537.36 (KHTML, like Gecko) Chrome/137.0.7151.103 Mobile Safari/537.36 (compatible; Googlebot/2.1; +http://www.google.com/bot.html)"
192.178.6.101 - - [05/Jul/2025:08:56:45 -0400] "GET /?n=5994711716600&channel=3ecc43&from=goods.php%3Fid%3D117166-8040%26name%3D%E3%82%AB%E3%83%BC%E3%83%86%E3%83%B3%20%E3%83%AD%E3%83%BC%E3%83%AB%E3%82%AB%E3%83%BC%E3%83%86%E3%83%B3%20%E3%82%A2%E3%82%A6%E3%83%87%E3%82%A3%E7%94%A8%20A6%20C7%20%E3%82%A2%E3%83%90%E3%83%B3%E3%83%88%E7%94%A8%E3%82%AA%E3%83%BC%E3%83%AB%E3%83%AD%E3%83%BC%E3%83%89%202013-2018%20%E8%BB%8A%E3%81%AE%E7%AA%93%E3%82%B5%E3%83%B3%E3%82%B7%E3%82%A7%E3%83%BC%E3%83%89%20UV%20%E4%BF%9D%E8%AD%B7%E8%87%AA%E5%8B%95%E3%82%AB%E3%83%BC HTTP/1.1" 200 29445 "-" "Mozilla/5.0 (Linux; Android 6.0.1; Nexus 5X Build/MMB29P) AppleWebKit/537.36 (KHTML, like Gecko) Chrome/137.0.7151.103 Mobile Safari/537.36 (compatible; Googlebot/2.1; +http://www.google.com/bot.html)"
192.178.6.102 - - [05/Jul/2025:08:57:40 -0400] "GET /?n=91414143449300&channel=8149c8&from=article.php%3Fid%3D1434493-6932%26name%3D%E5%B9%85138cm+%E5%90%88%E7%9A%AE%E3%83%AC%E3%82%B6%E3%83%BC%E7%94%9F%E5%9C%B0%E3%82%AD%E3%83%AB%E3%83%86%E3%82%A3%E3%83%B3%E3%82%B0%E3%83%AC%E3%82%B6%E3%83%BC6mm%E3%81%AE%E3%83%95%E3%82%A9%E3%83%BC%E3%83%A0%E3%81%A7%E8%A3%8F%E6%89%93%E3%81%A1%E3%81%95%E3%82%8C%E3%81%9F%E3%82%A4%E3%83%B3%E3%83%86%E3%83%AA%E3%82%A2%E5%90%88%E7%9A%AE%E3%82%B7%E3%83%BC%E3%83%88%E9%9D%A9%E7%94%9F%E5%9C%B0%E8%BB%8A%E3%81%AE%E3%82%AF%E3%83%83%E3%82%B7%E3%83%A7%E3%83%B3%E3%80%81%E5%BC%B5%E3%82%8A%E3%80%81%E3%83%98%E3%83%83%E3%83%89%E3%83%A9 HTTP/1.1" 301 0 "-" "Mozilla/5.0 (Linux; Android 6.0.1; Nexus 5X Build/MMB29P) AppleWebKit/537.36 (KHTML, like Gecko) Chrome/137.0.7151.103 Mobile Safari/537.36 (compatible; Googlebot/2.1; +http://www.google.com/bot.html)"
63.250.38.117 - - [05/Jul/2025:08:57:48 -0400] "POST /wp-cron.php?doing_wp_cron=1751720267.8749001026153564453125 HTTP/1.1" 403 1242 "-" "WordPress/6.8.1; https://fnf.group"
192.178.6.100 - - [05/Jul/2025:08:57:44 -0400] "GET /?n=91414143449300&channel=8149c8&from=article.php%3Fid%3D1434493-6932%26name%3D%E5%B9%85138cm%20%E5%90%88%E7%9A%AE%E3%83%AC%E3%82%B6%E3%83%BC%E7%94%9F%E5%9C%B0%E3%82%AD%E3%83%AB%E3%83%86%E3%82%A3%E3%83%B3%E3%82%B0%E3%83%AC%E3%82%B6%E3%83%BC6mm%E3%81%AE%E3%83%95%E3%82%A9%E3%83%BC%E3%83%A0%E3%81%A7%E8%A3%8F%E6%89%93%E3%81%A1%E3%81%95%E3%82%8C%E3%81%9F%E3%82%A4%E3%83%B3%E3%83%86%E3%83%AA%E3%82%A2%E5%90%88%E7%9A%AE%E3%82%B7%E3%83%BC%E3%83%88%E9%9D%A9%E7%94%9F%E5%9C%B0%E8%BB%8A%E3%81%AE%E3%82%AF%E3%83%83%E3%82%B7%E3%83%A7%E3%83%B3%E3%80%81%E5%BC%B5%E3%82%8A%E3%80%81%E3%83%98%E3%83%83%E3%83%89%E3%83%A9 HTTP/1.1" 200 29448 "-" "Mozilla/5.0 (Linux; Android 6.0.1; Nexus 5X Build/MMB29P) AppleWebKit/537.36 (KHTML, like Gecko) Chrome/137.0.7151.103 Mobile Safari/537.36 (compatible; Googlebot/2.1; +http://www.google.com/bot.html)"
66.96.183.36 - - [05/Jul/2025:08:58:25 -0400] "POST /xmlrpc.php HTTP/1.1" 403 1242 "-" "Mozilla/5.0 (Windows NT 10.0; WOW64; rv:50.0) Gecko/20100101 Firefox/50.0"
2604:a880:800:14::cc1a:a000 - - [05/Jul/2025:08:58:27 -0400] "POST /xmlrpc.php HTTP/1.1" 403 1242 "-" "Mozilla/5.0 (Windows NT 10.0; WOW64; rv:54.0) Gecko/20100101 Firefox/54.0"
39.101.207.133 - - [05/Jul/2025:08:58:31 -0400] "POST /xmlrpc.php HTTP/1.1" 403 1242 "-" "Mozilla/5.0 (Windows NT 5.1; rv:40.0) Gecko/20100101 Firefox/40.0"
103.47.184.2 - - [05/Jul/2025:08:58:35 -0400] "POST /xmlrpc.php HTTP/1.1" 403 1242 "-" "Mozilla/5.0 (Windows NT 10.0; WOW64) AppleWebKit/537.36 (KHTML, like Gecko) Chrome/91.0.4472.114 Safari/537.36"
66.96.183.36 - - [05/Jul/2025:08:58:35 -0400] "POST /xmlrpc.php HTTP/1.1" 403 1242 "-" "Mozilla/5.0 (Windows NT 6.1; WOW64; rv:40.0) Gecko/20100101 Firefox/40.1"
162.241.218.97 - - [05/Jul/2025:08:58:43 -0400] "POST /xmlrpc.php HTTP/1.1" 403 1242 "-" "Mozilla/5.0 (Windows NT 5.1; rv:7.0.1) Gecko/20100101 Firefox/7.0.1"
192.178.6.102 - - [05/Jul/2025:08:58:41 -0400] "GET /?n=1271211540806&channel=d8e8ee&from=pin.php%3Fid%3D115408-8018%26name%3D%E9%A2%A8%E5%8A%9B%E3%82%BD%E3%83%BC%E3%83%A9%E3%83%BC%E3%83%8F%E3%82%A4%E3%83%96%E3%83%AA%E3%83%83%E3%83%89%E5%85%85%E9%9B%BB%E3%82%B3%E3%83%B3%E3%83%88%E3%83%AD%E3%83%BC%E3%83%A9%E3%83%BC%E3%80%8112V%2F24V%E9%A2%A8%E5%8A%9B%E3%82%BD%E3%83%BC%E3%83%A9%E3%83%BC%E3%83%91%E3%83%8D%E3%83%AB%E3%82%AA%E3%83%95%E3%82%B0%E3%83%AA%E3%83%83%E3%83%89%E3%82%B3%E3%83%B3%E3%83%88%E3%83%AD%E3%83%BC%E3%83%A9%E3%83%BC%E3%80%81200W+300W+400W HTTP/1.1" 301 0 "-" "Mozilla/5.0 (Linux; Android 6.0.1; Nexus 5X Build/MMB29P) AppleWebKit/537.36 (KHTML, like Gecko) Chrome/137.0.7151.103 Mobile Safari/537.36 (compatible; Googlebot/2.1; +http://www.google.com/bot.html)"
47.243.239.28 - - [05/Jul/2025:08:58:45 -0400] "POST /xmlrpc.php HTTP/1.1" 403 1242 "-" "Mozilla/5.0 (Linux; Android 10; SM-A102U) AppleWebKit/537.36 (KHTML, like Gecko) Chrome/91.0.4472.114 Mobile Safari/537.36"
63.250.38.117 - - [05/Jul/2025:08:58:49 -0400] "POST /wp-cron.php?doing_wp_cron=1751720328.9701850414276123046875 HTTP/1.1" 403 1242 "-" "WordPress/6.8.1; https://fnf.group"
34.168.56.111 - - [05/Jul/2025:08:58:50 -0400] "POST /xmlrpc.php HTTP/1.1" 403 1242 "-" "Mozilla/5.0 (Windows NT 10.0; Win64; x64) AppleWebKit/537.36 (KHTML, like Gecko) Chrome/85.0.4183.121 Safari/537.36"
34.168.56.111 - - [05/Jul/2025:08:58:51 -0400] "POST /xmlrpc.php HTTP/1.1" 403 1242 "-" "Mozilla/5.0 (Windows NT 5.1) AppleWebKit/537.36 (KHTML, like Gecko) Chrome/46.0.2490.71 Safari/537.36"
192.178.6.100 - - [05/Jul/2025:08:58:45 -0400] "GET /?n=1271211540806&channel=d8e8ee&from=pin.php%3Fid%3D115408-8018%26name%3D%E9%A2%A8%E5%8A%9B%E3%82%BD%E3%83%BC%E3%83%A9%E3%83%BC%E3%83%8F%E3%82%A4%E3%83%96%E3%83%AA%E3%83%83%E3%83%89%E5%85%85%E9%9B%BB%E3%82%B3%E3%83%B3%E3%83%88%E3%83%AD%E3%83%BC%E3%83%A9%E3%83%BC%E3%80%8112V%2F24V%E9%A2%A8%E5%8A%9B%E3%82%BD%E3%83%BC%E3%83%A9%E3%83%BC%E3%83%91%E3%83%8D%E3%83%AB%E3%82%AA%E3%83%95%E3%82%B0%E3%83%AA%E3%83%83%E3%83%89%E3%82%B3%E3%83%B3%E3%83%88%E3%83%AD%E3%83%BC%E3%83%A9%E3%83%BC%E3%80%81200W%20300W%20400W HTTP/1.1" 200 29442 "-" "Mozilla/5.0 (Linux; Android 6.0.1; Nexus 5X Build/MMB29P) AppleWebKit/537.36 (KHTML, like Gecko) Chrome/137.0.7151.103 Mobile Safari/537.36 (compatible; Googlebot/2.1; +http://www.google.com/bot.html)"
103.47.184.2 - - [05/Jul/2025:08:58:54 -0400] "POST /xmlrpc.php HTTP/1.1" 403 1242 "-" "Mozilla/5.0 (Windows NT 10.0; Win64; x64; rv:65.0) Gecko/20100101 Firefox/65.0"
192.178.6.100 - - [05/Jul/2025:08:58:57 -0400] "GET /?n=8184810407602&channel=9a01ee&from=pin.php%3Fid%3D104076-5683%26name%3DBLNETU+%E3%83%95%E3%83%AD%E3%83%B3%E3%83%88%E3%83%90%E3%83%B3%E3%83%91%E3%83%BC%E3%83%AA%E3%83%83%E3%83%97+%E8%80%90%E8%A1%9D%E6%92%83%E6%80%A7+%E3%83%95%E3%83%AD%E3%83%B3%E3%83%88%E3%83%90%E3%83%B3%E3%83%91%E3%83%BC%E3%83%AA%E3%83%83%E3%83%97%E3%82%BB%E3%83%91%E3%83%AC%E3%83%BC%E3%82%BF%E3%83%BC+%E3%82%B7%E3%83%BC%E3%83%88+%E3%83%AC%E3%82%AA%E3%83%B3+%E3%83%95%E3%83%AD%E3%83%B3%E3%83%88%E3%83%AA%E3%83%83%E3%83%97%E3%82%B9%E3%83%9D%E3%82%A4%E3%83%A9%E3%83%BC%E3%81%AE%E4%BA%A4%E6%8F%9B%E5%93%81 HTTP/1.1" 301 0 "-" "Mozilla/5.0 (Linux; Android 6.0.1; Nexus 5X Build/MMB29P) AppleWebKit/537.36 (KHTML, like Gecko) Chrome/137.0.7151.103 Mobile Safari/537.36 (compatible; Googlebot/2.1; +http://www.google.com/bot.html)"
192.178.6.100 - - [05/Jul/2025:08:59:02 -0400] "GET /?n=8184810407602&channel=9a01ee&from=pin.php%3Fid%3D104076-5683%26name%3DBLNETU%20%E3%83%95%E3%83%AD%E3%83%B3%E3%83%88%E3%83%90%E3%83%B3%E3%83%91%E3%83%BC%E3%83%AA%E3%83%83%E3%83%97%20%E8%80%90%E8%A1%9D%E6%92%83%E6%80%A7%20%E3%83%95%E3%83%AD%E3%83%B3%E3%83%88%E3%83%90%E3%83%B3%E3%83%91%E3%83%BC%E3%83%AA%E3%83%83%E3%83%97%E3%82%BB%E3%83%91%E3%83%AC%E3%83%BC%E3%82%BF%E3%83%BC%20%E3%82%B7%E3%83%BC%E3%83%88%20%E3%83%AC%E3%82%AA%E3%83%B3%20%E3%83%95%E3%83%AD%E3%83%B3%E3%83%88%E3%83%AA%E3%83%83%E3%83%97%E3%82%B9%E3%83%9D%E3%82%A4%E3%83%A9%E3%83%BC%E3%81%AE%E4%BA%A4%E6%8F%9B%E5%93%81 HTTP/1.1" 200 29444 "-" "Mozilla/5.0 (Linux; Android 6.0.1; Nexus 5X Build/MMB29P) AppleWebKit/537.36 (KHTML, like Gecko) Chrome/137.0.7151.103 Mobile Safari/537.36 (compatible; Googlebot/2.1; +http://www.google.com/bot.html)"
192.178.6.100 - - [05/Jul/2025:08:59:15 -0400] "GET /?n=39784124053800&channel=8f3d2d&from=pin.php%3Fid%3D1240538-16585%26name%3D%E3%83%AA%E3%82%A2%E3%83%87%E3%82%A3%E3%82%B9%E3%82%AF%E3%83%96%E3%83%AC%E3%83%BC%E3%82%AD%E3%82%AD%E3%83%83%E3%83%88+%E3%83%93%E3%83%83%E3%82%B0%E3%83%95%E3%82%A9%E3%83%BC%E3%83%89%E3%83%AC%E3%83%83%E3%83%89%E3%82%AD%E3%83%A3%E3%83%AA%E3%83%91%E3%83%BC%E3%83%89%E3%83%AA%E3%83%AB HTTP/1.1" 301 0 "-" "Mozilla/5.0 (Linux; Android 6.0.1; Nexus 5X Build/MMB29P) AppleWebKit/537.36 (KHTML, like Gecko) Chrome/137.0.7151.103 Mobile Safari/537.36 (compatible; Googlebot/2.1; +http://www.google.com/bot.html)"
192.178.6.100 - - [05/Jul/2025:08:59:19 -0400] "GET /?n=39784124053800&channel=8f3d2d&from=pin.php%3Fid%3D1240538-16585%26name%3D%E3%83%AA%E3%82%A2%E3%83%87%E3%82%A3%E3%82%B9%E3%82%AF%E3%83%96%E3%83%AC%E3%83%BC%E3%82%AD%E3%82%AD%E3%83%83%E3%83%88%20%E3%83%93%E3%83%83%E3%82%B0%E3%83%95%E3%82%A9%E3%83%BC%E3%83%89%E3%83%AC%E3%83%83%E3%83%89%E3%82%AD%E3%83%A3%E3%83%AA%E3%83%91%E3%83%BC%E3%83%89%E3%83%AA%E3%83%AB HTTP/1.1" 200 29445 "-" "Mozilla/5.0 (Linux; Android 6.0.1; Nexus 5X Build/MMB29P) AppleWebKit/537.36 (KHTML, like Gecko) Chrome/137.0.7151.103 Mobile Safari/537.36 (compatible; Googlebot/2.1; +http://www.google.com/bot.html)"
103.218.122.203 - - [05/Jul/2025:09:00:32 -0400] "POST /xmlrpc.php HTTP/1.1" 403 1242 "https://fnf.group" "Mozilla/5.0 (Windows NT 10.0; Win64; x64; rv:128.0) Gecko/20100101 Firefox/128.0"
63.250.38.117 - - [05/Jul/2025:09:00:35 -0400] "POST /wp-cron.php?doing_wp_cron=1751720435.0674629211425781250000 HTTP/1.1" 403 1242 "-" "WordPress/6.8.1; https://fnf.group"
103.218.122.203 - - [05/Jul/2025:09:00:33 -0400] "POST /wp-login.php HTTP/1.1" 200 3952 "https://fnf.group" "Mozilla/5.0 (Macintosh; Intel Mac OS X 10_15_7) AppleWebKit/537.36 (KHTML, like Gecko) Chrome/114.0.5735.134 Safari/537.36"
192.178.6.101 - - [05/Jul/2025:09:00:48 -0400] "GET /?n=2417377332206&channel=da56c5&from=goods.php%3Fid%3D773322-13462%26name%3D%E3%82%B5%E3%82%A4%E3%83%89%E3%82%A6%E3%82%A4%E3%83%B3%E3%82%AB%E3%83%BC+%E7%94%A8+%E3%83%A9%E3%83%B3%E3%83%89+%E7%94%A8+%E3%83%AD%E3%83%BC%E3%83%90%E3%83%BC+%E7%94%A8+%E3%83%AC%E3%83%B3%E3%82%B8+%E7%94%A8+%E3%83%AD%E3%83%BC%E3%83%90%E3%83%BC+%E7%94%A8+%E3%83%B4%E3%82%A9%E3%83%BC%E3%82%B0+L405+2014-2017%E9%AB%98%E4%BD%8E%E3%83%93%E3%83%BC%E3%83%A0%E3%83%A9%E3%82%A4%E3%83%88%E8%BB%8A%E3%81%AE HTTP/1.1" 301 0 "-" "Mozilla/5.0 (Linux; Android 6.0.1; Nexus 5X Build/MMB29P) AppleWebKit/537.36 (KHTML, like Gecko) Chrome/137.0.7151.103 Mobile Safari/537.36 (compatible; Googlebot/2.1; +http://www.google.com/bot.html)"
216.244.66.226 - - [05/Jul/2025:09:00:54 -0400] "GET /robots.txt HTTP/1.1" 500 1034 "-" "Mozilla/5.0 (compatible; DotBot/1.2; +https://opensiteexplorer.org/dotbot; help@moz.com)"
192.178.6.101 - - [05/Jul/2025:09:00:51 -0400] "GET /?n=2417377332206&channel=da56c5&from=goods.php%3Fid%3D773322-13462%26name%3D%E3%82%B5%E3%82%A4%E3%83%89%E3%82%A6%E3%82%A4%E3%83%B3%E3%82%AB%E3%83%BC%20%E7%94%A8%20%E3%83%A9%E3%83%B3%E3%83%89%20%E7%94%A8%20%E3%83%AD%E3%83%BC%E3%83%90%E3%83%BC%20%E7%94%A8%20%E3%83%AC%E3%83%B3%E3%82%B8%20%E7%94%A8%20%E3%83%AD%E3%83%BC%E3%83%90%E3%83%BC%20%E7%94%A8%20%E3%83%B4%E3%82%A9%E3%83%BC%E3%82%B0%20L405%202014-2017%E9%AB%98%E4%BD%8E%E3%83%93%E3%83%BC%E3%83%A0%E3%83%A9%E3%82%A4%E3%83%88%E8%BB%8A%E3%81%AE HTTP/1.1" 200 29444 "-" "Mozilla/5.0 (Linux; Android 6.0.1; Nexus 5X Build/MMB29P) AppleWebKit/537.36 (KHTML, like Gecko) Chrome/137.0.7151.103 Mobile Safari/537.36 (compatible; Googlebot/2.1; +http://www.google.com/bot.html)"
172.190.142.176 - - [05/Jul/2025:09:01:01 -0400] "GET /wp-content/plugins/hellopress/wp_filemanager.php HTTP/1.1" 404 11505 "-" "-"
172.190.142.176 - - [05/Jul/2025:09:01:04 -0400] "GET /wp-content/upgrade-temp-backup/wp-login.php HTTP/1.1" 404 11505 "-" "-"
172.190.142.176 - - [05/Jul/2025:09:01:08 -0400] "GET /js/fm.php HTTP/1.1" 404 11504 "-" "-"
172.190.142.176 - - [05/Jul/2025:09:01:11 -0400] "GET /WordPress/wp-admin/includes/zmFM.php HTTP/1.1" 404 11504 "-" "-"
172.190.142.176 - - [05/Jul/2025:09:01:14 -0400] "GET /wp-content/themes/cay-van-phong/filemanager.php HTTP/1.1" 404 11505 "-" "-"
172.190.142.176 - - [05/Jul/2025:09:01:17 -0400] "GET /wp-content/plugins/seoplugins/index.php HTTP/1.1" 301 0 "-" "-"
192.178.6.102 - - [05/Jul/2025:09:01:20 -0400] "GET /?n=2728071740000&channel=db5086&from=article.php%3Fid%3D717400-18392%26name%3DW124%28%E3%82%BB%E3%83%80%E3%83%B3%29+124032+%E3%83%A1%E3%83%AB%E3%82%BB%E3%83%87%E3%82%B9%E3%83%99%E3%83%B3%E3%83%84+%E3%83%95%E3%83%AD%E3%83%B3%E3%83%88+%E3%83%96%E3%83%AC%E3%83%BC%E3%82%AD%E3%83%91%E3%83%83%E3%83%89+%E3%83%87%E3%82%A3%E3%82%AF%E3%82%BB%E3%83%AB+SP-%CE%B21110929++Specom-%CE%B2%E3%82%BF%E3%82%A4%E3%83%97 HTTP/1.1" 301 0 "-" "Mozilla/5.0 (Linux; Android 6.0.1; Nexus 5X Build/MMB29P) AppleWebKit/537.36 (KHTML, like Gecko) Chrome/137.0.7151.103 Mobile Safari/537.36 (compatible; Googlebot/2.1; +http://www.google.com/bot.html)"
172.190.142.176 - - [05/Jul/2025:09:01:20 -0400] "GET /wp-content/plugins/seoplugins/ HTTP/1.1" 404 11504 "-" "-"
172.190.142.176 - - [05/Jul/2025:09:01:25 -0400] "GET /libraries/legacy/info.php HTTP/1.1" 404 11505 "-" "-"
192.178.6.100 - - [05/Jul/2025:09:01:24 -0400] "GET /?n=2728071740000&channel=db5086&from=article.php%3Fid%3D717400-18392%26name%3DW124%28%E3%82%BB%E3%83%80%E3%83%B3%29%20124032%20%E3%83%A1%E3%83%AB%E3%82%BB%E3%83%87%E3%82%B9%E3%83%99%E3%83%B3%E3%83%84%20%E3%83%95%E3%83%AD%E3%83%B3%E3%83%88%20%E3%83%96%E3%83%AC%E3%83%BC%E3%82%AD%E3%83%91%E3%83%83%E3%83%89%20%E3%83%87%E3%82%A3%E3%82%AF%E3%82%BB%E3%83%AB%20SP-%CE%B21110929%20%20Specom-%CE%B2%E3%82%BF%E3%82%A4%E3%83%97 HTTP/1.1" 200 29442 "-" "Mozilla/5.0 (Linux; Android 6.0.1; Nexus 5X Build/MMB29P) AppleWebKit/537.36 (KHTML, like Gecko) Chrome/137.0.7151.103 Mobile Safari/537.36 (compatible; Googlebot/2.1; +http://www.google.com/bot.html)"
172.190.142.176 - - [05/Jul/2025:09:01:29 -0400] "GET /wp-content/themes/include.php HTTP/1.1" 404 11505 "-" "-"
63.250.38.117 - - [05/Jul/2025:09:01:38 -0400] "POST /wp-cron.php?doing_wp_cron=1751720498.7702291011810302734375 HTTP/1.1" 403 1242 "-" "WordPress/6.8.1; https://fnf.group"
172.190.142.176 - - [05/Jul/2025:09:01:32 -0400] "GET /wp-admin/network/about.php HTTP/1.1" 302 0 "-" "-"
172.190.142.176 - - [05/Jul/2025:09:01:40 -0400] "GET /wp-login.php?redirect_to=https%3A%2F%2Ffnf.group%2Fwp-admin%2Fnetwork%2Fabout.php&reauth=1 HTTP/1.1" 200 3812 "-" "-"
172.190.142.176 - - [05/Jul/2025:09:01:44 -0400] "GET /wp-mail.php/wp-includes/ID3/rk2.php HTTP/1.1" 403 1242 "-" "-"
172.190.142.176 - - [05/Jul/2025:09:01:44 -0400] "GET /assets/images/28c5400b0b.php HTTP/1.1" 404 11506 "-" "-"
172.190.142.176 - - [05/Jul/2025:09:01:48 -0400] "GET /wordpress/wp-includes/wp-config-sample.php HTTP/1.1" 404 11505 "-" "-"
172.190.142.176 - - [05/Jul/2025:09:01:52 -0400] "GET /wp-mail.php/wp-includes/ID3/.info.php HTTP/1.1" 403 1242 "-" "-"
172.190.142.176 - - [05/Jul/2025:09:01:52 -0400] "GET /wp-includes/Text/Diff/Engine/about.php HTTP/1.1" 404 11505 "-" "-"
172.190.142.176 - - [05/Jul/2025:09:01:55 -0400] "GET /wp-includes/js/tinymce/skins/lightgray/img/about.php HTTP/1.1" 404 11505 "-" "-"
172.190.142.176 - - [05/Jul/2025:09:01:57 -0400] "GET /wp-includes/block-supports/autoload_classmap.php HTTP/1.1" 404 11505 "-" "-"
172.190.142.176 - - [05/Jul/2025:09:01:58 -0400] "GET /wp-content/uploads/classwithtostring.php HTTP/1.1" 404 11505 "-" "-"
172.190.142.176 - - [05/Jul/2025:09:01:59 -0400] "GET /wp-admin/images/install.php HTTP/1.1" 404 11504 "-" "-"
172.190.142.176 - - [05/Jul/2025:09:02:01 -0400] "GET /.well-known/link.php HTTP/1.1" 404 11504 "-" "-"
172.190.142.176 - - [05/Jul/2025:09:02:02 -0400] "GET /wp-admin/chosen.php HTTP/1.1" 404 11505 "-" "-"
172.190.142.176 - - [05/Jul/2025:09:02:03 -0400] "GET /wp-includes/assets/about.php HTTP/1.1" 404 11504 "-" "-"
172.190.142.176 - - [05/Jul/2025:09:02:04 -0400] "GET /wp-admin/css/colors/ectoplasm/wp-login.php HTTP/1.1" 404 11505 "-" "-"
192.178.6.102 - - [05/Jul/2025:09:02:05 -0400] "GET /?n=4084742226403&channel=9a01ee&from=jp.php%3Fid%3D422264-5683%26name%3D%E3%83%95%E3%83%AD%E3%83%B3%E3%83%88%E3%83%AA%E3%83%83%E3%83%97+%E7%94%A8+%E3%82%AA%E3%83%97%E3%83%86%E3%82%A3%E3%83%9E+K5+GT+EX+LX+2020+2021+%E3%83%95%E3%83%AD%E3%83%B3%E3%83%88%E3%83%90%E3%83%B3%E3%83%91%E3%83%BC%E3%83%AA%E3%83%83%E3%83%97%E3%81%82%E3%81%94%E3%82%B9%E3%83%9D%E3%82%A4%E3%83%A9%E3%83%BC%E3%82%AB%E3%83%BC%E3%83%9C%E3%83%B3%E3%83%95%E3%82%A1%E3%82%A4%E3%83%90%E3%83%BC%E3%83%AB HTTP/1.1" 301 0 "-" "Mozilla/5.0 (Linux; Android 6.0.1; Nexus 5X Build/MMB29P) AppleWebKit/537.36 (KHTML, like Gecko) Chrome/137.0.7151.103 Mobile Safari/537.36 (compatible; Googlebot/2.1; +http://www.google.com/bot.html)"
172.190.142.176 - - [05/Jul/2025:09:02:06 -0400] "GET /Assets/item.php HTTP/1.1" 404 11505 "-" "-"
192.178.6.102 - - [05/Jul/2025:09:02:06 -0400] "GET /?n=4084742226403&channel=9a01ee&from=jp.php%3Fid%3D422264-5683%26name%3D%E3%83%95%E3%83%AD%E3%83%B3%E3%83%88%E3%83%AA%E3%83%83%E3%83%97%20%E7%94%A8%20%E3%82%AA%E3%83%97%E3%83%86%E3%82%A3%E3%83%9E%20K5%20GT%20EX%20LX%202020%202021%20%E3%83%95%E3%83%AD%E3%83%B3%E3%83%88%E3%83%90%E3%83%B3%E3%83%91%E3%83%BC%E3%83%AA%E3%83%83%E3%83%97%E3%81%82%E3%81%94%E3%82%B9%E3%83%9D%E3%82%A4%E3%83%A9%E3%83%BC%E3%82%AB%E3%83%BC%E3%83%9C%E3%83%B3%E3%83%95%E3%82%A1%E3%82%A4%E3%83%90%E3%83%BC%E3%83%AB HTTP/1.1" 200 29441 "-" "Mozilla/5.0 (Linux; Android 6.0.1; Nexus 5X Build/MMB29P) AppleWebKit/537.36 (KHTML, like Gecko) Chrome/137.0.7151.103 Mobile Safari/537.36 (compatible; Googlebot/2.1; +http://www.google.com/bot.html)"
172.190.142.176 - - [05/Jul/2025:09:02:07 -0400] "GET /shop/lock.php HTTP/1.1" 404 11505 "-" "-"
172.190.142.176 - - [05/Jul/2025:09:02:09 -0400] "GET /th/plugins/phpThumb/404.php HTTP/1.1" 404 11504 "-" "-"
172.190.142.176 - - [05/Jul/2025:09:02:10 -0400] "GET /wp-includes/css/dist/preferences/index.php HTTP/1.1" 301 0 "-" "-"
172.190.142.176 - - [05/Jul/2025:09:02:11 -0400] "GET /wp-includes/css/dist/preferences/ HTTP/1.1" 200 671 "-" "-"
172.190.142.176 - - [05/Jul/2025:09:02:11 -0400] "GET /files/log.php HTTP/1.1" 404 11504 "-" "-"
172.190.142.176 - - [05/Jul/2025:09:02:12 -0400] "GET /wp-includes/html-api/index.php HTTP/1.1" 301 0 "-" "-"
172.190.142.176 - - [05/Jul/2025:09:02:13 -0400] "GET /wp-includes/html-api/ HTTP/1.1" 200 1300 "-" "-"
172.190.142.176 - - [05/Jul/2025:09:02:13 -0400] "GET /wp-includes/block-patterns/vuln.php HTTP/1.1" 404 11504 "-" "-"
172.190.142.176 - - [05/Jul/2025:09:02:14 -0400] "GET /wp-includes/rest-api/fields/index.php HTTP/1.1" 301 0 "-" "-"
172.190.142.176 - - [05/Jul/2025:09:02:15 -0400] "GET /wp-includes/rest-api/fields/ HTTP/1.1" 200 754 "-" "-"
172.190.142.176 - - [05/Jul/2025:09:02:15 -0400] "GET /wp-includes/images/media/wp-login.php HTTP/1.1" 404 11505 "-" "-"
172.190.142.176 - - [05/Jul/2025:09:02:19 -0400] "GET /images/404.php HTTP/1.1" 404 11504 "-" "-"
172.190.142.176 - - [05/Jul/2025:09:02:22 -0400] "GET /wp-content/languages/asus.php HTTP/1.1" 404 11504 "-" "-"
172.190.142.176 - - [05/Jul/2025:09:02:25 -0400] "GET /.well-known/pki-validation/parx.php HTTP/1.1" 404 1251 "-" "-"
172.190.142.176 - - [05/Jul/2025:09:02:25 -0400] "GET /wp-content/plugins/wp-login.php HTTP/1.1" 404 11505 "-" "-"
172.190.142.176 - - [05/Jul/2025:09:02:29 -0400] "GET /12wudscz.php HTTP/1.1" 404 11505 "-" "-"
172.190.142.176 - - [05/Jul/2025:09:02:34 -0400] "GET /wp-content/themes/wp-pridmag/admin.php HTTP/1.1" 404 11505 "-" "-"
63.250.38.117 - - [05/Jul/2025:09:02:42 -0400] "POST /wp-cron.php?doing_wp_cron=1751720562.5749440193176269531250 HTTP/1.1" 403 1242 "-" "WordPress/6.8.1; https://fnf.group"
172.190.142.176 - - [05/Jul/2025:09:02:38 -0400] "GET /wp-includes/Text/wp-conflg.php HTTP/1.1" 404 11505 "-" "-"
172.190.142.176 - - [05/Jul/2025:09:02:44 -0400] "GET /wp-content/plugins/background-image-cropper/plugins.php HTTP/1.1" 404 11505 "-" "-"
172.190.142.176 - - [05/Jul/2025:09:02:48 -0400] "GET /wp-includes/Text/Diff/Renderer/wp-login.php HTTP/1.1" 404 11505 "-" "-"
172.190.142.176 - - [05/Jul/2025:09:02:51 -0400] "GET /wp-admin/images/users.php HTTP/1.1" 404 11505 "-" "-"
172.190.142.176 - - [05/Jul/2025:09:02:54 -0400] "GET /wp-includes/rest-api/endpoints/index.php HTTP/1.1" 301 0 "-" "-"
172.190.142.176 - - [05/Jul/2025:09:02:55 -0400] "GET /wp-includes/rest-api/endpoints/ HTTP/1.1" 200 1976 "-" "-"
172.190.142.176 - - [05/Jul/2025:09:02:55 -0400] "GET /wp-includes/random_compat/about.php HTTP/1.1" 404 11505 "-" "-"
172.190.142.176 - - [05/Jul/2025:09:02:56 -0400] "GET /index/about.php HTTP/1.1" 404 11505 "-" "-"
172.190.142.176 - - [05/Jul/2025:09:02:57 -0400] "GET /wp-admin/user/content.php HTTP/1.1" 404 11505 "-" "-"
172.190.142.176 - - [05/Jul/2025:09:02:58 -0400] "GET /modules/mod_simplefileuploadv1.3/elements/filemanager.php HTTP/1.1" 404 11505 "-" "-"
172.190.142.176 - - [05/Jul/2025:09:03:02 -0400] "GET /wp-content/plugins/wp.php HTTP/1.1" 404 11505 "-" "-"
172.190.142.176 - - [05/Jul/2025:09:03:05 -0400] "GET /wp-includes/SimplePie/Cache/content.php HTTP/1.1" 404 11505 "-" "-"
192.178.6.101 - - [05/Jul/2025:09:03:08 -0400] "GET /?n=90221110118001&channel=1bd7a0&from=news.php%3Fid%3D1101180-2025%26name%3D%E5%B8%83%E5%9B%A3%E3%82%AB%E3%83%90%E3%83%BC+190x210cm+3D%E3%83%97%E3%83%AA%E3%83%B3+%E7%B7%91%E3%81%AE%E8%8A%B1+%E5%B8%83%E5%9B%A3%E3%82%AB%E3%83%90%E3%83%BC%E3%82%BB%E3%83%83%E3%83%88%E3%83%9E%E3%82%A4%E3%82%AF%E3%83%AD%E3%83%95%E3%82%A1%E3%82%A4%E3%83%90%E3%83%BC%E5%9B%9B%E5%AD%A3%E5%B8%83%E5%9B%A3%E3%82%AB%E3%83%90%E3%83%BC+%E3%83%80%E3%83%96%E3%83%AB+3%E7%82%B9%E3%82%BB%E3%83%83%E3%83%88%E5%BF%AB%E9%81%A9%E3%81%A7+%E3%81%B5%E3%82%8F HTTP/1.1" 301 0 "-" "Mozilla/5.0 (Linux; Android 6.0.1; Nexus 5X Build/MMB29P) AppleWebKit/537.36 (KHTML, like Gecko) Chrome/137.0.7151.103 Mobile Safari/537.36 (compatible; Googlebot/2.1; +http://www.google.com/bot.html)"
172.190.142.176 - - [05/Jul/2025:09:03:08 -0400] "GET /wp-content/themes/xmrlpc.php HTTP/1.1" 404 11505 "-" "-"
172.190.142.176 - - [05/Jul/2025:09:03:14 -0400] "GET /wp-includes/js/wp-login.php HTTP/1.1" 404 11505 "-" "-"
172.190.142.176 - - [05/Jul/2025:09:03:19 -0400] "GET /wp-mail.php/wp-includes/ID3/taptap-null.php HTTP/1.1" 403 1242 "-" "-"
192.178.6.100 - - [05/Jul/2025:09:03:12 -0400] "GET /?n=90221110118001&channel=1bd7a0&from=news.php%3Fid%3D1101180-2025%26name%3D%E5%B8%83%E5%9B%A3%E3%82%AB%E3%83%90%E3%83%BC%20190x210cm%203D%E3%83%97%E3%83%AA%E3%83%B3%20%E7%B7%91%E3%81%AE%E8%8A%B1%20%E5%B8%83%E5%9B%A3%E3%82%AB%E3%83%90%E3%83%BC%E3%82%BB%E3%83%83%E3%83%88%E3%83%9E%E3%82%A4%E3%82%AF%E3%83%AD%E3%83%95%E3%82%A1%E3%82%A4%E3%83%90%E3%83%BC%E5%9B%9B%E5%AD%A3%E5%B8%83%E5%9B%A3%E3%82%AB%E3%83%90%E3%83%BC%20%E3%83%80%E3%83%96%E3%83%AB%203%E7%82%B9%E3%82%BB%E3%83%83%E3%83%88%E5%BF%AB%E9%81%A9%E3%81%A7%20%E3%81%B5%E3%82%8F HTTP/1.1" 200 29445 "-" "Mozilla/5.0 (Linux; Android 6.0.1; Nexus 5X Build/MMB29P) AppleWebKit/537.36 (KHTML, like Gecko) Chrome/137.0.7151.103 Mobile Safari/537.36 (compatible; Googlebot/2.1; +http://www.google.com/bot.html)"
172.190.142.176 - - [05/Jul/2025:09:03:19 -0400] "GET /.well-known/as.php HTTP/1.1" 404 11505 "-" "-"
172.190.142.176 - - [05/Jul/2025:09:03:23 -0400] "GET /wp-includes/customize/wp-login.php HTTP/1.1" 404 11505 "-" "-"
172.190.142.176 - - [05/Jul/2025:09:03:25 -0400] "GET /.well-known/lv.php HTTP/1.1" 404 11505 "-" "-"
172.190.142.176 - - [05/Jul/2025:09:03:27 -0400] "GET /wp-content/plugins/duplicator/assets/about.php HTTP/1.1" 404 11505 "-" "-"
172.190.142.176 - - [05/Jul/2025:09:03:30 -0400] "GET /wp-admin/network/upfile.php HTTP/1.1" 404 11505 "-" "-"
172.190.142.176 - - [05/Jul/2025:09:03:34 -0400] "GET /wp-includes/sitemaps/providers/about.php HTTP/1.1" 404 11505 "-" "-"
172.190.142.176 - - [05/Jul/2025:09:03:37 -0400] "GET /wp-content/upgrade/autoload_classmap.php HTTP/1.1" 404 11505 "-" "-"
172.190.142.176 - - [05/Jul/2025:09:03:38 -0400] "GET /images/cjfuns.php HTTP/1.1" 404 11505 "-" "-"
172.190.142.176 - - [05/Jul/2025:09:03:39 -0400] "GET /wp-includes/sodium_compat/src/content.php HTTP/1.1" 404 11505 "-" "-"
172.190.142.176 - - [05/Jul/2025:09:03:40 -0400] "GET /wp-includes/rest-api/admin.php HTTP/1.1" 404 11505 "-" "-"
63.250.38.117 - - [05/Jul/2025:09:03:43 -0400] "POST /wp-cron.php?doing_wp_cron=1751720622.9888670444488525390625 HTTP/1.1" 403 1242 "-" "WordPress/6.8.1; https://fnf.group"
172.190.142.176 - - [05/Jul/2025:09:03:41 -0400] "GET /wp-includes/js/crop/zmFM.php HTTP/1.1" 404 11505 "-" "-"
172.190.142.176 - - [05/Jul/2025:09:03:43 -0400] "GET /wp-includes/js/about.php HTTP/1.1" 404 11505 "-" "-"
172.190.142.176 - - [05/Jul/2025:09:03:45 -0400] "GET /wp-content/plugin.php HTTP/1.1" 404 11505 "-" "-"
172.190.142.176 - - [05/Jul/2025:09:03:46 -0400] "GET /wp-admin/js/widgets/xmrlpc.php HTTP/1.1" 404 11505 "-" "-"
172.190.142.176 - - [05/Jul/2025:09:03:47 -0400] "GET /wp-includes/Text/wp.php HTTP/1.1" 404 11505 "-" "-"
172.190.142.176 - - [05/Jul/2025:09:03:49 -0400] "GET /wp-includes/block-supports/about.php HTTP/1.1" 404 11505 "-" "-"
172.190.142.176 - - [05/Jul/2025:09:03:50 -0400] "GET /wp-admin/network/chosen.php HTTP/1.1" 404 11505 "-" "-"
172.190.142.176 - - [05/Jul/2025:09:03:51 -0400] "GET /wp-includes/images/chosen.php HTTP/1.1" 404 11505 "-" "-"
172.190.142.176 - - [05/Jul/2025:09:03:54 -0400] "GET /wp-includes/sodium_compat/src/Core32/Curve25519/Ge/about.php HTTP/1.1" 404 11505 "-" "-"
172.190.142.176 - - [05/Jul/2025:09:03:56 -0400] "GET /wp-admin/css/colors/blue/wp-login.php HTTP/1.1" 404 11505 "-" "-"
172.190.142.176 - - [05/Jul/2025:09:03:59 -0400] "GET /admin/fckeditor/editor/filemanager/updates.php HTTP/1.1" 404 11504 "-" "-"
172.190.142.176 - - [05/Jul/2025:09:04:01 -0400] "GET /wp-content/uploads/file.php HTTP/1.1" 404 11505 "-" "-"
172.190.142.176 - - [05/Jul/2025:09:04:03 -0400] "GET /wp-includes/Requests/Response/wp-login.php HTTP/1.1" 404 11506 "-" "-"
172.190.142.176 - - [05/Jul/2025:09:04:05 -0400] "GET /wp-admin/css/colors/coffee/alfa-rex.php HTTP/1.1" 404 11505 "-" "-"
172.190.142.176 - - [05/Jul/2025:09:04:08 -0400] "GET /wp-includes/SimplePie/Cache/about.php HTTP/1.1" 404 11504 "-" "-"
172.190.142.176 - - [05/Jul/2025:09:04:10 -0400] "GET /wp-includes/sodium_compat/src/alfa-rex.php HTTP/1.1" 404 11505 "-" "-"
172.190.142.176 - - [05/Jul/2025:09:04:13 -0400] "GET /wp-mail.php/wp-includes/ID3/wp-mail.php HTTP/1.1" 403 1242 "-" "-"
192.178.6.101 - - [05/Jul/2025:09:04:11 -0400] "GET /?n=60877154767806&channel=91daee&from=article.php%3Fid%3D1547678-11981%26name%3D5x%E3%83%98%E3%83%93%E3%83%BC%E3%83%87%E3%83%A5%E3%83%BC%E3%83%86%E3%82%A3%E3%83%BC4+%22%E3%83%8A%E3%82%A4%E3%83%AD%E3%83%B3%E3%83%9E%E3%83%AA%E3%83%B3%E3%83%9C%E3%83%BC%E3%83%88%E3%83%95%E3%83%A9%E3%83%83%E3%83%88%E3%83%88%E3%83%83%E3%83%97%E3%83%AD%E3%83%BC%E3%82%AF%E3%83%AA%E3%83%BC%E3%83%88%E3%83%AD%E3%83%BC%E3%83%97%E3%82%BF%E3%82%A4%E3%83%8F%E3%83%BC%E3%83%89%E3%82%A6%E3%82%A7%E3%82%A2 HTTP/1.1" 301 0 "-" "Mozilla/5.0 (Linux; Android 6.0.1; Nexus 5X Build/MMB29P) AppleWebKit/537.36 (KHTML, like Gecko) Chrome/137.0.7151.103 Mobile Safari/537.36 (compatible; Googlebot/2.1; +http://www.google.com/bot.html)"
216.244.66.226 - - [05/Jul/2025:09:04:15 -0400] "GET /tag/dhaba/ HTTP/1.1" 500 1034 "-" "Mozilla/5.0 (compatible; DotBot/1.2; +https://opensiteexplorer.org/dotbot; help@moz.com)"
172.190.142.176 - - [05/Jul/2025:09:04:13 -0400] "GET /wp-content/plugins/revslider/public/assets/assets/sources/wp-login.php HTTP/1.1" 404 11505 "-" "-"
192.178.6.102 - - [05/Jul/2025:09:04:14 -0400] "GET /?n=60877154767806&channel=91daee&from=article.php%3Fid%3D1547678-11981%26name%3D5x%E3%83%98%E3%83%93%E3%83%BC%E3%83%87%E3%83%A5%E3%83%BC%E3%83%86%E3%82%A3%E3%83%BC4%20%22%E3%83%8A%E3%82%A4%E3%83%AD%E3%83%B3%E3%83%9E%E3%83%AA%E3%83%B3%E3%83%9C%E3%83%BC%E3%83%88%E3%83%95%E3%83%A9%E3%83%83%E3%83%88%E3%83%88%E3%83%83%E3%83%97%E3%83%AD%E3%83%BC%E3%82%AF%E3%83%AA%E3%83%BC%E3%83%88%E3%83%AD%E3%83%BC%E3%83%97%E3%82%BF%E3%82%A4%E3%83%8F%E3%83%BC%E3%83%89%E3%82%A6%E3%82%A7%E3%82%A2 HTTP/1.1" 200 29442 "-" "Mozilla/5.0 (Linux; Android 6.0.1; Nexus 5X Build/MMB29P) AppleWebKit/537.36 (KHTML, like Gecko) Chrome/137.0.7151.103 Mobile Safari/537.36 (compatible; Googlebot/2.1; +http://www.google.com/bot.html)"
172.190.142.176 - - [05/Jul/2025:09:04:17 -0400] "GET /wp-content/themes/file.php HTTP/1.1" 404 11504 "-" "-"
172.190.142.176 - - [05/Jul/2025:09:04:20 -0400] "GET /css/item.php HTTP/1.1" 404 11504 "-" "-"
172.190.142.176 - - [05/Jul/2025:09:04:22 -0400] "GET /wp-content/uploads/2020/admin.php HTTP/1.1" 404 11505 "-" "-"
43.166.142.76 - - [05/Jul/2025:09:04:22 -0400] "GET / HTTP/1.1" 200 29443 "http://fnf.group" "Mozilla/5.0 (iPhone; CPU iPhone OS 13_2_3 like Mac OS X) AppleWebKit/605.1.15 (KHTML, like Gecko) Version/13.0.3 Mobile/15E148 Safari/604.1"
172.190.142.176 - - [05/Jul/2025:09:04:26 -0400] "GET /wp-admin/includes/xmrlpc.php HTTP/1.1" 404 11505 "-" "-"
172.190.142.176 - - [05/Jul/2025:09:04:29 -0400] "GET /assets/images/wp-login.php HTTP/1.1" 404 11505 "-" "-"
172.190.142.176 - - [05/Jul/2025:09:04:31 -0400] "GET /css/xp.php HTTP/1.1" 404 11505 "-" "-"
172.190.142.176 - - [05/Jul/2025:09:04:33 -0400] "GET /wp-includes/assets/themes.php HTTP/1.1" 404 11505 "-" "-"
172.190.142.176 - - [05/Jul/2025:09:04:35 -0400] "GET /wp-content/uploads/chosen.php HTTP/1.1" 404 11505 "-" "-"
216.244.66.226 - - [05/Jul/2025:09:04:37 -0400] "GET /2020/10/05/spanakopita-by-hiba-zaman/ HTTP/1.1" 500 1034 "-" "Mozilla/5.0 (compatible; DotBot/1.2; +https://opensiteexplorer.org/dotbot; help@moz.com)"
172.190.142.176 - - [05/Jul/2025:09:04:37 -0400] "GET /wp-includes/style-engine/autoload_classmap.php HTTP/1.1" 404 11505 "-" "-"
