104.210.140.128 - - [05/Jul/2025:15:40:41 -0400] "GET /robots.txt HTTP/1.1" 200 84 "-" "Mozilla/5.0 (Macintosh; Intel Mac OS X 10_15_7) AppleWebKit/537.36 (KHTML, like Gecko) Chrome/131.0.0.0 Safari/537.36; compatible; OAI-SearchBot/1.0; +https://openai.com/searchbot"
212.30.33.108 - - [05/Jul/2025:15:40:47 -0400] "GET /wp-login.php?action=register HTTP/1.1" 200 3595 "https://fnf.group/wp-login.php?action=register" "Mozilla/5.0 (Windows NT 10.0; Win64; x64) AppleWebKit/537.36 (KHTML, like Gecko) Chrome/130.0.0.0 Safari/537.36 CCleaner/130.0.0.0"
213.209.150.137 - - [05/Jul/2025:15:40:43 -0400] "POST /wp-login.php?action=register HTTP/1.1" 302 0 "-" "-"
212.30.33.161 - - [05/Jul/2025:15:40:50 -0400] "POST /wp-login.php?action=register HTTP/1.1" 200 3689 "https://fnf.group/wp-login.php?action=register" "Mozilla/5.0 (Windows NT 10.0; Win64; x64) AppleWebKit/537.36 (KHTML, like Gecko) Chrome/130.0.0.0 Safari/537.36 CCleaner/130.0.0.0"
212.30.33.141 - - [05/Jul/2025:15:40:52 -0400] "GET /wp-login.php HTTP/1.1" 200 3799 "https://fnf.group/wp-login.php" "Mozilla/5.0 (Windows NT 10.0; Win64; x64) AppleWebKit/537.36 (KHTML, like Gecko) Chrome/130.0.0.0 Safari/537.36 CCleaner/130.0.0.0"
212.30.33.140 - - [05/Jul/2025:15:40:54 -0400] "POST /wp-login.php HTTP/1.1" 200 3931 "https://fnf.group/wp-login.php" "Mozilla/5.0 (Windows NT 10.0; Win64; x64) AppleWebKit/537.36 (KHTML, like Gecko) Chrome/130.0.0.0 Safari/537.36 CCleaner/130.0.0.0"
192.178.6.102 - - [05/Jul/2025:15:40:54 -0400] "GET /?n=8228130117202&channel=473e51&from=news.php%3Fid%3D301172-4813%26name%3DBruno+Marc+%E3%83%A1%E3%83%B3%E3%82%BA+%E3%83%96%E3%83%83%E3%82%B7%E3%83%A5+%E3%83%89%E3%83%A9%E3%82%A4%E3%83%93%E3%83%B3%E3%82%B0+%E3%83%AD%E3%83%BC%E3%83%95%E3%82%A1%E3%83%BC+%E3%83%A2%E3%82%AB%E3%82%B7%E3%83%B3+%E3%82%B7%E3%83%A5%E3%83%BC%E3%82%BA+US+%E3%82%B5%E3%82%A4%E3%82%BA%3A HTTP/1.1" 301 0 "-" "Mozilla/5.0 (Linux; Android 6.0.1; Nexus 5X Build/MMB29P) AppleWebKit/537.36 (KHTML, like Gecko) Chrome/137.0.7151.103 Mobile Safari/537.36 (compatible; Googlebot/2.1; +http://www.google.com/bot.html)"
192.178.6.102 - - [05/Jul/2025:15:40:55 -0400] "GET /?n=23161105357303&channel=eb784d&from=category-info.php%3Fid%3D1053573-7514%26name%3DWJFMZS+%E3%82%A8%E3%83%B3%E3%83%89%E3%83%86%E3%83%BC%E3%83%96%E3%83%AB%E3%80%81%E3%82%B3%E3%83%BC%E3%83%92%E3%83%BC%E3%83%86%E3%83%BC%E3%83%96%E3%83%AB%E3%80%81%E3%83%AC%E3%83%88%E3%83%AD%E3%82%A2%E3%82%AF%E3%82%BB%E3%83%B3%E3%83%88%E3%83%86%E3%83%BC%E3%83%96%E3%83%AB%E3%80%81%E3%83%AD%E3%83%BC%E3%83%86%E3%83%BC%E3%83%96%E3%83%AB%E3%80%81%E3%82%BF%E3%82%BF%E3%83%9F%E3%83%86%E3%83%BC%E3%83%96%E3%83%AB%E3%80%81%E3%83%AA%E3%83%93%E3%83%B3%E3%82%B0%E3%83%AB%E3%83%BC%E3%83%A0%E3%83%99%E3%82%A4%E3%82%A6%E3%82%A3%E3%83%B3%E3%83%89%E3%82%A6 HTTP/1.1" 301 0 "-" "Mozilla/5.0 (Linux; Android 6.0.1; Nexus 5X Build/MMB29P) AppleWebKit/537.36 (KHTML, like Gecko) Chrome/137.0.7151.103 Mobile Safari/537.36 (compatible; Googlebot/2.1; +http://www.google.com/bot.html)"
212.30.33.207 - - [05/Jul/2025:15:40:58 -0400] "GET /wp-login.php?action=register HTTP/1.1" 200 3595 "https://fnf.group/wp-login.php?action=register" "Mozilla/5.0 (Windows NT 10.0; Win64; x64) AppleWebKit/537.36 (KHTML, like Gecko) Chrome/130.0.0.0 Safari/537.36 CCleaner/130.0.0.0"
192.178.6.101 - - [05/Jul/2025:15:40:58 -0400] "GET /?n=99351102053602&channel=b4b1e4&from=shop.php%3Fid%3D1020536-10513%26name%3D%E4%B8%AD%E4%B8%96%E3%83%90%E3%82%A4%E3%82%AD%E3%83%B3%E3%82%B0+%E3%83%A9%E3%82%A6%E3%83%B3%E3%83%89%E3%82%A2%E3%83%BC%E3%83%9E%E3%83%BC%E3%82%B7%E3%83%BC%E3%83%AB%E3%83%89+%E3%83%A9%E3%83%BC%E3%83%97%E3%82%A6%E3%82%A9%E3%83%AA%E3%82%A2%E3%83%BC%E3%82%A6%E3%83%83%E3%83%89%26amp%3B%E3%82%B9%E3%83%81%E3%83%BC%E3%83%AB+24%E3%82%A4%E3%83%B3%E3%83%81+%E3%83%8F%E3%83%AD%E3%82%A6%E3%82%A3%E3%83%B3%E3%83%87%E3%82%B3%E3%83%AC%E3%83%BC%E3%82%B7%E3%83%A7%E3%83%B3%E3%82%B3%E3%82%B9%E3%83%81%E3%83%A5%E3%83%BC%E3%83%A0 HTTP/1.1" 301 0 "-" "Mozilla/5.0 (Linux; Android 6.0.1; Nexus 5X Build/MMB29P) AppleWebKit/537.36 (KHTML, like Gecko) Chrome/137.0.7151.103 Mobile Safari/537.36 (compatible; Googlebot/2.1; +http://www.google.com/bot.html)"
63.250.38.117 - - [05/Jul/2025:15:41:08 -0400] "POST /wp-cron.php?doing_wp_cron=1751744468.6890358924865722656250 HTTP/1.1" 403 1242 "-" "WordPress/6.8.1; https://fnf.group"
63.250.38.117 - - [05/Jul/2025:15:41:09 -0400] "POST /wp-cron.php?doing_wp_cron=1751744469.1781389713287353515625 HTTP/1.1" 403 1242 "-" "WordPress/6.8.1; https://fnf.group"
192.178.6.101 - - [05/Jul/2025:15:40:59 -0400] "GET /?n=8228130117202&channel=473e51&from=news.php%3Fid%3D301172-4813%26name%3DBruno%20Marc%20%E3%83%A1%E3%83%B3%E3%82%BA%20%E3%83%96%E3%83%83%E3%82%B7%E3%83%A5%20%E3%83%89%E3%83%A9%E3%82%A4%E3%83%93%E3%83%B3%E3%82%B0%20%E3%83%AD%E3%83%BC%E3%83%95%E3%82%A1%E3%83%BC%20%E3%83%A2%E3%82%AB%E3%82%B7%E3%83%B3%20%E3%82%B7%E3%83%A5%E3%83%BC%E3%82%BA%20US%20%E3%82%B5%E3%82%A4%E3%82%BA%3A HTTP/1.1" 200 30578 "-" "Mozilla/5.0 (Linux; Android 6.0.1; Nexus 5X Build/MMB29P) AppleWebKit/537.36 (KHTML, like Gecko) Chrome/137.0.7151.103 Mobile Safari/537.36 (compatible; Googlebot/2.1; +http://www.google.com/bot.html)"
23.226.16.142 - - [05/Jul/2025:15:40:59 -0400] "GET / HTTP/1.1" 200 30572 "-" "Mozilla/5.0 (Macintosh; Intel Mac OS X 10_15_7) AppleWebKit/537.36 (KHTML, like Gecko) Chrome/131.0.0.0 Safari/537.36"
213.209.150.137 - - [05/Jul/2025:15:40:56 -0400] "POST /wp-login.php?action=register HTTP/1.1" 302 0 "-" "-"
212.30.33.119 - - [05/Jul/2025:15:41:04 -0400] "GET /wp-index.php HTTP/1.1" 404 11504 "https://fnf.group/wp-index.php" "Mozilla/5.0 (Windows NT 10.0; Win64; x64) AppleWebKit/537.36 (KHTML, like Gecko) Chrome/130.0.0.0 Safari/537.36 CCleaner/130.0.0.0"
192.178.6.101 - - [05/Jul/2025:15:41:03 -0400] "GET /?n=23161105357303&channel=eb784d&from=category-info.php%3Fid%3D1053573-7514%26name%3DWJFMZS%20%E3%82%A8%E3%83%B3%E3%83%89%E3%83%86%E3%83%BC%E3%83%96%E3%83%AB%E3%80%81%E3%82%B3%E3%83%BC%E3%83%92%E3%83%BC%E3%83%86%E3%83%BC%E3%83%96%E3%83%AB%E3%80%81%E3%83%AC%E3%83%88%E3%83%AD%E3%82%A2%E3%82%AF%E3%82%BB%E3%83%B3%E3%83%88%E3%83%86%E3%83%BC%E3%83%96%E3%83%AB%E3%80%81%E3%83%AD%E3%83%BC%E3%83%86%E3%83%BC%E3%83%96%E3%83%AB%E3%80%81%E3%82%BF%E3%82%BF%E3%83%9F%E3%83%86%E3%83%BC%E3%83%96%E3%83%AB%E3%80%81%E3%83%AA%E3%83%93%E3%83%B3%E3%82%B0%E3%83%AB%E3%83%BC%E3%83%A0%E3%83%99%E3%82%A4%E3%82%A6%E3%82%A3%E3%83%B3%E3%83%89%E3%82%A6 HTTP/1.1" 200 30570 "-" "Mozilla/5.0 (Linux; Android 6.0.1; Nexus 5X Build/MMB29P) AppleWebKit/537.36 (KHTML, like Gecko) Chrome/137.0.7151.103 Mobile Safari/537.36 (compatible; Googlebot/2.1; +http://www.google.com/bot.html)"
23.226.16.142 - - [05/Jul/2025:15:41:10 -0400] "GET /recipes/ HTTP/1.1" 200 14703 "-" "Mozilla/5.0 (Macintosh; Intel Mac OS X 10_15_7) AppleWebKit/537.36 (KHTML, like Gecko) Chrome/131.0.0.0 Safari/537.36"
192.178.6.101 - - [05/Jul/2025:15:41:09 -0400] "GET /?n=99351102053602&channel=b4b1e4&from=shop.php%3Fid%3D1020536-10513%26name%3D%E4%B8%AD%E4%B8%96%E3%83%90%E3%82%A4%E3%82%AD%E3%83%B3%E3%82%B0%20%E3%83%A9%E3%82%A6%E3%83%B3%E3%83%89%E3%82%A2%E3%83%BC%E3%83%9E%E3%83%BC%E3%82%B7%E3%83%BC%E3%83%AB%E3%83%89%20%E3%83%A9%E3%83%BC%E3%83%97%E3%82%A6%E3%82%A9%E3%83%AA%E3%82%A2%E3%83%BC%E3%82%A6%E3%83%83%E3%83%89%26amp%3B%E3%82%B9%E3%83%81%E3%83%BC%E3%83%AB%2024%E3%82%A4%E3%83%B3%E3%83%81%20%E3%83%8F%E3%83%AD%E3%82%A6%E3%82%A3%E3%83%B3%E3%83%87%E3%82%B3%E3%83%AC%E3%83%BC%E3%82%B7%E3%83%A7%E3%83%B3%E3%82%B3%E3%82%B9%E3%83%81%E3%83%A5%E3%83%BC%E3%83%A0 HTTP/1.1" 200 30570 "-" "Mozilla/5.0 (Linux; Android 6.0.1; Nexus 5X Build/MMB29P) AppleWebKit/537.36 (KHTML, like Gecko) Chrome/137.0.7151.103 Mobile Safari/537.36 (compatible; Googlebot/2.1; +http://www.google.com/bot.html)"
23.226.16.142 - - [05/Jul/2025:15:41:16 -0400] "GET /about-us/ HTTP/1.1" 200 16994 "-" "Mozilla/5.0 (Macintosh; Intel Mac OS X 10_15_7) AppleWebKit/537.36 (KHTML, like Gecko) Chrome/131.0.0.0 Safari/537.36"
23.226.16.142 - - [05/Jul/2025:15:41:20 -0400] "GET /contact-us/ HTTP/1.1" 200 17559 "-" "Mozilla/5.0 (Macintosh; Intel Mac OS X 10_15_7) AppleWebKit/537.36 (KHTML, like Gecko) Chrome/131.0.0.0 Safari/537.36"
23.226.16.142 - - [05/Jul/2025:15:41:23 -0400] "GET /wp-content/mu-plugins/1and1-wordpress-assistant/js/cookies.js?ver=6.8.1 HTTP/1.1" 304 0 "-" "Mozilla/5.0 (Macintosh; Intel Mac OS X 10_15_7) AppleWebKit/537.36 (KHTML, like Gecko) Chrome/131.0.0.0 Safari/537.36"
23.226.16.142 - - [05/Jul/2025:15:41:23 -0400] "GET /wp-content/plugins/hit_plusgallery/assets/js/plusgallery.js?ver=2.0.4 HTTP/1.1" 200 7351 "-" "Mozilla/5.0 (Macintosh; Intel Mac OS X 10_15_7) AppleWebKit/537.36 (KHTML, like Gecko) Chrome/131.0.0.0 Safari/537.36"
23.226.16.142 - - [05/Jul/2025:15:41:23 -0400] "GET /wp-content/plugins/salient-social/js/salient-social.js?ver=1.1 HTTP/1.1" 200 1934 "-" "Mozilla/5.0 (Macintosh; Intel Mac OS X 10_15_7) AppleWebKit/537.36 (KHTML, like Gecko) Chrome/131.0.0.0 Safari/537.36"
23.226.16.142 - - [05/Jul/2025:15:41:23 -0400] "GET /wp-content/plugins/wp-smush-pro/app/assets/js/smush-lazy-load.min.js?ver=3.6.0 HTTP/1.1" 304 0 "-" "Mozilla/5.0 (Macintosh; Intel Mac OS X 10_15_7) AppleWebKit/537.36 (KHTML, like Gecko) Chrome/131.0.0.0 Safari/537.36"
23.226.16.142 - - [05/Jul/2025:15:41:24 -0400] "GET /wp-content/themes/salient/js/build/priority.js?ver=15.1.0 HTTP/1.1" 304 0 "-" "Mozilla/5.0 (Macintosh; Intel Mac OS X 10_15_7) AppleWebKit/537.36 (KHTML, like Gecko) Chrome/131.0.0.0 Safari/537.36"
213.209.150.137 - - [05/Jul/2025:15:41:18 -0400] "POST /wp-login.php?action=register HTTP/1.1" 302 0 "-" "-"
213.209.150.137 - - [05/Jul/2025:15:41:31 -0400] "POST /wp-login.php?action=register HTTP/1.1" 302 0 "-" "-"
213.209.150.137 - - [05/Jul/2025:15:41:45 -0400] "POST /wp-login.php?action=register HTTP/1.1" 302 0 "-" "-"
213.209.150.137 - - [05/Jul/2025:15:41:59 -0400] "POST /wp-login.php?action=register HTTP/1.1" 302 0 "-" "-"
63.250.38.117 - - [05/Jul/2025:15:42:18 -0400] "POST /wp-cron.php?doing_wp_cron=1751744538.1384880542755126953125 HTTP/1.1" 403 1242 "-" "WordPress/6.8.1; https://fnf.group"
213.209.150.137 - - [05/Jul/2025:15:42:13 -0400] "POST /wp-login.php?action=register HTTP/1.1" 302 0 "-" "-"
213.209.150.137 - - [05/Jul/2025:15:42:25 -0400] "POST /wp-login.php?action=register HTTP/1.1" 302 0 "-" "-"
192.178.6.103 - - [05/Jul/2025:15:42:46 -0400] "GET /?n=81521169786604&channel=88867a&from=brands.php%3Fid%3D1697866-11521%26name%3D%E3%83%88%E3%82%B3%E3%81%A1%E3%82%83%E3%82%93+M+%E3%83%8D%E3%82%A4%E3%83%93%E3%83%BC+%E3%82%B9%E3%83%88%E3%83%AC%E3%83%83%E3%83%81 HTTP/1.1" 301 0 "-" "Mozilla/5.0 (Linux; Android 6.0.1; Nexus 5X Build/MMB29P) AppleWebKit/537.36 (KHTML, like Gecko) Chrome/137.0.7151.103 Mobile Safari/537.36 (compatible; Googlebot/2.1; +http://www.google.com/bot.html)"
213.209.150.137 - - [05/Jul/2025:15:42:40 -0400] "POST /wp-login.php?action=register HTTP/1.1" 302 0 "-" "-"
192.178.6.101 - - [05/Jul/2025:15:42:50 -0400] "GET /?n=81521169786604&channel=88867a&from=brands.php%3Fid%3D1697866-11521%26name%3D%E3%83%88%E3%82%B3%E3%81%A1%E3%82%83%E3%82%93%20M%20%E3%83%8D%E3%82%A4%E3%83%93%E3%83%BC%20%E3%82%B9%E3%83%88%E3%83%AC%E3%83%83%E3%83%81 HTTP/1.1" 200 30565 "-" "Mozilla/5.0 (Linux; Android 6.0.1; Nexus 5X Build/MMB29P) AppleWebKit/537.36 (KHTML, like Gecko) Chrome/137.0.7151.103 Mobile Safari/537.36 (compatible; Googlebot/2.1; +http://www.google.com/bot.html)"
213.209.150.137 - - [05/Jul/2025:15:42:58 -0400] "POST /wp-login.php?action=register HTTP/1.1" 302 0 "-" "-"
216.244.66.226 - - [05/Jul/2025:15:43:14 -0400] "GET /robots.txt HTTP/1.1" 500 1034 "-" "Mozilla/5.0 (compatible; DotBot/1.2; +https://opensiteexplorer.org/dotbot; help@moz.com)"
63.250.38.117 - - [05/Jul/2025:15:43:19 -0400] "POST /wp-cron.php?doing_wp_cron=1751744598.9784231185913085937500 HTTP/1.1" 403 1242 "-" "WordPress/6.8.1; https://fnf.group"
213.209.150.137 - - [05/Jul/2025:15:43:12 -0400] "POST /wp-login.php?action=register HTTP/1.1" 302 0 "-" "-"
213.209.150.137 - - [05/Jul/2025:15:43:28 -0400] "POST /wp-login.php?action=register HTTP/1.1" 302 0 "-" "-"
213.209.150.137 - - [05/Jul/2025:15:43:44 -0400] "POST /wp-login.php?action=register HTTP/1.1" 302 0 "-" "-"
213.209.150.137 - - [05/Jul/2025:15:44:02 -0400] "POST /wp-login.php?action=register HTTP/1.1" 302 0 "-" "-"
63.250.38.117 - - [05/Jul/2025:15:44:23 -0400] "POST /wp-cron.php?doing_wp_cron=1751744662.8733301162719726562500 HTTP/1.1" 403 1242 "-" "WordPress/6.8.1; https://fnf.group"
213.209.150.137 - - [05/Jul/2025:15:44:15 -0400] "POST /wp-login.php?action=register HTTP/1.1" 302 0 "-" "-"
192.178.6.103 - - [05/Jul/2025:15:44:25 -0400] "GET /?n=7716766472300&channel=0edd5b&from=blog.php%3Fid%3D664723-9428%26name%3D%E3%82%B9%E3%83%91%E3%83%BC%E3%82%AF+1%2F43+%E3%83%94%E3%83%83%E3%83%88%E3%82%AF%E3%83%AB%E3%83%BC+%E3%83%95%E3%82%A3%E3%82%AE%E3%83%A5%E3%82%A2+%E3%83%AB%E3%83%9E%E3%83%B324H+2017 HTTP/1.1" 301 0 "-" "Mozilla/5.0 (Linux; Android 6.0.1; Nexus 5X Build/MMB29P) AppleWebKit/537.36 (KHTML, like Gecko) Chrome/137.0.7151.103 Mobile Safari/537.36 (compatible; Googlebot/2.1; +http://www.google.com/bot.html)"
192.178.6.101 - - [05/Jul/2025:15:44:31 -0400] "GET /?n=7716766472300&channel=0edd5b&from=blog.php%3Fid%3D664723-9428%26name%3D%E3%82%B9%E3%83%91%E3%83%BC%E3%82%AF%201%2F43%20%E3%83%94%E3%83%83%E3%83%88%E3%82%AF%E3%83%AB%E3%83%BC%20%E3%83%95%E3%82%A3%E3%82%AE%E3%83%A5%E3%82%A2%20%E3%83%AB%E3%83%9E%E3%83%B324H%202017 HTTP/1.1" 200 30573 "-" "Mozilla/5.0 (Linux; Android 6.0.1; Nexus 5X Build/MMB29P) AppleWebKit/537.36 (KHTML, like Gecko) Chrome/137.0.7151.103 Mobile Safari/537.36 (compatible; Googlebot/2.1; +http://www.google.com/bot.html)"
192.178.6.101 - - [05/Jul/2025:15:44:37 -0400] "GET /?n=9096694973302&channel=ba1da1&from=blog.php%3Fid%3D949733-19321%26name%3D%E9%80%B1%E6%9C%AB%E9%99%90%E5%AE%9A%E3%82%BB%E3%83%BC%E3%83%AB%EF%BC%81%E7%BE%8E%E5%93%81%E3%80%90%EF%BD%8Dite%E3%80%91%E3%82%AA%E3%83%AC%E3%83%B3%E3%82%B8+%E3%83%8F%E3%82%A4%E3%82%A6%E3%82%A8%E3%82%B9%E3%83%88+%E3%82%AC%E3%82%A6%E3%83%81%E3%83%A7%E3%83%91%E3%83%B3%E3%83%84 HTTP/1.1" 301 0 "-" "Mozilla/5.0 (Linux; Android 6.0.1; Nexus 5X Build/MMB29P) AppleWebKit/537.36 (KHTML, like Gecko) Chrome/137.0.7151.103 Mobile Safari/537.36 (compatible; Googlebot/2.1; +http://www.google.com/bot.html)"
213.209.150.137 - - [05/Jul/2025:15:44:32 -0400] "POST /wp-login.php?action=register HTTP/1.1" 302 0 "-" "-"
192.178.6.101 - - [05/Jul/2025:15:44:41 -0400] "GET /?n=9096694973302&channel=ba1da1&from=blog.php%3Fid%3D949733-19321%26name%3D%E9%80%B1%E6%9C%AB%E9%99%90%E5%AE%9A%E3%82%BB%E3%83%BC%E3%83%AB%EF%BC%81%E7%BE%8E%E5%93%81%E3%80%90%EF%BD%8Dite%E3%80%91%E3%82%AA%E3%83%AC%E3%83%B3%E3%82%B8%20%E3%83%8F%E3%82%A4%E3%82%A6%E3%82%A8%E3%82%B9%E3%83%88%20%E3%82%AC%E3%82%A6%E3%83%81%E3%83%A7%E3%83%91%E3%83%B3%E3%83%84 HTTP/1.1" 200 30568 "-" "Mozilla/5.0 (Linux; Android 6.0.1; Nexus 5X Build/MMB29P) AppleWebKit/537.36 (KHTML, like Gecko) Chrome/137.0.7151.103 Mobile Safari/537.36 (compatible; Googlebot/2.1; +http://www.google.com/bot.html)"
192.178.6.101 - - [05/Jul/2025:15:44:48 -0400] "GET /?n=34790133890108&channel=ed4b67&from=pin.php%3Fid%3D1338901-26590%26name%3D%E3%80%90%E6%96%B0%E4%BD%9C%E3%80%91%E3%81%B2%E3%82%93%E3%82%84%E3%82%8A%E3%83%AD%E3%83%B3%E3%83%91%E3%82%B9_%E3%81%95%E3%81%8F%E3%82%89%E3%82%93%E3%81%BC%E6%9F%84+%E2%96%BD%E2%96%BD+%E7%B6%BF100%25+%E6%8E%A5%E8%A7%A6%E5%86%B7%E6%84%9F+%E5%A5%B3%E3%81%AE%E5%AD%90+Ampersand+%E3%82%A2%E3%83%B3%E3%83%91%E3%82%B5%E3%83%B3%E3%83%89+%E5%AD%90%E4%BE%9B%E6%9C%8D+%E3%82%AD%E3%83%83%E3%82%BA+%E3%83%99%E3%83%93%E3%83%BC+%E3%83%AD%E3%83%B3%E3%83%91%E3%83%BC%E3%82%B9++%E3%82%AE%E3%83%95%E3%83%88+%E5%87%BA%E7%94%A3%E7%A5%9D%E3%81%84+%E5%A4%8F%E6%9C%8D+%E5%A4%8F%E7%89%A9+%E3%82%A8%E3%83%95%E3%82%AA%E3%83%BC+FO+%E2%96%B3%E2%96%B3+l333035 HTTP/1.1" 301 0 "-" "Mozilla/5.0 (Linux; Android 6.0.1; Nexus 5X Build/MMB29P) AppleWebKit/537.36 (KHTML, like Gecko) Chrome/137.0.7151.103 Mobile Safari/537.36 (compatible; Googlebot/2.1; +http://www.google.com/bot.html)"
192.178.6.101 - - [05/Jul/2025:15:44:51 -0400] "GET /?n=34790133890108&channel=ed4b67&from=pin.php%3Fid%3D1338901-26590%26name%3D%E3%80%90%E6%96%B0%E4%BD%9C%E3%80%91%E3%81%B2%E3%82%93%E3%82%84%E3%82%8A%E3%83%AD%E3%83%B3%E3%83%91%E3%82%B9_%E3%81%95%E3%81%8F%E3%82%89%E3%82%93%E3%81%BC%E6%9F%84%20%E2%96%BD%E2%96%BD%20%E7%B6%BF100%25%20%E6%8E%A5%E8%A7%A6%E5%86%B7%E6%84%9F%20%E5%A5%B3%E3%81%AE%E5%AD%90%20Ampersand%20%E3%82%A2%E3%83%B3%E3%83%91%E3%82%B5%E3%83%B3%E3%83%89%20%E5%AD%90%E4%BE%9B%E6%9C%8D%20%E3%82%AD%E3%83%83%E3%82%BA%20%E3%83%99%E3%83%93%E3%83%BC%20%E3%83%AD%E3%83%B3%E3%83%91%E3%83%BC%E3%82%B9%20%20%E3%82%AE%E3%83%95%E3%83%88%20%E5%87%BA%E7%94%A3%E7%A5%9D%E3%81%84%20%E5%A4%8F%E6%9C%8D%20%E5%A4%8F%E7%89%A9%20%E3%82%A8%E3%83%95%E3%82%AA%E3%83%BC%20FO%20%E2%96%B3%E2%96%B3%20l333035 HTTP/1.1" 200 30572 "-" "Mozilla/5.0 (Linux; Android 6.0.1; Nexus 5X Build/MMB29P) AppleWebKit/537.36 (KHTML, like Gecko) Chrome/137.0.7151.103 Mobile Safari/537.36 (compatible; Googlebot/2.1; +http://www.google.com/bot.html)"
213.209.150.137 - - [05/Jul/2025:15:44:49 -0400] "POST /wp-login.php?action=register HTTP/1.1" 302 0 "-" "-"
57.141.0.18 - - [05/Jul/2025:15:45:02 -0400] "GET /wp-json/wp/v2/posts/10228 HTTP/1.1" 200 49567 "-" "meta-externalagent/1.1 (+https://developers.facebook.com/docs/sharing/webmasters/crawler)"
213.209.150.137 - - [05/Jul/2025:15:45:02 -0400] "POST /wp-login.php?action=register HTTP/1.1" 302 0 "-" "-"
63.250.38.117 - - [05/Jul/2025:15:45:32 -0400] "POST /wp-cron.php?doing_wp_cron=1751744732.7809450626373291015625 HTTP/1.1" 403 1242 "-" "WordPress/6.8.1; https://fnf.group"
114.119.131.93 - - [05/Jul/2025:15:45:29 -0400] "GET /category/recipes/page/17/ HTTP/1.1" 200 15419 "https://fnf.group/category/recipes/page/15/" "Mozilla/5.0 (Linux; Android 7.0;) AppleWebKit/537.36 (KHTML, like Gecko) Mobile Safari/537.36 (compatible; PetalBot;+https://webmaster.petalsearch.com/site/petalbot)"
192.178.6.101 - - [05/Jul/2025:15:45:59 -0400] "GET /?n=909006860102&channel=eac730&from=shared.php%3Fid%3D68601-6276%26name%3D%E3%82%B7%E3%83%A3%E3%83%AF%E3%83%BC%E3%82%B7%E3%82%B9%E3%83%86%E3%83%A0+%E3%83%90%E3%82%B9%E3%83%AB%E3%83%BC%E3%83%A0+8%E3%82%A4%E3%83%B3%E3%83%81+%E3%83%AC%E3%82%A4%E3%83%B3%E3%82%B7%E3%83%A3%E3%83%AF%E3%83%BC%E3%83%98%E3%83%83%E3%83%89+%E6%89%8B%E6%8C%81%E3%81%A1%E5%BC%8F%E5%A3%81%E5%8F%96%E3%82%8A%E4%BB%98%E3%81%91+%E9%AB%98%E5%9C%A7%E3%83%AC%E3%82%A4%E3%83%B3%E3%83%95%E3%82%A9%E3%83%BC%E3%83%AB+%E3%83%87%E3%83%A5%E3%82%A2%E3%83%AB%E3%82%B7%E3%83%A3%E3%83%AF%E3%83%BC%E3%82%B3%E3%83%B3%E3%83%9C%E3%82%BB%E3%83%83%E3%83%88 HTTP/1.1" 301 0 "-" "Mozilla/5.0 (Linux; Android 6.0.1; Nexus 5X Build/MMB29P) AppleWebKit/537.36 (KHTML, like Gecko) Chrome/137.0.7151.103 Mobile Safari/537.36 (compatible; Googlebot/2.1; +http://www.google.com/bot.html)"
192.178.6.103 - - [05/Jul/2025:15:46:02 -0400] "GET /?n=909006860102&channel=eac730&from=shared.php%3Fid%3D68601-6276%26name%3D%E3%82%B7%E3%83%A3%E3%83%AF%E3%83%BC%E3%82%B7%E3%82%B9%E3%83%86%E3%83%A0%20%E3%83%90%E3%82%B9%E3%83%AB%E3%83%BC%E3%83%A0%208%E3%82%A4%E3%83%B3%E3%83%81%20%E3%83%AC%E3%82%A4%E3%83%B3%E3%82%B7%E3%83%A3%E3%83%AF%E3%83%BC%E3%83%98%E3%83%83%E3%83%89%20%E6%89%8B%E6%8C%81%E3%81%A1%E5%BC%8F%E5%A3%81%E5%8F%96%E3%82%8A%E4%BB%98%E3%81%91%20%E9%AB%98%E5%9C%A7%E3%83%AC%E3%82%A4%E3%83%B3%E3%83%95%E3%82%A9%E3%83%BC%E3%83%AB%20%E3%83%87%E3%83%A5%E3%82%A2%E3%83%AB%E3%82%B7%E3%83%A3%E3%83%AF%E3%83%BC%E3%82%B3%E3%83%B3%E3%83%9C%E3%82%BB%E3%83%83%E3%83%88 HTTP/1.1" 200 30568 "-" "Mozilla/5.0 (Linux; Android 6.0.1; Nexus 5X Build/MMB29P) AppleWebKit/537.36 (KHTML, like Gecko) Chrome/137.0.7151.103 Mobile Safari/537.36 (compatible; Googlebot/2.1; +http://www.google.com/bot.html)"
63.250.38.117 - - [05/Jul/2025:15:46:58 -0400] "POST /wp-cron.php?doing_wp_cron=1751744817.9682159423828125000000 HTTP/1.1" 403 1242 "-" "WordPress/6.8.1; https://fnf.group"
192.178.6.102 - - [05/Jul/2025:15:46:52 -0400] "GET /?n=79920176692300&channel=a73c71&from=shared.php%3Fid%3D1766923-10040%26name%3DTYMBBB+%E3%82%AB%E3%83%BC%E3%83%9C%E3%83%B3%E3%83%95%E3%82%A1%E3%82%A4%E3%83%90%E3%83%BC%E3%82%A6%E3%82%A9%E3%83%83%E3%83%81%E5%8F%8E%E7%B4%8D%E3%83%9C%E3%83%83%E3%82%AF%E3%82%B9%E3%82%B1%E3%83%BC%E3%82%B9%E3%83%96%E3%83%A9%E3%83%83%E3%82%AFPU%E3%83%AC%E3%82%B6%E3%83%BC%E3%82%A6%E3%82%A9%E3%83%83%E3%83%81%E3%83%87%E3%82%A3%E3%82%B9%E3%83%97%E3%83%AC%E3%82%A4%E3%82%AA%E3%83%BC%E3%82%AC%E3%83%8A%E3%82%A4%E3%82%B6%E3%83%BC%E3%83%AD%E3%83%83%E3%82%AF%E4%BB%98%E3%81%8D%E3%83%95%E3%82%A1%E3%83%83%E3%82%B7%E3%83%A7%E3%83%B3 HTTP/1.1" 301 0 "-" "Mozilla/5.0 (Linux; Android 6.0.1; Nexus 5X Build/MMB29P) AppleWebKit/537.36 (KHTML, like Gecko) Chrome/137.0.7151.103 Mobile Safari/537.36 (compatible; Googlebot/2.1; +http://www.google.com/bot.html)"
63.250.38.117 - - [05/Jul/2025:15:46:58 -0400] "POST /wp-cron.php?doing_wp_cron=1751744818.5672049522399902343750 HTTP/1.1" 403 1242 "-" "WordPress/6.8.1; https://fnf.group"
114.119.154.189 - - [05/Jul/2025:15:46:53 -0400] "GET /author/admin123/page/24/ HTTP/1.1" 200 15687 "https://fnf.group/author/admin123/page/22/" "Mozilla/5.0 (Linux; Android 7.0;) AppleWebKit/537.36 (KHTML, like Gecko) Mobile Safari/537.36 (compatible; PetalBot;+https://webmaster.petalsearch.com/site/petalbot)"
192.178.6.101 - - [05/Jul/2025:15:46:58 -0400] "GET /?n=79920176692300&channel=a73c71&from=shared.php%3Fid%3D1766923-10040%26name%3DTYMBBB%20%E3%82%AB%E3%83%BC%E3%83%9C%E3%83%B3%E3%83%95%E3%82%A1%E3%82%A4%E3%83%90%E3%83%BC%E3%82%A6%E3%82%A9%E3%83%83%E3%83%81%E5%8F%8E%E7%B4%8D%E3%83%9C%E3%83%83%E3%82%AF%E3%82%B9%E3%82%B1%E3%83%BC%E3%82%B9%E3%83%96%E3%83%A9%E3%83%83%E3%82%AFPU%E3%83%AC%E3%82%B6%E3%83%BC%E3%82%A6%E3%82%A9%E3%83%83%E3%83%81%E3%83%87%E3%82%A3%E3%82%B9%E3%83%97%E3%83%AC%E3%82%A4%E3%82%AA%E3%83%BC%E3%82%AC%E3%83%8A%E3%82%A4%E3%82%B6%E3%83%BC%E3%83%AD%E3%83%83%E3%82%AF%E4%BB%98%E3%81%8D%E3%83%95%E3%82%A1%E3%83%83%E3%82%B7%E3%83%A7%E3%83%B3 HTTP/1.1" 200 30569 "-" "Mozilla/5.0 (Linux; Android 6.0.1; Nexus 5X Build/MMB29P) AppleWebKit/537.36 (KHTML, like Gecko) Chrome/137.0.7151.103 Mobile Safari/537.36 (compatible; Googlebot/2.1; +http://www.google.com/bot.html)"
216.244.66.226 - - [05/Jul/2025:15:47:02 -0400] "GET /tag/dahi-bara/feed/ HTTP/1.1" 500 1034 "-" "Mozilla/5.0 (compatible; DotBot/1.2; +https://opensiteexplorer.org/dotbot; help@moz.com)"
192.178.6.101 - - [05/Jul/2025:15:47:45 -0400] "GET /?n=98702193601102&channel=d3cfdb&from=jp.php%3Fid%3D1936011-15418%26name%3D%E3%83%AD%E3%83%BC%E3%83%AB%E3%82%B9%E3%82%AF%E3%83%AA%E3%83%BC%E3%83%B3%E9%80%8F%E6%98%8E%E3%81%AA%E3%83%AD%E3%83%BC%E3%83%AB%E3%82%A2%E3%83%83%E3%83%97%E3%82%AB%E3%83%BC%E3%83%86%E3%83%B3%E3%83%93%E3%83%8B%E3%83%BC%E3%83%AB%E3%82%AB%E3%83%BC%E3%83%86%E3%83%B3%E5%B1%8B%E5%86%85%E3%83%BB%E5%B1%8B%E5%A4%96%E3%81%AE%E3%83%AD%E3%83%BC%E3%83%AB%E3%82%A2%E3%83%83%E3%83%97%E3%82%AB%E3%83%BC%E3%83%86%E3%83%B3%E3%83%AD%E3%83%BC%E3%83%AB%E3%82%AB%E3%83%BC%E3%83%86%E3%83%B3PVC+%E8%A3%BD%E3%81%AE%E9%A2%A8%E9%9B%A8%E5%AF%BE%E7%AD%96%E7%94%A8%E4%BB%95%E5%88%87%E3%82%8A HTTP/1.1" 301 0 "-" "Mozilla/5.0 (Linux; Android 6.0.1; Nexus 5X Build/MMB29P) AppleWebKit/537.36 (KHTML, like Gecko) Chrome/137.0.7151.103 Mobile Safari/537.36 (compatible; Googlebot/2.1; +http://www.google.com/bot.html)"
192.178.6.101 - - [05/Jul/2025:15:47:49 -0400] "GET /?n=98702193601102&channel=d3cfdb&from=jp.php%3Fid%3D1936011-15418%26name%3D%E3%83%AD%E3%83%BC%E3%83%AB%E3%82%B9%E3%82%AF%E3%83%AA%E3%83%BC%E3%83%B3%E9%80%8F%E6%98%8E%E3%81%AA%E3%83%AD%E3%83%BC%E3%83%AB%E3%82%A2%E3%83%83%E3%83%97%E3%82%AB%E3%83%BC%E3%83%86%E3%83%B3%E3%83%93%E3%83%8B%E3%83%BC%E3%83%AB%E3%82%AB%E3%83%BC%E3%83%86%E3%83%B3%E5%B1%8B%E5%86%85%E3%83%BB%E5%B1%8B%E5%A4%96%E3%81%AE%E3%83%AD%E3%83%BC%E3%83%AB%E3%82%A2%E3%83%83%E3%83%97%E3%82%AB%E3%83%BC%E3%83%86%E3%83%B3%E3%83%AD%E3%83%BC%E3%83%AB%E3%82%AB%E3%83%BC%E3%83%86%E3%83%B3PVC%20%E8%A3%BD%E3%81%AE%E9%A2%A8%E9%9B%A8%E5%AF%BE%E7%AD%96%E7%94%A8%E4%BB%95%E5%88%87%E3%82%8A HTTP/1.1" 200 30570 "-" "Mozilla/5.0 (Linux; Android 6.0.1; Nexus 5X Build/MMB29P) AppleWebKit/537.36 (KHTML, like Gecko) Chrome/137.0.7151.103 Mobile Safari/537.36 (compatible; Googlebot/2.1; +http://www.google.com/bot.html)"
63.250.38.117 - - [05/Jul/2025:15:48:19 -0400] "POST /wp-cron.php?doing_wp_cron=1751744899.1787629127502441406250 HTTP/1.1" 403 1242 "-" "WordPress/6.8.1; https://fnf.group"
114.119.155.200 - - [05/Jul/2025:15:48:16 -0400] "GET /author/admin123/page/12 HTTP/1.1" 301 0 "https://fnf.group/author/admin123/page/11" "Mozilla/5.0 (Linux; Android 7.0;) AppleWebKit/537.36 (KHTML, like Gecko) Mobile Safari/537.36 (compatible; PetalBot;+https://webmaster.petalsearch.com/site/petalbot)"
114.119.155.200 - - [05/Jul/2025:15:48:21 -0400] "GET /author/admin123/page/12/ HTTP/1.1" 200 15615 "https://fnf.group/author/admin123/page/11" "Mozilla/5.0 (Linux; Android 7.0;) AppleWebKit/537.36 (KHTML, like Gecko) Mobile Safari/537.36 (compatible; PetalBot;+https://webmaster.petalsearch.com/site/petalbot)"
192.178.6.101 - - [05/Jul/2025:15:48:38 -0400] "GET /?n=20739184586403&channel=e0bdda&from=goods.php%3Fid%3D1845864-24075%26name%3DRat+Fink+%E3%83%A9%E3%83%83%E3%83%88%E3%83%95%E3%82%A3%E3%83%B3%E3%82%AF%E3%80%80%E3%83%9E%E3%83%83%E3%83%88%E3%80%80%E3%82%A4%E3%83%B3%E3%83%86%E3%83%AA%E3%82%A2+%E3%82%A2%E3%83%A1%E3%83%AA%E3%82%AB%E3%83%B3 HTTP/1.1" 301 0 "-" "Mozilla/5.0 (Linux; Android 6.0.1; Nexus 5X Build/MMB29P) AppleWebKit/537.36 (KHTML, like Gecko) Chrome/137.0.7151.103 Mobile Safari/537.36 (compatible; Googlebot/2.1; +http://www.google.com/bot.html)"
192.178.6.103 - - [05/Jul/2025:15:48:40 -0400] "GET /?n=20739184586403&channel=e0bdda&from=goods.php%3Fid%3D1845864-24075%26name%3DRat%20Fink%20%E3%83%A9%E3%83%83%E3%83%88%E3%83%95%E3%82%A3%E3%83%B3%E3%82%AF%E3%80%80%E3%83%9E%E3%83%83%E3%83%88%E3%80%80%E3%82%A4%E3%83%B3%E3%83%86%E3%83%AA%E3%82%A2%20%E3%82%A2%E3%83%A1%E3%83%AA%E3%82%AB%E3%83%B3 HTTP/1.1" 200 30569 "-" "Mozilla/5.0 (Linux; Android 6.0.1; Nexus 5X Build/MMB29P) AppleWebKit/537.36 (KHTML, like Gecko) Chrome/137.0.7151.103 Mobile Safari/537.36 (compatible; Googlebot/2.1; +http://www.google.com/bot.html)"
63.250.38.117 - - [05/Jul/2025:15:49:30 -0400] "POST /wp-cron.php?doing_wp_cron=1751744970.1669778823852539062500 HTTP/1.1" 403 1242 "-" "WordPress/6.8.1; https://fnf.group"
43.132.214.228 - - [05/Jul/2025:15:49:27 -0400] "GET /achievements/ HTTP/1.1" 200 12643 "-" "Mozilla/5.0 (iPhone; CPU iPhone OS 13_2_3 like Mac OS X) AppleWebKit/605.1.15 (KHTML, like Gecko) Version/13.0.3 Mobile/15E148 Safari/604.1"
116.204.78.140 - - [05/Jul/2025:15:49:37 -0400] "POST /xmlrpc.php HTTP/1.1" 403 1242 "https://fnf.group" "Mozilla/5.0 (Macintosh; Intel Mac OS X 10_15_7) AppleWebKit/537.36 (KHTML, like Gecko) Chrome/116.0.5845.96 Safari/537.36"
116.204.78.140 - - [05/Jul/2025:15:49:37 -0400] "POST /wp-login.php HTTP/1.1" 200 3936 "https://fnf.group" "Mozilla/5.0 (Macintosh; Intel Mac OS X 10_15_7) AppleWebKit/537.36 (KHTML, like Gecko) Chrome/116.0.5845.96 Safari/537.36"
114.119.155.200 - - [05/Jul/2025:15:49:39 -0400] "GET /2025/06/22/igrovye-avtomaty-onlain-besplatno-i-bez-registratsii-igrat-i-sloty/ HTTP/1.1" 200 31552 "https://fnf.group/2025/06/24/igrovye-avtomaty-demo-igrat-besplatno-bez-registratsii-v-kazino-2/" "Mozilla/5.0 (Linux; Android 7.0;) AppleWebKit/537.36 (KHTML, like Gecko) Mobile Safari/537.36 (compatible; PetalBot;+https://webmaster.petalsearch.com/site/petalbot)"
192.178.6.102 - - [05/Jul/2025:15:50:10 -0400] "GET /?n=9537717273503&channel=edce74&from=blog.php%3Fid%3D172735-1832%26name%3D%E3%82%AB%E3%83%BC%E3%83%9C%E3%83%B3%E3%83%95%E3%82%A1%E3%82%A4%E3%83%90%E3%83%BC%E7%B4%A0%E6%9D%90%E3%82%A8%E3%83%B3%E3%82%B8%E3%83%B3%E3%82%AB%E3%83%90%E3%83%BC%E3%83%9C%E3%83%B3%E3%83%8D%E3%83%83%E3%83%88%E3%83%95%E3%83%BC%E3%83%89%E3%80%81%E3%82%AB%E3%82%A4%E3%82%A8%E3%83%B3+9Y0.1+2018-2023+%E5%AF%BE%E5%BF%9C%28FRP+Black%29 HTTP/1.1" 301 0 "-" "Mozilla/5.0 (Linux; Android 6.0.1; Nexus 5X Build/MMB29P) AppleWebKit/537.36 (KHTML, like Gecko) Chrome/137.0.7151.103 Mobile Safari/537.36 (compatible; Googlebot/2.1; +http://www.google.com/bot.html)"
192.178.6.102 - - [05/Jul/2025:15:50:12 -0400] "GET /?n=9537717273503&channel=edce74&from=blog.php%3Fid%3D172735-1832%26name%3D%E3%82%AB%E3%83%BC%E3%83%9C%E3%83%B3%E3%83%95%E3%82%A1%E3%82%A4%E3%83%90%E3%83%BC%E7%B4%A0%E6%9D%90%E3%82%A8%E3%83%B3%E3%82%B8%E3%83%B3%E3%82%AB%E3%83%90%E3%83%BC%E3%83%9C%E3%83%B3%E3%83%8D%E3%83%83%E3%83%88%E3%83%95%E3%83%BC%E3%83%89%E3%80%81%E3%82%AB%E3%82%A4%E3%82%A8%E3%83%B3%209Y0.1%202018-2023%20%E5%AF%BE%E5%BF%9C%28FRP%20Black%29 HTTP/1.1" 200 30572 "-" "Mozilla/5.0 (Linux; Android 6.0.1; Nexus 5X Build/MMB29P) AppleWebKit/537.36 (KHTML, like Gecko) Chrome/137.0.7151.103 Mobile Safari/537.36 (compatible; Googlebot/2.1; +http://www.google.com/bot.html)"
63.250.38.117 - - [05/Jul/2025:15:51:05 -0400] "POST /wp-cron.php?doing_wp_cron=1751745065.0707120895385742187500 HTTP/1.1" 403 1242 "-" "WordPress/6.8.1; https://fnf.group"
192.178.6.102 - - [05/Jul/2025:15:51:00 -0400] "GET /?n=92596159593500&channel=a5e56f&from=news.php%3Fid%3D1595935-10463%26name%3D%E3%82%AA%E3%83%BC%E3%83%88%E3%83%90%E3%82%A4%E3%83%8F%E3%83%B3%E3%83%89%E3%82%AC%E3%83%BC+%E3%83%95%E3%82%A9%E3%83%AB%E3%83%84%E3%82%A1+350+2021+2022+2023+2024+%E3%82%AA%E3%83%BC%E3%83%88%E3%83%90%E3%82%A4%E3%83%8F%E3%83%B3%E3%83%89%E3%82%AC%E3%83%BC%E3%83%89%E3%82%AF%E3%83%A9%E3%83%83%E3%83%81%E3%83%AC%E3%83%90%E3%83%BC%E3%83%97%E3%83%AD%E3%83%86%E3%82%AF%E3%82%BF%E3%83%BC%E3%83%8F HTTP/1.1" 301 0 "-" "Mozilla/5.0 (Linux; Android 6.0.1; Nexus 5X Build/MMB29P) AppleWebKit/537.36 (KHTML, like Gecko) Chrome/137.0.7151.103 Mobile Safari/537.36 (compatible; Googlebot/2.1; +http://www.google.com/bot.html)"
63.250.38.117 - - [05/Jul/2025:15:51:07 -0400] "POST /wp-cron.php?doing_wp_cron=1751745067.6775250434875488281250 HTTP/1.1" 403 1242 "-" "WordPress/6.8.1; https://fnf.group"
114.119.131.93 - - [05/Jul/2025:15:51:03 -0400] "GET /2020/09/16/cone-papri-chaat-by-kanwal-samad/ HTTP/1.1" 200 18689 "https://fnf.group/2020/09/16/cone-papri-chaat-by-kanwal-samad" "Mozilla/5.0 (Linux; Android 7.0;) AppleWebKit/537.36 (KHTML, like Gecko) Mobile Safari/537.36 (compatible; PetalBot;+https://webmaster.petalsearch.com/site/petalbot)"
192.178.6.100 - - [05/Jul/2025:15:51:05 -0400] "GET /?n=92596159593500&channel=a5e56f&from=news.php%3Fid%3D1595935-10463%26name%3D%E3%82%AA%E3%83%BC%E3%83%88%E3%83%90%E3%82%A4%E3%83%8F%E3%83%B3%E3%83%89%E3%82%AC%E3%83%BC%20%E3%83%95%E3%82%A9%E3%83%AB%E3%83%84%E3%82%A1%20350%202021%202022%202023%202024%20%E3%82%AA%E3%83%BC%E3%83%88%E3%83%90%E3%82%A4%E3%83%8F%E3%83%B3%E3%83%89%E3%82%AC%E3%83%BC%E3%83%89%E3%82%AF%E3%83%A9%E3%83%83%E3%83%81%E3%83%AC%E3%83%90%E3%83%BC%E3%83%97%E3%83%AD%E3%83%86%E3%82%AF%E3%82%BF%E3%83%BC%E3%83%8F HTTP/1.1" 200 30568 "-" "Mozilla/5.0 (Linux; Android 6.0.1; Nexus 5X Build/MMB29P) AppleWebKit/537.36 (KHTML, like Gecko) Chrome/137.0.7151.103 Mobile Safari/537.36 (compatible; Googlebot/2.1; +http://www.google.com/bot.html)"
192.178.6.100 - - [05/Jul/2025:15:51:11 -0400] "GET /?n=82728194802200&channel=f941a5&from=info.php%3Fid%3D1948022-8003%26name%3DT%E3%83%8F%E3%83%B3%E3%83%89%E3%83%AB%E3%83%AD%E3%83%83%E3%82%AF+%E3%82%AC%E3%83%AC%E3%83%BC%E3%82%B8%E3%83%89%E3%82%A2%E3%83%AD%E3%83%83%E3%82%AF+T%E3%82%BF%E3%82%A4%E3%83%97%E3%83%87%E3%82%B6%E3%82%A4%E3%83%B3+%E3%82%B7%E3%83%A3%E3%83%BC%E3%82%B7%E3%82%AD%E3%83%A3%E3%83%93%E3%83%8D%E3%83%83%E3%83%88%E3%83%89%E3%82%A2%E7%94%A8+%E3%83%88%E3%83%AC%E3%83%BC%E3%83%A9%E3%83%BCRV%E7%94%A8+1%E5%80%8B HTTP/1.1" 301 0 "-" "Mozilla/5.0 (Linux; Android 6.0.1; Nexus 5X Build/MMB29P) AppleWebKit/537.36 (KHTML, like Gecko) Chrome/137.0.7151.103 Mobile Safari/537.36 (compatible; Googlebot/2.1; +http://www.google.com/bot.html)"
192.178.6.100 - - [05/Jul/2025:15:51:12 -0400] "GET /?n=77782163285205&channel=d02954&from=brands.php%3Fid%3D1632852-2031%26name%3D%E8%A4%87%E6%95%B0%E3%81%AE%E3%82%B9%E3%83%AD%E3%83%83%E3%83%88%E4%BB%98%E3%81%8D%E5%A4%A9%E7%84%B6%E6%9C%A8%E3%83%AA%E3%83%9C%E3%83%B3%E5%8F%8E%E7%B4%8D%E3%83%A9%E3%83%83%E3%82%AF+-+%E3%82%AF%E3%83%A9%E3%83%95%E3%82%BF%E3%83%BC%E5%90%91%E3%81%91%E9%A0%91%E4%B8%88%E3%81%AA%E3%82%AF%E3%83%A9%E3%83%95%E3%83%88%E3%82%AA%E3%83%BC%E3%82%AC%E3%83%8A%E3%82%A4%E3%82%B6%E3%83%BC%E3%80%81%E3%82%B9%E3%83%97%E3%83%BC%E3%83%AB%EF%BC%86%E5%B7%BB%E3%81%8D%E7%B4%90%E3%82%92%E4%BF%9D%E6%8C%81%E3%80%81%E8%80%90%E4%B9%85%E6%80%A7%E3%81%AE%E3%81%82%E3%82%8B%E3%82%A2%E3%83%BC%E3%83%88%E7%94%A8%E5%93%81%E3%82%B9%E3%83%88%E3%83%AC%E3%83%BC%E3%82%B8%EF%BC%88%E3%82%B9%E3%82%AF%E3%83%A9%E3%83%83%E3%83%97%E3%83%96%E3%83%83%E3%82%AD%E3%83%B3%E3%82%B0%E3%80%81%E3%82%AE%E3%83%95%E3%83%88%E3%83%A9%E3%83%83%E3%83%94%E3%83%B3%E3%82%B0%E3%80%81DIY%E3%83%97%E3%83%AD%E3%82%B8%E3%82%A7%E3%82%AF%E3%83%88%E7%94%A8%EF%BC%89%E3%80%81%E3%82%B9%E3%82%AF%E3%83%A9%E3%83%83%E3%83%97%E3%83%96%E3%83%83%E3%82%AD%E3%83%B3%E3%82%B0%E5%BF%85%E9%9C%80%E5%93%81+%7C+%E5%A4%A9%E7%84%B6%E6%9C%A8%E3%83%87%E3%82%B6%E3%82%A4%E3%83%B3 HTTP/1.1" 301 0 "-" "Mozilla/5.0 (Linux; Android 6.0.1; Nexus 5X Build/MMB29P) AppleWebKit/537.36 (KHTML, like Gecko) Chrome/137.0.7151.103 Mobile Safari/537.36 (compatible; Googlebot/2.1; +http://www.google.com/bot.html)"
192.178.6.100 - - [05/Jul/2025:15:51:14 -0400] "GET /?n=82728194802200&channel=f941a5&from=info.php%3Fid%3D1948022-8003%26name%3DT%E3%83%8F%E3%83%B3%E3%83%89%E3%83%AB%E3%83%AD%E3%83%83%E3%82%AF%20%E3%82%AC%E3%83%AC%E3%83%BC%E3%82%B8%E3%83%89%E3%82%A2%E3%83%AD%E3%83%83%E3%82%AF%20T%E3%82%BF%E3%82%A4%E3%83%97%E3%83%87%E3%82%B6%E3%82%A4%E3%83%B3%20%E3%82%B7%E3%83%A3%E3%83%BC%E3%82%B7%E3%82%AD%E3%83%A3%E3%83%93%E3%83%8D%E3%83%83%E3%83%88%E3%83%89%E3%82%A2%E7%94%A8%20%E3%83%88%E3%83%AC%E3%83%BC%E3%83%A9%E3%83%BCRV%E7%94%A8%201%E5%80%8B HTTP/1.1" 200 30577 "-" "Mozilla/5.0 (Linux; Android 6.0.1; Nexus 5X Build/MMB29P) AppleWebKit/537.36 (KHTML, like Gecko) Chrome/137.0.7151.103 Mobile Safari/537.36 (compatible; Googlebot/2.1; +http://www.google.com/bot.html)"
192.178.6.100 - - [05/Jul/2025:15:51:16 -0400] "GET /?n=77782163285205&channel=d02954&from=brands.php%3Fid%3D1632852-2031%26name%3D%E8%A4%87%E6%95%B0%E3%81%AE%E3%82%B9%E3%83%AD%E3%83%83%E3%83%88%E4%BB%98%E3%81%8D%E5%A4%A9%E7%84%B6%E6%9C%A8%E3%83%AA%E3%83%9C%E3%83%B3%E5%8F%8E%E7%B4%8D%E3%83%A9%E3%83%83%E3%82%AF%20-%20%E3%82%AF%E3%83%A9%E3%83%95%E3%82%BF%E3%83%BC%E5%90%91%E3%81%91%E9%A0%91%E4%B8%88%E3%81%AA%E3%82%AF%E3%83%A9%E3%83%95%E3%83%88%E3%82%AA%E3%83%BC%E3%82%AC%E3%83%8A%E3%82%A4%E3%82%B6%E3%83%BC%E3%80%81%E3%82%B9%E3%83%97%E3%83%BC%E3%83%AB%EF%BC%86%E5%B7%BB%E3%81%8D%E7%B4%90%E3%82%92%E4%BF%9D%E6%8C%81%E3%80%81%E8%80%90%E4%B9%85%E6%80%A7%E3%81%AE%E3%81%82%E3%82%8B%E3%82%A2%E3%83%BC%E3%83%88%E7%94%A8%E5%93%81%E3%82%B9%E3%83%88%E3%83%AC%E3%83%BC%E3%82%B8%EF%BC%88%E3%82%B9%E3%82%AF%E3%83%A9%E3%83%83%E3%83%97%E3%83%96%E3%83%83%E3%82%AD%E3%83%B3%E3%82%B0%E3%80%81%E3%82%AE%E3%83%95%E3%83%88%E3%83%A9%E3%83%83%E3%83%94%E3%83%B3%E3%82%B0%E3%80%81DIY%E3%83%97%E3%83%AD%E3%82%B8%E3%82%A7%E3%82%AF%E3%83%88%E7%94%A8%EF%BC%89%E3%80%81%E3%82%B9%E3%82%AF%E3%83%A9%E3%83%83%E3%83%97%E3%83%96%E3%83%83%E3%82%AD%E3%83%B3%E3%82%B0%E5%BF%85%E9%9C%80%E5%93%81%20%7C%20%E5%A4%A9%E7%84%B6%E6%9C%A8%E3%83%87%E3%82%B6%E3%82%A4%E3%83%B3 HTTP/1.1" 200 30569 "-" "Mozilla/5.0 (Linux; Android 6.0.1; Nexus 5X Build/MMB29P) AppleWebKit/537.36 (KHTML, like Gecko) Chrome/137.0.7151.103 Mobile Safari/537.36 (compatible; Googlebot/2.1; +http://www.google.com/bot.html)"
192.178.6.100 - - [05/Jul/2025:15:51:44 -0400] "GET /?n=0786778894300&channel=492c62&from=shop.php%3Fid%3D788943-3702%26name%3D%E6%B0%B4%E6%99%B6+%E3%83%80%E3%83%96%E3%83%AB%E3%83%9D%E3%82%A4%E3%83%B3%E3%83%88+%E5%85%AD%E8%A7%92%E6%9F%B1+%E3%82%AF%E3%83%AA%E3%82%B9%E3%82%BF%E3%83%AB+%E4%B8%80%E7%82%B9%E7%89%A9+142-7814 HTTP/1.1" 301 0 "-" "Mozilla/5.0 (Linux; Android 6.0.1; Nexus 5X Build/MMB29P) AppleWebKit/537.36 (KHTML, like Gecko) Chrome/137.0.7151.103 Mobile Safari/537.36 (compatible; Googlebot/2.1; +http://www.google.com/bot.html)"
192.178.6.100 - - [05/Jul/2025:15:51:45 -0400] "GET /?n=0786778894300&channel=492c62&from=shop.php%3Fid%3D788943-3702%26name%3D%E6%B0%B4%E6%99%B6%20%E3%83%80%E3%83%96%E3%83%AB%E3%83%9D%E3%82%A4%E3%83%B3%E3%83%88%20%E5%85%AD%E8%A7%92%E6%9F%B1%20%E3%82%AF%E3%83%AA%E3%82%B9%E3%82%BF%E3%83%AB%20%E4%B8%80%E7%82%B9%E7%89%A9%20142-7814 HTTP/1.1" 200 30566 "-" "Mozilla/5.0 (Linux; Android 6.0.1; Nexus 5X Build/MMB29P) AppleWebKit/537.36 (KHTML, like Gecko) Chrome/137.0.7151.103 Mobile Safari/537.36 (compatible; Googlebot/2.1; +http://www.google.com/bot.html)"
63.250.38.117 - - [05/Jul/2025:15:52:30 -0400] "POST /wp-cron.php?doing_wp_cron=1751745149.8686659336090087890625 HTTP/1.1" 403 1242 "-" "WordPress/6.8.1; https://fnf.group"
114.119.154.189 - - [05/Jul/2025:15:52:27 -0400] "GET /2025/06/26/pin-up-online-casino-online-no-brasil-mergulhe-em-um-samba-de-slots-e-jogos/ HTTP/1.1" 200 28156 "https://fnf.group/author/admin123/page/20/" "Mozilla/5.0 (Linux; Android 7.0;) AppleWebKit/537.36 (KHTML, like Gecko) Mobile Safari/537.36 (compatible; PetalBot;+https://webmaster.petalsearch.com/site/petalbot)"
216.73.216.174 - - [05/Jul/2025:15:52:42 -0400] "GET /tag/fnf-group/ HTTP/1.1" 500 1034 "-" "Mozilla/5.0 AppleWebKit/537.36 (KHTML, like Gecko; compatible; ClaudeBot/1.0; +claudebot@anthropic.com)"
63.250.38.117 - - [05/Jul/2025:15:53:52 -0400] "POST /wp-cron.php?doing_wp_cron=1751745231.9049279689788818359375 HTTP/1.1" 403 1242 "-" "WordPress/6.8.1; https://fnf.group"
114.119.148.60 - - [05/Jul/2025:15:53:50 -0400] "GET /category/fnf-events HTTP/1.1" 301 0 "http://fnf.group/category/restaurants/" "Mozilla/5.0 (Linux; Android 7.0;) AppleWebKit/537.36 (KHTML, like Gecko) Mobile Safari/537.36 (compatible; PetalBot;+https://webmaster.petalsearch.com/site/petalbot)"
114.119.148.60 - - [05/Jul/2025:15:53:52 -0400] "GET /category/fnf-events/ HTTP/1.1" 200 14764 "http://fnf.group/category/restaurants/" "Mozilla/5.0 (Linux; Android 7.0;) AppleWebKit/537.36 (KHTML, like Gecko) Mobile Safari/537.36 (compatible; PetalBot;+https://webmaster.petalsearch.com/site/petalbot)"
192.178.6.102 - - [05/Jul/2025:15:54:08 -0400] "GET /?n=1621923193901&channel=a5e56f&from=blog.php%3Fid%3D231939-10463%26name%3D%E3%83%96%E3%83%AC%E3%83%BC%E3%82%AD%E3%82%AC%E3%83%BC%E3%83%89+%E3%83%8F%E3%83%B3%E3%83%89%E3%83%AB%E3%82%AC%E3%83%BC%E3%83%89+%E3%83%A4%E3%83%9E%E3%83%8F%E3%81%AB%E9%81%A9%E5%90%88%E3%81%99%E3%82%8B+YZFR1+YZF+R1+YZF-R1+1998+1999+2000+2001+2 HTTP/1.1" 301 0 "-" "Mozilla/5.0 (Linux; Android 6.0.1; Nexus 5X Build/MMB29P) AppleWebKit/537.36 (KHTML, like Gecko) Chrome/137.0.7151.103 Mobile Safari/537.36 (compatible; Googlebot/2.1; +http://www.google.com/bot.html)"
192.178.6.101 - - [05/Jul/2025:15:54:12 -0400] "GET /?n=1621923193901&channel=a5e56f&from=blog.php%3Fid%3D231939-10463%26name%3D%E3%83%96%E3%83%AC%E3%83%BC%E3%82%AD%E3%82%AC%E3%83%BC%E3%83%89%20%E3%83%8F%E3%83%B3%E3%83%89%E3%83%AB%E3%82%AC%E3%83%BC%E3%83%89%20%E3%83%A4%E3%83%9E%E3%83%8F%E3%81%AB%E9%81%A9%E5%90%88%E3%81%99%E3%82%8B%20YZFR1%20YZF%20R1%20YZF-R1%201998%201999%202000%202001%202 HTTP/1.1" 200 30568 "-" "Mozilla/5.0 (Linux; Android 6.0.1; Nexus 5X Build/MMB29P) AppleWebKit/537.36 (KHTML, like Gecko) Chrome/137.0.7151.103 Mobile Safari/537.36 (compatible; Googlebot/2.1; +http://www.google.com/bot.html)"
192.178.6.100 - - [05/Jul/2025:15:54:17 -0400] "GET /?n=1880918108100&channel=73f07c&from=category-info.php%3Fid%3D181081-9818%26name%3DIPA+Lot+When+I+Drink+12%E3%82%A4%E3%83%B3%E3%83%81+x+12%E3%82%A4%E3%83%B3%E3%83%81+%E9%9D%A2%E7%99%BD%E3%81%84%E3%83%96%E3%83%AA%E3%82%AD%E3%81%AE%E9%81%93%E8%B7%AF%E6%A8%99%E8%AD%98 HTTP/1.1" 301 0 "-" "Mozilla/5.0 (Linux; Android 6.0.1; Nexus 5X Build/MMB29P) AppleWebKit/537.36 (KHTML, like Gecko) Chrome/137.0.7151.103 Mobile Safari/537.36 (compatible; Googlebot/2.1; +http://www.google.com/bot.html)"
192.178.6.100 - - [05/Jul/2025:15:54:20 -0400] "GET /?n=1880918108100&channel=73f07c&from=category-info.php%3Fid%3D181081-9818%26name%3DIPA%20Lot%20When%20I%20Drink%2012%E3%82%A4%E3%83%B3%E3%83%81%20x%2012%E3%82%A4%E3%83%B3%E3%83%81%20%E9%9D%A2%E7%99%BD%E3%81%84%E3%83%96%E3%83%AA%E3%82%AD%E3%81%AE%E9%81%93%E8%B7%AF%E6%A8%99%E8%AD%98 HTTP/1.1" 200 30568 "-" "Mozilla/5.0 (Linux; Android 6.0.1; Nexus 5X Build/MMB29P) AppleWebKit/537.36 (KHTML, like Gecko) Chrome/137.0.7151.103 Mobile Safari/537.36 (compatible; Googlebot/2.1; +http://www.google.com/bot.html)"
63.250.38.117 - - [05/Jul/2025:15:55:11 -0400] "POST /wp-cron.php?doing_wp_cron=1751745310.8820641040802001953125 HTTP/1.1" 403 1242 "-" "WordPress/6.8.1; https://fnf.group"
192.178.6.102 - - [05/Jul/2025:15:55:08 -0400] "GET /?n=91108130788300&channel=6e7adf&from=brands.php%3Fid%3D1307883-16679%26name%3DLevelukJr+IV+%E3%81%8B%E3%82%93%E3%81%92%E3%82%93+%E6%B0%B4%E3%82%A4%E3%82%AA%E3%83%B3%E5%8C%96%E5%99%A8+%E3%83%A2%E3%83%BC%E3%82%B7%E3%83%A7%E3%83%B3%E3%83%87%E3%82%A3%E3%82%B9%E3%83%97%E3%83%AC%E3%82%A4+%E9%A3%B2%E6%96%99%E6%B0%B4%E8%A8%AD%E5%AE%9A HTTP/1.1" 301 0 "-" "Mozilla/5.0 (Linux; Android 6.0.1; Nexus 5X Build/MMB29P) AppleWebKit/537.36 (KHTML, like Gecko) Chrome/137.0.7151.103 Mobile Safari/537.36 (compatible; Googlebot/2.1; +http://www.google.com/bot.html)"
192.178.6.100 - - [05/Jul/2025:15:55:11 -0400] "GET /?n=91108130788300&channel=6e7adf&from=brands.php%3Fid%3D1307883-16679%26name%3DLevelukJr%20IV%20%E3%81%8B%E3%82%93%E3%81%92%E3%82%93%20%E6%B0%B4%E3%82%A4%E3%82%AA%E3%83%B3%E5%8C%96%E5%99%A8%20%E3%83%A2%E3%83%BC%E3%82%B7%E3%83%A7%E3%83%B3%E3%83%87%E3%82%A3%E3%82%B9%E3%83%97%E3%83%AC%E3%82%A4%20%E9%A3%B2%E6%96%99%E6%B0%B4%E8%A8%AD%E5%AE%9A HTTP/1.1" 200 30564 "-" "Mozilla/5.0 (Linux; Android 6.0.1; Nexus 5X Build/MMB29P) AppleWebKit/537.36 (KHTML, like Gecko) Chrome/137.0.7151.103 Mobile Safari/537.36 (compatible; Googlebot/2.1; +http://www.google.com/bot.html)"
192.178.6.101 - - [05/Jul/2025:15:55:16 -0400] "GET /?n=86288190628901&channel=7abc5d&from=product.php%3Fid%3D1906289-1995%26name%3DX4-14+%E8%87%AA%E5%AE%B6%E6%8E%A1%E5%8F%96%E7%A8%AE%E5%AD%90%E3%80%8E%E3%83%8B%E3%83%81%E3%83%8B%E3%83%81%E3%82%BD%E3%82%A6%E3%80%80MIX200%E7%B2%92%E3%80%8F HTTP/1.1" 301 0 "-" "Mozilla/5.0 (Linux; Android 6.0.1; Nexus 5X Build/MMB29P) AppleWebKit/537.36 (KHTML, like Gecko) Chrome/137.0.7151.103 Mobile Safari/537.36 (compatible; Googlebot/2.1; +http://www.google.com/bot.html)"
192.178.6.100 - - [05/Jul/2025:15:55:16 -0400] "GET /?n=8062038129704&channel=6f88cc&from=info.php%3Fid%3D381297-15498%26name%3D%E3%83%80%E3%83%B3%E3%83%91%E3%83%BC%E3%82%B9%E3%82%BF%E3%83%93%E3%83%A9%E3%82%A4%E3%82%B6%E3%83%BC+%E7%94%A8+G%E3%83%96%E3%83%BC%E3%82%B9%E3%82%BF%E3%83%BC+%E7%94%A8+%E3%82%B9%E3%82%AF%E3%83%BC%E3%82%BF%E3%83%BC+%E3%82%B9%E3%83%86%E3%82%A2%E3%83%AA%E3%83%B3%E3%82%B0%E3%83%80%E3%83%B3%E3%83%91%E3%83%BC+%E3%82%AA%E3%83%BC%E3%83%88%E3%83%90%E3%82%A4%E7%94%A8%E3%82%B9%E3%83%86%E3%82%A2%E3%83%AA%E3%83%B3%E3%82%B0%E3%83%80%E3%83%B3%E3%83%91%E3%83%BC+%E3%82%B9%E3%82%BF%E3%83%93%E3%83%A9%E3%82%A4%E3%82%B6%E3%83%BC%E3%83%96%E3%83%A9 HTTP/1.1" 301 0 "-" "Mozilla/5.0 (Linux; Android 6.0.1; Nexus 5X Build/MMB29P) AppleWebKit/537.36 (KHTML, like Gecko) Chrome/137.0.7151.103 Mobile Safari/537.36 (compatible; Googlebot/2.1; +http://www.google.com/bot.html)"
192.178.6.100 - - [05/Jul/2025:15:55:20 -0400] "GET /?n=8062038129704&channel=6f88cc&from=info.php%3Fid%3D381297-15498%26name%3D%E3%83%80%E3%83%B3%E3%83%91%E3%83%BC%E3%82%B9%E3%82%BF%E3%83%93%E3%83%A9%E3%82%A4%E3%82%B6%E3%83%BC%20%E7%94%A8%20G%E3%83%96%E3%83%BC%E3%82%B9%E3%82%BF%E3%83%BC%20%E7%94%A8%20%E3%82%B9%E3%82%AF%E3%83%BC%E3%82%BF%E3%83%BC%20%E3%82%B9%E3%83%86%E3%82%A2%E3%83%AA%E3%83%B3%E3%82%B0%E3%83%80%E3%83%B3%E3%83%91%E3%83%BC%20%E3%82%AA%E3%83%BC%E3%83%88%E3%83%90%E3%82%A4%E7%94%A8%E3%82%B9%E3%83%86%E3%82%A2%E3%83%AA%E3%83%B3%E3%82%B0%E3%83%80%E3%83%B3%E3%83%91%E3%83%BC%20%E3%82%B9%E3%82%BF%E3%83%93%E3%83%A9%E3%82%A4%E3%82%B6%E3%83%BC%E3%83%96%E3%83%A9 HTTP/1.1" 200 30568 "-" "Mozilla/5.0 (Linux; Android 6.0.1; Nexus 5X Build/MMB29P) AppleWebKit/537.36 (KHTML, like Gecko) Chrome/137.0.7151.103 Mobile Safari/537.36 (compatible; Googlebot/2.1; +http://www.google.com/bot.html)"
192.178.6.100 - - [05/Jul/2025:15:55:20 -0400] "GET /?n=86288190628901&channel=7abc5d&from=product.php%3Fid%3D1906289-1995%26name%3DX4-14%20%E8%87%AA%E5%AE%B6%E6%8E%A1%E5%8F%96%E7%A8%AE%E5%AD%90%E3%80%8E%E3%83%8B%E3%83%81%E3%83%8B%E3%83%81%E3%82%BD%E3%82%A6%E3%80%80MIX200%E7%B2%92%E3%80%8F HTTP/1.1" 200 30578 "-" "Mozilla/5.0 (Linux; Android 6.0.1; Nexus 5X Build/MMB29P) AppleWebKit/537.36 (KHTML, like Gecko) Chrome/137.0.7151.103 Mobile Safari/537.36 (compatible; Googlebot/2.1; +http://www.google.com/bot.html)"
192.178.6.100 - - [05/Jul/2025:15:55:45 -0400] "GET /?n=25615139345201&channel=e7c8cc&from=product.php%3Fid%3D1393452-1143%26name%3D%E3%81%B5%E3%81%97%E3%81%8E%E9%AD%94%E6%B3%95+%E3%83%95%E3%82%A1%E3%83%B3%E3%83%95%E3%82%A1%E3%83%B3%E3%83%95%E3%82%A1%E3%83%BC%E3%83%9E%E3%82%B7%E3%82%A3%E3%83%BC+DVD+BOX+%E6%9C%9F%E9%96%93%E9%99%90%E5%AE%9A%E7%94%9F%E7%94%A3 HTTP/1.1" 301 0 "-" "Mozilla/5.0 (Linux; Android 6.0.1; Nexus 5X Build/MMB29P) AppleWebKit/537.36 (KHTML, like Gecko) Chrome/137.0.7151.103 Mobile Safari/537.36 (compatible; Googlebot/2.1; +http://www.google.com/bot.html)"
192.178.6.100 - - [05/Jul/2025:15:55:48 -0400] "GET /?n=25615139345201&channel=e7c8cc&from=product.php%3Fid%3D1393452-1143%26name%3D%E3%81%B5%E3%81%97%E3%81%8E%E9%AD%94%E6%B3%95%20%E3%83%95%E3%82%A1%E3%83%B3%E3%83%95%E3%82%A1%E3%83%B3%E3%83%95%E3%82%A1%E3%83%BC%E3%83%9E%E3%82%B7%E3%82%A3%E3%83%BC%20DVD%20BOX%20%E6%9C%9F%E9%96%93%E9%99%90%E5%AE%9A%E7%94%9F%E7%94%A3 HTTP/1.1" 200 30572 "-" "Mozilla/5.0 (Linux; Android 6.0.1; Nexus 5X Build/MMB29P) AppleWebKit/537.36 (KHTML, like Gecko) Chrome/137.0.7151.103 Mobile Safari/537.36 (compatible; Googlebot/2.1; +http://www.google.com/bot.html)"
2a03:2880:f800:c:: - - [05/Jul/2025:15:56:06 -0400] "GET / HTTP/1.1" 301 0 "-" "meta-externalagent/1.1 (+https://developers.facebook.com/docs/sharing/webmasters/crawler)"
63.250.38.117 - - [05/Jul/2025:15:56:36 -0400] "POST /wp-cron.php?doing_wp_cron=1751745396.4679479598999023437500 HTTP/1.1" 403 1242 "-" "WordPress/6.8.1; https://fnf.group"
43.135.185.59 - - [05/Jul/2025:15:56:34 -0400] "GET /wp-json/oembed/1.0/embed?url=https%3A%2F%2Ffnf.group%2Fabout-us%2F HTTP/1.1" 200 2686 "-" "Mozilla/5.0 (iPhone; CPU iPhone OS 13_2_3 like Mac OS X) AppleWebKit/605.1.15 (KHTML, like Gecko) Version/13.0.3 Mobile/15E148 Safari/604.1"
192.178.6.102 - - [05/Jul/2025:15:56:39 -0400] "GET /?n=91128121393104&channel=7fd856&from=article.php%3Fid%3D1213931-204%26name%3D%E3%83%9E%E3%83%83%E3%82%AF%E3%83%86%E3%83%83%E3%82%AF+7w HTTP/1.1" 301 0 "-" "Mozilla/5.0 (Linux; Android 6.0.1; Nexus 5X Build/MMB29P) AppleWebKit/537.36 (KHTML, like Gecko) Chrome/137.0.7151.103 Mobile Safari/537.36 (compatible; Googlebot/2.1; +http://www.google.com/bot.html)"
192.178.6.101 - - [05/Jul/2025:15:56:41 -0400] "GET /?n=91128121393104&channel=7fd856&from=article.php%3Fid%3D1213931-204%26name%3D%E3%83%9E%E3%83%83%E3%82%AF%E3%83%86%E3%83%83%E3%82%AF%207w HTTP/1.1" 200 30568 "-" "Mozilla/5.0 (Linux; Android 6.0.1; Nexus 5X Build/MMB29P) AppleWebKit/537.36 (KHTML, like Gecko) Chrome/137.0.7151.103 Mobile Safari/537.36 (compatible; Googlebot/2.1; +http://www.google.com/bot.html)"
63.250.38.117 - - [05/Jul/2025:15:57:55 -0400] "POST /wp-cron.php?doing_wp_cron=1751745475.1851139068603515625000 HTTP/1.1" 403 1242 "-" "WordPress/6.8.1; https://fnf.group"
192.178.6.102 - - [05/Jul/2025:15:57:53 -0400] "GET /?n=16525108861202&channel=c2cb37&from=blog.php%3Fid%3D1088612-7311%26name%3D%E3%82%BF%E3%82%B8%E3%83%9E+%E8%B6%85%E7%AB%8B%E4%BD%93+%E8%83%B4%E5%BD%93%E3%81%A6%E3%83%99%E3%83%AB%E3%83%88+L%E3%82%B5%E3%82%A4%E3%82%BA+%281%E6%9C%AC%29+%E5%93%81%E7%95%AA%EF%BC%9ACR900 HTTP/1.1" 301 0 "-" "Mozilla/5.0 (Linux; Android 6.0.1; Nexus 5X Build/MMB29P) AppleWebKit/537.36 (KHTML, like Gecko) Chrome/137.0.7151.103 Mobile Safari/537.36 (compatible; Googlebot/2.1; +http://www.google.com/bot.html)"
192.178.6.102 - - [05/Jul/2025:15:57:55 -0400] "GET /?n=16525108861202&channel=c2cb37&from=blog.php%3Fid%3D1088612-7311%26name%3D%E3%82%BF%E3%82%B8%E3%83%9E%20%E8%B6%85%E7%AB%8B%E4%BD%93%20%E8%83%B4%E5%BD%93%E3%81%A6%E3%83%99%E3%83%AB%E3%83%88%20L%E3%82%B5%E3%82%A4%E3%82%BA%20%281%E6%9C%AC%29%20%E5%93%81%E7%95%AA%EF%BC%9ACR900 HTTP/1.1" 200 30572 "-" "Mozilla/5.0 (Linux; Android 6.0.1; Nexus 5X Build/MMB29P) AppleWebKit/537.36 (KHTML, like Gecko) Chrome/137.0.7151.103 Mobile Safari/537.36 (compatible; Googlebot/2.1; +http://www.google.com/bot.html)"
192.178.6.100 - - [05/Jul/2025:15:58:26 -0400] "GET /?n=890058516202&channel=c1ad4c&from=jp.php%3Fid%3D85162-6994%26name%3D%E3%83%A1%E3%82%BF%E3%83%AB%E3%83%AA%E3%83%BC%E3%83%95%E3%82%A6%E3%82%A9%E3%83%BC%E3%83%AB%E3%83%87%E3%82%B3%E3%83%A2%E3%83%80%E3%83%B33D%E3%82%A2%E3%82%A4%E3%82%A2%E3%83%B3%E3%83%95%E3%83%A9%E3%83%AF%E3%83%BC%E3%82%A6%E3%82%A9%E3%83%BC%E3%83%AB%E3%82%A2%E3%83%BC%E3%83%88%E3%83%AA%E3%83%93%E3%83%B3%E3%82%B0%E3%83%AB%E3%83%BC%E3%83%A0%E7%94%A8%E4%B8%AD%E7%A9%BA%E3%83%87%E3%82%B6%E3%82%A4%E3%83%B3%E8%91%89%E5%A3%81%E6%8E%9B%E3%81%91%E8%A3%85%E9%A3%BE HTTP/1.1" 200 30569 "-" "Mozilla/5.0 (Linux; Android 6.0.1; Nexus 5X Build/MMB29P) AppleWebKit/537.36 (KHTML, like Gecko) Chrome/137.0.7151.103 Mobile Safari/537.36 (compatible; Googlebot/2.1; +http://www.google.com/bot.html)"
63.250.38.117 - - [05/Jul/2025:15:59:43 -0400] "POST /wp-cron.php?doing_wp_cron=1751745583.2761719226837158203125 HTTP/1.1" 403 1242 "-" "WordPress/6.8.1; https://fnf.group"
