192.178.6.100 - - [05/Jul/2025:17:41:54 -0400] "GET /?n=3287216708604&channel=add333&from=jp.php%3Fid%3D167086-3868%26name%3DLPAOMKL%20%E8%B5%A4%E3%81%84%E6%9E%9C%E5%AE%9F%E3%80%81%E5%AF%8C%E3%80%81%E6%9E%9C%E5%AE%9F%E3%80%81%E6%9D%BE%E8%91%89%E8%94%93%E3%80%81%E3%83%95%E3%83%A9%E3%83%AF%E3%83%BC%E3%83%AA%E3%83%B3%E3%82%B0%E3%80%81%E3%83%89%E3%82%A2%E3%81%BE%E3%81%90%E3%81%95%E3%80%81%E7%AB%8B%E3%81%A1%E6%9C%A8%E3%83%95%E3%83%A9%E3%83%AF%E3%83%BC%E3%83%AA%E3%83%B3%E3%82%B0 HTTP/1.1" 200 30428 "-" "Mozilla/5.0 (Linux; Android 6.0.1; Nexus 5X Build/MMB29P) AppleWebKit/537.36 (KHTML, like Gecko) Chrome/137.0.7151.103 Mobile Safari/537.36 (compatible; Googlebot/2.1; +http://www.google.com/bot.html)"
63.250.38.117 - - [05/Jul/2025:17:44:09 -0400] "POST /wp-cron.php?doing_wp_cron=1751751848.7943160533905029296875 HTTP/1.1" 403 1242 "-" "WordPress/6.8.1; https://fnf.group"
2a03:2880:f800:1d:: - - [05/Jul/2025:17:43:58 -0400] "GET /wp-json/oembed/1.0/embed?url=https%3A%2F%2Ffnf.group%2F2025%2F06%2F23%2Fmostbet-giris-2025-guncel-adres-casino-ve-spor-bahisleri-turkiye-2%2F HTTP/1.1" 200 3249 "-" "meta-externalagent/1.1 (+https://developers.facebook.com/docs/sharing/webmasters/crawler)"
89.110.103.94 - - [05/Jul/2025:17:44:09 -0400] "GET / HTTP/1.1" 200 30428 "-" "Mozilla/5.0 (Macintosh; Intel Mac OS X 10_15_7) AppleWebKit/537.36 (KHTML, like Gecko) Chrome/133.0.0.0 Safari/537.36"
216.73.216.174 - - [05/Jul/2025:17:44:13 -0400] "GET /sitemap.xml HTTP/1.1" 500 1034 "-" "Mozilla/5.0 AppleWebKit/537.36 (KHTML, like Gecko; compatible; ClaudeBot/1.0; +claudebot@anthropic.com)"
89.110.103.94 - - [05/Jul/2025:17:44:13 -0400] "GET /comments/feed/ HTTP/1.1" 200 1367 "-" "Mozilla/5.0 (Macintosh; Intel Mac OS X 10_15_7) AppleWebKit/537.36 (KHTML, like Gecko) Chrome/133.0.0.0 Safari/537.36"
89.110.103.94 - - [05/Jul/2025:17:44:16 -0400] "GET /2020/10/28/fry-mutton-chops-by-chanda-arshad/ HTTP/1.1" 200 19507 "-" "Mozilla/5.0 (Macintosh; Intel Mac OS X 10_15_7) AppleWebKit/537.36 (KHTML, like Gecko) Chrome/133.0.0.0 Safari/537.36"
89.110.103.94 - - [05/Jul/2025:17:44:19 -0400] "GET /2020/10/28/fry-mutton-chops-by-chanda-arshad/ HTTP/1.1" 200 19509 "-" "Mozilla/5.0 (Macintosh; Intel Mac OS X 10_15_7) AppleWebKit/537.36 (KHTML, like Gecko) Chrome/133.0.0.0 Safari/537.36"
89.110.103.94 - - [05/Jul/2025:17:44:22 -0400] "GET /2020/10/28/fry-mutton-chops-by-chanda-arshad/ HTTP/1.1" 200 19509 "-" "Mozilla/5.0 (Macintosh; Intel Mac OS X 10_15_7) AppleWebKit/537.36 (KHTML, like Gecko) Chrome/133.0.0.0 Safari/537.36"
89.110.103.94 - - [05/Jul/2025:17:44:25 -0400] "GET /2020/10/28/fry-mutton-chops-by-chanda-arshad/ HTTP/1.1" 200 19509 "-" "Mozilla/5.0 (Macintosh; Intel Mac OS X 10_15_7) AppleWebKit/537.36 (KHTML, like Gecko) Chrome/133.0.0.0 Safari/537.36"
89.110.103.94 - - [05/Jul/2025:17:44:28 -0400] "GET /2020/09/25/caramel-stuffed-apple-by-chanda-arshad/ HTTP/1.1" 200 19204 "-" "Mozilla/5.0 (Macintosh; Intel Mac OS X 10_15_7) AppleWebKit/537.36 (KHTML, like Gecko) Chrome/133.0.0.0 Safari/537.36"
89.110.103.94 - - [05/Jul/2025:17:44:31 -0400] "GET /2020/09/23/mutton-chops-by-chanda-arshad/ HTTP/1.1" 200 19249 "-" "Mozilla/5.0 (Macintosh; Intel Mac OS X 10_15_7) AppleWebKit/537.36 (KHTML, like Gecko) Chrome/133.0.0.0 Safari/537.36"
89.110.103.94 - - [05/Jul/2025:17:44:35 -0400] "GET /2020/09/23/mutton-chops-by-chanda-arshad/ HTTP/1.1" 200 19249 "-" "Mozilla/5.0 (Macintosh; Intel Mac OS X 10_15_7) AppleWebKit/537.36 (KHTML, like Gecko) Chrome/133.0.0.0 Safari/537.36"
89.110.103.94 - - [05/Jul/2025:17:44:38 -0400] "GET /2020/09/23/mutton-chops-by-chanda-arshad/ HTTP/1.1" 200 19249 "-" "Mozilla/5.0 (Macintosh; Intel Mac OS X 10_15_7) AppleWebKit/537.36 (KHTML, like Gecko) Chrome/133.0.0.0 Safari/537.36"
89.110.103.94 - - [05/Jul/2025:17:44:41 -0400] "GET /submit-your-recipe/ HTTP/1.1" 200 12506 "-" "Mozilla/5.0 (Macintosh; Intel Mac OS X 10_15_7) AppleWebKit/537.36 (KHTML, like Gecko) Chrome/133.0.0.0 Safari/537.36"
89.110.103.94 - - [05/Jul/2025:17:44:44 -0400] "GET /contact-us/ HTTP/1.1" 200 17559 "-" "Mozilla/5.0 (Macintosh; Intel Mac OS X 10_15_7) AppleWebKit/537.36 (KHTML, like Gecko) Chrome/133.0.0.0 Safari/537.36"
89.110.103.94 - - [05/Jul/2025:17:44:47 -0400] "GET /2025/07/05/plinko-reviews-login-enjoy-in-south-africa/ HTTP/1.1" 200 26654 "-" "Mozilla/5.0 (Macintosh; Intel Mac OS X 10_15_7) AppleWebKit/537.36 (KHTML, like Gecko) Chrome/133.0.0.0 Safari/537.36"
89.110.103.94 - - [05/Jul/2025:17:44:49 -0400] "GET /2025/07/05/plinko-reviews-login-enjoy-in-south-africa/feed/ HTTP/1.1" 200 547 "-" "Mozilla/5.0 (Macintosh; Intel Mac OS X 10_15_7) AppleWebKit/537.36 (KHTML, like Gecko) Chrome/133.0.0.0 Safari/537.36"
192.178.6.101 - - [05/Jul/2025:17:44:51 -0400] "GET /?n=9616293580902&channel=9e380a&from=form.php%3Fid%3D935809-7209%26name%3D%E3%82%AC%E3%83%A9%E3%82%B9%E7%B4%B0%E5%B7%A5+2%E7%82%B9%E3%81%A8%E3%83%9F%E3%83%A9%E3%83%BC%E3%83%97%E3%83%AC%E3%83%BC%E3%83%88%E3%81%AE%E3%82%BB%E3%83%83%E3%83%88 HTTP/1.1" 301 0 "-" "Mozilla/5.0 (Linux; Android 6.0.1; Nexus 5X Build/MMB29P) AppleWebKit/537.36 (KHTML, like Gecko) Chrome/137.0.7151.103 Mobile Safari/537.36 (compatible; Googlebot/2.1; +http://www.google.com/bot.html)"
89.110.103.94 - - [05/Jul/2025:17:44:51 -0400] "GET /2025/07/05/plinko-reviews-login-enjoy-in-south-africa/ HTTP/1.1" 200 26661 "-" "Mozilla/5.0 (Macintosh; Intel Mac OS X 10_15_7) AppleWebKit/537.36 (KHTML, like Gecko) Chrome/133.0.0.0 Safari/537.36"
192.178.6.100 - - [05/Jul/2025:17:44:54 -0400] "GET /?n=9616293580902&channel=9e380a&from=form.php%3Fid%3D935809-7209%26name%3D%E3%82%AC%E3%83%A9%E3%82%B9%E7%B4%B0%E5%B7%A5%202%E7%82%B9%E3%81%A8%E3%83%9F%E3%83%A9%E3%83%BC%E3%83%97%E3%83%AC%E3%83%BC%E3%83%88%E3%81%AE%E3%82%BB%E3%83%83%E3%83%88 HTTP/1.1" 200 30429 "-" "Mozilla/5.0 (Linux; Android 6.0.1; Nexus 5X Build/MMB29P) AppleWebKit/537.36 (KHTML, like Gecko) Chrome/137.0.7151.103 Mobile Safari/537.36 (compatible; Googlebot/2.1; +http://www.google.com/bot.html)"
89.110.103.94 - - [05/Jul/2025:17:44:56 -0400] "GET /2025/07/05/plinko-reviews-login-enjoy-in-south-africa/ HTTP/1.1" 200 26659 "-" "Mozilla/5.0 (Macintosh; Intel Mac OS X 10_15_7) AppleWebKit/537.36 (KHTML, like Gecko) Chrome/133.0.0.0 Safari/537.36"
89.110.103.94 - - [05/Jul/2025:17:45:00 -0400] "GET /category/reviewer/ HTTP/1.1" 200 14649 "-" "Mozilla/5.0 (Macintosh; Intel Mac OS X 10_15_7) AppleWebKit/537.36 (KHTML, like Gecko) Chrome/133.0.0.0 Safari/537.36"
63.250.38.117 - - [05/Jul/2025:17:45:09 -0400] "POST /wp-cron.php?doing_wp_cron=1751751909.3684399127960205078125 HTTP/1.1" 403 1242 "-" "WordPress/6.8.1; https://fnf.group"
89.110.103.94 - - [05/Jul/2025:17:45:06 -0400] "GET /category/reviewer/feed/ HTTP/1.1" 200 82095 "-" "Mozilla/5.0 (Macintosh; Intel Mac OS X 10_15_7) AppleWebKit/537.36 (KHTML, like Gecko) Chrome/133.0.0.0 Safari/537.36"
89.110.103.94 - - [05/Jul/2025:17:45:11 -0400] "GET /2025/07/02/online-casino-deutsche-lizenz-ggl-regulierte-casinos-2025/ HTTP/1.1" 200 28515 "-" "Mozilla/5.0 (Macintosh; Intel Mac OS X 10_15_7) AppleWebKit/537.36 (KHTML, like Gecko) Chrome/133.0.0.0 Safari/537.36"
89.110.103.94 - - [05/Jul/2025:17:45:16 -0400] "GET /2025/07/05/logowanie-perform-kasyna-nv-odblokuj-zabawe-latwo-dzieki-everything-made-easy/ HTTP/1.1" 200 27900 "-" "Mozilla/5.0 (Macintosh; Intel Mac OS X 10_15_7) AppleWebKit/537.36 (KHTML, like Gecko) Chrome/133.0.0.0 Safari/537.36"
89.110.103.94 - - [05/Jul/2025:17:45:20 -0400] "GET /2025/07/05/logowanie-perform-kasyna-nv-odblokuj-zabawe-latwo-dzieki-everything-made-easy/feed/ HTTP/1.1" 200 591 "-" "Mozilla/5.0 (Macintosh; Intel Mac OS X 10_15_7) AppleWebKit/537.36 (KHTML, like Gecko) Chrome/133.0.0.0 Safari/537.36"
89.110.103.94 - - [05/Jul/2025:17:45:22 -0400] "GET /2025/07/05/logowanie-perform-kasyna-nv-odblokuj-zabawe-latwo-dzieki-everything-made-easy/ HTTP/1.1" 200 27900 "-" "Mozilla/5.0 (Macintosh; Intel Mac OS X 10_15_7) AppleWebKit/537.36 (KHTML, like Gecko) Chrome/133.0.0.0 Safari/537.36"
89.110.103.94 - - [05/Jul/2025:17:45:25 -0400] "GET /2025/07/05/logowanie-perform-kasyna-nv-odblokuj-zabawe-latwo-dzieki-everything-made-easy/ HTTP/1.1" 200 27900 "-" "Mozilla/5.0 (Macintosh; Intel Mac OS X 10_15_7) AppleWebKit/537.36 (KHTML, like Gecko) Chrome/133.0.0.0 Safari/537.36"
66.249.77.73 - - [05/Jul/2025:17:45:35 -0400] "GET /robots.txt HTTP/1.1" 200 91 "-" "Mozilla/5.0 (compatible; Googlebot/2.1; +http://www.google.com/bot.html)"
192.178.6.101 - - [05/Jul/2025:17:45:35 -0400] "GET /?n=718146337700&channel=b21dbb&from=shared.php%3Fid%3D63377-5926%26name%3DPeavey+ValveKing+VK100+2%E3%83%81%E3%83%A3%E3%83%B3%E3%83%8D%E3%83%AB%E3%82%A2%E3%83%B3%E3%83%97%E3%83%98%E3%83%83%E3%83%89%E3%80%80%E3%82%B8%E3%83%A3%E3%83%B3%E3%82%AF HTTP/1.1" 301 0 "-" "Mozilla/5.0 (Linux; Android 6.0.1; Nexus 5X Build/MMB29P) AppleWebKit/537.36 (KHTML, like Gecko) Chrome/137.0.7151.103 Mobile Safari/537.36 (compatible; Googlebot/2.1; +http://www.google.com/bot.html)"
66.249.77.72 - - [05/Jul/2025:17:45:35 -0400] "GET /?n=05021187838702&channel=6ac426&from=form.php%3Fid%3D1878387-11800%26name%3D%E7%94%A8+%E3%83%A4%E3%83%9E%E3%83%8F+%E7%94%A8+%E3%83%88%E3%83%AA%E3%82%B7%E3%83%86%E3%82%A3+125+%E7%94%A8+%E3%83%88%E3%83%AA%E3%82%B7%E3%83%86%E3%82%A3125+2014-2023+%E3%82%AA%E3%83%BC%E3%83%88%E3%83%90%E3%82%A4%E3%82%A2%E3%82%AF%E3%82%BB%E3%82%B5%E3%83%AA%E3%83%BC+%E3%83%8F%E3%83%B3%E3%83%89%E3%83%AB%E3%83%90%E3%83%BC%E3%82%B0%E3%83%AA%E3%83%83%E3%83%97%E3%82%A8%E3%83%B3%E3%83%89+%E3%83%8F HTTP/1.1" 301 0 "-" "Mozilla/5.0 (Linux; Android 6.0.1; Nexus 5X Build/MMB29P) AppleWebKit/537.36 (KHTML, like Gecko) Chrome/137.0.7151.103 Mobile Safari/537.36 (compatible; Googlebot/2.1; +http://www.google.com/bot.html)"
192.178.6.101 - - [05/Jul/2025:17:45:38 -0400] "GET /?n=718146337700&channel=b21dbb&from=shared.php%3Fid%3D63377-5926%26name%3DPeavey%20ValveKing%20VK100%202%E3%83%81%E3%83%A3%E3%83%B3%E3%83%8D%E3%83%AB%E3%82%A2%E3%83%B3%E3%83%97%E3%83%98%E3%83%83%E3%83%89%E3%80%80%E3%82%B8%E3%83%A3%E3%83%B3%E3%82%AF HTTP/1.1" 200 30430 "-" "Mozilla/5.0 (Linux; Android 6.0.1; Nexus 5X Build/MMB29P) AppleWebKit/537.36 (KHTML, like Gecko) Chrome/137.0.7151.103 Mobile Safari/537.36 (compatible; Googlebot/2.1; +http://www.google.com/bot.html)"
192.178.6.100 - - [05/Jul/2025:17:45:38 -0400] "GET /?n=05021187838702&channel=6ac426&from=form.php%3Fid%3D1878387-11800%26name%3D%E7%94%A8%20%E3%83%A4%E3%83%9E%E3%83%8F%20%E7%94%A8%20%E3%83%88%E3%83%AA%E3%82%B7%E3%83%86%E3%82%A3%20125%20%E7%94%A8%20%E3%83%88%E3%83%AA%E3%82%B7%E3%83%86%E3%82%A3125%202014-2023%20%E3%82%AA%E3%83%BC%E3%83%88%E3%83%90%E3%82%A4%E3%82%A2%E3%82%AF%E3%82%BB%E3%82%B5%E3%83%AA%E3%83%BC%20%E3%83%8F%E3%83%B3%E3%83%89%E3%83%AB%E3%83%90%E3%83%BC%E3%82%B0%E3%83%AA%E3%83%83%E3%83%97%E3%82%A8%E3%83%B3%E3%83%89%20%E3%83%8F HTTP/1.1" 200 30428 "-" "Mozilla/5.0 (Linux; Android 6.0.1; Nexus 5X Build/MMB29P) AppleWebKit/537.36 (KHTML, like Gecko) Chrome/137.0.7151.103 Mobile Safari/537.36 (compatible; Googlebot/2.1; +http://www.google.com/bot.html)"
63.250.38.117 - - [05/Jul/2025:17:46:36 -0400] "POST /wp-cron.php?doing_wp_cron=1751751996.3885700702667236328125 HTTP/1.1" 403 1242 "-" "WordPress/6.8.1; https://fnf.group"
192.178.6.102 - - [05/Jul/2025:17:46:35 -0400] "GET /?n=78798149442002&channel=fe38c1&from=blog.php%3Fid%3D1494420-4767%26name%3D%E3%83%94%E3%83%B3%E3%82%AF+%E3%82%B7%E3%83%A7%E3%83%AB%E3%83%80%E3%83%BC%E3%83%90%E3%83%83%E3%82%B0+%E3%82%AB%E3%83%A9%E3%83%95%E3%83%AB%E3%82%B9%E3%83%88%E3%83%A9%E3%83%83%E3%83%97 HTTP/1.1" 301 0 "-" "Mozilla/5.0 (Linux; Android 6.0.1; Nexus 5X Build/MMB29P) AppleWebKit/537.36 (KHTML, like Gecko) Chrome/137.0.7151.103 Mobile Safari/537.36 (compatible; Googlebot/2.1; +http://www.google.com/bot.html)"
63.250.38.117 - - [05/Jul/2025:17:46:36 -0400] "POST /wp-cron.php?doing_wp_cron=1751751996.7087268829345703125000 HTTP/1.1" 403 1242 "-" "WordPress/6.8.1; https://fnf.group"
192.178.6.101 - - [05/Jul/2025:17:46:35 -0400] "GET /?n=88124169742101&channel=59a389&from=shop.php%3Fid%3D1697421-7499%26name%3D%E3%80%90%E4%B8%AD%E5%8F%A4%E3%83%BB%E6%9C%AA%E4%BD%BF%E7%94%A8%E5%93%81%E3%80%91%E3%83%9F%E3%82%BA%E3%83%8E+ATHLETE+%E3%82%B7%E3%83%A7%E3%83%BC%E3%83%88%E3%83%91%E3%83%B3%E3%83%84+%E7%9F%AD%E3%83%91%E3%83%B3+%E4%BD%93%E6%93%8D%E6%9C%8D+%E3%83%8F%E3%83%BC%E3%83%95%E3%83%91%E3%83%B3%E3%83%84+S+%E3%83%8D%E3%82%A4%E3%83%93%E3%83%BC+82PH-5114+%E3%83%A6%E3%83%8B%E3%82%BB%E3%83%83%E3%82%AF%E3%82%B9+MIZUNO HTTP/1.1" 301 0 "-" "Mozilla/5.0 (Linux; Android 6.0.1; Nexus 5X Build/MMB29P) AppleWebKit/537.36 (KHTML, like Gecko) Chrome/137.0.7151.103 Mobile Safari/537.36 (compatible; Googlebot/2.1; +http://www.google.com/bot.html)"
192.178.6.101 - - [05/Jul/2025:17:46:36 -0400] "GET /?n=78798149442002&channel=fe38c1&from=blog.php%3Fid%3D1494420-4767%26name%3D%E3%83%94%E3%83%B3%E3%82%AF%20%E3%82%B7%E3%83%A7%E3%83%AB%E3%83%80%E3%83%BC%E3%83%90%E3%83%83%E3%82%B0%20%E3%82%AB%E3%83%A9%E3%83%95%E3%83%AB%E3%82%B9%E3%83%88%E3%83%A9%E3%83%83%E3%83%97 HTTP/1.1" 200 30424 "-" "Mozilla/5.0 (Linux; Android 6.0.1; Nexus 5X Build/MMB29P) AppleWebKit/537.36 (KHTML, like Gecko) Chrome/137.0.7151.103 Mobile Safari/537.36 (compatible; Googlebot/2.1; +http://www.google.com/bot.html)"
192.178.6.100 - - [05/Jul/2025:17:46:38 -0400] "GET /?n=88124169742101&channel=59a389&from=shop.php%3Fid%3D1697421-7499%26name%3D%E3%80%90%E4%B8%AD%E5%8F%A4%E3%83%BB%E6%9C%AA%E4%BD%BF%E7%94%A8%E5%93%81%E3%80%91%E3%83%9F%E3%82%BA%E3%83%8E%20ATHLETE%20%E3%82%B7%E3%83%A7%E3%83%BC%E3%83%88%E3%83%91%E3%83%B3%E3%83%84%20%E7%9F%AD%E3%83%91%E3%83%B3%20%E4%BD%93%E6%93%8D%E6%9C%8D%20%E3%83%8F%E3%83%BC%E3%83%95%E3%83%91%E3%83%B3%E3%83%84%20S%20%E3%83%8D%E3%82%A4%E3%83%93%E3%83%BC%2082PH-5114%20%E3%83%A6%E3%83%8B%E3%82%BB%E3%83%83%E3%82%AF%E3%82%B9%20MIZUNO HTTP/1.1" 200 30432 "-" "Mozilla/5.0 (Linux; Android 6.0.1; Nexus 5X Build/MMB29P) AppleWebKit/537.36 (KHTML, like Gecko) Chrome/137.0.7151.103 Mobile Safari/537.36 (compatible; Googlebot/2.1; +http://www.google.com/bot.html)"
192.178.6.101 - - [05/Jul/2025:17:46:40 -0400] "GET /?n=8222168430600&channel=7a20b8&from=shop.php%3Fid%3D684306-5541%26name%3D%E3%83%9E%E3%83%83%E3%83%88%E3%83%96%E3%83%A9%E3%83%83%E3%82%AF%E4%BB%95%E4%B8%8A%E3%81%92%E3%82%B9%E3%83%86%E3%83%B3%E3%83%AC%E3%82%B9%E3%82%B9%E3%83%81%E3%83%BC%E3%83%AB%E5%A3%81%E5%8F%96%E3%82%8A%E4%BB%98%E3%81%91%E3%82%BF%E3%82%AA%E3%83%AB%E3%83%AA%E3%83%B3%E3%82%B0%E3%80%81%E3%83%90%E3%82%B9%E3%83%AB%E3%83%BC%E3%83%A0%E3%82%A2%E3%82%AF%E3%82%BB%E3%82%B5%E3%83%AA%E3%83%BC%E3%80%81%E3%83%A9%E3%82%A6%E3%83%B3%E3%83%89%E3%82%BF%E3%82%AA%E3%83%AB%E3%83%9B%E3%83%AB%E3%83%80%E3%83%BC%E3%80%81%E3%83%90%E3%82%B9%E3%83%AB%E3%83%BC%E3%83%A0%E3%82%BF%E3%82%AA%E3%83%AB%E3%83%A9%E3%83%83%E3%82%AF HTTP/1.1" 200 30429 "-" "Mozilla/5.0 (Linux; Android 6.0.1; Nexus 5X Build/MMB29P) AppleWebKit/537.36 (KHTML, like Gecko) Chrome/137.0.7151.103 Mobile Safari/537.36 (compatible; Googlebot/2.1; +http://www.google.com/bot.html)"
192.178.6.101 - - [05/Jul/2025:17:46:43 -0400] "GET /?n=02999175265201&channel=a73c71&from=form.php%3Fid%3D1752652-10040%26name%3D%E6%99%82%E8%A8%88%E3%82%B1%E3%83%BC%E3%82%B9%E6%99%82%E8%A8%88%E3%83%9C%E3%83%83%E3%82%AF%E3%82%B9%E3%80%81%E6%99%82%E8%A8%88%E5%8F%8E%E7%B4%8D%E3%82%B1%E3%83%BC%E3%82%B912%E3%83%87%E3%82%A3%E3%82%B9%E3%83%97%E3%83%AC%E3%82%A4%E6%99%82%E8%A8%88%E5%8F%8E%E7%B4%8D%E3%83%9C%E3%83%83%E3%82%AF%E3%82%B9%E6%99%82%E8%A8%88%E3%83%9C%E3%83%83%E3%82%AF%E3%82%B9%E3%82%B1%E3%83%BC%E3%82%B9%E3%83%96%E3%83%A9%E3%83%83%E3%82%AF%E3%83%96%E3%83%AC%E3%82%B9%E3%83%AC%E3%83%83%E3%83%88%E3%83%88%E3%83%AC%E3%82%A4%E3%83%95%E3%82%A7%E3%82%A4%E3%82%AF%E3%83%AC%E3%82%B6%E3%83%BC%E3%83%AD%E3%83%83 HTTP/1.1" 200 30429 "-" "Mozilla/5.0 (Linux; Android 6.0.1; Nexus 5X Build/MMB29P) AppleWebKit/537.36 (KHTML, like Gecko) Chrome/137.0.7151.103 Mobile Safari/537.36 (compatible; Googlebot/2.1; +http://www.google.com/bot.html)"
192.178.6.101 - - [05/Jul/2025:17:47:00 -0400] "GET /?n=7751193058402&channel=cae5a0&from=blog.php%3Fid%3D930584-13319%26name%3D%E3%80%90%E6%95%B0%E9%87%8F%E9%99%90%E5%AE%9A%E3%80%91%E3%82%B1%E3%83%BC%E3%82%B9%E3%80%90%E3%82%A2%E3%82%A4%E3%82%B3%E3%82%B9%E3%82%A4%E3%83%AB%E3%83%9E%E3%83%97%E3%83%A9%E3%82%A4%E3%83%A0%2F%E3%82%A4%E3%83%AB%E3%83%9E+i+%E3%83%97%E3%83%A9%E3%82%A4%E3%83%A0%E3%81%AB%E9%81%A9%E5%90%88%E3%81%99%E3%82%8B%E3%80%91%E5%85%A8%E9%9D%A2%E4%BF%9D%E8%AD%B7%E3%82%AB%E3%83%90%E3%83%BC+%E6%BB%91%E3%82%8A%E6%AD%A2%E3%82%81+%E5%8F%96%E3%82%8A%E5%87%BA%E3%81%97%E7%B0%A1%E5%8D%98+%E6%8C%81%E3%81%A1%E9%81%8B%E3%81%B3%E4%BE%BF%E5%88%A9+%E3%81%BE%E3%81%A8%E3%82%81%E3%81%A6%E5%8F%8E%E7%B4%8D%E3%82%B1%E3%83%BC%E3%82%B9%EF%BC%88%E3%82%B0%E3%83%AC%E3%83%BC%EF%BC%89 HTTP/1.1" 301 0 "-" "Mozilla/5.0 (Linux; Android 6.0.1; Nexus 5X Build/MMB29P) AppleWebKit/537.36 (KHTML, like Gecko) Chrome/137.0.7151.103 Mobile Safari/537.36 (compatible; Googlebot/2.1; +http://www.google.com/bot.html)"
192.178.6.100 - - [05/Jul/2025:17:47:03 -0400] "GET /?n=7751193058402&channel=cae5a0&from=blog.php%3Fid%3D930584-13319%26name%3D%E3%80%90%E6%95%B0%E9%87%8F%E9%99%90%E5%AE%9A%E3%80%91%E3%82%B1%E3%83%BC%E3%82%B9%E3%80%90%E3%82%A2%E3%82%A4%E3%82%B3%E3%82%B9%E3%82%A4%E3%83%AB%E3%83%9E%E3%83%97%E3%83%A9%E3%82%A4%E3%83%A0%2F%E3%82%A4%E3%83%AB%E3%83%9E%20i%20%E3%83%97%E3%83%A9%E3%82%A4%E3%83%A0%E3%81%AB%E9%81%A9%E5%90%88%E3%81%99%E3%82%8B%E3%80%91%E5%85%A8%E9%9D%A2%E4%BF%9D%E8%AD%B7%E3%82%AB%E3%83%90%E3%83%BC%20%E6%BB%91%E3%82%8A%E6%AD%A2%E3%82%81%20%E5%8F%96%E3%82%8A%E5%87%BA%E3%81%97%E7%B0%A1%E5%8D%98%20%E6%8C%81%E3%81%A1%E9%81%8B%E3%81%B3%E4%BE%BF%E5%88%A9%20%E3%81%BE%E3%81%A8%E3%82%81%E3%81%A6%E5%8F%8E%E7%B4%8D%E3%82%B1%E3%83%BC%E3%82%B9%EF%BC%88%E3%82%B0%E3%83%AC%E3%83%BC%EF%BC%89 HTTP/1.1" 200 30434 "-" "Mozilla/5.0 (Linux; Android 6.0.1; Nexus 5X Build/MMB29P) AppleWebKit/537.36 (KHTML, like Gecko) Chrome/137.0.7151.103 Mobile Safari/537.36 (compatible; Googlebot/2.1; +http://www.google.com/bot.html)"
192.178.6.100 - - [05/Jul/2025:17:47:25 -0400] "GET /?n=9582245437101&channel=36df0f&from=product.php%3Fid%3D454371-459%26name%3D%E8%B6%85%E9%9F%B3%E6%B3%A2%E6%B5%81%E9%87%8F%E8%A8%88+AIR+O2+CO2%E3%83%95%E3%83%AD%E3%83%BC%E3%82%A4%E3%83%B3%E3%82%B8%E3%82%B1%E3%83%BC%E3%82%BF%E3%83%BC%E6%B6%B2%E5%8C%96%E5%A4%A9%E7%84%B6%E3%82%AC%E3%82%B9%E3%83%A1%E3%82%BF%E3%83%B3%E7%AA%92%E7%B4%A0%E7%88%86%E7%99%BA%E8%A8%BC%E6%98%8E4-20%E3%81%AE%E3%81%9F%E3%82%81%E3%81%AE%E6%B8%A6%E6%B5%81%E9%87%8F%E3%83%A1%E3%83%BC%E3%82%BF%E3%83%BCMA+RS485 HTTP/1.1" 301 0 "-" "Mozilla/5.0 (Linux; Android 6.0.1; Nexus 5X Build/MMB29P) AppleWebKit/537.36 (KHTML, like Gecko) Chrome/137.0.7151.103 Mobile Safari/537.36 (compatible; Googlebot/2.1; +http://www.google.com/bot.html)"
192.178.6.100 - - [05/Jul/2025:17:47:28 -0400] "GET /?n=9582245437101&channel=36df0f&from=product.php%3Fid%3D454371-459%26name%3D%E8%B6%85%E9%9F%B3%E6%B3%A2%E6%B5%81%E9%87%8F%E8%A8%88%20AIR%20O2%20CO2%E3%83%95%E3%83%AD%E3%83%BC%E3%82%A4%E3%83%B3%E3%82%B8%E3%82%B1%E3%83%BC%E3%82%BF%E3%83%BC%E6%B6%B2%E5%8C%96%E5%A4%A9%E7%84%B6%E3%82%AC%E3%82%B9%E3%83%A1%E3%82%BF%E3%83%B3%E7%AA%92%E7%B4%A0%E7%88%86%E7%99%BA%E8%A8%BC%E6%98%8E4-20%E3%81%AE%E3%81%9F%E3%82%81%E3%81%AE%E6%B8%A6%E6%B5%81%E9%87%8F%E3%83%A1%E3%83%BC%E3%82%BF%E3%83%BCMA%20RS485 HTTP/1.1" 200 30431 "-" "Mozilla/5.0 (Linux; Android 6.0.1; Nexus 5X Build/MMB29P) AppleWebKit/537.36 (KHTML, like Gecko) Chrome/137.0.7151.103 Mobile Safari/537.36 (compatible; Googlebot/2.1; +http://www.google.com/bot.html)"
63.250.38.117 - - [05/Jul/2025:17:47:45 -0400] "POST /wp-cron.php?doing_wp_cron=1751752065.3871080875396728515625 HTTP/1.1" 403 1242 "-" "WordPress/6.8.1; https://fnf.group"
213.209.150.137 - - [05/Jul/2025:17:47:42 -0400] "POST /wp-login.php?action=register HTTP/1.1" 302 0 "-" "-"
192.178.6.100 - - [05/Jul/2025:17:47:50 -0400] "GET /?n=61228168601906&channel=28b56a&from=news.php%3Fid%3D1686019-18903%26name%3D%E6%B7%BB%E3%81%88%E3%83%96%E3%83%A9+%E8%A3%9C%E6%AD%A3%E3%83%96%E3%83%A9%E3%82%B8%E3%83%A3%E3%83%BC+%E5%B0%8F%E8%83%B8+%E8%A3%9C%E6%AD%A3%E4%B8%8B%E7%9D%80+%E3%83%96%E3%83%A9%E3%82%B8%E3%83%A3%E3%83%BC+%E7%9B%9B%E3%82%8A%E3%83%96%E3%83%A9+%E3%83%8E%E3%83%B3%E3%83%AF%E3%82%A4%E3%83%A4%E3%83%BC+%E8%83%8C%E7%AD%8B%E3%82%B5%E3%83%9D%E3%83%BC%E3%83%88+%E5%A7%BF%E5%8B%A2%E7%9F%AF%E6%AD%A3+%E3%82%A4%E3%83%B3%E3%83%8A%E3%83%BC+%E8%83%B8%E3%81%8C%E5%A4%A7%E3%81%8D%E3%81%84+%E8%84%87%E8%82%89+%E8%83%8C%E8%82%89+%E7%9B%9B%E3%82%8C%E3%82%8B+%E8%84%87%E9%AB%98%E3%83%96%E3%83%A9+%E3%83%8A%E3%82%A4%E3%83%88%E3%83%96%E3%83%A9+%E5%A4%9C%E7%94%A8%E3%83%96%E3%83%A9+%E8%B0%B7%E9%96%93%E3%83%A1%E3%82%A4%E3%82%AF+%E3%81%B5%E3%82%93%E3%82%8F%E3%82%8A+%E9%80%81+8aLP478 HTTP/1.1" 301 0 "-" "Mozilla/5.0 (Linux; Android 6.0.1; Nexus 5X Build/MMB29P) AppleWebKit/537.36 (KHTML, like Gecko) Chrome/137.0.7151.103 Mobile Safari/537.36 (compatible; Googlebot/2.1; +http://www.google.com/bot.html)"
192.178.6.100 - - [05/Jul/2025:17:47:51 -0400] "GET /?n=61228168601906&channel=28b56a&from=news.php%3Fid%3D1686019-18903%26name%3D%E6%B7%BB%E3%81%88%E3%83%96%E3%83%A9%20%E8%A3%9C%E6%AD%A3%E3%83%96%E3%83%A9%E3%82%B8%E3%83%A3%E3%83%BC%20%E5%B0%8F%E8%83%B8%20%E8%A3%9C%E6%AD%A3%E4%B8%8B%E7%9D%80%20%E3%83%96%E3%83%A9%E3%82%B8%E3%83%A3%E3%83%BC%20%E7%9B%9B%E3%82%8A%E3%83%96%E3%83%A9%20%E3%83%8E%E3%83%B3%E3%83%AF%E3%82%A4%E3%83%A4%E3%83%BC%20%E8%83%8C%E7%AD%8B%E3%82%B5%E3%83%9D%E3%83%BC%E3%83%88%20%E5%A7%BF%E5%8B%A2%E7%9F%AF%E6%AD%A3%20%E3%82%A4%E3%83%B3%E3%83%8A%E3%83%BC%20%E8%83%B8%E3%81%8C%E5%A4%A7%E3%81%8D%E3%81%84%20%E8%84%87%E8%82%89%20%E8%83%8C%E8%82%89%20%E7%9B%9B%E3%82%8C%E3%82%8B%20%E8%84%87%E9%AB%98%E3%83%96%E3%83%A9%20%E3%83%8A%E3%82%A4%E3%83%88%E3%83%96%E3%83%A9%20%E5%A4%9C%E7%94%A8%E3%83%96%E3%83%A9%20%E8%B0%B7%E9%96%93%E3%83%A1%E3%82%A4%E3%82%AF%20%E3%81%B5%E3%82%93%E3%82%8F%E3%82%8A%20%E9%80%81%208aLP478 HTTP/1.1" 200 30427 "-" "Mozilla/5.0 (Linux; Android 6.0.1; Nexus 5X Build/MMB29P) AppleWebKit/537.36 (KHTML, like Gecko) Chrome/137.0.7151.103 Mobile Safari/537.36 (compatible; Googlebot/2.1; +http://www.google.com/bot.html)"
213.209.150.137 - - [05/Jul/2025:17:47:55 -0400] "POST /wp-login.php?action=register HTTP/1.1" 302 0 "-" "-"
213.209.150.137 - - [05/Jul/2025:17:48:07 -0400] "POST /wp-login.php?action=register HTTP/1.1" 302 0 "-" "-"
192.178.6.102 - - [05/Jul/2025:17:48:15 -0400] "GET /?n=704885817800&channel=ac7d6e&from=news.php%3Fid%3D58178-5559%26name%3DGROHE%5B%E3%82%B0%E3%83%AD%E3%83%BC%E3%82%A8%5D+%E3%80%90JP+3508+00%E3%80%91%E3%82%BC%E3%83%89%E3%83%A9+%E3%82%B7%E3%83%B3%E3%82%B0%E3%83%AB%E3%83%AC%E3%83%90%E3%83%BC%E3%82%AD%E3%83%83%E3%83%81%E3%83%B3%E6%B7%B7%E5%90%88%E6%A0%93+%E3%82%B3%E3%83%BC%E3%83%AB%E3%83%89%E3%82%B9%E3%82%BF%E3%83%BC%E3%83%88%E4%BB%95%E6%A7%98%28%E3%83%98%E3%83%83%E3%83%89%E5%BC%95%E5%87%BA%E3%82%BF%E3%82%A4%E3%83%97%29+%E5%AF%92%E5%86%B7 HTTP/1.1" 301 0 "-" "Mozilla/5.0 (Linux; Android 6.0.1; Nexus 5X Build/MMB29P) AppleWebKit/537.36 (KHTML, like Gecko) Chrome/137.0.7151.103 Mobile Safari/537.36 (compatible; Googlebot/2.1; +http://www.google.com/bot.html)"
213.209.150.137 - - [05/Jul/2025:17:48:16 -0400] "POST /wp-login.php?action=register HTTP/1.1" 302 0 "-" "-"
192.178.6.102 - - [05/Jul/2025:17:48:17 -0400] "GET /?n=704885817800&channel=ac7d6e&from=news.php%3Fid%3D58178-5559%26name%3DGROHE%5B%E3%82%B0%E3%83%AD%E3%83%BC%E3%82%A8%5D%20%E3%80%90JP%203508%2000%E3%80%91%E3%82%BC%E3%83%89%E3%83%A9%20%E3%82%B7%E3%83%B3%E3%82%B0%E3%83%AB%E3%83%AC%E3%83%90%E3%83%BC%E3%82%AD%E3%83%83%E3%83%81%E3%83%B3%E6%B7%B7%E5%90%88%E6%A0%93%20%E3%82%B3%E3%83%BC%E3%83%AB%E3%83%89%E3%82%B9%E3%82%BF%E3%83%BC%E3%83%88%E4%BB%95%E6%A7%98%28%E3%83%98%E3%83%83%E3%83%89%E5%BC%95%E5%87%BA%E3%82%BF%E3%82%A4%E3%83%97%29%20%E5%AF%92%E5%86%B7 HTTP/1.1" 200 30433 "-" "Mozilla/5.0 (Linux; Android 6.0.1; Nexus 5X Build/MMB29P) AppleWebKit/537.36 (KHTML, like Gecko) Chrome/137.0.7151.103 Mobile Safari/537.36 (compatible; Googlebot/2.1; +http://www.google.com/bot.html)"
213.209.150.137 - - [05/Jul/2025:17:48:29 -0400] "POST /wp-login.php?action=register HTTP/1.1" 302 0 "-" "-"
213.209.150.137 - - [05/Jul/2025:17:48:37 -0400] "POST /wp-login.php?action=register HTTP/1.1" 302 0 "-" "-"
192.178.6.101 - - [05/Jul/2025:17:48:40 -0400] "GET /?n=3257926521102&channel=46f380&from=pin.php%3Fid%3D265211-12951%26name%3DM%E3%83%9A%E3%83%83%E3%83%88%E3%83%8F%E3%82%A6%E3%82%B9+%E7%8C%AB+%E3%83%89%E3%83%BC%E3%83%A0%E5%9E%8B+%E3%83%99%E3%83%83%E3%83%89+%E3%83%9A%E3%83%83%E3%83%88%E3%83%99%E3%83%83%E3%83%89+%E5%8F%AF%E6%84%9B%E3%81%84+%E6%9F%94%E3%82%89%E3%81%8B+%E6%B0%B4%E6%B4%97%E3%81%88+%E6%BB%91%E3%82%8A%E6%AD%A2%E3%82%81+%E5%86%AC+%E4%BF%9D%E6%B8%A9+%E9%98%B2%E5%AF%92+%E5%AE%89%E7%9C%A0+%E3%81%90%E3%81%A3%E3%81%99%E3%82%8A%E7%9C%A0%E3%82%8C%E3%82%8B HTTP/1.1" 301 0 "-" "Mozilla/5.0 (Linux; Android 6.0.1; Nexus 5X Build/MMB29P) AppleWebKit/537.36 (KHTML, like Gecko) Chrome/137.0.7151.103 Mobile Safari/537.36 (compatible; Googlebot/2.1; +http://www.google.com/bot.html)"
63.250.38.117 - - [05/Jul/2025:17:48:47 -0400] "POST /wp-cron.php?doing_wp_cron=1751752126.8732860088348388671875 HTTP/1.1" 403 1242 "-" "WordPress/6.8.1; https://fnf.group"
192.178.6.100 - - [05/Jul/2025:17:48:44 -0400] "GET /?n=3257926521102&channel=46f380&from=pin.php%3Fid%3D265211-12951%26name%3DM%E3%83%9A%E3%83%83%E3%83%88%E3%83%8F%E3%82%A6%E3%82%B9%20%E7%8C%AB%20%E3%83%89%E3%83%BC%E3%83%A0%E5%9E%8B%20%E3%83%99%E3%83%83%E3%83%89%20%E3%83%9A%E3%83%83%E3%83%88%E3%83%99%E3%83%83%E3%83%89%20%E5%8F%AF%E6%84%9B%E3%81%84%20%E6%9F%94%E3%82%89%E3%81%8B%20%E6%B0%B4%E6%B4%97%E3%81%88%20%E6%BB%91%E3%82%8A%E6%AD%A2%E3%82%81%20%E5%86%AC%20%E4%BF%9D%E6%B8%A9%20%E9%98%B2%E5%AF%92%20%E5%AE%89%E7%9C%A0%20%E3%81%90%E3%81%A3%E3%81%99%E3%82%8A%E7%9C%A0%E3%82%8C%E3%82%8B HTTP/1.1" 200 30437 "-" "Mozilla/5.0 (Linux; Android 6.0.1; Nexus 5X Build/MMB29P) AppleWebKit/537.36 (KHTML, like Gecko) Chrome/137.0.7151.103 Mobile Safari/537.36 (compatible; Googlebot/2.1; +http://www.google.com/bot.html)"
213.209.150.137 - - [05/Jul/2025:17:48:47 -0400] "POST /wp-login.php?action=register HTTP/1.1" 302 0 "-" "-"
114.119.128.253 - - [05/Jul/2025:17:48:50 -0400] "GET /category/plinko/ HTTP/1.1" 200 14159 "https://fnf.group/plus_wpgallery/" "Mozilla/5.0 (Linux; Android 7.0;) AppleWebKit/537.36 (KHTML, like Gecko) Mobile Safari/537.36 (compatible; PetalBot;+https://webmaster.petalsearch.com/site/petalbot)"
213.209.150.137 - - [05/Jul/2025:17:49:01 -0400] "POST /wp-login.php?action=register HTTP/1.1" 302 0 "-" "-"
192.178.6.100 - - [05/Jul/2025:17:49:13 -0400] "GET /?n=92617145336805&channel=3184fe&from=shop.php%3Fid%3D1453368-172%26name%3D%E3%83%91%E3%83%AC%E3%82%B9%E3%80%80%E3%82%B9%E3%82%B1%E3%83%BC%E3%83%88%E3%83%9C%E3%83%BC%E3%83%89%E3%80%80%E3%82%B9%E3%82%B1%E3%83%9C%E3%83%BC%E3%80%80%E3%82%B3%E3%83%B3%E3%83%97%E3%83%AA%E3%83%BC%E3%83%88%E3%80%80%E3%82%B9%E3%83%94%E3%83%83%E3%83%88%E3%83%95%E3%82%A1%E3%82%A4%E3%82%A2%E3%80%80%E3%82%B5%E3%83%B3%E3%83%80%E3%83%BC HTTP/1.1" 200 30424 "-" "Mozilla/5.0 (Linux; Android 6.0.1; Nexus 5X Build/MMB29P) AppleWebKit/537.36 (KHTML, like Gecko) Chrome/137.0.7151.103 Mobile Safari/537.36 (compatible; Googlebot/2.1; +http://www.google.com/bot.html)"
213.209.150.137 - - [05/Jul/2025:17:49:16 -0400] "POST /wp-login.php?action=register HTTP/1.1" 302 0 "-" "-"
213.209.150.137 - - [05/Jul/2025:17:49:27 -0400] "POST /wp-login.php?action=register HTTP/1.1" 302 0 "-" "-"
213.209.150.137 - - [05/Jul/2025:17:49:37 -0400] "POST /wp-login.php?action=register HTTP/1.1" 302 0 "-" "-"
63.250.38.117 - - [05/Jul/2025:17:49:56 -0400] "POST /wp-cron.php?doing_wp_cron=1751752195.8693211078643798828125 HTTP/1.1" 403 1242 "-" "WordPress/6.8.1; https://fnf.group"
213.209.150.137 - - [05/Jul/2025:17:49:53 -0400] "POST /wp-login.php?action=register HTTP/1.1" 302 0 "-" "-"
213.209.150.137 - - [05/Jul/2025:17:50:04 -0400] "POST /wp-login.php?action=register HTTP/1.1" 302 0 "-" "-"
192.178.6.103 - - [05/Jul/2025:17:50:09 -0400] "GET /?n=29018134046104&channel=94e6b9&from=product.php%3Fid%3D1340461-14838%26name%3D%E3%80%90%E6%96%B0%E4%BD%9C+%E6%9C%AA%E4%BD%BF%E7%94%A8%E3%80%91%E3%82%AF%E3%83%AA%E3%82%B9%E3%83%9E%E3%82%B9%E3%83%84%E3%83%AA%E3%83%BC+%E5%A3%81%E6%8E%9B%E3%81%91+%E3%82%B9%E3%83%AF%E3%83%83%E3%82%B0+%E3%83%8F%E3%83%B3%E3%82%AE%E3%83%B3%E3%82%B0%E3%83%84%E3%83%AA%E3%83%BC+%E3%82%AF%E3%83%AA%E3%82%B9%E3%83%9E%E3%82%B9%E3%83%AA%E3%83%BC%E3%82%B9 HTTP/1.1" 301 0 "-" "Mozilla/5.0 (Linux; Android 6.0.1; Nexus 5X Build/MMB29P) AppleWebKit/537.36 (KHTML, like Gecko) Chrome/137.0.7151.103 Mobile Safari/537.36 (compatible; Googlebot/2.1; +http://www.google.com/bot.html)"
57.141.0.26 - - [05/Jul/2025:17:50:17 -0400] "GET /wp-json/wp/v2/posts/10731 HTTP/1.1" 200 133794 "-" "meta-externalagent/1.1 (+https://developers.facebook.com/docs/sharing/webmasters/crawler)"
192.178.6.102 - - [05/Jul/2025:17:50:15 -0400] "GET /?n=29018134046104&channel=94e6b9&from=product.php%3Fid%3D1340461-14838%26name%3D%E3%80%90%E6%96%B0%E4%BD%9C%20%E6%9C%AA%E4%BD%BF%E7%94%A8%E3%80%91%E3%82%AF%E3%83%AA%E3%82%B9%E3%83%9E%E3%82%B9%E3%83%84%E3%83%AA%E3%83%BC%20%E5%A3%81%E6%8E%9B%E3%81%91%20%E3%82%B9%E3%83%AF%E3%83%83%E3%82%B0%20%E3%83%8F%E3%83%B3%E3%82%AE%E3%83%B3%E3%82%B0%E3%83%84%E3%83%AA%E3%83%BC%20%E3%82%AF%E3%83%AA%E3%82%B9%E3%83%9E%E3%82%B9%E3%83%AA%E3%83%BC%E3%82%B9 HTTP/1.1" 200 30433 "-" "Mozilla/5.0 (Linux; Android 6.0.1; Nexus 5X Build/MMB29P) AppleWebKit/537.36 (KHTML, like Gecko) Chrome/137.0.7151.103 Mobile Safari/537.36 (compatible; Googlebot/2.1; +http://www.google.com/bot.html)"
2a03:2880:27ff:9:: - - [05/Jul/2025:17:50:40 -0400] "GET /robots.txt HTTP/1.1" 200 84 "-" "facebookexternalhit/1.1 (+http://www.facebook.com/externalhit_uatext.php)"
63.250.38.117 - - [05/Jul/2025:17:51:03 -0400] "POST /wp-cron.php?doing_wp_cron=1751752263.4709858894348144531250 HTTP/1.1" 403 1242 "-" "WordPress/6.8.1; https://fnf.group"
192.178.6.101 - - [05/Jul/2025:17:50:59 -0400] "GET /?n=377993645303&channel=11dc84&from=category-info.php%3Fid%3D36453-2457%26name%3D%E3%83%9F%E3%83%A9%E3%82%B0%E3%83%ADAG%5B%E3%83%AB%E3%83%86%E3%82%A4%E3%83%B3%E5%90%AB%E6%9C%89%E5%8A%A0%E5%B7%A5%E9%A3%9F%E5%93%81%5D%EF%BC%92%E7%AE%B1 HTTP/1.1" 200 30431 "-" "Mozilla/5.0 (Linux; Android 6.0.1; Nexus 5X Build/MMB29P) AppleWebKit/537.36 (KHTML, like Gecko) Chrome/137.0.7151.103 Mobile Safari/537.36 (compatible; Googlebot/2.1; +http://www.google.com/bot.html)"
192.178.6.101 - - [05/Jul/2025:17:51:06 -0400] "GET /?n=4688056283303&channel=1a5e1e&from=jp.php%3Fid%3D562833-12735%26name%3D%E4%BC%8A%E5%8B%A2%E7%A5%9E%E5%AE%AE+%E5%80%AD%E5%A7%AB+100%E5%91%A8%E5%B9%B4+%E5%BE%A1%E6%9C%B1%E5%8D%B0%E5%B8%B3+%E7%9A%87%E5%A4%A7%E7%A5%9E%E5%AE%AE+%E5%88%A5%E5%AE%AE+%E8%B6%85%E8%B2%B4%E9%87%8D%E5%93%81 HTTP/1.1" 301 0 "-" "Mozilla/5.0 (Linux; Android 6.0.1; Nexus 5X Build/MMB29P) AppleWebKit/537.36 (KHTML, like Gecko) Chrome/137.0.7151.103 Mobile Safari/537.36 (compatible; Googlebot/2.1; +http://www.google.com/bot.html)"
192.178.6.101 - - [05/Jul/2025:17:51:09 -0400] "GET /?n=4688056283303&channel=1a5e1e&from=jp.php%3Fid%3D562833-12735%26name%3D%E4%BC%8A%E5%8B%A2%E7%A5%9E%E5%AE%AE%20%E5%80%AD%E5%A7%AB%20100%E5%91%A8%E5%B9%B4%20%E5%BE%A1%E6%9C%B1%E5%8D%B0%E5%B8%B3%20%E7%9A%87%E5%A4%A7%E7%A5%9E%E5%AE%AE%20%E5%88%A5%E5%AE%AE%20%E8%B6%85%E8%B2%B4%E9%87%8D%E5%93%81 HTTP/1.1" 200 30434 "-" "Mozilla/5.0 (Linux; Android 6.0.1; Nexus 5X Build/MMB29P) AppleWebKit/537.36 (KHTML, like Gecko) Chrome/137.0.7151.103 Mobile Safari/537.36 (compatible; Googlebot/2.1; +http://www.google.com/bot.html)"
137.74.223.84 - - [05/Jul/2025:17:51:24 -0400] "POST /xmlrpc.php HTTP/1.1" 403 1242 "https://fnf.group" "Mozilla/5.0 (Windows NT 10.0; Win64; x64) AppleWebKit/537.36 (KHTML, like Gecko) Chrome/126.0.0.0 Safari/537.36"
137.74.223.84 - - [05/Jul/2025:17:51:25 -0400] "POST /wp-login.php HTTP/1.1" 200 3936 "https://fnf.group" "Mozilla/5.0 (Macintosh; Intel Mac OS X 10_15_7) AppleWebKit/537.36 (KHTML, like Gecko) Chrome/116.0.5845.96 Safari/537.36"
192.178.6.101 - - [05/Jul/2025:17:51:48 -0400] "GET /?n=77076130776104&channel=3dd33e&from=category-info.php%3Fid%3D1307761-6910%26name%3D%E3%82%A8%E3%83%AC%E3%82%AD%E3%83%B4%E3%82%A1%E3%82%A4%E3%82%AA%E3%83%AA%E3%83%B3+%E3%82%A8%E3%83%9C%E3%83%8B%E3%83%BC+%E3%82%B5%E3%82%A4%E3%83%AC%E3%83%B3%E3%83%88+%E3%83%90%E3%82%A4%E3%82%AA%E3%83%AA%E3%83%B3+4%2F4+%E5%88%9D%E5%BF%83%E8%80%85%E5%85%A5%E9%96%80%E3%82%BB%E3%83%83%E3%83%88+%E3%83%95%E3%83%AB%E3%82%B5%E3%82%A4%E3%82%BA+%E3%82%BB%E3%83%83%E3%83%88+%E3%83%95%E3%83%AB%E3%82%B5%E3%82%A4%E3%82%BA4%2F4%E3%82%BD%E3%83%AA%E3%83%83%E3%83%89%E3%82%A6%E3%83%83%E3%83%89%E3%81%AE HTTP/1.1" 301 0 "-" "Mozilla/5.0 (Linux; Android 6.0.1; Nexus 5X Build/MMB29P) AppleWebKit/537.36 (KHTML, like Gecko) Chrome/137.0.7151.103 Mobile Safari/537.36 (compatible; Googlebot/2.1; +http://www.google.com/bot.html)"
192.178.6.101 - - [05/Jul/2025:17:51:48 -0400] "GET /?n=5280931968901&channel=f2d313&from=blog.php%3Fid%3D319689-14149%26name%3D%E3%83%9E%E3%82%AC%E3%82%B8%E3%83%B3%E3%83%A9%E3%83%83%E3%82%AF+%E3%83%9D%E3%83%BC%E3%82%BF%E3%83%96%E3%83%AB%E3%83%9E%E3%82%AC%E3%82%B8%E3%83%B3%E5%BA%83%E5%91%8A%E3%83%87%E3%82%A3%E3%82%B9%E3%83%97%E3%83%AC%E3%82%A4%E3%83%9D%E3%82%B9%E3%82%BF%E3%83%BC%E3%83%95%E3%83%AC%E3%83%BC%E3%83%A0%E6%8A%98%E3%82%8A%E3%81%9F%E3%81%9F%E3%81%BF%E6%83%85%E5%A0%B1%E3%83%95%E3%83%AC%E3%83%BC%E3%83%A0%E3%83%9D%E3%83%BC%E3%82%BF%E3%83%96%E3%83%AB%E8%A6%B3%E5%85%89%E6%83%85%E5%A0%B1%E3%82%BB%E3%83%B3%E3%82%BF%E3%83%BC%E5%BA%83%E5%A0%B1%E3%83%A9%E3%83%83%E3%82%AF+%E9%9B%91%E8%AA%8C%E3%82%84 HTTP/1.1" 301 0 "-" "Mozilla/5.0 (Linux; Android 6.0.1; Nexus 5X Build/MMB29P) AppleWebKit/537.36 (KHTML, like Gecko) Chrome/137.0.7151.103 Mobile Safari/537.36 (compatible; Googlebot/2.1; +http://www.google.com/bot.html)"
192.178.6.101 - - [05/Jul/2025:17:51:49 -0400] "GET /?n=77076130776104&channel=3dd33e&from=category-info.php%3Fid%3D1307761-6910%26name%3D%E3%82%A8%E3%83%AC%E3%82%AD%E3%83%B4%E3%82%A1%E3%82%A4%E3%82%AA%E3%83%AA%E3%83%B3%20%E3%82%A8%E3%83%9C%E3%83%8B%E3%83%BC%20%E3%82%B5%E3%82%A4%E3%83%AC%E3%83%B3%E3%83%88%20%E3%83%90%E3%82%A4%E3%82%AA%E3%83%AA%E3%83%B3%204%2F4%20%E5%88%9D%E5%BF%83%E8%80%85%E5%85%A5%E9%96%80%E3%82%BB%E3%83%83%E3%83%88%20%E3%83%95%E3%83%AB%E3%82%B5%E3%82%A4%E3%82%BA%20%E3%82%BB%E3%83%83%E3%83%88%20%E3%83%95%E3%83%AB%E3%82%B5%E3%82%A4%E3%82%BA4%2F4%E3%82%BD%E3%83%AA%E3%83%83%E3%83%89%E3%82%A6%E3%83%83%E3%83%89%E3%81%AE HTTP/1.1" 200 30429 "-" "Mozilla/5.0 (Linux; Android 6.0.1; Nexus 5X Build/MMB29P) AppleWebKit/537.36 (KHTML, like Gecko) Chrome/137.0.7151.103 Mobile Safari/537.36 (compatible; Googlebot/2.1; +http://www.google.com/bot.html)"
192.178.6.101 - - [05/Jul/2025:17:51:51 -0400] "GET /?n=5280931968901&channel=f2d313&from=blog.php%3Fid%3D319689-14149%26name%3D%E3%83%9E%E3%82%AC%E3%82%B8%E3%83%B3%E3%83%A9%E3%83%83%E3%82%AF%20%E3%83%9D%E3%83%BC%E3%82%BF%E3%83%96%E3%83%AB%E3%83%9E%E3%82%AC%E3%82%B8%E3%83%B3%E5%BA%83%E5%91%8A%E3%83%87%E3%82%A3%E3%82%B9%E3%83%97%E3%83%AC%E3%82%A4%E3%83%9D%E3%82%B9%E3%82%BF%E3%83%BC%E3%83%95%E3%83%AC%E3%83%BC%E3%83%A0%E6%8A%98%E3%82%8A%E3%81%9F%E3%81%9F%E3%81%BF%E6%83%85%E5%A0%B1%E3%83%95%E3%83%AC%E3%83%BC%E3%83%A0%E3%83%9D%E3%83%BC%E3%82%BF%E3%83%96%E3%83%AB%E8%A6%B3%E5%85%89%E6%83%85%E5%A0%B1%E3%82%BB%E3%83%B3%E3%82%BF%E3%83%BC%E5%BA%83%E5%A0%B1%E3%83%A9%E3%83%83%E3%82%AF%20%E9%9B%91%E8%AA%8C%E3%82%84 HTTP/1.1" 200 30426 "-" "Mozilla/5.0 (Linux; Android 6.0.1; Nexus 5X Build/MMB29P) AppleWebKit/537.36 (KHTML, like Gecko) Chrome/137.0.7151.103 Mobile Safari/537.36 (compatible; Googlebot/2.1; +http://www.google.com/bot.html)"
63.250.38.117 - - [05/Jul/2025:17:52:35 -0400] "POST /wp-cron.php?doing_wp_cron=1751752355.4921100139617919921875 HTTP/1.1" 403 1242 "-" "WordPress/6.8.1; https://fnf.group"
192.178.6.103 - - [05/Jul/2025:17:52:33 -0400] "GET /?n=1090719780905&channel=73aacf&from=form.php%3Fid%3D197809-7591%26name%3D%E3%81%8B%E3%81%91%E5%B8%83%E5%9B%A3+%E3%83%80%E3%83%96%E3%83%AB+%E5%86%AC%E5%B8%83%E5%9B%A3+%E3%82%BD%E3%83%95%E3%83%88%E3%81%A7%E3%81%AA%E3%82%81%E3%82%89%E3%81%8B+-+3KG%2F4+KG%2F5KG+%E6%8E%9B%E3%81%91%E5%B8%83%E5%9B%A3+%E3%82%BB%E3%83%9F%E3%83%80%E3%83%96%E3%83%AB+%E8%A2%AB%E5%AD%90%E3%81%B5%E3%81%A8%E3%82%93%28C%2C200%2A230cm%2F HTTP/1.1" 301 0 "-" "Mozilla/5.0 (Linux; Android 6.0.1; Nexus 5X Build/MMB29P) AppleWebKit/537.36 (KHTML, like Gecko) Chrome/137.0.7151.103 Mobile Safari/537.36 (compatible; Googlebot/2.1; +http://www.google.com/bot.html)"
192.178.6.102 - - [05/Jul/2025:17:52:35 -0400] "GET /?n=1090719780905&channel=73aacf&from=form.php%3Fid%3D197809-7591%26name%3D%E3%81%8B%E3%81%91%E5%B8%83%E5%9B%A3%20%E3%83%80%E3%83%96%E3%83%AB%20%E5%86%AC%E5%B8%83%E5%9B%A3%20%E3%82%BD%E3%83%95%E3%83%88%E3%81%A7%E3%81%AA%E3%82%81%E3%82%89%E3%81%8B%20-%203KG%2F4%20KG%2F5KG%20%E6%8E%9B%E3%81%91%E5%B8%83%E5%9B%A3%20%E3%82%BB%E3%83%9F%E3%83%80%E3%83%96%E3%83%AB%20%E8%A2%AB%E5%AD%90%E3%81%B5%E3%81%A8%E3%82%93%28C%2C200%2A230cm%2F HTTP/1.1" 200 30428 "-" "Mozilla/5.0 (Linux; Android 6.0.1; Nexus 5X Build/MMB29P) AppleWebKit/537.36 (KHTML, like Gecko) Chrome/137.0.7151.103 Mobile Safari/537.36 (compatible; Googlebot/2.1; +http://www.google.com/bot.html)"
192.178.6.103 - - [05/Jul/2025:17:53:23 -0400] "GET /?n=6932838776701&channel=bae512&from=category-info.php%3Fid%3D387767-15609%26name%3D%E3%83%9D%E3%83%BC%E3%82%BF%E3%83%96%E3%83%AB%E3%82%B9%E3%83%86%E3%83%83%E3%83%97%E3%82%B9%E3%83%84%E3%83%BC%E3%83%AB%E6%8A%98%E3%82%8A%E3%81%9F%E3%81%9F%E3%81%BF4%E3%83%88%E3%83%AC%E3%83%83%E3%83%89%E3%82%B9%E3%83%86%E3%83%83%E3%83%97%E3%83%84%E3%83%BC%E3%83%AB%E3%83%A9%E3%83%80%E3%83%BC%E3%80%81%E5%AE%B6%E5%BA%AD%E7%94%A8%E9%9A%8E%E6%AE%B5%E3%83%9D%E3%83%BC%E3%82%BF%E3%83%96%E3%83%AB%E3%83%90%E3%83%BC%E3%82%B9%E3%83%84%E3%83%BC%E3%83%AB%E3%83%80%E3%82%A4%E3%83%8B%E3%83%B3%E3%82%B0%E3%83%81%E3%82%A7%E3%82%A2%E5%AD%90%E4%BE%9B%E3%81%A8%E5%A4%A7%E4%BA%BA%E3%81%AE%E3%81%9F%E3%82%81 HTTP/1.1" 200 30430 "-" "Mozilla/5.0 (Linux; Android 6.0.1; Nexus 5X Build/MMB29P) AppleWebKit/537.36 (KHTML, like Gecko) Chrome/137.0.7151.103 Mobile Safari/537.36 (compatible; Googlebot/2.1; +http://www.google.com/bot.html)"
216.244.66.226 - - [05/Jul/2025:17:53:41 -0400] "GET /robots.txt HTTP/1.1" 500 1034 "-" "Mozilla/5.0 (compatible; DotBot/1.2; +https://opensiteexplorer.org/dotbot; help@moz.com)"
63.250.38.117 - - [05/Jul/2025:17:54:17 -0400] "POST /wp-cron.php?doing_wp_cron=1751752457.0669798851013183593750 HTTP/1.1" 403 1242 "-" "WordPress/6.8.1; https://fnf.group"
192.178.6.103 - - [05/Jul/2025:17:54:13 -0400] "GET /?n=978281036603&channel=d0e3f4&from=article.php%3Fid%3D10366-426%26name%3D%E7%99%BA%E9%9B%BB%E6%A9%9F%E3%82%AA%E3%83%AB%E3%82%BF%E3%83%8D%E3%83%BC%E3%82%BF%E3%83%BC%E3%80%81ISUZU+ATAMAN+BOGDAN+TRUCK+ELF+NPR+NQR+2902768400+897248 HTTP/1.1" 301 0 "-" "Mozilla/5.0 (Linux; Android 6.0.1; Nexus 5X Build/MMB29P) AppleWebKit/537.36 (KHTML, like Gecko) Chrome/137.0.7151.103 Mobile Safari/537.36 (compatible; Googlebot/2.1; +http://www.google.com/bot.html)"
192.178.6.103 - - [05/Jul/2025:17:54:17 -0400] "GET /?n=978281036603&channel=d0e3f4&from=article.php%3Fid%3D10366-426%26name%3D%E7%99%BA%E9%9B%BB%E6%A9%9F%E3%82%AA%E3%83%AB%E3%82%BF%E3%83%8D%E3%83%BC%E3%82%BF%E3%83%BC%E3%80%81ISUZU%20ATAMAN%20BOGDAN%20TRUCK%20ELF%20NPR%20NQR%202902768400%20897248 HTTP/1.1" 200 30435 "-" "Mozilla/5.0 (Linux; Android 6.0.1; Nexus 5X Build/MMB29P) AppleWebKit/537.36 (KHTML, like Gecko) Chrome/137.0.7151.103 Mobile Safari/537.36 (compatible; Googlebot/2.1; +http://www.google.com/bot.html)"
192.178.6.103 - - [05/Jul/2025:17:55:04 -0400] "GET /?n=0091042849104&channel=9d7dac&from=shared.php%3Fid%3D428491-9164%26name%3D%E3%83%95%E3%82%A1%E3%83%83%E3%82%B7%E3%83%A7%E3%83%B3+%E3%82%A2%E3%83%AB%E3%83%9F%E3%83%8B%E3%82%A6%E3%83%A0+%E3%82%AC%E3%83%A9%E3%82%B9+%E3%83%91%E3%82%A4%E3%83%8A%E3%83%83%E3%83%97%E3%83%AB+%E3%83%AC%E3%83%88%E3%83%AD+%E3%82%A6%E3%82%A9%E3%83%BC%E3%83%AB%E3%83%A9%E3%82%A4%E3%83%88+%E3%82%A2%E3%83%A1%E3%83%AA%E3%82%AB%E3%83%B3+%E3%83%B4%E3%82%A3%E3%83%B3%E3%83%86%E3%83%BC%E3%82%B8+%E3%83%A1%E3%82%BF%E3%83%AB+%E9%98%B2%E9%8C%86+%E3%82%A6%E3%82%A9%E3%83%BC%E3%83%AB%E3%83%A9%E3%83%B3%E3%82%BF%E3%83%B3 HTTP/1.1" 301 0 "-" "Mozilla/5.0 (Linux; Android 6.0.1; Nexus 5X Build/MMB29P) AppleWebKit/537.36 (KHTML, like Gecko) Chrome/137.0.7151.103 Mobile Safari/537.36 (compatible; Googlebot/2.1; +http://www.google.com/bot.html)"
192.178.6.102 - - [05/Jul/2025:17:55:07 -0400] "GET /?n=0091042849104&channel=9d7dac&from=shared.php%3Fid%3D428491-9164%26name%3D%E3%83%95%E3%82%A1%E3%83%83%E3%82%B7%E3%83%A7%E3%83%B3%20%E3%82%A2%E3%83%AB%E3%83%9F%E3%83%8B%E3%82%A6%E3%83%A0%20%E3%82%AC%E3%83%A9%E3%82%B9%20%E3%83%91%E3%82%A4%E3%83%8A%E3%83%83%E3%83%97%E3%83%AB%20%E3%83%AC%E3%83%88%E3%83%AD%20%E3%82%A6%E3%82%A9%E3%83%BC%E3%83%AB%E3%83%A9%E3%82%A4%E3%83%88%20%E3%82%A2%E3%83%A1%E3%83%AA%E3%82%AB%E3%83%B3%20%E3%83%B4%E3%82%A3%E3%83%B3%E3%83%86%E3%83%BC%E3%82%B8%20%E3%83%A1%E3%82%BF%E3%83%AB%20%E9%98%B2%E9%8C%86%20%E3%82%A6%E3%82%A9%E3%83%BC%E3%83%AB%E3%83%A9%E3%83%B3%E3%82%BF%E3%83%B3 HTTP/1.1" 200 30440 "-" "Mozilla/5.0 (Linux; Android 6.0.1; Nexus 5X Build/MMB29P) AppleWebKit/537.36 (KHTML, like Gecko) Chrome/137.0.7151.103 Mobile Safari/537.36 (compatible; Googlebot/2.1; +http://www.google.com/bot.html)"
63.250.38.117 - - [05/Jul/2025:17:56:00 -0400] "POST /wp-cron.php?doing_wp_cron=1751752559.8620119094848632812500 HTTP/1.1" 403 1242 "-" "WordPress/6.8.1; https://fnf.group"
192.178.6.101 - - [05/Jul/2025:17:55:55 -0400] "GET /?n=04909158343001&channel=cbfc90&from=brands.php%3Fid%3D1583430-10838%26name%3D%E3%82%B4%E3%83%AB%E3%83%95%E3%82%AF%E3%83%A9%E3%83%96+%E3%82%AB%E3%82%B9%E3%82%BF%E3%83%A0%E3%83%A2%E3%83%87%E3%83%AB+%E5%A5%B3%E6%80%A7%E7%94%A8+%E3%83%A4%E3%83%9E%E3%83%8F+%E3%82%A4%E3%83%B3%E3%83%97%E3%83%AC%E3%82%B9+%E3%83%89%E3%83%A9%E3%82%A4%E3%83%96%E3%82%B9%E3%82%BF%E3%83%BC+%E3%83%95%E3%82%A9%E3%83%BC%E3%83%AC%E3%83%87%E3%82%A3%E3%83%BC%E3%82%B9+%E3%82%A2%E3%82%A4%E3%82%A2%E3%83%B3%E3%82%BB%E3%83%83%E3%83%88+%E6%9C%AC%E6%95%B0%EF%BC%9A5%E6%9C%AC%E7%B5%84%EF%BC%88I%EF%BC%837-I HTTP/1.1" 301 0 "-" "Mozilla/5.0 (Linux; Android 6.0.1; Nexus 5X Build/MMB29P) AppleWebKit/537.36 (KHTML, like Gecko) Chrome/137.0.7151.103 Mobile Safari/537.36 (compatible; Googlebot/2.1; +http://www.google.com/bot.html)"
63.250.38.117 - - [05/Jul/2025:17:56:01 -0400] "POST /wp-cron.php?doing_wp_cron=1751752560.9669339656829833984375 HTTP/1.1" 403 1242 "-" "WordPress/6.8.1; https://fnf.group"
192.178.6.101 - - [05/Jul/2025:17:55:56 -0400] "GET /?n=48580195748201&channel=c44ccc&from=article.php%3Fid%3D1957482-5045%26name%3D%E3%83%90%E3%83%B3%E3%83%91%E3%83%BC+%E3%82%A8%E3%83%B3%E3%82%B8%E3%83%B3%E3%82%AC%E3%83%BC%E3%83%89+%E7%94%A8+CB500X+%E7%94%A8+CB+500+X+2019-2022+%E3%83%90%E3%82%A4%E3%82%AF%E3%82%A8%E3%83%B3%E3%82%B8%E3%83%B3%E3%83%90%E3%83%B3%E3%83%91%E3%83%BC%E3%82%AC%E3%83%BC%E3%83%89%E3%82%A2%E3%83%83%E3%83%91%E3%83%BC%E3%82%AF%E3%83%A9%E3%83%83%E3%82%B7%E3%83%A5 HTTP/1.1" 301 0 "-" "Mozilla/5.0 (Linux; Android 6.0.1; Nexus 5X Build/MMB29P) AppleWebKit/537.36 (KHTML, like Gecko) Chrome/137.0.7151.103 Mobile Safari/537.36 (compatible; Googlebot/2.1; +http://www.google.com/bot.html)"
192.178.6.101 - - [05/Jul/2025:17:56:00 -0400] "GET /?n=1709541128804&channel=1ea5d6&from=info.php%3Fid%3D411288-8403%26name%3D%E3%83%9E%E3%83%83%E3%83%89%E3%82%AC%E3%83%BC%E3%83%89+%E3%81%AB%E9%81%A9%E5%90%88%E3%81%99%E3%82%8B%E3%82%A2%E3%82%A6%E3%83%87%E3%82%A3+Q5+2009-2016+%E8%BB%8A%E3%81%AE%E3%82%B9%E3%83%97%E3%83%A9%E3%83%83%E3%82%B7%E3%83%A5%E3%82%AC%E3%83%BC%E3%83%89%E3%83%9E%E3%83%83%E3%83%89%E3%83%95%E3%83%A9%E3%83%83%E3%83%97%E3%83%95%E3%83%AD%E3%83%B3%E3%83%88%E3%83%AA%E3%82%A2%E3%83%9E%E3%83%83%E3%83%89%E3%82%AC%E3%83%BC%E3%83%89%E3%83%9B%E3%82%A4%E3%83%BC%E3%83%AB%E3%83%95%E3%82%A7 HTTP/1.1" 301 0 "-" "Mozilla/5.0 (Linux; Android 6.0.1; Nexus 5X Build/MMB29P) AppleWebKit/537.36 (KHTML, like Gecko) Chrome/137.0.7151.103 Mobile Safari/537.36 (compatible; Googlebot/2.1; +http://www.google.com/bot.html)"
192.178.6.101 - - [05/Jul/2025:17:56:01 -0400] "GET /?n=04909158343001&channel=cbfc90&from=brands.php%3Fid%3D1583430-10838%26name%3D%E3%82%B4%E3%83%AB%E3%83%95%E3%82%AF%E3%83%A9%E3%83%96%20%E3%82%AB%E3%82%B9%E3%82%BF%E3%83%A0%E3%83%A2%E3%83%87%E3%83%AB%20%E5%A5%B3%E6%80%A7%E7%94%A8%20%E3%83%A4%E3%83%9E%E3%83%8F%20%E3%82%A4%E3%83%B3%E3%83%97%E3%83%AC%E3%82%B9%20%E3%83%89%E3%83%A9%E3%82%A4%E3%83%96%E3%82%B9%E3%82%BF%E3%83%BC%20%E3%83%95%E3%82%A9%E3%83%BC%E3%83%AC%E3%83%87%E3%82%A3%E3%83%BC%E3%82%B9%20%E3%82%A2%E3%82%A4%E3%82%A2%E3%83%B3%E3%82%BB%E3%83%83%E3%83%88%20%E6%9C%AC%E6%95%B0%EF%BC%9A5%E6%9C%AC%E7%B5%84%EF%BC%88I%EF%BC%837-I HTTP/1.1" 200 30432 "-" "Mozilla/5.0 (Linux; Android 6.0.1; Nexus 5X Build/MMB29P) AppleWebKit/537.36 (KHTML, like Gecko) Chrome/137.0.7151.103 Mobile Safari/537.36 (compatible; Googlebot/2.1; +http://www.google.com/bot.html)"
192.178.6.101 - - [05/Jul/2025:17:56:03 -0400] "GET /?n=48580195748201&channel=c44ccc&from=article.php%3Fid%3D1957482-5045%26name%3D%E3%83%90%E3%83%B3%E3%83%91%E3%83%BC%20%E3%82%A8%E3%83%B3%E3%82%B8%E3%83%B3%E3%82%AC%E3%83%BC%E3%83%89%20%E7%94%A8%20CB500X%20%E7%94%A8%20CB%20500%20X%202019-2022%20%E3%83%90%E3%82%A4%E3%82%AF%E3%82%A8%E3%83%B3%E3%82%B8%E3%83%B3%E3%83%90%E3%83%B3%E3%83%91%E3%83%BC%E3%82%AC%E3%83%BC%E3%83%89%E3%82%A2%E3%83%83%E3%83%91%E3%83%BC%E3%82%AF%E3%83%A9%E3%83%83%E3%82%B7%E3%83%A5 HTTP/1.1" 200 30433 "-" "Mozilla/5.0 (Linux; Android 6.0.1; Nexus 5X Build/MMB29P) AppleWebKit/537.36 (KHTML, like Gecko) Chrome/137.0.7151.103 Mobile Safari/537.36 (compatible; Googlebot/2.1; +http://www.google.com/bot.html)"
192.178.6.101 - - [05/Jul/2025:17:56:07 -0400] "GET /?n=1709541128804&channel=1ea5d6&from=info.php%3Fid%3D411288-8403%26name%3D%E3%83%9E%E3%83%83%E3%83%89%E3%82%AC%E3%83%BC%E3%83%89%20%E3%81%AB%E9%81%A9%E5%90%88%E3%81%99%E3%82%8B%E3%82%A2%E3%82%A6%E3%83%87%E3%82%A3%20Q5%202009-2016%20%E8%BB%8A%E3%81%AE%E3%82%B9%E3%83%97%E3%83%A9%E3%83%83%E3%82%B7%E3%83%A5%E3%82%AC%E3%83%BC%E3%83%89%E3%83%9E%E3%83%83%E3%83%89%E3%83%95%E3%83%A9%E3%83%83%E3%83%97%E3%83%95%E3%83%AD%E3%83%B3%E3%83%88%E3%83%AA%E3%82%A2%E3%83%9E%E3%83%83%E3%83%89%E3%82%AC%E3%83%BC%E3%83%89%E3%83%9B%E3%82%A4%E3%83%BC%E3%83%AB%E3%83%95%E3%82%A7 HTTP/1.1" 200 30430 "-" "Mozilla/5.0 (Linux; Android 6.0.1; Nexus 5X Build/MMB29P) AppleWebKit/537.36 (KHTML, like Gecko) Chrome/137.0.7151.103 Mobile Safari/537.36 (compatible; Googlebot/2.1; +http://www.google.com/bot.html)"
192.178.6.101 - - [05/Jul/2025:17:56:12 -0400] "GET /?n=14418156317701&channel=6ff176&from=form.php%3Fid%3D1563177-494%26name%3D%E3%80%90BLUE+PRINT%E3%80%91+%E3%82%A8%E3%82%A2%E3%83%BC%E3%82%A8%E3%83%AC%E3%83%A1%E3%83%B3%E3%83%88+%5BPORSCHE%2C%E3%83%9D%E3%83%AB%E3%82%B7%E3%82%A7%2CBOXSTER%2C%E3%83%9C%E3%82%AF%E3%82%B9%E3%82%BF%E3%83%BC+%2F+98111013000%2CADV182278%5D HTTP/1.1" 301 0 "-" "Mozilla/5.0 (Linux; Android 6.0.1; Nexus 5X Build/MMB29P) AppleWebKit/537.36 (KHTML, like Gecko) Chrome/137.0.7151.103 Mobile Safari/537.36 (compatible; Googlebot/2.1; +http://www.google.com/bot.html)"
192.178.6.101 - - [05/Jul/2025:17:56:14 -0400] "GET /?n=14418156317701&channel=6ff176&from=form.php%3Fid%3D1563177-494%26name%3D%E3%80%90BLUE%20PRINT%E3%80%91%20%E3%82%A8%E3%82%A2%E3%83%BC%E3%82%A8%E3%83%AC%E3%83%A1%E3%83%B3%E3%83%88%20%5BPORSCHE%2C%E3%83%9D%E3%83%AB%E3%82%B7%E3%82%A7%2CBOXSTER%2C%E3%83%9C%E3%82%AF%E3%82%B9%E3%82%BF%E3%83%BC%20%2F%2098111013000%2CADV182278%5D HTTP/1.1" 200 30431 "-" "Mozilla/5.0 (Linux; Android 6.0.1; Nexus 5X Build/MMB29P) AppleWebKit/537.36 (KHTML, like Gecko) Chrome/137.0.7151.103 Mobile Safari/537.36 (compatible; Googlebot/2.1; +http://www.google.com/bot.html)"
2a03:2880:f800:d:: - - [05/Jul/2025:17:56:19 -0400] "GET /category/verde-casino-hungary/feed/ HTTP/1.1" 200 12284 "-" "meta-externalagent/1.1 (+https://developers.facebook.com/docs/sharing/webmasters/crawler)"
192.178.6.101 - - [05/Jul/2025:17:56:52 -0400] "GET /?n=77947180607503&channel=b1b266&from=jp.php%3Fid%3D1806075-14157%26name%3D125CC+250CC+400CC+KLMNPRS+RMX+250+TV+W%E3%82%AA%E3%83%BC%E3%83%88%E3%83%90%E3%82%A4%E3%83%95%E3%83%AD%E3%83%B3%E3%83%88%E3%83%AA%E3%82%A2%E3%83%96%E3%83%AC%E3%83%BC%E3%82%AD%E3%83%87%E3%82%A3%E3%82%B9%E3%82%AF%E3%83%AD%E3%83%BC%E3%82%BF%E3%83%BC%E3%81%A8%E4%BA%92%E6%8F%9B%E6%80%A7%E3%81%82 HTTP/1.1" 301 0 "-" "Mozilla/5.0 (Linux; Android 6.0.1; Nexus 5X Build/MMB29P) AppleWebKit/537.36 (KHTML, like Gecko) Chrome/137.0.7151.103 Mobile Safari/537.36 (compatible; Googlebot/2.1; +http://www.google.com/bot.html)"
192.178.6.101 - - [05/Jul/2025:17:56:52 -0400] "GET /?n=47756198282200&channel=43cedc&from=goods.php%3Fid%3D1982822-25203%26name%3DVol.67+%E3%82%A2%E3%82%B7%E3%82%A7%E3%83%83%E3%83%88+%E9%80%B1%E5%88%8AF-14+%E3%83%88%E3%83%A0%E3%82%AD%E3%83%A3%E3%83%83%E3%83%88+%E3%80%90%E6%9C%AA%E9%96%8B%E5%B0%81%2F%E9%80%81%E6%96%99%E7%84%A1%E6%96%99%E3%80%91+%E2%98%85hachette HTTP/1.1" 301 0 "-" "Mozilla/5.0 (Linux; Android 6.0.1; Nexus 5X Build/MMB29P) AppleWebKit/537.36 (KHTML, like Gecko) Chrome/137.0.7151.103 Mobile Safari/537.36 (compatible; Googlebot/2.1; +http://www.google.com/bot.html)"
63.250.38.117 - - [05/Jul/2025:17:57:01 -0400] "POST /wp-cron.php?doing_wp_cron=1751752621.4641230106353759765625 HTTP/1.1" 403 1242 "-" "WordPress/6.8.1; https://fnf.group"
63.250.38.117 - - [05/Jul/2025:17:57:01 -0400] "POST /wp-cron.php?doing_wp_cron=1751752621.2723789215087890625000 HTTP/1.1" 403 1242 "-" "WordPress/6.8.1; https://fnf.group"
192.178.6.101 - - [05/Jul/2025:17:56:57 -0400] "GET /?n=77947180607503&channel=b1b266&from=jp.php%3Fid%3D1806075-14157%26name%3D125CC%20250CC%20400CC%20KLMNPRS%20RMX%20250%20TV%20W%E3%82%AA%E3%83%BC%E3%83%88%E3%83%90%E3%82%A4%E3%83%95%E3%83%AD%E3%83%B3%E3%83%88%E3%83%AA%E3%82%A2%E3%83%96%E3%83%AC%E3%83%BC%E3%82%AD%E3%83%87%E3%82%A3%E3%82%B9%E3%82%AF%E3%83%AD%E3%83%BC%E3%82%BF%E3%83%BC%E3%81%A8%E4%BA%92%E6%8F%9B%E6%80%A7%E3%81%82 HTTP/1.1" 200 30435 "-" "Mozilla/5.0 (Linux; Android 6.0.1; Nexus 5X Build/MMB29P) AppleWebKit/537.36 (KHTML, like Gecko) Chrome/137.0.7151.103 Mobile Safari/537.36 (compatible; Googlebot/2.1; +http://www.google.com/bot.html)"
