192.178.6.102 - - [05/Jul/2025:16:37:08 -0400] "GET /?n=80298132790705&channel=e427ba&from=jp.php%3Fid%3D1327907-22376%26name%3D%E8%BB%8A%E7%94%A8%E3%82%B7%E3%83%BC%E3%83%88%E3%83%95%E3%82%A1%E3%83%B3%20%E6%89%87%E9%A2%A8%E6%A9%9F%202%E8%89%B2%20%E3%83%96%E3%83%A9%E3%83%83%E3%82%AF%20%E3%83%9B%E3%83%AF%E3%82%A4%E3%83%88%20USB%20%E3%83%98%E3%83%83%E3%83%89%E3%83%AC%E3%82%B9%E3%83%88%20%E3%82%B3%E3%83%B3%E3%83%91%E3%82%AF%E3%83%88%203%E6%AE%B5%E9%9A%8E%E9%A2%A8%E9%87%8F%E8%AA%BF%E7%AF%80%20%E8%BB%8A%E8%BC%89%20%E9%80%81%E9%A2%A8%E6%A9%9F%20%E3%82%B7%E3%83%BC%E3%83%88%E3%82%AF%E3%83%BC%E3%83%A9%E3%83%BC%20%E8%83%8C%E4%B8%AD%20%E9%A6%96%E3%82%82%E3%81%A8%20%E6%B6%BC%E3%81%97%E3%81%84%20%E7%A9%BA%E8%AA%BF%20%E6%9A%91%E3%81%95%E5%AF%BE%E7%AD%96%20%E3%83%99%E3%83%93%E3%83%BC%E3%82%B7%E3%83%BC%E3%83%88%20%E3%82%AB%E3%83%BC%E7%94%A8%E5%93%81%20%E8%BB%8A%E8%BC%89%E3%82%B7%E3%83%BC%E3%83%88%E3%83%95%E3%82%A1%E3%83%B3%20%E5%8F%96%E3%82%8A%E4%BB%98%E3%81%91%E7%B0%A1%E5%8D%98%20%E8%92%B8%E3%82%8C%E3%82%8B%20%E6%B1%97%20%E5%BF%AB%E9%81%A9%20%E3%82%AF%E3%83%BC%E3%83%A9%E3%83%BC HTTP/1.1" 200 30565 "-" "Mozilla/5.0 (Linux; Android 6.0.1; Nexus 5X Build/MMB29P) AppleWebKit/537.36 (KHTML, like Gecko) Chrome/137.0.7151.103 Mobile Safari/537.36 (compatible; Googlebot/2.1; +http://www.google.com/bot.html)"
63.250.38.117 - - [05/Jul/2025:16:37:46 -0400] "POST /wp-cron.php?doing_wp_cron=1751747866.3700408935546875000000 HTTP/1.1" 403 1242 "-" "WordPress/6.8.1; https://fnf.group"
213.209.150.137 - - [05/Jul/2025:16:37:44 -0400] "POST /wp-login.php?action=register HTTP/1.1" 302 0 "-" "-"
192.178.6.102 - - [05/Jul/2025:16:37:48 -0400] "GET /?n=9472767433202&channel=dbceb4&from=info.php%3Fid%3D674332-6473%26name%3D%E3%83%95%E3%83%AD%E3%83%B3%E3%83%88%E3%83%90%E3%83%B3%E3%83%91%E3%83%BC%E3%82%A4%E3%83%B3%E3%83%86%E3%83%BC%E3%82%AF%E3%82%B0%E3%83%AA%E3%83%AB+%E3%83%95%E3%83%AD%E3%83%B3%E3%83%88%E3%82%B9%E3%83%9D%E3%83%BC%E3%83%84%E5%85%AD%E8%A7%92%E3%83%A1%E3%83%83%E3%82%B7%E3%83%A5%E3%83%95%E3%83%BC%E3%83%89%E3%82%B0%E3%83%AA%E3%83%AB+A6+%E7%94%A8+S6%E7%94%A8+C7%E7%94%A8+2016+2017+2018 HTTP/1.1" 301 0 "-" "Mozilla/5.0 (Linux; Android 6.0.1; Nexus 5X Build/MMB29P) AppleWebKit/537.36 (KHTML, like Gecko) Chrome/137.0.7151.103 Mobile Safari/537.36 (compatible; Googlebot/2.1; +http://www.google.com/bot.html)"
91.151.95.70 - - [05/Jul/2025:16:37:54 -0400] "POST /xmlrpc.php HTTP/1.1" 403 1242 "https://fnf.group" "Mozilla/5.0 (Windows NT 10.0; Win64; x64) AppleWebKit/537.36 (KHTML, like Gecko) Chrome/115.0.5790.171 Safari/537.36 Edg/115.0.1901.203"
192.178.6.101 - - [05/Jul/2025:16:37:52 -0400] "GET /?n=9472767433202&channel=dbceb4&from=info.php%3Fid%3D674332-6473%26name%3D%E3%83%95%E3%83%AD%E3%83%B3%E3%83%88%E3%83%90%E3%83%B3%E3%83%91%E3%83%BC%E3%82%A4%E3%83%B3%E3%83%86%E3%83%BC%E3%82%AF%E3%82%B0%E3%83%AA%E3%83%AB%20%E3%83%95%E3%83%AD%E3%83%B3%E3%83%88%E3%82%B9%E3%83%9D%E3%83%BC%E3%83%84%E5%85%AD%E8%A7%92%E3%83%A1%E3%83%83%E3%82%B7%E3%83%A5%E3%83%95%E3%83%BC%E3%83%89%E3%82%B0%E3%83%AA%E3%83%AB%20A6%20%E7%94%A8%20S6%E7%94%A8%20C7%E7%94%A8%202016%202017%202018 HTTP/1.1" 200 30566 "-" "Mozilla/5.0 (Linux; Android 6.0.1; Nexus 5X Build/MMB29P) AppleWebKit/537.36 (KHTML, like Gecko) Chrome/137.0.7151.103 Mobile Safari/537.36 (compatible; Googlebot/2.1; +http://www.google.com/bot.html)"
91.151.95.70 - - [05/Jul/2025:16:37:55 -0400] "POST /wp-login.php HTTP/1.1" 200 3936 "https://fnf.group" "Mozilla/5.0 (Macintosh; Intel Mac OS X 10_15_7) AppleWebKit/537.36 (KHTML, like Gecko) Chrome/114.0.5735.134 Safari/537.36"
213.209.150.137 - - [05/Jul/2025:16:38:16 -0400] "POST /wp-login.php?action=register HTTP/1.1" 302 0 "-" "-"
216.73.216.174 - - [05/Jul/2025:16:38:25 -0400] "GET /2020/12/15/kashmiri-laal-aloo-by-rubina-naim/ HTTP/1.1" 500 1034 "-" "Mozilla/5.0 AppleWebKit/537.36 (KHTML, like Gecko; compatible; ClaudeBot/1.0; +claudebot@anthropic.com)"
192.178.6.102 - - [05/Jul/2025:16:38:30 -0400] "GET /?n=07739115170504&channel=ad23bf&from=pin.php%3Fid%3D1151705-15627%26name%3D%E2%9D%A4%E6%A5%B5%E7%BE%8E%E5%93%81%E2%9D%A4+CEZANNE+%E3%82%BB%E3%82%B6%E3%83%B3%E3%83%8C+%E6%8F%8F%E3%81%8F%E3%82%A2%E3%82%A4%E3%82%BE%E3%83%BC%E3%83%B3%E3%82%B3%E3%83%B3%E3%82%B7%E3%83%BC%E3%83%A9%E3%83%BC+%E6%B6%99%E8%A2%8B HTTP/1.1" 301 0 "-" "Mozilla/5.0 (Linux; Android 6.0.1; Nexus 5X Build/MMB29P) AppleWebKit/537.36 (KHTML, like Gecko) Chrome/137.0.7151.103 Mobile Safari/537.36 (compatible; Googlebot/2.1; +http://www.google.com/bot.html)"
213.209.150.137 - - [05/Jul/2025:16:38:31 -0400] "POST /wp-login.php?action=register HTTP/1.1" 302 0 "-" "-"
192.178.6.102 - - [05/Jul/2025:16:38:34 -0400] "GET /?n=07739115170504&channel=ad23bf&from=pin.php%3Fid%3D1151705-15627%26name%3D%E2%9D%A4%E6%A5%B5%E7%BE%8E%E5%93%81%E2%9D%A4%20CEZANNE%20%E3%82%BB%E3%82%B6%E3%83%B3%E3%83%8C%20%E6%8F%8F%E3%81%8F%E3%82%A2%E3%82%A4%E3%82%BE%E3%83%BC%E3%83%B3%E3%82%B3%E3%83%B3%E3%82%B7%E3%83%BC%E3%83%A9%E3%83%BC%20%E6%B6%99%E8%A2%8B HTTP/1.1" 200 30571 "-" "Mozilla/5.0 (Linux; Android 6.0.1; Nexus 5X Build/MMB29P) AppleWebKit/537.36 (KHTML, like Gecko) Chrome/137.0.7151.103 Mobile Safari/537.36 (compatible; Googlebot/2.1; +http://www.google.com/bot.html)"
63.250.38.117 - - [05/Jul/2025:16:39:24 -0400] "POST /wp-cron.php?doing_wp_cron=1751747964.6730270385742187500000 HTTP/1.1" 403 1242 "-" "WordPress/6.8.1; https://fnf.group"
192.178.6.103 - - [05/Jul/2025:16:39:19 -0400] "GET /?n=16828136561300&channel=c02ac3&from=shared.php%3Fid%3D1365613-26941%26name%3D%E3%81%8A%E5%AE%A2%E6%A7%98%E5%AE%8C%E6%88%90%E5%93%81%E2%99%A1%E3%83%AF%E3%83%B3%E3%83%9B%E3%83%B3%E3%83%8D%E3%82%A4%E3%83%AB%E3%80%80%E9%87%8F%E7%94%A3%E5%9E%8B%E3%80%80%E9%9F%93%E5%9B%BD%E3%83%8D%E3%82%A4%E3%83%AB%E3%80%80%E3%82%B0%E3%83%A9%E3%83%87%E3%83%BC%E3%82%B7%E3%83%A7%E3%83%B3%E3%83%8D%E3%82%A4%E3%83%AB HTTP/1.1" 200 30571 "-" "Mozilla/5.0 (Linux; Android 6.0.1; Nexus 5X Build/MMB29P) AppleWebKit/537.36 (KHTML, like Gecko) Chrome/137.0.7151.103 Mobile Safari/537.36 (compatible; Googlebot/2.1; +http://www.google.com/bot.html)"
192.178.6.102 - - [05/Jul/2025:16:40:01 -0400] "GET /?n=6292811619904&channel=3ecc43&from=product.php%3Fid%3D116199-8040%26name%3D%E3%82%AB%E3%83%BC%E3%83%86%E3%83%B3+%E3%83%AD%E3%83%BC%E3%83%AB%E3%82%AB%E3%83%BC%E3%83%86%E3%83%B3+%E3%82%B7%E3%83%A5%E3%82%B3%E3%83%80%E7%94%A8%E3%82%AA%E3%82%AF%E3%82%BF%E3%83%B4%E3%82%A3%E3%82%A2+5E+2012-2019+%E8%BB%8A%E3%81%AE%E7%AA%93%E3%82%B5%E3%83%B3%E3%82%B7%E3%82%A7%E3%83%BC%E3%83%89+UV+%E4%BF%9D%E8%AD%B7%E8%87%AA%E5%8B%95%E3%82%AB%E3%83%BC%E3%83%86%E3%83%B3%E3%82%B5%E3%83%B3%E3%82%B7%E3%82%A7%E3%83%BC%E3%83%89%E3%83%90 HTTP/1.1" 301 0 "-" "Mozilla/5.0 (Linux; Android 6.0.1; Nexus 5X Build/MMB29P) AppleWebKit/537.36 (KHTML, like Gecko) Chrome/137.0.7151.103 Mobile Safari/537.36 (compatible; Googlebot/2.1; +http://www.google.com/bot.html)"
192.178.6.101 - - [05/Jul/2025:16:40:06 -0400] "GET /?n=6292811619904&channel=3ecc43&from=product.php%3Fid%3D116199-8040%26name%3D%E3%82%AB%E3%83%BC%E3%83%86%E3%83%B3%20%E3%83%AD%E3%83%BC%E3%83%AB%E3%82%AB%E3%83%BC%E3%83%86%E3%83%B3%20%E3%82%B7%E3%83%A5%E3%82%B3%E3%83%80%E7%94%A8%E3%82%AA%E3%82%AF%E3%82%BF%E3%83%B4%E3%82%A3%E3%82%A2%205E%202012-2019%20%E8%BB%8A%E3%81%AE%E7%AA%93%E3%82%B5%E3%83%B3%E3%82%B7%E3%82%A7%E3%83%BC%E3%83%89%20UV%20%E4%BF%9D%E8%AD%B7%E8%87%AA%E5%8B%95%E3%82%AB%E3%83%BC%E3%83%86%E3%83%B3%E3%82%B5%E3%83%B3%E3%82%B7%E3%82%A7%E3%83%BC%E3%83%89%E3%83%90 HTTP/1.1" 200 30568 "-" "Mozilla/5.0 (Linux; Android 6.0.1; Nexus 5X Build/MMB29P) AppleWebKit/537.36 (KHTML, like Gecko) Chrome/137.0.7151.103 Mobile Safari/537.36 (compatible; Googlebot/2.1; +http://www.google.com/bot.html)"
63.250.38.117 - - [05/Jul/2025:16:40:49 -0400] "POST /wp-cron.php?doing_wp_cron=1751748049.1713120937347412109375 HTTP/1.1" 403 1242 "-" "WordPress/6.8.1; https://fnf.group"
63.250.38.117 - - [05/Jul/2025:16:40:49 -0400] "POST /wp-cron.php?doing_wp_cron=1751748049.3846778869628906250000 HTTP/1.1" 403 1242 "-" "WordPress/6.8.1; https://fnf.group"
192.178.6.101 - - [05/Jul/2025:16:40:44 -0400] "GET /?n=8018231290201&channel=ceddbd&from=form.php%3Fid%3D312902-6687%26name%3D%E3%82%B5%E3%82%A4%E3%83%89%E3%83%9F%E3%83%A9%E3%83%BC+X3+F25+X4+F26+X5+F15+X6+F16+2014-2018+%E3%82%B5%E3%82%A4%E3%83%89%E3%83%9F%E3%83%A9%E3%83%BC%E3%83%95%E3%83%AC%E3%83%BC%E3%83%A0%E4%B8%8B%E9%83%A8%E3%82%AB%E3%83%90%E3%83%BC%E3%83%90%E3%83%83%E3%82%AF%E3%83%9F%E3%83%A9%E3%83%BC HTTP/1.1" 301 0 "-" "Mozilla/5.0 (Linux; Android 6.0.1; Nexus 5X Build/MMB29P) AppleWebKit/537.36 (KHTML, like Gecko) Chrome/137.0.7151.103 Mobile Safari/537.36 (compatible; Googlebot/2.1; +http://www.google.com/bot.html)"
192.178.6.101 - - [05/Jul/2025:16:40:44 -0400] "GET /?n=876801197803&channel=36aab0&from=article.php%3Fid%3D11978-619%26name%3D%E3%82%A2%E3%82%A4%E3%83%AA%E3%83%BC%E3%82%A2%E3%83%AD%E3%83%8F%E3%83%97%E3%83%AA%E3%83%B3%E3%83%88%E3%81%AEM%E3%82%AD%E3%83%A3%E3%83%9F HTTP/1.1" 200 30568 "-" "Mozilla/5.0 (Linux; Android 6.0.1; Nexus 5X Build/MMB29P) AppleWebKit/537.36 (KHTML, like Gecko) Chrome/137.0.7151.103 Mobile Safari/537.36 (compatible; Googlebot/2.1; +http://www.google.com/bot.html)"
192.178.6.101 - - [05/Jul/2025:16:40:49 -0400] "GET /?n=8018231290201&channel=ceddbd&from=form.php%3Fid%3D312902-6687%26name%3D%E3%82%B5%E3%82%A4%E3%83%89%E3%83%9F%E3%83%A9%E3%83%BC%20X3%20F25%20X4%20F26%20X5%20F15%20X6%20F16%202014-2018%20%E3%82%B5%E3%82%A4%E3%83%89%E3%83%9F%E3%83%A9%E3%83%BC%E3%83%95%E3%83%AC%E3%83%BC%E3%83%A0%E4%B8%8B%E9%83%A8%E3%82%AB%E3%83%90%E3%83%BC%E3%83%90%E3%83%83%E3%82%AF%E3%83%9F%E3%83%A9%E3%83%BC HTTP/1.1" 200 30576 "-" "Mozilla/5.0 (Linux; Android 6.0.1; Nexus 5X Build/MMB29P) AppleWebKit/537.36 (KHTML, like Gecko) Chrome/137.0.7151.103 Mobile Safari/537.36 (compatible; Googlebot/2.1; +http://www.google.com/bot.html)"
192.178.6.103 - - [05/Jul/2025:16:41:09 -0400] "GET /?n=0675821157104&channel=e83652&from=pin.php%3Fid%3D211571-8662%26name%3D%E3%83%A9%E3%82%B8%E3%82%A8%E3%83%BC%E3%82%BF%E3%83%BC%E3%83%97%E3%83%AD%E3%83%86%E3%82%AF%E3%82%BF%E3%83%BC%E3%82%B0%E3%83%AA%E3%83%AB+%E3%82%AA%E3%83%BC%E3%83%88%E3%83%90%E3%82%A4%E3%82%A2%E3%82%AF%E3%82%BB%E3%82%B5%E3%83%AA%E3%83%BC%E3%83%A9%E3%82%B8%E3%82%A8%E3%83%BC%E3%82%BF%E3%83%BC%E3%82%B0%E3%83%AA%E3%83%AB%E3%82%AB%E3%83%90%E3%83%BC%E3%82%AC%E3%83%BC%E3%83%89%E4%BF%9D%E8%AD%B7+%E3%83%97%E3%83%AD%E3%83%86%E3%82%AF%E3%82%BF%E3%83%BC+%E3%83%99%E3%83%8D%E3%83%AA+502C+BJ500 HTTP/1.1" 301 0 "-" "Mozilla/5.0 (Linux; Android 6.0.1; Nexus 5X Build/MMB29P) AppleWebKit/537.36 (KHTML, like Gecko) Chrome/137.0.7151.103 Mobile Safari/537.36 (compatible; Googlebot/2.1; +http://www.google.com/bot.html)"
192.178.6.102 - - [05/Jul/2025:16:41:14 -0400] "GET /?n=0675821157104&channel=e83652&from=pin.php%3Fid%3D211571-8662%26name%3D%E3%83%A9%E3%82%B8%E3%82%A8%E3%83%BC%E3%82%BF%E3%83%BC%E3%83%97%E3%83%AD%E3%83%86%E3%82%AF%E3%82%BF%E3%83%BC%E3%82%B0%E3%83%AA%E3%83%AB%20%E3%82%AA%E3%83%BC%E3%83%88%E3%83%90%E3%82%A4%E3%82%A2%E3%82%AF%E3%82%BB%E3%82%B5%E3%83%AA%E3%83%BC%E3%83%A9%E3%82%B8%E3%82%A8%E3%83%BC%E3%82%BF%E3%83%BC%E3%82%B0%E3%83%AA%E3%83%AB%E3%82%AB%E3%83%90%E3%83%BC%E3%82%AC%E3%83%BC%E3%83%89%E4%BF%9D%E8%AD%B7%20%E3%83%97%E3%83%AD%E3%83%86%E3%82%AF%E3%82%BF%E3%83%BC%20%E3%83%99%E3%83%8D%E3%83%AA%20502C%20BJ500 HTTP/1.1" 200 30575 "-" "Mozilla/5.0 (Linux; Android 6.0.1; Nexus 5X Build/MMB29P) AppleWebKit/537.36 (KHTML, like Gecko) Chrome/137.0.7151.103 Mobile Safari/537.36 (compatible; Googlebot/2.1; +http://www.google.com/bot.html)"
192.178.6.101 - - [05/Jul/2025:16:41:34 -0400] "GET /?n=2160243440400&channel=8d872a&from=product.php%3Fid%3D434404-15807%26name%3D%E3%83%A1%E3%82%AC%E3%83%90%E3%82%B9+%E3%82%AB%E3%82%B2%E3%83%AD%E3%82%A6+155F+SP-C+2%E5%80%8B%E3%82%BB%E3%83%83%E3%83%88+%E3%83%9E%E3%83%83%E3%83%88+%E3%82%AD%E3%83%B3+%E3%83%9C%E3%83%A9+GG+%E3%83%99%E3%82%A4%E3%82%B5%E3%82%A4%E3%83%89+%E3%82%B0%E3%83%AA%E3%83%BC%E3%83%B3+PB+KAGELOU HTTP/1.1" 301 0 "-" "Mozilla/5.0 (Linux; Android 6.0.1; Nexus 5X Build/MMB29P) AppleWebKit/537.36 (KHTML, like Gecko) Chrome/137.0.7151.103 Mobile Safari/537.36 (compatible; Googlebot/2.1; +http://www.google.com/bot.html)"
192.178.6.101 - - [05/Jul/2025:16:41:37 -0400] "GET /?n=2160243440400&channel=8d872a&from=product.php%3Fid%3D434404-15807%26name%3D%E3%83%A1%E3%82%AC%E3%83%90%E3%82%B9%20%E3%82%AB%E3%82%B2%E3%83%AD%E3%82%A6%20155F%20SP-C%202%E5%80%8B%E3%82%BB%E3%83%83%E3%83%88%20%E3%83%9E%E3%83%83%E3%83%88%20%E3%82%AD%E3%83%B3%20%E3%83%9C%E3%83%A9%20GG%20%E3%83%99%E3%82%A4%E3%82%B5%E3%82%A4%E3%83%89%20%E3%82%B0%E3%83%AA%E3%83%BC%E3%83%B3%20PB%20KAGELOU HTTP/1.1" 200 30573 "-" "Mozilla/5.0 (Linux; Android 6.0.1; Nexus 5X Build/MMB29P) AppleWebKit/537.36 (KHTML, like Gecko) Chrome/137.0.7151.103 Mobile Safari/537.36 (compatible; Googlebot/2.1; +http://www.google.com/bot.html)"
216.73.216.174 - - [05/Jul/2025:16:42:06 -0400] "GET /tag/recipe/page/3/ HTTP/1.1" 500 1034 "-" "Mozilla/5.0 AppleWebKit/537.36 (KHTML, like Gecko; compatible; ClaudeBot/1.0; +claudebot@anthropic.com)"
63.250.38.117 - - [05/Jul/2025:16:43:00 -0400] "POST /wp-cron.php?doing_wp_cron=1751748179.9830920696258544921875 HTTP/1.1" 403 1242 "-" "WordPress/6.8.1; https://fnf.group"
192.178.6.100 - - [05/Jul/2025:16:42:56 -0400] "GET /?n=18406109319202&channel=408ca6&from=info.php%3Fid%3D1093192-2433%26name%3D%E3%80%90%E8%A8%98%E5%90%8D%E3%82%B5%E3%82%A4%E3%83%B3%E6%9C%89%E3%82%8A%E3%80%91%E5%A4%A7%E7%86%8A%E3%83%AF%E3%82%BF%E3%83%AB%E3%80%8E%E3%83%A9%E3%83%95%E3%83%9F%E3%83%A5%E3%83%BC%E3%82%B8%E3%83%83%E3%82%AF%E5%AE%A3%E8%A8%80+%E3%83%81%E3%83%B3%E3%83%89%E3%83%B3+%E3%83%91%E3%83%B3%E3%82%AF+%E3%82%B8%E3%83%A3%E3%82%BA%E3%80%8F HTTP/1.1" 301 0 "-" "Mozilla/5.0 (Linux; Android 6.0.1; Nexus 5X Build/MMB29P) AppleWebKit/537.36 (KHTML, like Gecko) Chrome/137.0.7151.103 Mobile Safari/537.36 (compatible; Googlebot/2.1; +http://www.google.com/bot.html)"
192.178.6.100 - - [05/Jul/2025:16:43:00 -0400] "GET /?n=18406109319202&channel=408ca6&from=info.php%3Fid%3D1093192-2433%26name%3D%E3%80%90%E8%A8%98%E5%90%8D%E3%82%B5%E3%82%A4%E3%83%B3%E6%9C%89%E3%82%8A%E3%80%91%E5%A4%A7%E7%86%8A%E3%83%AF%E3%82%BF%E3%83%AB%E3%80%8E%E3%83%A9%E3%83%95%E3%83%9F%E3%83%A5%E3%83%BC%E3%82%B8%E3%83%83%E3%82%AF%E5%AE%A3%E8%A8%80%20%E3%83%81%E3%83%B3%E3%83%89%E3%83%B3%20%E3%83%91%E3%83%B3%E3%82%AF%20%E3%82%B8%E3%83%A3%E3%82%BA%E3%80%8F HTTP/1.1" 200 30570 "-" "Mozilla/5.0 (Linux; Android 6.0.1; Nexus 5X Build/MMB29P) AppleWebKit/537.36 (KHTML, like Gecko) Chrome/137.0.7151.103 Mobile Safari/537.36 (compatible; Googlebot/2.1; +http://www.google.com/bot.html)"
192.178.6.100 - - [05/Jul/2025:16:43:55 -0400] "GET /?n=8189911307602&channel=98fc72&from=category-info.php%3Fid%3D113076-8021%26name%3DIntel+D945GCLF2+Atom+330%281.6+GHz+Dual%29 HTTP/1.1" 301 0 "-" "Mozilla/5.0 (Linux; Android 6.0.1; Nexus 5X Build/MMB29P) AppleWebKit/537.36 (KHTML, like Gecko) Chrome/137.0.7151.103 Mobile Safari/537.36 (compatible; Googlebot/2.1; +http://www.google.com/bot.html)"
63.250.38.117 - - [05/Jul/2025:16:44:03 -0400] "POST /wp-cron.php?doing_wp_cron=1751748243.0777049064636230468750 HTTP/1.1" 403 1242 "-" "WordPress/6.8.1; https://fnf.group"
192.178.6.100 - - [05/Jul/2025:16:43:59 -0400] "GET /?n=8189911307602&channel=98fc72&from=category-info.php%3Fid%3D113076-8021%26name%3DIntel%20D945GCLF2%20Atom%20330%281.6%20GHz%20Dual%29 HTTP/1.1" 200 30571 "-" "Mozilla/5.0 (Linux; Android 6.0.1; Nexus 5X Build/MMB29P) AppleWebKit/537.36 (KHTML, like Gecko) Chrome/137.0.7151.103 Mobile Safari/537.36 (compatible; Googlebot/2.1; +http://www.google.com/bot.html)"
192.178.6.100 - - [05/Jul/2025:16:44:42 -0400] "GET /?n=80731180620202&channel=b1b266&from=goods.php%3Fid%3D1806202-14157%26name%3DBSM+%E3%83%92%E3%83%A5%E3%83%BC%E3%82%BA%E3%83%9C%E3%83%83%E3%82%AF%E3%82%B9%E3%83%A2%E3%82%B8%E3%83%A5%E3%83%BC%E3%83%AB+9657608580+6500Y1+206+307+406+%E3%81%8A%E3%82%88%E3%81%B3+C2+C3+C5+%E3%83%99%E3%83%AB%E3%83%A9%E3%83%B3%E3%82%B4 HTTP/1.1" 301 0 "-" "Mozilla/5.0 (Linux; Android 6.0.1; Nexus 5X Build/MMB29P) AppleWebKit/537.36 (KHTML, like Gecko) Chrome/137.0.7151.103 Mobile Safari/537.36 (compatible; Googlebot/2.1; +http://www.google.com/bot.html)"
192.178.6.100 - - [05/Jul/2025:16:44:42 -0400] "GET /?n=77035154204507&channel=0e55b6&from=brands.php%3Fid%3D1542045-18583%26name%3D%5BCOVANK%5D%E3%82%B0%E3%83%A9%E3%83%87%E3%83%BC%E3%82%B7%E3%83%A7%E3%83%B3%E3%83%BB%E3%82%B5%E3%82%AF%E3%83%A9%E3%83%BB%E3%83%94%E3%83%B3%E3%82%AF+%E3%82%BF%E3%83%BC%E3%83%9D%E3%83%83%E3%83%88+%E4%BB%95%E4%B8%8A%E3%81%92+%E9%98%B2%E7%83%AB+%E8%BF%85%E9%80%9F%E3%81%A7%E7%84%A1%E8%87%AD+%E8%80%90%E4%B9%85%E6%80%A7%E3%81%A8%E8%80%90%E9%A3%9F%E6%80%A7+%E8%BB%BD%E9%87%8F+%E5%AE%89%E5%85%A8%E3%81%A7%E7%84%A1%E5%AE%B3 HTTP/1.1" 301 0 "-" "Mozilla/5.0 (Linux; Android 6.0.1; Nexus 5X Build/MMB29P) AppleWebKit/537.36 (KHTML, like Gecko) Chrome/137.0.7151.103 Mobile Safari/537.36 (compatible; Googlebot/2.1; +http://www.google.com/bot.html)"
192.178.6.100 - - [05/Jul/2025:16:44:46 -0400] "GET /?n=14924168186100&channel=acbe77&from=shop.php%3Fid%3D1681861-5964%26name%3DCompatible+With+Accord+1994+1995+1996+1997+1998+1999+2000+2001+200 HTTP/1.1" 301 0 "-" "Mozilla/5.0 (Linux; Android 6.0.1; Nexus 5X Build/MMB29P) AppleWebKit/537.36 (KHTML, like Gecko) Chrome/137.0.7151.103 Mobile Safari/537.36 (compatible; Googlebot/2.1; +http://www.google.com/bot.html)"
192.178.6.100 - - [05/Jul/2025:16:44:47 -0400] "GET /?n=80731180620202&channel=b1b266&from=goods.php%3Fid%3D1806202-14157%26name%3DBSM%20%E3%83%92%E3%83%A5%E3%83%BC%E3%82%BA%E3%83%9C%E3%83%83%E3%82%AF%E3%82%B9%E3%83%A2%E3%82%B8%E3%83%A5%E3%83%BC%E3%83%AB%209657608580%206500Y1%20206%20307%20406%20%E3%81%8A%E3%82%88%E3%81%B3%20C2%20C3%20C5%20%E3%83%99%E3%83%AB%E3%83%A9%E3%83%B3%E3%82%B4 HTTP/1.1" 200 30566 "-" "Mozilla/5.0 (Linux; Android 6.0.1; Nexus 5X Build/MMB29P) AppleWebKit/537.36 (KHTML, like Gecko) Chrome/137.0.7151.103 Mobile Safari/537.36 (compatible; Googlebot/2.1; +http://www.google.com/bot.html)"
192.178.6.100 - - [05/Jul/2025:16:44:51 -0400] "GET /?n=77035154204507&channel=0e55b6&from=brands.php%3Fid%3D1542045-18583%26name%3D%5BCOVANK%5D%E3%82%B0%E3%83%A9%E3%83%87%E3%83%BC%E3%82%B7%E3%83%A7%E3%83%B3%E3%83%BB%E3%82%B5%E3%82%AF%E3%83%A9%E3%83%BB%E3%83%94%E3%83%B3%E3%82%AF%20%E3%82%BF%E3%83%BC%E3%83%9D%E3%83%83%E3%83%88%20%E4%BB%95%E4%B8%8A%E3%81%92%20%E9%98%B2%E7%83%AB%20%E8%BF%85%E9%80%9F%E3%81%A7%E7%84%A1%E8%87%AD%20%E8%80%90%E4%B9%85%E6%80%A7%E3%81%A8%E8%80%90%E9%A3%9F%E6%80%A7%20%E8%BB%BD%E9%87%8F%20%E5%AE%89%E5%85%A8%E3%81%A7%E7%84%A1%E5%AE%B3 HTTP/1.1" 200 30572 "-" "Mozilla/5.0 (Linux; Android 6.0.1; Nexus 5X Build/MMB29P) AppleWebKit/537.36 (KHTML, like Gecko) Chrome/137.0.7151.103 Mobile Safari/537.36 (compatible; Googlebot/2.1; +http://www.google.com/bot.html)"
192.178.6.100 - - [05/Jul/2025:16:44:55 -0400] "GET /?n=14924168186100&channel=acbe77&from=shop.php%3Fid%3D1681861-5964%26name%3DCompatible%20With%20Accord%201994%201995%201996%201997%201998%201999%202000%202001%20200 HTTP/1.1" 200 30568 "-" "Mozilla/5.0 (Linux; Android 6.0.1; Nexus 5X Build/MMB29P) AppleWebKit/537.36 (KHTML, like Gecko) Chrome/137.0.7151.103 Mobile Safari/537.36 (compatible; Googlebot/2.1; +http://www.google.com/bot.html)"
114.119.131.93 - - [05/Jul/2025:16:44:56 -0400] "GET /2025/06/27/fhm-hkr-lb-crash-1xbet-mjn-dlyl-shml-lake-city-florida-gainesville-florida/ HTTP/1.1" 200 30473 "https://fnf.group/2025/06/page/12/" "Mozilla/5.0 (Linux; Android 7.0;) AppleWebKit/537.36 (KHTML, like Gecko) Mobile Safari/537.36 (compatible; PetalBot;+https://webmaster.petalsearch.com/site/petalbot)"
63.250.38.117 - - [05/Jul/2025:16:45:04 -0400] "POST /wp-cron.php?doing_wp_cron=1751748303.7922348976135253906250 HTTP/1.1" 403 1242 "-" "WordPress/6.8.1; https://fnf.group"
192.178.6.100 - - [05/Jul/2025:16:45:01 -0400] "GET /?n=30687117721301&channel=e5c379&from=shop.php%3Fid%3D1177213-24839%26name%3D%E6%81%90%E7%AB%9C%E3%83%87%E3%82%B6%E3%82%A4%E3%83%B3+%E5%88%BA%E7%B9%8D%E3%82%A2%E3%82%A4%E3%83%AD%E3%83%B3%E3%83%AF%E3%83%83%E3%83%9A%E3%83%B3%E3%82%BB%E3%83%83%E3%83%88 HTTP/1.1" 301 0 "-" "Mozilla/5.0 (Linux; Android 6.0.1; Nexus 5X Build/MMB29P) AppleWebKit/537.36 (KHTML, like Gecko) Chrome/137.0.7151.103 Mobile Safari/537.36 (compatible; Googlebot/2.1; +http://www.google.com/bot.html)"
192.178.6.100 - - [05/Jul/2025:16:45:04 -0400] "GET /?n=30687117721301&channel=e5c379&from=shop.php%3Fid%3D1177213-24839%26name%3D%E6%81%90%E7%AB%9C%E3%83%87%E3%82%B6%E3%82%A4%E3%83%B3%20%E5%88%BA%E7%B9%8D%E3%82%A2%E3%82%A4%E3%83%AD%E3%83%B3%E3%83%AF%E3%83%83%E3%83%9A%E3%83%B3%E3%82%BB%E3%83%83%E3%83%88 HTTP/1.1" 200 30570 "-" "Mozilla/5.0 (Linux; Android 6.0.1; Nexus 5X Build/MMB29P) AppleWebKit/537.36 (KHTML, like Gecko) Chrome/137.0.7151.103 Mobile Safari/537.36 (compatible; Googlebot/2.1; +http://www.google.com/bot.html)"
192.178.6.100 - - [05/Jul/2025:16:45:09 -0400] "GET /?n=9929777795405&channel=32362b&from=pin.php%3Fid%3D777954-7365%26name%3D%E6%9D%B1%E8%8A%9D%E5%AF%BE%E5%BF%9C+PA3634U-1BRS+SatelliteT110%E3%80%9010.8V%E3%80%815200mAh%E3%80%91+%E3%83%96%E3%83%A9%E3%83%83%E3%82%AF+%E5%AF%BE%E5%BF%9C%E7%94%A8+PC+%E4%BA%92%E6%8F%9B+%E3%83%90%E3%83%83%E3%83%86%E3%83%AA HTTP/1.1" 301 0 "-" "Mozilla/5.0 (Linux; Android 6.0.1; Nexus 5X Build/MMB29P) AppleWebKit/537.36 (KHTML, like Gecko) Chrome/137.0.7151.103 Mobile Safari/537.36 (compatible; Googlebot/2.1; +http://www.google.com/bot.html)"
192.178.6.100 - - [05/Jul/2025:16:45:10 -0400] "GET /?n=9929777795405&channel=32362b&from=pin.php%3Fid%3D777954-7365%26name%3D%E6%9D%B1%E8%8A%9D%E5%AF%BE%E5%BF%9C%20PA3634U-1BRS%20SatelliteT110%E3%80%9010.8V%E3%80%815200mAh%E3%80%91%20%E3%83%96%E3%83%A9%E3%83%83%E3%82%AF%20%E5%AF%BE%E5%BF%9C%E7%94%A8%20PC%20%E4%BA%92%E6%8F%9B%20%E3%83%90%E3%83%83%E3%83%86%E3%83%AA HTTP/1.1" 200 30569 "-" "Mozilla/5.0 (Linux; Android 6.0.1; Nexus 5X Build/MMB29P) AppleWebKit/537.36 (KHTML, like Gecko) Chrome/137.0.7151.103 Mobile Safari/537.36 (compatible; Googlebot/2.1; +http://www.google.com/bot.html)"
192.178.6.100 - - [05/Jul/2025:16:45:46 -0400] "GET /?n=05128114054702&channel=39dcb2&from=blog.php%3Fid%3D1140547-6271%26name%3D%E3%83%86%E3%83%BC%E3%83%96%E3%83%AB%E3%83%A9%E3%82%A4%E3%83%88+%E3%83%86%E3%83%BC%E3%83%96%E3%83%AB%E3%83%A9%E3%83%B3%E3%83%97+%E3%83%99%E3%83%83%E3%83%89%E3%82%B5%E3%82%A4%E3%83%89%E3%83%A9%E3%83%B3%E3%83%97+%E3%83%99%E3%83%83%E3%83%89%E3%82%B5%E3%82%A4%E3%83%89%E3%83%86%E3%83%BC%E3%83%96%E3%83%AB%E3%83%A9%E3%83%B3%E3%83%97%E3%82%AC%E3%83%A9%E3%82%B9%E3%83%A9%E3%83%B3%E3%83%97%E3%82%B7%E3%82%A7%E3%83%BC%E3%83%89%E3%83%99%E3%83%83%E3%83%89%E3%83%AB%E3%83%BC%E3%83%A0%E3%83%A9%E3%82%A4%E3%83%88%E3%82%AF%E3%83%AA%E3%82%A8%E3%82%A4%E3%83%86%E3%82%A3%E3%83%96%E9%8D%9B HTTP/1.1" 301 0 "-" "Mozilla/5.0 (Linux; Android 6.0.1; Nexus 5X Build/MMB29P) AppleWebKit/537.36 (KHTML, like Gecko) Chrome/137.0.7151.103 Mobile Safari/537.36 (compatible; Googlebot/2.1; +http://www.google.com/bot.html)"
192.178.6.100 - - [05/Jul/2025:16:45:50 -0400] "GET /?n=05128114054702&channel=39dcb2&from=blog.php%3Fid%3D1140547-6271%26name%3D%E3%83%86%E3%83%BC%E3%83%96%E3%83%AB%E3%83%A9%E3%82%A4%E3%83%88%20%E3%83%86%E3%83%BC%E3%83%96%E3%83%AB%E3%83%A9%E3%83%B3%E3%83%97%20%E3%83%99%E3%83%83%E3%83%89%E3%82%B5%E3%82%A4%E3%83%89%E3%83%A9%E3%83%B3%E3%83%97%20%E3%83%99%E3%83%83%E3%83%89%E3%82%B5%E3%82%A4%E3%83%89%E3%83%86%E3%83%BC%E3%83%96%E3%83%AB%E3%83%A9%E3%83%B3%E3%83%97%E3%82%AC%E3%83%A9%E3%82%B9%E3%83%A9%E3%83%B3%E3%83%97%E3%82%B7%E3%82%A7%E3%83%BC%E3%83%89%E3%83%99%E3%83%83%E3%83%89%E3%83%AB%E3%83%BC%E3%83%A0%E3%83%A9%E3%82%A4%E3%83%88%E3%82%AF%E3%83%AA%E3%82%A8%E3%82%A4%E3%83%86%E3%82%A3%E3%83%96%E9%8D%9B HTTP/1.1" 200 30578 "-" "Mozilla/5.0 (Linux; Android 6.0.1; Nexus 5X Build/MMB29P) AppleWebKit/537.36 (KHTML, like Gecko) Chrome/137.0.7151.103 Mobile Safari/537.36 (compatible; Googlebot/2.1; +http://www.google.com/bot.html)"
192.178.6.100 - - [05/Jul/2025:16:45:56 -0400] "GET /?n=77570147594800&channel=681c2a&from=form.php%3Fid%3D1475948-27785%26name%3DSchick%28%E3%82%B7%E3%83%83%E3%82%AF%29+%E8%96%AC%E7%94%A8%E3%82%B7%E3%82%A7%E3%83%BC%E3%83%96%E3%82%AC%E3%83%BC%E3%83%89+%E3%82%B7%E3%82%A7%E3%83%BC%E3%83%93%E3%83%B3%E3%82%B0%E3%83%95%E3%82%A9%E3%83%BC%E3%83%A0+200g+%28%C3%972%E5%80%8B%E5%85%A5+%E3%83%80%E3%83%96%E3%83%AB%E3%83%91%E3%83%83%E3%82%AF%29+%281%E5%80%8B%29 HTTP/1.1" 301 0 "-" "Mozilla/5.0 (Linux; Android 6.0.1; Nexus 5X Build/MMB29P) AppleWebKit/537.36 (KHTML, like Gecko) Chrome/137.0.7151.103 Mobile Safari/537.36 (compatible; Googlebot/2.1; +http://www.google.com/bot.html)"
192.178.6.100 - - [05/Jul/2025:16:45:59 -0400] "GET /?n=77570147594800&channel=681c2a&from=form.php%3Fid%3D1475948-27785%26name%3DSchick%28%E3%82%B7%E3%83%83%E3%82%AF%29%20%E8%96%AC%E7%94%A8%E3%82%B7%E3%82%A7%E3%83%BC%E3%83%96%E3%82%AC%E3%83%BC%E3%83%89%20%E3%82%B7%E3%82%A7%E3%83%BC%E3%83%93%E3%83%B3%E3%82%B0%E3%83%95%E3%82%A9%E3%83%BC%E3%83%A0%20200g%20%28%C3%972%E5%80%8B%E5%85%A5%20%E3%83%80%E3%83%96%E3%83%AB%E3%83%91%E3%83%83%E3%82%AF%29%20%281%E5%80%8B%29 HTTP/1.1" 200 30571 "-" "Mozilla/5.0 (Linux; Android 6.0.1; Nexus 5X Build/MMB29P) AppleWebKit/537.36 (KHTML, like Gecko) Chrome/137.0.7151.103 Mobile Safari/537.36 (compatible; Googlebot/2.1; +http://www.google.com/bot.html)"
63.250.38.117 - - [05/Jul/2025:16:46:19 -0400] "POST /wp-cron.php?doing_wp_cron=1751748379.7871389389038085937500 HTTP/1.1" 403 1242 "-" "WordPress/6.8.1; https://fnf.group"
114.119.134.95 - - [05/Jul/2025:16:46:18 -0400] "GET /2025/06/24/plinko-game-australia-perform-win-actual-money/ HTTP/1.1" 200 28065 "https://fnf.group/category/recipes/page/19/" "Mozilla/5.0 (Linux; Android 7.0;) AppleWebKit/537.36 (KHTML, like Gecko) Mobile Safari/537.36 (compatible; PetalBot;+https://webmaster.petalsearch.com/site/petalbot)"
192.178.6.100 - - [05/Jul/2025:16:46:41 -0400] "GET /?n=4808711980105&channel=ceddbd&from=info.php%3Fid%3D119801-6687%26name%3D%E3%82%B5%E3%82%A4%E3%83%89+%E3%83%90%E3%83%83%E3%82%AF%E3%83%9F%E3%83%A9%E3%83%BC+%E3%82%AB%E3%83%90%E3%83%BC+%E3%82%AD%E3%83%A3%E3%83%83%E3%83%97+%E3%82%B7%E3%82%A7%E3%83%AB%E3%80%81LHD+C+GLC+SE+%E3%82%AF%E3%83%A9%E3%82%B9+W205+X253+W222+W213+W238 HTTP/1.1" 301 0 "-" "Mozilla/5.0 (Linux; Android 6.0.1; Nexus 5X Build/MMB29P) AppleWebKit/537.36 (KHTML, like Gecko) Chrome/137.0.7151.103 Mobile Safari/537.36 (compatible; Googlebot/2.1; +http://www.google.com/bot.html)"
192.178.6.100 - - [05/Jul/2025:16:46:46 -0400] "GET /?n=4808711980105&channel=ceddbd&from=info.php%3Fid%3D119801-6687%26name%3D%E3%82%B5%E3%82%A4%E3%83%89%20%E3%83%90%E3%83%83%E3%82%AF%E3%83%9F%E3%83%A9%E3%83%BC%20%E3%82%AB%E3%83%90%E3%83%BC%20%E3%82%AD%E3%83%A3%E3%83%83%E3%83%97%20%E3%82%B7%E3%82%A7%E3%83%AB%E3%80%81LHD%20C%20GLC%20SE%20%E3%82%AF%E3%83%A9%E3%82%B9%20W205%20X253%20W222%20W213%20W238 HTTP/1.1" 200 30570 "-" "Mozilla/5.0 (Linux; Android 6.0.1; Nexus 5X Build/MMB29P) AppleWebKit/537.36 (KHTML, like Gecko) Chrome/137.0.7151.103 Mobile Safari/537.36 (compatible; Googlebot/2.1; +http://www.google.com/bot.html)"
63.250.38.117 - - [05/Jul/2025:16:47:29 -0400] "POST /wp-cron.php?doing_wp_cron=1751748449.8013429641723632812500 HTTP/1.1" 403 1242 "-" "WordPress/6.8.1; https://fnf.group"
192.178.6.101 - - [05/Jul/2025:16:47:28 -0400] "GET /?n=0821821587505&channel=80d3b8&from=shared.php%3Fid%3D215875-5709%26name%3D4+%E5%80%8B+L076PBD+%E3%82%B3%E3%83%A2%E3%83%B3%E3%83%AC%E3%83%BC%E3%83%AB%E3%82%A4%E3%83%B3%E3%82%B8%E3%82%A7%E3%82%AF%E3%82%BF%E3%83%BC%E3%83%8E%E3%82%BA%E3%83%AB%E3%83%81%E3%83%83%E3%83%97+L076+PBD+L076PBC+%E7%87%83%E6%96%99%E5%99%B4%E5%B0%84+Delphi+%E3%82%A4%E3%83%B3%E3%82%B8%E3%82%A7%E3%82%AF HTTP/1.1" 301 0 "-" "Mozilla/5.0 (Linux; Android 6.0.1; Nexus 5X Build/MMB29P) AppleWebKit/537.36 (KHTML, like Gecko) Chrome/137.0.7151.103 Mobile Safari/537.36 (compatible; Googlebot/2.1; +http://www.google.com/bot.html)"
192.178.6.101 - - [05/Jul/2025:16:47:30 -0400] "GET /?n=0821821587505&channel=80d3b8&from=shared.php%3Fid%3D215875-5709%26name%3D4%20%E5%80%8B%20L076PBD%20%E3%82%B3%E3%83%A2%E3%83%B3%E3%83%AC%E3%83%BC%E3%83%AB%E3%82%A4%E3%83%B3%E3%82%B8%E3%82%A7%E3%82%AF%E3%82%BF%E3%83%BC%E3%83%8E%E3%82%BA%E3%83%AB%E3%83%81%E3%83%83%E3%83%97%20L076%20PBD%20L076PBC%20%E7%87%83%E6%96%99%E5%99%B4%E5%B0%84%20Delphi%20%E3%82%A4%E3%83%B3%E3%82%B8%E3%82%A7%E3%82%AF HTTP/1.1" 200 30565 "-" "Mozilla/5.0 (Linux; Android 6.0.1; Nexus 5X Build/MMB29P) AppleWebKit/537.36 (KHTML, like Gecko) Chrome/137.0.7151.103 Mobile Safari/537.36 (compatible; Googlebot/2.1; +http://www.google.com/bot.html)"
192.178.6.102 - - [05/Jul/2025:16:47:31 -0400] "GET /?n=60701112276104&channel=c8b117&from=blog.php%3Fid%3D1122761-7640%26name%3D%E3%82%AF%E3%83%9F%E3%82%AD%E3%83%A7%E3%82%AF%E3%80%80%E8%96%84%E6%89%8B%E3%80%80%E3%82%BB%E3%83%BC%E3%82%BF%E3%83%BC%E3%80%80%E3%83%8B%E3%83%83%E3%83%88%E3%80%80%E3%83%94%E3%83%B3%E3%82%AF%E3%80%80M HTTP/1.1" 200 30566 "-" "Mozilla/5.0 (Linux; Android 6.0.1; Nexus 5X Build/MMB29P) AppleWebKit/537.36 (KHTML, like Gecko) Chrome/137.0.7151.103 Mobile Safari/537.36 (compatible; Googlebot/2.1; +http://www.google.com/bot.html)"
114.119.128.253 - - [05/Jul/2025:16:47:42 -0400] "GET /2025/06/21/casino-zonder-cruks-veilig-gokken-zonder-cruks-in-2025/ HTTP/1.1" 200 26966 "https://fnf.group/category/recipes/page/24/" "Mozilla/5.0 (Linux; Android 7.0;) AppleWebKit/537.36 (KHTML, like Gecko) Mobile Safari/537.36 (compatible; PetalBot;+https://webmaster.petalsearch.com/site/petalbot)"
216.73.216.174 - - [05/Jul/2025:16:48:19 -0400] "GET /tag/recipe/page/6/ HTTP/1.1" 500 1034 "-" "Mozilla/5.0 AppleWebKit/537.36 (KHTML, like Gecko; compatible; ClaudeBot/1.0; +claudebot@anthropic.com)"
192.178.6.102 - - [05/Jul/2025:16:48:42 -0400] "GET /?n=42037186736200&channel=b031c6&from=news.php%3Fid%3D1867362-11363%26name%3DDSTYLE+%E3%83%AF%E3%83%BC%E3%83%A0+SVSB+BIG+3.4%E3%82%A4%E3%83%B3%E3%83%81+%E3%83%AF%E3%82%A4%E3%83%B3%E3%83%9A%E3%83%83%E3%83%91%E3%83%BC HTTP/1.1" 301 0 "-" "Mozilla/5.0 (Linux; Android 6.0.1; Nexus 5X Build/MMB29P) AppleWebKit/537.36 (KHTML, like Gecko) Chrome/137.0.7151.103 Mobile Safari/537.36 (compatible; Googlebot/2.1; +http://www.google.com/bot.html)"
192.178.6.100 - - [05/Jul/2025:16:48:48 -0400] "GET /?n=42037186736200&channel=b031c6&from=news.php%3Fid%3D1867362-11363%26name%3DDSTYLE%20%E3%83%AF%E3%83%BC%E3%83%A0%20SVSB%20BIG%203.4%E3%82%A4%E3%83%B3%E3%83%81%20%E3%83%AF%E3%82%A4%E3%83%B3%E3%83%9A%E3%83%83%E3%83%91%E3%83%BC HTTP/1.1" 200 30572 "-" "Mozilla/5.0 (Linux; Android 6.0.1; Nexus 5X Build/MMB29P) AppleWebKit/537.36 (KHTML, like Gecko) Chrome/137.0.7151.103 Mobile Safari/537.36 (compatible; Googlebot/2.1; +http://www.google.com/bot.html)"
114.119.137.28 - - [05/Jul/2025:16:49:05 -0400] "GET /2020/11/02/chinese-style-qeema-veggies-by-shazia-mudabbir HTTP/1.1" 301 0 "https://fnf.group/author/admin123/page/3" "Mozilla/5.0 (Linux; Android 7.0;) AppleWebKit/537.36 (KHTML, like Gecko) Mobile Safari/537.36 (compatible; PetalBot;+https://webmaster.petalsearch.com/site/petalbot)"
114.119.137.28 - - [05/Jul/2025:16:49:09 -0400] "GET /2020/11/02/chinese-style-qeema-veggies-by-shazia-mudabbir/ HTTP/1.1" 200 18523 "https://fnf.group/author/admin123/page/3" "Mozilla/5.0 (Linux; Android 7.0;) AppleWebKit/537.36 (KHTML, like Gecko) Mobile Safari/537.36 (compatible; PetalBot;+https://webmaster.petalsearch.com/site/petalbot)"
192.178.6.100 - - [05/Jul/2025:16:49:30 -0400] "GET /?n=38787140166404&channel=93425c&from=article.php%3Fid%3D1401664-493%26name%3D%E3%81%96%E3%82%8B+%E3%81%9D%E3%81%B0+%E7%AB%B9%E7%B4%B0%E5%B7%A5+%E6%B7%B1%E3%81%96%E3%82%8B+%E5%B9%B3%E3%81%96%E3%82%8B+%E6%B0%B4%E5%88%87%E3%81%96%E3%82%8B+%E8%AA%BF%E7%90%86%E9%81%93%E5%85%B7+%E5%92%8C%E8%8F%93%E5%AD%90+%E3%83%91%E3%83%B3%E3%81%8B%E3%81%94+M250416-24 HTTP/1.1" 301 0 "-" "Mozilla/5.0 (Linux; Android 6.0.1; Nexus 5X Build/MMB29P) AppleWebKit/537.36 (KHTML, like Gecko) Chrome/137.0.7151.103 Mobile Safari/537.36 (compatible; Googlebot/2.1; +http://www.google.com/bot.html)"
192.178.6.102 - - [05/Jul/2025:16:49:32 -0400] "GET /?n=38787140166404&channel=93425c&from=article.php%3Fid%3D1401664-493%26name%3D%E3%81%96%E3%82%8B%20%E3%81%9D%E3%81%B0%20%E7%AB%B9%E7%B4%B0%E5%B7%A5%20%E6%B7%B1%E3%81%96%E3%82%8B%20%E5%B9%B3%E3%81%96%E3%82%8B%20%E6%B0%B4%E5%88%87%E3%81%96%E3%82%8B%20%E8%AA%BF%E7%90%86%E9%81%93%E5%85%B7%20%E5%92%8C%E8%8F%93%E5%AD%90%20%E3%83%91%E3%83%B3%E3%81%8B%E3%81%94%20M250416-24 HTTP/1.1" 200 30562 "-" "Mozilla/5.0 (Linux; Android 6.0.1; Nexus 5X Build/MMB29P) AppleWebKit/537.36 (KHTML, like Gecko) Chrome/137.0.7151.103 Mobile Safari/537.36 (compatible; Googlebot/2.1; +http://www.google.com/bot.html)"
103.218.122.203 - - [05/Jul/2025:16:49:57 -0400] "POST /xmlrpc.php HTTP/1.1" 403 1242 "https://fnf.group" "Mozilla/5.0 (Macintosh; Intel Mac OS X 14_4_1) AppleWebKit/605.1.15 (KHTML, like Gecko) Version/17.3.1 Safari/605.1.15"
63.250.38.117 - - [05/Jul/2025:16:50:02 -0400] "POST /wp-cron.php?doing_wp_cron=1751748602.2008459568023681640625 HTTP/1.1" 403 1242 "-" "WordPress/6.8.1; https://fnf.group"
103.218.122.203 - - [05/Jul/2025:16:49:58 -0400] "POST /wp-login.php HTTP/1.1" 200 3936 "https://fnf.group" "Mozilla/5.0 (Macintosh; Intel Mac OS X 14.5) AppleWebKit/618.3.5 (KHTML, like Gecko) Version/17.4 Safari/618.3.5"
192.178.6.101 - - [05/Jul/2025:16:50:09 -0400] "GET /?n=70420185986903&channel=f7d2ac&from=jp.php%3Fid%3D1859869-5236%26name%3D%E3%80%90%E7%89%B9%E4%BE%A1%E5%95%86%E5%93%81%E3%80%91%E5%89%A5%E3%81%8C%E3%81%9B%E3%82%8B%E4%B8%AD%E7%B2%98%E5%BA%A6%EF%BC%88%E8%B2%BC%E3%81%A3%E3%81%A6%E5%89%A5%E3%81%8C%E3%81%9B%E3%81%A6%E7%B3%8A%E6%AE%8B%E3%82%8A%E3%81%AA%E3%81%97%EF%BC%89+%E3%82%AD%E3%83%83%E3%83%81%E3%83%B3%E7%94%A8+%E5%A3%81%E7%B4%99+%E5%AE%B6%E5%85%B7+%E5%8F%B0%E6%89%80+%E5%A4%A7%E7%90%86%E7%9F%B3%E6%9F%84+%E3%83%AA%E3%83%93%E3%83%B3%E3%82%B0+%E9%98%B2%E3%82%AB%E3%83%93+%E6%A8%A1%E6%A7%98%E6%9B%BF%E3%81%88+%E7%99%BD+%E9%98%B2%E6%B2%B9+%E9%98%B2%E6%B1%9A+%E8%80%90%E7%86%B1+%E5%A4%A7%E7%90%86%E7%9F%B3%E3%82%AB%E3%83%83%E3%83%86%E3%82%A3%E3%83%B3%E3%82%B0%E3%82%B7%E3%83%BC%E3%83%88+%E3%83%87%E3%82%B3%E3%83%AC%E3%83%BC%E3%82%B7%E3%83%A7%E3%83%B3+60cmx10m+%E5%A4%A7%E7%90%86%E7%9F%B3+%E5%A3%81%E7%B4%99%E3%82%B7%E3%83%BC%E3%83%AB+%E3%83%AA%E3%83%95%E3%82%A9%E3%83%BC%E3%83%A0+%EF%BC%A4%EF%BC%A9%EF%BC%B9+%E5%A4%A7%E7%90%86%E7%9F%B3%E3%82%B7%E3%83%BC%E3%83%AB HTTP/1.1" 301 0 "-" "Mozilla/5.0 (Linux; Android 6.0.1; Nexus 5X Build/MMB29P) AppleWebKit/537.36 (KHTML, like Gecko) Chrome/137.0.7151.103 Mobile Safari/537.36 (compatible; Googlebot/2.1; +http://www.google.com/bot.html)"
192.178.6.101 - - [05/Jul/2025:16:50:11 -0400] "GET /?n=70420185986903&channel=f7d2ac&from=jp.php%3Fid%3D1859869-5236%26name%3D%E3%80%90%E7%89%B9%E4%BE%A1%E5%95%86%E5%93%81%E3%80%91%E5%89%A5%E3%81%8C%E3%81%9B%E3%82%8B%E4%B8%AD%E7%B2%98%E5%BA%A6%EF%BC%88%E8%B2%BC%E3%81%A3%E3%81%A6%E5%89%A5%E3%81%8C%E3%81%9B%E3%81%A6%E7%B3%8A%E6%AE%8B%E3%82%8A%E3%81%AA%E3%81%97%EF%BC%89%20%E3%82%AD%E3%83%83%E3%83%81%E3%83%B3%E7%94%A8%20%E5%A3%81%E7%B4%99%20%E5%AE%B6%E5%85%B7%20%E5%8F%B0%E6%89%80%20%E5%A4%A7%E7%90%86%E7%9F%B3%E6%9F%84%20%E3%83%AA%E3%83%93%E3%83%B3%E3%82%B0%20%E9%98%B2%E3%82%AB%E3%83%93%20%E6%A8%A1%E6%A7%98%E6%9B%BF%E3%81%88%20%E7%99%BD%20%E9%98%B2%E6%B2%B9%20%E9%98%B2%E6%B1%9A%20%E8%80%90%E7%86%B1%20%E5%A4%A7%E7%90%86%E7%9F%B3%E3%82%AB%E3%83%83%E3%83%86%E3%82%A3%E3%83%B3%E3%82%B0%E3%82%B7%E3%83%BC%E3%83%88%20%E3%83%87%E3%82%B3%E3%83%AC%E3%83%BC%E3%82%B7%E3%83%A7%E3%83%B3%2060cmx10m%20%E5%A4%A7%E7%90%86%E7%9F%B3%20%E5%A3%81%E7%B4%99%E3%82%B7%E3%83%BC%E3%83%AB%20%E3%83%AA%E3%83%95%E3%82%A9%E3%83%BC%E3%83%A0%20%EF%BC%A4%EF%BC%A9%EF%BC%B9%20%E5%A4%A7%E7%90%86%E7%9F%B3%E3%82%B7%E3%83%BC%E3%83%AB HTTP/1.1" 200 30571 "-" "Mozilla/5.0 (Linux; Android 6.0.1; Nexus 5X Build/MMB29P) AppleWebKit/537.36 (KHTML, like Gecko) Chrome/137.0.7151.103 Mobile Safari/537.36 (compatible; Googlebot/2.1; +http://www.google.com/bot.html)"
192.178.6.100 - - [05/Jul/2025:16:50:54 -0400] "GET /?n=9002975468000&channel=9c0465&from=category-info.php%3Fid%3D754680-8445%26name%3D%E3%83%9C%E3%83%BC%E3%83%B3%E3%83%AC%E3%82%B9%E3%83%AF%E3%82%A4%E3%83%91%E3%83%BC+%E7%82%BA%E3%81%AB%E3%83%80%E3%83%81%E3%82%A2+%E3%82%B5%E3%83%B3%E3%83%87%E3%83%ADMK1+2013-2016+20+%26%2334%3B%2B20%26%2334%3B+%E3%83%95%E3%83%AD%E3%83%B3%E3%83%88%E3%82%AC%E3%83%A9%E3%82%B9%E3%83%AF%E3%82%A4%E3%83%91%E3%83%BC%E3%83%96%E3%83%AC%E3%83%BC%E3%83%89 HTTP/1.1" 301 0 "-" "Mozilla/5.0 (Linux; Android 6.0.1; Nexus 5X Build/MMB29P) AppleWebKit/537.36 (KHTML, like Gecko) Chrome/137.0.7151.103 Mobile Safari/537.36 (compatible; Googlebot/2.1; +http://www.google.com/bot.html)"
192.178.6.100 - - [05/Jul/2025:16:50:54 -0400] "GET /?n=5725368046108&channel=e9bada&from=goods.php%3Fid%3D680461-13982%26name%3D%E3%83%9E%E3%82%A4%E3%83%B3%E3%83%87%E3%83%8B%E3%83%A0+%E3%82%B9%E3%83%88%E3%83%AC%E3%83%83%E3%83%81%E3%83%91%E3%83%B3%E3%83%84+%E3%82%B3%E3%83%83%E3%83%88%E3%83%B3+%E3%82%B9%E3%82%AD%E3%83%8B%E3%83%BC%E3%83%91%E3%83%B3%E3%83%84 HTTP/1.1" 301 0 "-" "Mozilla/5.0 (Linux; Android 6.0.1; Nexus 5X Build/MMB29P) AppleWebKit/537.36 (KHTML, like Gecko) Chrome/137.0.7151.103 Mobile Safari/537.36 (compatible; Googlebot/2.1; +http://www.google.com/bot.html)"
192.178.6.100 - - [05/Jul/2025:16:50:57 -0400] "GET /?n=9002975468000&channel=9c0465&from=category-info.php%3Fid%3D754680-8445%26name%3D%E3%83%9C%E3%83%BC%E3%83%B3%E3%83%AC%E3%82%B9%E3%83%AF%E3%82%A4%E3%83%91%E3%83%BC%20%E7%82%BA%E3%81%AB%E3%83%80%E3%83%81%E3%82%A2%20%E3%82%B5%E3%83%B3%E3%83%87%E3%83%ADMK1%202013-2016%2020%20%26%2334%3B%2B20%26%2334%3B%20%E3%83%95%E3%83%AD%E3%83%B3%E3%83%88%E3%82%AC%E3%83%A9%E3%82%B9%E3%83%AF%E3%82%A4%E3%83%91%E3%83%BC%E3%83%96%E3%83%AC%E3%83%BC%E3%83%89 HTTP/1.1" 200 30572 "-" "Mozilla/5.0 (Linux; Android 6.0.1; Nexus 5X Build/MMB29P) AppleWebKit/537.36 (KHTML, like Gecko) Chrome/137.0.7151.103 Mobile Safari/537.36 (compatible; Googlebot/2.1; +http://www.google.com/bot.html)"
63.250.38.117 - - [05/Jul/2025:16:51:02 -0400] "POST /wp-cron.php?doing_wp_cron=1751748662.3858489990234375000000 HTTP/1.1" 403 1242 "-" "WordPress/6.8.1; https://fnf.group"
192.178.6.100 - - [05/Jul/2025:16:50:59 -0400] "GET /?n=5725368046108&channel=e9bada&from=goods.php%3Fid%3D680461-13982%26name%3D%E3%83%9E%E3%82%A4%E3%83%B3%E3%83%87%E3%83%8B%E3%83%A0%20%E3%82%B9%E3%83%88%E3%83%AC%E3%83%83%E3%83%81%E3%83%91%E3%83%B3%E3%83%84%20%E3%82%B3%E3%83%83%E3%83%88%E3%83%B3%20%E3%82%B9%E3%82%AD%E3%83%8B%E3%83%BC%E3%83%91%E3%83%B3%E3%83%84 HTTP/1.1" 200 30575 "-" "Mozilla/5.0 (Linux; Android 6.0.1; Nexus 5X Build/MMB29P) AppleWebKit/537.36 (KHTML, like Gecko) Chrome/137.0.7151.103 Mobile Safari/537.36 (compatible; Googlebot/2.1; +http://www.google.com/bot.html)"
192.178.6.100 - - [05/Jul/2025:16:51:32 -0400] "GET /?n=0831032391101&channel=47b929&from=category-info.php%3Fid%3D323911-2949%26name%3D1pc%2Fpackage+Suspension+Assembly+1J0199555AP+YANGMO-AUTO HTTP/1.1" 301 0 "-" "Mozilla/5.0 (Linux; Android 6.0.1; Nexus 5X Build/MMB29P) AppleWebKit/537.36 (KHTML, like Gecko) Chrome/137.0.7151.103 Mobile Safari/537.36 (compatible; Googlebot/2.1; +http://www.google.com/bot.html)"
192.178.6.100 - - [05/Jul/2025:16:51:36 -0400] "GET /?n=0831032391101&channel=47b929&from=category-info.php%3Fid%3D323911-2949%26name%3D1pc%2Fpackage%20Suspension%20Assembly%201J0199555AP%20YANGMO-AUTO HTTP/1.1" 200 30567 "-" "Mozilla/5.0 (Linux; Android 6.0.1; Nexus 5X Build/MMB29P) AppleWebKit/537.36 (KHTML, like Gecko) Chrome/137.0.7151.103 Mobile Safari/537.36 (compatible; Googlebot/2.1; +http://www.google.com/bot.html)"
165.232.184.76 - - [05/Jul/2025:16:52:45 -0400] "GET /wp-admin/css/ HTTP/1.1" 200 2764 "binance.com" "Mozilla/5.0 (Windows NT 10.0; Win64; x64) AppleWebKit/537.36 (KHTML, like Gecko) Chrome/90.0.4430.85 Safari/537.36"
165.232.184.76 - - [05/Jul/2025:16:52:54 -0400] "GET /wp-content/uploads/2025/07/ HTTP/1.1" 200 550 "binance.com" "Mozilla/5.0 (Windows NT 10.0; Win64; x64) AppleWebKit/537.36 (KHTML, like Gecko) Chrome/90.0.4430.85 Safari/537.36"
63.250.38.117 - - [05/Jul/2025:16:52:57 -0400] "POST /wp-cron.php?doing_wp_cron=1751748777.5796329975128173828125 HTTP/1.1" 403 1242 "-" "WordPress/6.8.1; https://fnf.group"
192.178.6.102 - - [05/Jul/2025:16:52:53 -0400] "GET /?n=0168016674201&channel=f8a180&from=brands.php%3Fid%3D166742-10049%26name%3D%E3%83%AA%E3%83%B3%E3%83%8A%E3%82%A4+RUX-V1615SWFA%28B%29-E+12A13A+%E3%82%AC%E3%82%B9%E7%B5%A6%E6%B9%AF%E5%99%A8 HTTP/1.1" 301 0 "-" "Mozilla/5.0 (Linux; Android 6.0.1; Nexus 5X Build/MMB29P) AppleWebKit/537.36 (KHTML, like Gecko) Chrome/137.0.7151.103 Mobile Safari/537.36 (compatible; Googlebot/2.1; +http://www.google.com/bot.html)"
63.250.38.117 - - [05/Jul/2025:16:52:58 -0400] "POST /wp-cron.php?doing_wp_cron=1751748777.8821499347686767578125 HTTP/1.1" 403 1242 "-" "WordPress/6.8.1; https://fnf.group"
192.178.6.101 - - [05/Jul/2025:16:52:53 -0400] "GET /?n=01248138636201&channel=482e28&from=category-info.php%3Fid%3D1386362-10419%26name%3D%E3%82%B5%E3%83%B3%E3%82%BF%E3%82%AF%E3%83%AB%E3%83%BC%E3%82%BA%E3%80%80%E3%82%B9%E3%82%B1%E3%83%9C%E3%83%BC%E3%83%87%E3%83%83%E3%82%AD HTTP/1.1" 200 30569 "-" "Mozilla/5.0 (Linux; Android 6.0.1; Nexus 5X Build/MMB29P) AppleWebKit/537.36 (KHTML, like Gecko) Chrome/137.0.7151.103 Mobile Safari/537.36 (compatible; Googlebot/2.1; +http://www.google.com/bot.html)"
192.178.6.100 - - [05/Jul/2025:16:52:58 -0400] "GET /?n=0168016674201&channel=f8a180&from=brands.php%3Fid%3D166742-10049%26name%3D%E3%83%AA%E3%83%B3%E3%83%8A%E3%82%A4%20RUX-V1615SWFA%28B%29-E%2012A13A%20%E3%82%AC%E3%82%B9%E7%B5%A6%E6%B9%AF%E5%99%A8 HTTP/1.1" 200 30573 "-" "Mozilla/5.0 (Linux; Android 6.0.1; Nexus 5X Build/MMB29P) AppleWebKit/537.36 (KHTML, like Gecko) Chrome/137.0.7151.103 Mobile Safari/537.36 (compatible; Googlebot/2.1; +http://www.google.com/bot.html)"
165.232.184.76 - - [05/Jul/2025:16:53:05 -0400] "GET /wp-content/uploads/2025/06/ HTTP/1.1" 200 550 "binance.com" "Mozilla/5.0 (Windows NT 10.0; Win64; x64) AppleWebKit/537.36 (KHTML, like Gecko) Chrome/90.0.4430.85 Safari/537.36"
165.232.184.76 - - [05/Jul/2025:16:53:18 -0400] "GET /wp-content/uploads/ HTTP/1.1" 200 1270 "binance.com" "Mozilla/5.0 (Windows NT 10.0; Win64; x64) AppleWebKit/537.36 (KHTML, like Gecko) Chrome/90.0.4430.85 Safari/537.36"
2a03:2880:f800:3:: - - [05/Jul/2025:16:53:30 -0400] "GET /2025/06/20/mostbet-online-casino-giris-de-turkiye/feed/ HTTP/1.1" 200 531 "-" "meta-externalagent/1.1 (+https://developers.facebook.com/docs/sharing/webmasters/crawler)"
165.232.184.76 - - [05/Jul/2025:16:53:35 -0400] "GET /wp-content/upgrade/ HTTP/1.1" 200 541 "binance.com" "Mozilla/5.0 (Windows NT 10.0; Win64; x64) AppleWebKit/537.36 (KHTML, like Gecko) Chrome/90.0.4430.85 Safari/537.36"
192.178.6.100 - - [05/Jul/2025:16:53:39 -0400] "GET /?n=7020586594300&channel=6dc45d&from=pin.php%3Fid%3D865943-18789%26name%3D%E3%82%B9%E3%83%9A%E3%83%BC%E3%82%B5%E3%83%BC+2+%E5%80%8B%E3%83%9B%E3%82%A4%E3%83%BC%E3%83%AB%E3%82%B9%E3%83%9A%E3%83%BC%E3%82%B5%E3%83%BC%E3%82%A2%E3%83%80%E3%83%97%E3%82%BF%E3%83%BC%E3%82%A2%E3%83%AB%E3%83%9F+PCD+5x114.3+%E3%81%AB+5x112+CB+64.1+%E3%81%AB+66.6+%E5%8E%9A%E3%81%95+2 HTTP/1.1" 301 0 "-" "Mozilla/5.0 (Linux; Android 6.0.1; Nexus 5X Build/MMB29P) AppleWebKit/537.36 (KHTML, like Gecko) Chrome/137.0.7151.103 Mobile Safari/537.36 (compatible; Googlebot/2.1; +http://www.google.com/bot.html)"
192.178.6.100 - - [05/Jul/2025:16:53:40 -0400] "GET /?n=7020586594300&channel=6dc45d&from=pin.php%3Fid%3D865943-18789%26name%3D%E3%82%B9%E3%83%9A%E3%83%BC%E3%82%B5%E3%83%BC%202%20%E5%80%8B%E3%83%9B%E3%82%A4%E3%83%BC%E3%83%AB%E3%82%B9%E3%83%9A%E3%83%BC%E3%82%B5%E3%83%BC%E3%82%A2%E3%83%80%E3%83%97%E3%82%BF%E3%83%BC%E3%82%A2%E3%83%AB%E3%83%9F%20PCD%205x114.3%20%E3%81%AB%205x112%20CB%2064.1%20%E3%81%AB%2066.6%20%E5%8E%9A%E3%81%95%202 HTTP/1.1" 200 30558 "-" "Mozilla/5.0 (Linux; Android 6.0.1; Nexus 5X Build/MMB29P) AppleWebKit/537.36 (KHTML, like Gecko) Chrome/137.0.7151.103 Mobile Safari/537.36 (compatible; Googlebot/2.1; +http://www.google.com/bot.html)"
165.232.184.76 - - [05/Jul/2025:16:53:46 -0400] "GET /wp-content/languages/ HTTP/1.1" 404 11505 "binance.com" "Mozilla/5.0 (Windows NT 10.0; Win64; x64) AppleWebKit/537.36 (KHTML, like Gecko) Chrome/90.0.4430.85 Safari/537.36"
165.232.184.76 - - [05/Jul/2025:16:53:54 -0400] "GET /wp-admin/includes/ HTTP/1.1" 200 3496 "binance.com" "Mozilla/5.0 (Windows NT 10.0; Win64; x64) AppleWebKit/537.36 (KHTML, like Gecko) Chrome/90.0.4430.85 Safari/537.36"
165.232.184.76 - - [05/Jul/2025:16:54:04 -0400] "GET /wp-admin/includes/ HTTP/1.1" 200 3498 "binance.com" "Mozilla/5.0 (Windows NT 10.0; Win64; x64) AppleWebKit/537.36 (KHTML, like Gecko) Chrome/90.0.4430.85 Safari/537.36"
165.232.184.76 - - [05/Jul/2025:16:54:12 -0400] "GET /wp-admin/maint/ HTTP/1.1" 200 620 "binance.com" "Mozilla/5.0 (Windows NT 10.0; Win64; x64) AppleWebKit/537.36 (KHTML, like Gecko) Chrome/90.0.4430.85 Safari/537.36"
165.232.184.76 - - [05/Jul/2025:16:54:19 -0400] "GET /wp-admin/maint/ HTTP/1.1" 200 620 "binance.com" "Mozilla/5.0 (Windows NT 10.0; Win64; x64) AppleWebKit/537.36 (KHTML, like Gecko) Chrome/90.0.4430.85 Safari/537.36"
63.250.38.117 - - [05/Jul/2025:16:54:20 -0400] "POST /wp-cron.php?doing_wp_cron=1751748860.2724199295043945312500 HTTP/1.1" 403 1242 "-" "WordPress/6.8.1; https://fnf.group"
63.250.38.117 - - [05/Jul/2025:16:54:21 -0400] "POST /wp-cron.php?doing_wp_cron=1751748861.3670959472656250000000 HTTP/1.1" 403 1242 "-" "WordPress/6.8.1; https://fnf.group"
192.178.6.102 - - [05/Jul/2025:16:54:17 -0400] "GET /?n=18768174718800&channel=8c5e14&from=jp.php%3Fid%3D1747188-3015%26name%3D%E3%80%90%E6%96%B0%E5%93%81%E3%83%BB7%E5%96%B6%E6%A5%AD%E6%97%A5%E4%BB%A5%E5%86%85%E7%99%BA%E9%80%81%E3%80%91%E3%83%91%E3%83%8A%E3%82%BD%E3%83%8B%E3%83%83%E3%82%AF%E9%9B%BB%E5%B7%A5+Panasonic+FY-MFX063+%E3%82%B7%E3%82%B9%E3%83%86%E3%83%A0%E9%83%A8%E6%9D%90+FYMFX063+%E3%83%91%E3%82%A4%E3%83%97%E3%83%95%E3%83%BC%E3%83%89+%E3%82%B9%E3%83%86%E3%83%B3%E3%83%AC%E3%82%B9%E8%A3%BD+%E6%B7%B1%E5%BD%A2%E3%83%91%E3%82%A4%E3%83%97%E3%83%95%E3%83%BC%E3%83%89+%E3%82%AC%E3%83%A9%E3%83%AA%E4%BB%98+%E9%81%A9%E7%94%A8%E9%83%A8%E6%9D%90%E3%83%91%E3%82%A4%E3%83%97%E3%83%95%E3%83%BC%E3%83%89+%E3%83%AC%E3%83%B3%E3%82%B8%E3%83%95%E3%83%BC%E3%83%89%E3%80%90%E6%B2%96%E7%B8%84%E9%9B%A2%E5%B3%B6%E8%B2%A9%E5%A3%B2%E4%B8%8D%E5%8F%AF%E3%80%91 HTTP/1.1" 301 0 "-" "Mozilla/5.0 (Linux; Android 6.0.1; Nexus 5X Build/MMB29P) AppleWebKit/537.36 (KHTML, like Gecko) Chrome/137.0.7151.103 Mobile Safari/537.36 (compatible; Googlebot/2.1; +http://www.google.com/bot.html)"
192.178.6.101 - - [05/Jul/2025:16:54:17 -0400] "GET /?n=08098176219204&channel=05dffc&from=blog.php%3Fid%3D1762192-29831%26name%3D%E3%81%9F%E3%82%89%E3%81%8440cm HTTP/1.1" 200 30569 "-" "Mozilla/5.0 (Linux; Android 6.0.1; Nexus 5X Build/MMB29P) AppleWebKit/537.36 (KHTML, like Gecko) Chrome/137.0.7151.103 Mobile Safari/537.36 (compatible; Googlebot/2.1; +http://www.google.com/bot.html)"
192.178.6.101 - - [05/Jul/2025:16:54:21 -0400] "GET /?n=18768174718800&channel=8c5e14&from=jp.php%3Fid%3D1747188-3015%26name%3D%E3%80%90%E6%96%B0%E5%93%81%E3%83%BB7%E5%96%B6%E6%A5%AD%E6%97%A5%E4%BB%A5%E5%86%85%E7%99%BA%E9%80%81%E3%80%91%E3%83%91%E3%83%8A%E3%82%BD%E3%83%8B%E3%83%83%E3%82%AF%E9%9B%BB%E5%B7%A5%20Panasonic%20FY-MFX063%20%E3%82%B7%E3%82%B9%E3%83%86%E3%83%A0%E9%83%A8%E6%9D%90%20FYMFX063%20%E3%83%91%E3%82%A4%E3%83%97%E3%83%95%E3%83%BC%E3%83%89%20%E3%82%B9%E3%83%86%E3%83%B3%E3%83%AC%E3%82%B9%E8%A3%BD%20%E6%B7%B1%E5%BD%A2%E3%83%91%E3%82%A4%E3%83%97%E3%83%95%E3%83%BC%E3%83%89%20%E3%82%AC%E3%83%A9%E3%83%AA%E4%BB%98%20%E9%81%A9%E7%94%A8%E9%83%A8%E6%9D%90%E3%83%91%E3%82%A4%E3%83%97%E3%83%95%E3%83%BC%E3%83%89%20%E3%83%AC%E3%83%B3%E3%82%B8%E3%83%95%E3%83%BC%E3%83%89%E3%80%90%E6%B2%96%E7%B8%84%E9%9B%A2%E5%B3%B6%E8%B2%A9%E5%A3%B2%E4%B8%8D%E5%8F%AF%E3%80%91 HTTP/1.1" 200 30573 "-" "Mozilla/5.0 (Linux; Android 6.0.1; Nexus 5X Build/MMB29P) AppleWebKit/537.36 (KHTML, like Gecko) Chrome/137.0.7151.103 Mobile Safari/537.36 (compatible; Googlebot/2.1; +http://www.google.com/bot.html)"
165.232.184.76 - - [05/Jul/2025:16:54:25 -0400] "GET /wp-admin/network/ HTTP/1.1" 302 0 "binance.com" "Mozilla/5.0 (Windows NT 10.0; Win64; x64) AppleWebKit/537.36 (KHTML, like Gecko) Chrome/90.0.4430.85 Safari/537.36"
165.232.184.76 - - [05/Jul/2025:16:54:33 -0400] "GET /wp-login.php?redirect_to=https%3A%2F%2Ffnf.group%2Fwp-admin%2Fnetwork%2F&reauth=1 HTTP/1.1" 200 3804 "binance.com" "Mozilla/5.0 (Windows NT 10.0; Win64; x64) AppleWebKit/537.36 (KHTML, like Gecko) Chrome/90.0.4430.85 Safari/537.36"
165.232.184.76 - - [05/Jul/2025:16:54:47 -0400] "GET /wp-admin/user/ HTTP/1.1" 302 0 "binance.com" "Mozilla/5.0 (Windows NT 10.0; Win64; x64) AppleWebKit/537.36 (KHTML, like Gecko) Chrome/90.0.4430.85 Safari/537.36"
165.232.184.76 - - [05/Jul/2025:16:54:50 -0400] "GET /wp-login.php?redirect_to=https%3A%2F%2Ffnf.group%2Fwp-admin%2Fuser%2F&reauth=1 HTTP/1.1" 200 3807 "binance.com" "Mozilla/5.0 (Windows NT 10.0; Win64; x64) AppleWebKit/537.36 (KHTML, like Gecko) Chrome/90.0.4430.85 Safari/537.36"
192.178.6.100 - - [05/Jul/2025:16:54:53 -0400] "GET /?n=8143112327100&channel=7bb845&from=brands.php%3Fid%3D123271-8222%26name%3DNew+%E3%83%8B%E3%83%B3%E3%83%86%E3%83%B3%E3%83%89%E3%83%BC3DS%E6%9C%AC%E4%BD%93%E3%80%80%E3%83%96%E3%83%A9%E3%83%83%E3%82%AF++%E3%82%AB%E3%82%BB%E3%83%83%E3%83%88%E4%BB%98%E3%81%8D HTTP/1.1" 301 0 "-" "Mozilla/5.0 (Linux; Android 6.0.1; Nexus 5X Build/MMB29P) AppleWebKit/537.36 (KHTML, like Gecko) Chrome/137.0.7151.103 Mobile Safari/537.36 (compatible; Googlebot/2.1; +http://www.google.com/bot.html)"
192.178.6.100 - - [05/Jul/2025:16:54:55 -0400] "GET /?n=8143112327100&channel=7bb845&from=brands.php%3Fid%3D123271-8222%26name%3DNew%20%E3%83%8B%E3%83%B3%E3%83%86%E3%83%B3%E3%83%89%E3%83%BC3DS%E6%9C%AC%E4%BD%93%E3%80%80%E3%83%96%E3%83%A9%E3%83%83%E3%82%AF%20%20%E3%82%AB%E3%82%BB%E3%83%83%E3%83%88%E4%BB%98%E3%81%8D HTTP/1.1" 200 30568 "-" "Mozilla/5.0 (Linux; Android 6.0.1; Nexus 5X Build/MMB29P) AppleWebKit/537.36 (KHTML, like Gecko) Chrome/137.0.7151.103 Mobile Safari/537.36 (compatible; Googlebot/2.1; +http://www.google.com/bot.html)"
165.232.184.76 - - [05/Jul/2025:16:55:03 -0400] "GET /wp-admin/css/ HTTP/1.1" 200 2764 "binance.com" "Mozilla/5.0 (Windows NT 10.0; Win64; x64) AppleWebKit/537.36 (KHTML, like Gecko) Chrome/90.0.4430.85 Safari/537.36"
