14.175.141.102 - - [05/Jul/2025:11:23:51 -0400] "GET /wp-login.php HTTP/1.1" 200 3798 "-" "Mozilla/5.0 (Macintosh; Intel Mac OS X 10_15_7) AppleWebKit/537.36 (KHTML, like Gecko) Chrome/108.0.0.0 YaBrowser/23.1.2.980 Yowser/2.5 Safari/537.36"
14.175.141.102 - - [05/Jul/2025:11:23:56 -0400] "POST /wp-login.php HTTP/1.1" 302 0 "-" "Mozilla/5.0 (Macintosh; Intel Mac OS X 10_15_7) AppleWebKit/537.36 (KHTML, like Gecko) Chrome/108.0.0.0 YaBrowser/23.1.2.980 Yowser/2.5 Safari/537.36"
14.175.141.102 - - [05/Jul/2025:11:24:00 -0400] "GET /wp-login.php?redirect_to=https%3A%2F%2Ffnf.group%2Fwp-admin%2F&action=confirm_admin_email&wp_lang=en_US HTTP/1.1" 200 3815 "-" "Mozilla/5.0 (Macintosh; Intel Mac OS X 10_15_7) AppleWebKit/537.36 (KHTML, like Gecko) Chrome/108.0.0.0 YaBrowser/23.1.2.980 Yowser/2.5 Safari/537.36"
63.250.38.117 - - [05/Jul/2025:11:24:46 -0400] "POST /wp-cron.php?doing_wp_cron=1751729086.2710170745849609375000 HTTP/1.1" 403 1242 "-" "WordPress/6.8.1; https://fnf.group"
192.178.6.101 - - [05/Jul/2025:11:24:44 -0400] "GET /?n=11728121527001&channel=c6cb8e&from=brands.php%3Fid%3D1215270-9122%26name%3D%E8%BB%8A%E3%81%AE%E7%87%83%E6%96%99%E3%82%BF%E3%83%B3%E3%82%AF%E3%82%AD%E3%83%A3%E3%83%83%E3%83%97+Assy+A2136302503+%E3%83%A1%E3%83%AB%E3%82%BB%E3%83%87%E3%82%B9+W213+E+%E3%82%AF%E3%83%A9%E3%82%B9+2016-2022+%E3%81%A8%E4%BA%92%E6%8F%9B%E6%80%A7%E3%82%AC%E3%82%BD%E3%83%AA%E3%83%B3%E3%83%95%E3%83%AA HTTP/1.1" 301 0 "-" "Mozilla/5.0 (Linux; Android 6.0.1; Nexus 5X Build/MMB29P) AppleWebKit/537.36 (KHTML, like Gecko) Chrome/137.0.7151.103 Mobile Safari/537.36 (compatible; Googlebot/2.1; +http://www.google.com/bot.html)"
192.178.6.102 - - [05/Jul/2025:11:24:46 -0400] "GET /?n=11728121527001&channel=c6cb8e&from=brands.php%3Fid%3D1215270-9122%26name%3D%E8%BB%8A%E3%81%AE%E7%87%83%E6%96%99%E3%82%BF%E3%83%B3%E3%82%AF%E3%82%AD%E3%83%A3%E3%83%83%E3%83%97%20Assy%20A2136302503%20%E3%83%A1%E3%83%AB%E3%82%BB%E3%83%87%E3%82%B9%20W213%20E%20%E3%82%AF%E3%83%A9%E3%82%B9%202016-2022%20%E3%81%A8%E4%BA%92%E6%8F%9B%E6%80%A7%E3%82%AC%E3%82%BD%E3%83%AA%E3%83%B3%E3%83%95%E3%83%AA HTTP/1.1" 200 29542 "-" "Mozilla/5.0 (Linux; Android 6.0.1; Nexus 5X Build/MMB29P) AppleWebKit/537.36 (KHTML, like Gecko) Chrome/137.0.7151.103 Mobile Safari/537.36 (compatible; Googlebot/2.1; +http://www.google.com/bot.html)"
114.119.148.60 - - [05/Jul/2025:11:24:49 -0400] "GET /category/recipes/page/13 HTTP/1.1" 301 0 "http://fnf.group/category/recipes/page/15" "Mozilla/5.0 (Linux; Android 7.0;) AppleWebKit/537.36 (KHTML, like Gecko) Mobile Safari/537.36 (compatible; PetalBot;+https://webmaster.petalsearch.com/site/petalbot)"
114.119.148.60 - - [05/Jul/2025:11:24:54 -0400] "GET /category/recipes/page/13/ HTTP/1.1" 200 15098 "http://fnf.group/category/recipes/page/15" "Mozilla/5.0 (Linux; Android 7.0;) AppleWebKit/537.36 (KHTML, like Gecko) Mobile Safari/537.36 (compatible; PetalBot;+https://webmaster.petalsearch.com/site/petalbot)"
63.250.38.117 - - [05/Jul/2025:11:26:07 -0400] "POST /wp-cron.php?doing_wp_cron=1751729167.3752210140228271484375 HTTP/1.1" 403 1242 "-" "WordPress/6.8.1; https://fnf.group"
192.178.6.102 - - [05/Jul/2025:11:26:04 -0400] "GET /?n=4284846892201&channel=a73c71&from=pin.php%3Fid%3D468922-10040%26name%3DDJGACSI+%E6%99%82%E8%A8%88%E5%8F%8E%E7%B4%8D%E3%83%9C%E3%83%83%E3%82%AF%E3%82%B9%E3%83%9D%E3%83%BC%E3%82%BF%E3%83%96%E3%83%AB%E3%83%9F%E3%83%8B%E6%99%82%E8%A8%88%E5%8F%8E%E7%B4%8D%E3%83%9C%E3%83%83%E3%82%AF%E3%82%B9%E6%99%82%E8%A8%88%E3%83%9C%E3%83%83%E3%82%AF%E3%82%B9%2830%2A11%2A6+150g%29 HTTP/1.1" 301 0 "-" "Mozilla/5.0 (Linux; Android 6.0.1; Nexus 5X Build/MMB29P) AppleWebKit/537.36 (KHTML, like Gecko) Chrome/137.0.7151.103 Mobile Safari/537.36 (compatible; Googlebot/2.1; +http://www.google.com/bot.html)"
192.178.6.101 - - [05/Jul/2025:11:26:07 -0400] "GET /?n=4284846892201&channel=a73c71&from=pin.php%3Fid%3D468922-10040%26name%3DDJGACSI%20%E6%99%82%E8%A8%88%E5%8F%8E%E7%B4%8D%E3%83%9C%E3%83%83%E3%82%AF%E3%82%B9%E3%83%9D%E3%83%BC%E3%82%BF%E3%83%96%E3%83%AB%E3%83%9F%E3%83%8B%E6%99%82%E8%A8%88%E5%8F%8E%E7%B4%8D%E3%83%9C%E3%83%83%E3%82%AF%E3%82%B9%E6%99%82%E8%A8%88%E3%83%9C%E3%83%83%E3%82%AF%E3%82%B9%2830%2A11%2A6%20150g%29 HTTP/1.1" 200 29536 "-" "Mozilla/5.0 (Linux; Android 6.0.1; Nexus 5X Build/MMB29P) AppleWebKit/537.36 (KHTML, like Gecko) Chrome/137.0.7151.103 Mobile Safari/537.36 (compatible; Googlebot/2.1; +http://www.google.com/bot.html)"
114.119.128.253 - - [05/Jul/2025:11:26:11 -0400] "GET /2020/09/04/beef-nihari-by-madiha-abdul-samad HTTP/1.1" 301 0 "http://fnf.group/recipes/page/7" "Mozilla/5.0 (Linux; Android 7.0;) AppleWebKit/537.36 (KHTML, like Gecko) Mobile Safari/537.36 (compatible; PetalBot;+https://webmaster.petalsearch.com/site/petalbot)"
114.119.128.253 - - [05/Jul/2025:11:26:16 -0400] "GET /2020/09/04/beef-nihari-by-madiha-abdul-samad/ HTTP/1.1" 200 18241 "http://fnf.group/recipes/page/7" "Mozilla/5.0 (Linux; Android 7.0;) AppleWebKit/537.36 (KHTML, like Gecko) Mobile Safari/537.36 (compatible; PetalBot;+https://webmaster.petalsearch.com/site/petalbot)"
192.178.6.102 - - [05/Jul/2025:11:26:34 -0400] "GET /?n=2138146288801&channel=8b9d20&from=info.php%3Fid%3D462888-16621%26name%3D%E3%83%96%E3%83%AC%E3%82%A4%E3%83%B3%E3%82%B9%E3%83%AA%E3%83%BC%E3%83%97%E3%83%94%E3%83%AD%E3%83%BC+%E3%83%9D%E3%83%BC%E3%82%BF%E3%83%96%E3%83%AB HTTP/1.1" 301 0 "-" "Mozilla/5.0 (Linux; Android 6.0.1; Nexus 5X Build/MMB29P) AppleWebKit/537.36 (KHTML, like Gecko) Chrome/137.0.7151.103 Mobile Safari/537.36 (compatible; Googlebot/2.1; +http://www.google.com/bot.html)"
192.178.6.101 - - [05/Jul/2025:11:26:36 -0400] "GET /?n=2138146288801&channel=8b9d20&from=info.php%3Fid%3D462888-16621%26name%3D%E3%83%96%E3%83%AC%E3%82%A4%E3%83%B3%E3%82%B9%E3%83%AA%E3%83%BC%E3%83%97%E3%83%94%E3%83%AD%E3%83%BC%20%E3%83%9D%E3%83%BC%E3%82%BF%E3%83%96%E3%83%AB HTTP/1.1" 200 29538 "-" "Mozilla/5.0 (Linux; Android 6.0.1; Nexus 5X Build/MMB29P) AppleWebKit/537.36 (KHTML, like Gecko) Chrome/137.0.7151.103 Mobile Safari/537.36 (compatible; Googlebot/2.1; +http://www.google.com/bot.html)"
63.250.38.117 - - [05/Jul/2025:11:27:07 -0400] "POST /wp-cron.php?doing_wp_cron=1751729227.7621889114379882812500 HTTP/1.1" 403 1242 "-" "WordPress/6.8.1; https://fnf.group"
192.178.6.101 - - [05/Jul/2025:11:27:03 -0400] "GET /?n=09989143369901&channel=d7e9f8&from=article.php%3Fid%3D1433699-15738%26name%3D%5BVin%26amp%3BAge%5D+%E7%89%9B%E9%9D%A9%E3%82%B0%E3%83%AD%E3%83%BC%E3%83%96+%28GLOVES+TYPE+VGW12A%29+%E3%82%BF%E3%83%B3+%28%E3%82%AF%E3%83%AA%E3%82%B9%E3%82%BF%E3%83%AB%29+XL%E3%82%B5%E3%82%A4%E3%82%BA HTTP/1.1" 301 0 "-" "Mozilla/5.0 (Linux; Android 6.0.1; Nexus 5X Build/MMB29P) AppleWebKit/537.36 (KHTML, like Gecko) Chrome/137.0.7151.103 Mobile Safari/537.36 (compatible; Googlebot/2.1; +http://www.google.com/bot.html)"
192.178.6.102 - - [05/Jul/2025:11:27:08 -0400] "GET /?n=09989143369901&channel=d7e9f8&from=article.php%3Fid%3D1433699-15738%26name%3D%5BVin%26amp%3BAge%5D%20%E7%89%9B%E9%9D%A9%E3%82%B0%E3%83%AD%E3%83%BC%E3%83%96%20%28GLOVES%20TYPE%20VGW12A%29%20%E3%82%BF%E3%83%B3%20%28%E3%82%AF%E3%83%AA%E3%82%B9%E3%82%BF%E3%83%AB%29%20XL%E3%82%B5%E3%82%A4%E3%82%BA HTTP/1.1" 200 29549 "-" "Mozilla/5.0 (Linux; Android 6.0.1; Nexus 5X Build/MMB29P) AppleWebKit/537.36 (KHTML, like Gecko) Chrome/137.0.7151.103 Mobile Safari/537.36 (compatible; Googlebot/2.1; +http://www.google.com/bot.html)"
134.122.118.246 - - [05/Jul/2025:11:27:20 -0400] "POST /xmlrpc.php HTTP/1.1" 403 1242 "https://fnf.group" "Mozilla/5.0 (Windows NT 11.0; Win64; x64) AppleWebKit/537.36 (KHTML, like Gecko) Chrome/126.0.0.0 Safari/537.36 Edg/126.0.0.0"
134.122.118.246 - - [05/Jul/2025:11:27:21 -0400] "POST /wp-login.php HTTP/1.1" 200 3952 "https://fnf.group" "Mozilla/5.0 (Windows NT 10.0; Win64; x64) AppleWebKit/537.36 (KHTML, like Gecko) Chrome/114.0.5735.134 Safari/537.36"
192.178.6.101 - - [05/Jul/2025:11:27:33 -0400] "GET /?n=48634173940507&channel=5c7022&from=shop.php%3Fid%3D1739405-18711%26name%3D%E3%83%99%E3%83%93%E3%83%BC%E3%83%9B%E3%83%83%E3%83%91%E3%83%BC%E2%98%85%E3%82%AB%E3%83%90%E3%83%BC%E2%98%85%E3%82%A8%E3%83%AB%E3%82%B4 HTTP/1.1" 200 29529 "-" "Mozilla/5.0 (Linux; Android 6.0.1; Nexus 5X Build/MMB29P) AppleWebKit/537.36 (KHTML, like Gecko) Chrome/137.0.7151.103 Mobile Safari/537.36 (compatible; Googlebot/2.1; +http://www.google.com/bot.html)"
114.119.131.93 - - [05/Jul/2025:11:27:34 -0400] "GET /2020/09/01/spicy-honey-butter-prawns-by-fariha-bilal HTTP/1.1" 301 0 "http://fnf.group/recipes/page/8" "Mozilla/5.0 (Linux; Android 7.0;) AppleWebKit/537.36 (KHTML, like Gecko) Mobile Safari/537.36 (compatible; PetalBot;+https://webmaster.petalsearch.com/site/petalbot)"
114.119.131.93 - - [05/Jul/2025:11:27:35 -0400] "GET /2020/09/01/spicy-honey-butter-prawns-by-fariha-bilal/ HTTP/1.1" 200 18072 "http://fnf.group/recipes/page/8" "Mozilla/5.0 (Linux; Android 7.0;) AppleWebKit/537.36 (KHTML, like Gecko) Mobile Safari/537.36 (compatible; PetalBot;+https://webmaster.petalsearch.com/site/petalbot)"
63.250.38.117 - - [05/Jul/2025:11:28:56 -0400] "POST /wp-cron.php?doing_wp_cron=1751729335.8706169128417968750000 HTTP/1.1" 403 1242 "-" "WordPress/6.8.1; https://fnf.group"
192.178.6.102 - - [05/Jul/2025:11:28:51 -0400] "GET /?n=3203989210001&channel=ba8813&from=shared.php%3Fid%3D892100-21794%26name%3DAGED+%E4%B8%AD%E7%B4%9A%E5%8D%93%E7%90%83%E3%83%90%E3%83%83%E3%83%88+5+%E5%B1%A4%E3%81%AE%E7%B4%94%E7%B2%8B%E3%81%AA%E6%9C%A8%E6%9D%90+6+%E3%81%A4%E6%98%9F%E3%83%97%E3%83%AD%E3%81%AE%E5%8D%93%E7%90%83%E3%83%A9%E3%82%B1%E3%83%83%E3%83%88%E6%94%BB%E6%92%83%E7%9A%84%E3%81%AA%E3%83%97%E3%83%AC%E3%83%BC%E3%83%A4%E3%83%BC%E3%81%AB%E9%81%A9%E3%81%97%E3%81%A6%E3%81%84%E3%81%BE%E3%81%99%2F%E3%82%B7%E3%83%B3%E3%82%B0%E3%83%AB%E3%83%A9%E3%82%B1%E3%83%83%E3%83%88%2F%E3%83%AD%E3%83%B3%E3%82%B0%E3%83%8F HTTP/1.1" 301 0 "-" "Mozilla/5.0 (Linux; Android 6.0.1; Nexus 5X Build/MMB29P) AppleWebKit/537.36 (KHTML, like Gecko) Chrome/137.0.7151.103 Mobile Safari/537.36 (compatible; Googlebot/2.1; +http://www.google.com/bot.html)"
114.119.131.93 - - [05/Jul/2025:11:28:58 -0400] "GET /2020/08/04/mutton-masala-by-sadia-kashif HTTP/1.1" 301 0 "https://fnf.group/category/featured/page/17" "Mozilla/5.0 (Linux; Android 7.0;) AppleWebKit/537.36 (KHTML, like Gecko) Mobile Safari/537.36 (compatible; PetalBot;+https://webmaster.petalsearch.com/site/petalbot)"
192.178.6.102 - - [05/Jul/2025:11:28:56 -0400] "GET /?n=3203989210001&channel=ba8813&from=shared.php%3Fid%3D892100-21794%26name%3DAGED%20%E4%B8%AD%E7%B4%9A%E5%8D%93%E7%90%83%E3%83%90%E3%83%83%E3%83%88%205%20%E5%B1%A4%E3%81%AE%E7%B4%94%E7%B2%8B%E3%81%AA%E6%9C%A8%E6%9D%90%206%20%E3%81%A4%E6%98%9F%E3%83%97%E3%83%AD%E3%81%AE%E5%8D%93%E7%90%83%E3%83%A9%E3%82%B1%E3%83%83%E3%83%88%E6%94%BB%E6%92%83%E7%9A%84%E3%81%AA%E3%83%97%E3%83%AC%E3%83%BC%E3%83%A4%E3%83%BC%E3%81%AB%E9%81%A9%E3%81%97%E3%81%A6%E3%81%84%E3%81%BE%E3%81%99%2F%E3%82%B7%E3%83%B3%E3%82%B0%E3%83%AB%E3%83%A9%E3%82%B1%E3%83%83%E3%83%88%2F%E3%83%AD%E3%83%B3%E3%82%B0%E3%83%8F HTTP/1.1" 200 29534 "-" "Mozilla/5.0 (Linux; Android 6.0.1; Nexus 5X Build/MMB29P) AppleWebKit/537.36 (KHTML, like Gecko) Chrome/137.0.7151.103 Mobile Safari/537.36 (compatible; Googlebot/2.1; +http://www.google.com/bot.html)"
114.119.131.93 - - [05/Jul/2025:11:29:04 -0400] "GET /2020/08/04/mutton-masala-by-sadia-kashif/ HTTP/1.1" 200 17951 "https://fnf.group/category/featured/page/17" "Mozilla/5.0 (Linux; Android 7.0;) AppleWebKit/537.36 (KHTML, like Gecko) Mobile Safari/537.36 (compatible; PetalBot;+https://webmaster.petalsearch.com/site/petalbot)"
63.250.38.117 - - [05/Jul/2025:11:30:14 -0400] "POST /wp-cron.php?doing_wp_cron=1751729413.9791500568389892578125 HTTP/1.1" 403 1242 "-" "WordPress/6.8.1; https://fnf.group"
192.178.6.101 - - [05/Jul/2025:11:30:10 -0400] "GET /?n=42171148354500&channel=51d5fe&from=info.php%3Fid%3D1483545-10075%26name%3D%E3%82%B9%E3%83%86%E3%83%B3%E3%83%AC%E3%82%B9%E9%8B%BC%E3%81%AE%E9%A2%A8%E6%99%AF%E3%81%AE%E6%BB%9D%E3%81%AE%E6%B0%B4%E3%81%AE%E9%A2%A8%E6%99%AF%E4%B8%AD%E5%BA%AD%E3%81%AE%E5%87%BA%E5%8F%A3%E7%85%A7%E6%98%8E%E6%B0%B4%E3%81%AE%E3%82%AB%E3%83%BC%E3%83%86%E3%83%B3%E3%81%AE%E5%A3%81%E3%81%AE%E6%BB%9D+2021%2F5%2F18+%28Color+%3A+70cm%2C+Size+%3A HTTP/1.1" 301 0 "-" "Mozilla/5.0 (Linux; Android 6.0.1; Nexus 5X Build/MMB29P) AppleWebKit/537.36 (KHTML, like Gecko) Chrome/137.0.7151.103 Mobile Safari/537.36 (compatible; Googlebot/2.1; +http://www.google.com/bot.html)"
192.178.6.101 - - [05/Jul/2025:11:30:14 -0400] "GET /?n=42171148354500&channel=51d5fe&from=info.php%3Fid%3D1483545-10075%26name%3D%E3%82%B9%E3%83%86%E3%83%B3%E3%83%AC%E3%82%B9%E9%8B%BC%E3%81%AE%E9%A2%A8%E6%99%AF%E3%81%AE%E6%BB%9D%E3%81%AE%E6%B0%B4%E3%81%AE%E9%A2%A8%E6%99%AF%E4%B8%AD%E5%BA%AD%E3%81%AE%E5%87%BA%E5%8F%A3%E7%85%A7%E6%98%8E%E6%B0%B4%E3%81%AE%E3%82%AB%E3%83%BC%E3%83%86%E3%83%B3%E3%81%AE%E5%A3%81%E3%81%AE%E6%BB%9D%202021%2F5%2F18%20%28Color%20%3A%2070cm%2C%20Size%20%3A HTTP/1.1" 200 29539 "-" "Mozilla/5.0 (Linux; Android 6.0.1; Nexus 5X Build/MMB29P) AppleWebKit/537.36 (KHTML, like Gecko) Chrome/137.0.7151.103 Mobile Safari/537.36 (compatible; Googlebot/2.1; +http://www.google.com/bot.html)"
63.250.38.117 - - [05/Jul/2025:11:31:30 -0400] "POST /wp-cron.php?doing_wp_cron=1751729489.9914851188659667968750 HTTP/1.1" 403 1242 "-" "WordPress/6.8.1; https://fnf.group"
192.178.6.102 - - [05/Jul/2025:11:31:28 -0400] "GET /?n=28850179700901&channel=6dc45d&from=blog.php%3Fid%3D1797009-18789%26name%3D%E3%83%9B%E3%82%A4%E3%83%BC%E3%83%AB%E3%82%B9%E3%83%9A%E3%83%BC%E3%82%B5%E3%83%BC+%E7%94%A8+VW+%E7%94%A8+%E3%82%B4%E3%83%AB%E3%83%95+MK1+MK2+2%E5%80%8B%281%E3%83%9A%E3%82%A2%29+%E9%8D%9B%E9%80%A0%E3%82%A2%E3%83%AB%E3%83%9F%E5%90%88%E9%87%91+%E3%83%9B%E3%82%A4%E3%83%BC%E3%83%AB%E3%82%B9%E3%83%9A%E3%83%BC%E3%82%B5%E3%83%BC+%E3%82%A2%E3%83%80%E3%83%97%E3%82%BF%E3%83%BC+PCD+4 HTTP/1.1" 301 0 "-" "Mozilla/5.0 (Linux; Android 6.0.1; Nexus 5X Build/MMB29P) AppleWebKit/537.36 (KHTML, like Gecko) Chrome/137.0.7151.103 Mobile Safari/537.36 (compatible; Googlebot/2.1; +http://www.google.com/bot.html)"
192.178.6.100 - - [05/Jul/2025:11:31:30 -0400] "GET /?n=28850179700901&channel=6dc45d&from=blog.php%3Fid%3D1797009-18789%26name%3D%E3%83%9B%E3%82%A4%E3%83%BC%E3%83%AB%E3%82%B9%E3%83%9A%E3%83%BC%E3%82%B5%E3%83%BC%20%E7%94%A8%20VW%20%E7%94%A8%20%E3%82%B4%E3%83%AB%E3%83%95%20MK1%20MK2%202%E5%80%8B%281%E3%83%9A%E3%82%A2%29%20%E9%8D%9B%E9%80%A0%E3%82%A2%E3%83%AB%E3%83%9F%E5%90%88%E9%87%91%20%E3%83%9B%E3%82%A4%E3%83%BC%E3%83%AB%E3%82%B9%E3%83%9A%E3%83%BC%E3%82%B5%E3%83%BC%20%E3%82%A2%E3%83%80%E3%83%97%E3%82%BF%E3%83%BC%20PCD%204 HTTP/1.1" 200 29534 "-" "Mozilla/5.0 (Linux; Android 6.0.1; Nexus 5X Build/MMB29P) AppleWebKit/537.36 (KHTML, like Gecko) Chrome/137.0.7151.103 Mobile Safari/537.36 (compatible; Googlebot/2.1; +http://www.google.com/bot.html)"
192.178.6.101 - - [05/Jul/2025:11:31:58 -0400] "GET /?n=9740844897302&channel=bf4a94&from=blog.php%3Fid%3D448973-10150%26name%3D%E3%83%A6%E3%83%8B%E3%83%90%E3%83%BC%E3%82%B5%E3%83%AB%E3%82%AD%E3%83%BCFOB%E3%82%AB%E3%83%90%E3%83%BC%E3%82%AB%E3%83%BC%E3%82%AD%E3%83%BC%E3%82%B1%E3%83%BC%E3%82%B9%E3%82%AD%E3%83%BCFOB%E3%83%97%E3%83%AD%E3%83%86%E3%82%AF%E3%82%BF%E3%83%BC%E6%9C%AC%E9%9D%A9%E8%A3%BD%E3%81%AE%E3%82%AB%E3%83%BC%E3%82%AD%E3%83%BC%E3%83%81%E3%82%A7%E3%83%BC%E3%83%B3%E3%83%9B%E3%83%AB%E3%83%80%E3%83%BC%E3%83%A1%E3%82%BF%E3%83%AB%E3%83%95%E3%83%83%E3%82%AF%E3%82%AD%E3%83%BC%E3%83%AA%E3%83%B3%E3%82%B0%E3%82%B8%E3%83%83%E3%83%91%E3%83%BC%E3%83%90%E3%83%83%E3%82%B0 HTTP/1.1" 200 29544 "-" "Mozilla/5.0 (Linux; Android 6.0.1; Nexus 5X Build/MMB29P) AppleWebKit/537.36 (KHTML, like Gecko) Chrome/137.0.7151.103 Mobile Safari/537.36 (compatible; Googlebot/2.1; +http://www.google.com/bot.html)"
63.250.38.117 - - [05/Jul/2025:11:32:31 -0400] "POST /wp-cron.php?doing_wp_cron=1751729551.4713449478149414062500 HTTP/1.1" 403 1242 "-" "WordPress/6.8.1; https://fnf.group"
192.178.6.100 - - [05/Jul/2025:11:32:27 -0400] "GET /?n=69425113586400&channel=a5e56f&from=shared.php%3Fid%3D1135864-10463%26name%3D%E3%83%8F%E3%83%B3%E3%83%89%E3%82%AC%E3%83%BC%E3%83%89+%E3%81%AE%E5%A0%B4%E5%90%88+Tenere+700+%E3%83%8F%E3%83%B3%E3%83%89%E3%82%AC%E3%83%BC%E3%83%89+XTZ700+%E3%83%A9%E3%83%AA%E3%83%BC+T7+Tenere700+%E3%81%AE%E5%A0%B4%E5%90%88+XTZ+2019- HTTP/1.1" 301 0 "-" "Mozilla/5.0 (Linux; Android 6.0.1; Nexus 5X Build/MMB29P) AppleWebKit/537.36 (KHTML, like Gecko) Chrome/137.0.7151.103 Mobile Safari/537.36 (compatible; Googlebot/2.1; +http://www.google.com/bot.html)"
192.178.6.100 - - [05/Jul/2025:11:32:32 -0400] "GET /?n=69425113586400&channel=a5e56f&from=shared.php%3Fid%3D1135864-10463%26name%3D%E3%83%8F%E3%83%B3%E3%83%89%E3%82%AC%E3%83%BC%E3%83%89%20%E3%81%AE%E5%A0%B4%E5%90%88%20Tenere%20700%20%E3%83%8F%E3%83%B3%E3%83%89%E3%82%AC%E3%83%BC%E3%83%89%20XTZ700%20%E3%83%A9%E3%83%AA%E3%83%BC%20T7%20Tenere700%20%E3%81%AE%E5%A0%B4%E5%90%88%20XTZ%202019- HTTP/1.1" 200 29545 "-" "Mozilla/5.0 (Linux; Android 6.0.1; Nexus 5X Build/MMB29P) AppleWebKit/537.36 (KHTML, like Gecko) Chrome/137.0.7151.103 Mobile Safari/537.36 (compatible; Googlebot/2.1; +http://www.google.com/bot.html)"
85.208.96.195 - - [05/Jul/2025:11:33:01 -0400] "GET /2025/05/04/casino-site-payment-approaches-in-canada-a-comprehensive-guide/ HTTP/1.1" 500 262 "-" "Mozilla/5.0 (compatible; SemrushBot/7~bl; +http://www.semrush.com/bot.html)"
192.178.6.100 - - [05/Jul/2025:11:32:59 -0400] "GET /?n=0083321906504&channel=6e4721&from=form.php%3Fid%3D219065-11649%26name%3D%E3%83%AB%E3%82%A4%E3%83%B4%E3%82%A3%E3%83%88%E3%83%B3%E3%82%AB%E3%83%BC%E3%83%89%E5%85%A5%E3%82%8C HTTP/1.1" 200 29530 "-" "Mozilla/5.0 (Linux; Android 6.0.1; Nexus 5X Build/MMB29P) AppleWebKit/537.36 (KHTML, like Gecko) Chrome/137.0.7151.103 Mobile Safari/537.36 (compatible; Googlebot/2.1; +http://www.google.com/bot.html)"
63.250.38.117 - - [05/Jul/2025:11:34:02 -0400] "POST /wp-cron.php?doing_wp_cron=1751729642.2783920764923095703125 HTTP/1.1" 403 1242 "-" "WordPress/6.8.1; https://fnf.group"
192.178.6.100 - - [05/Jul/2025:11:33:58 -0400] "GET /?n=9434735396301&channel=faac94&from=pin.php%3Fid%3D353963-14874%26name%3D%E4%B8%AD%E5%8F%A4+%E3%83%86%E3%83%8B%E3%82%B9%E3%83%A9%E3%82%B1%E3%83%83%E3%83%88+%E3%82%A6%E3%82%A3%E3%83%AB%E3%82%BD%E3%83%B3+%E3%82%A6%E3%83%AB%E3%83%88%E3%83%A9+108+%E3%83%90%E3%83%BC%E3%82%B8%E3%83%A7%E3%83%B34.0+2022%E5%B9%B4%E3%83%A2%E3%83%87%E3%83%AB+%28G2%29WILSON+ULTRA+108+V4.0+2022 HTTP/1.1" 301 0 "-" "Mozilla/5.0 (Linux; Android 6.0.1; Nexus 5X Build/MMB29P) AppleWebKit/537.36 (KHTML, like Gecko) Chrome/137.0.7151.103 Mobile Safari/537.36 (compatible; Googlebot/2.1; +http://www.google.com/bot.html)"
192.178.6.100 - - [05/Jul/2025:11:34:02 -0400] "GET /?n=9434735396301&channel=faac94&from=pin.php%3Fid%3D353963-14874%26name%3D%E4%B8%AD%E5%8F%A4%20%E3%83%86%E3%83%8B%E3%82%B9%E3%83%A9%E3%82%B1%E3%83%83%E3%83%88%20%E3%82%A6%E3%82%A3%E3%83%AB%E3%82%BD%E3%83%B3%20%E3%82%A6%E3%83%AB%E3%83%88%E3%83%A9%20108%20%E3%83%90%E3%83%BC%E3%82%B8%E3%83%A7%E3%83%B34.0%202022%E5%B9%B4%E3%83%A2%E3%83%87%E3%83%AB%20%28G2%29WILSON%20ULTRA%20108%20V4.0%202022 HTTP/1.1" 200 29544 "-" "Mozilla/5.0 (Linux; Android 6.0.1; Nexus 5X Build/MMB29P) AppleWebKit/537.36 (KHTML, like Gecko) Chrome/137.0.7151.103 Mobile Safari/537.36 (compatible; Googlebot/2.1; +http://www.google.com/bot.html)"
2a03:2880:f800:1:: - - [05/Jul/2025:11:34:58 -0400] "GET /wp-json/wp/v2/posts/10757 HTTP/1.1" 200 39755 "-" "meta-externalagent/1.1 (+https://developers.facebook.com/docs/sharing/webmasters/crawler)"
63.250.38.117 - - [05/Jul/2025:11:35:28 -0400] "POST /wp-cron.php?doing_wp_cron=1751729728.4779078960418701171875 HTTP/1.1" 403 1242 "-" "WordPress/6.8.1; https://fnf.group"
192.178.6.101 - - [05/Jul/2025:11:35:23 -0400] "GET /?n=83152121776602&channel=bdc3dc&from=form.php%3Fid%3D1217766-13379%26name%3D%E3%82%BB%E3%83%AA%E3%82%A2+%E5%9C%A7%E7%9D%80%E3%82%AD%E3%83%AB%E3%83%88+%E3%83%8F%E3%83%BC%E3%83%88%E6%9F%84+%E3%83%96%E3%83%A9%E3%83%83%E3%82%AF+2%E7%82%B9+A+%E9%BB%92 HTTP/1.1" 301 0 "-" "Mozilla/5.0 (Linux; Android 6.0.1; Nexus 5X Build/MMB29P) AppleWebKit/537.36 (KHTML, like Gecko) Chrome/137.0.7151.103 Mobile Safari/537.36 (compatible; Googlebot/2.1; +http://www.google.com/bot.html)"
63.250.38.117 - - [05/Jul/2025:11:35:29 -0400] "POST /wp-cron.php?doing_wp_cron=1751729728.9807178974151611328125 HTTP/1.1" 403 1242 "-" "WordPress/6.8.1; https://fnf.group"
192.178.6.102 - - [05/Jul/2025:11:35:23 -0400] "GET /?n=2921948310607&channel=c00370&from=blog.php%3Fid%3D483106-14522%26name%3D%E3%83%91%E3%83%BC%E3%83%86%E3%82%A3%E3%83%BC%E7%94%A8%E3%83%87%E3%82%A3%E3%83%8A%E3%83%BC%E3%82%A6%E3%82%A7%E3%82%A2%E9%A3%9F%E5%99%A8%2F%E3%83%97%E3%83%AC%E3%83%BC%E3%83%88%2F%E3%83%9C%E3%82%A6%E3%83%AB+%E3%82%BB%E3%83%83%E3%83%88%2C6+%E3%83%94%E3%83%BC%E3%82%B9+%E3%83%87%E3%82%A3%E3%83%8A%E3%83%BC%E3%82%A6%E3%82%A7%E3%82%A2+%E3%82%BB%E3%83%83%E3%83%88%2C1+%E4%BA%BA%E5%88%86%E3%81%AE%E3%82%B5%E3%83%BC%E3%83%93%E3%82%B9%2C%E3%83%97%E3%83%AC%E3%83%BC%E3%83%88%2F%E3%83%9C%E3%82%A6%E3%83%AB%2F HTTP/1.1" 301 0 "-" "Mozilla/5.0 (Linux; Android 6.0.1; Nexus 5X Build/MMB29P) AppleWebKit/537.36 (KHTML, like Gecko) Chrome/137.0.7151.103 Mobile Safari/537.36 (compatible; Googlebot/2.1; +http://www.google.com/bot.html)"
192.178.6.101 - - [05/Jul/2025:11:35:29 -0400] "GET /?n=2921948310607&channel=c00370&from=blog.php%3Fid%3D483106-14522%26name%3D%E3%83%91%E3%83%BC%E3%83%86%E3%82%A3%E3%83%BC%E7%94%A8%E3%83%87%E3%82%A3%E3%83%8A%E3%83%BC%E3%82%A6%E3%82%A7%E3%82%A2%E9%A3%9F%E5%99%A8%2F%E3%83%97%E3%83%AC%E3%83%BC%E3%83%88%2F%E3%83%9C%E3%82%A6%E3%83%AB%20%E3%82%BB%E3%83%83%E3%83%88%2C6%20%E3%83%94%E3%83%BC%E3%82%B9%20%E3%83%87%E3%82%A3%E3%83%8A%E3%83%BC%E3%82%A6%E3%82%A7%E3%82%A2%20%E3%82%BB%E3%83%83%E3%83%88%2C1%20%E4%BA%BA%E5%88%86%E3%81%AE%E3%82%B5%E3%83%BC%E3%83%93%E3%82%B9%2C%E3%83%97%E3%83%AC%E3%83%BC%E3%83%88%2F%E3%83%9C%E3%82%A6%E3%83%AB%2F HTTP/1.1" 200 29545 "-" "Mozilla/5.0 (Linux; Android 6.0.1; Nexus 5X Build/MMB29P) AppleWebKit/537.36 (KHTML, like Gecko) Chrome/137.0.7151.103 Mobile Safari/537.36 (compatible; Googlebot/2.1; +http://www.google.com/bot.html)"
192.178.6.101 - - [05/Jul/2025:11:35:29 -0400] "GET /?n=83152121776602&channel=bdc3dc&from=form.php%3Fid%3D1217766-13379%26name%3D%E3%82%BB%E3%83%AA%E3%82%A2%20%E5%9C%A7%E7%9D%80%E3%82%AD%E3%83%AB%E3%83%88%20%E3%83%8F%E3%83%BC%E3%83%88%E6%9F%84%20%E3%83%96%E3%83%A9%E3%83%83%E3%82%AF%202%E7%82%B9%20A%20%E9%BB%92 HTTP/1.1" 200 29543 "-" "Mozilla/5.0 (Linux; Android 6.0.1; Nexus 5X Build/MMB29P) AppleWebKit/537.36 (KHTML, like Gecko) Chrome/137.0.7151.103 Mobile Safari/537.36 (compatible; Googlebot/2.1; +http://www.google.com/bot.html)"
82.102.18.116 - - [05/Jul/2025:11:35:30 -0400] "GET / HTTP/1.1" 200 29535 "-" "Mozilla/5.0 (Windows NT 10.0; Win64; x64) AppleWebKit/537.36 (KHTML, like Gecko) Chrome/78.0.3904.108 Safari/537.36"
192.178.6.100 - - [05/Jul/2025:11:35:38 -0400] "GET /?n=2191219999002&channel=ddcf5b&from=pin.php%3Fid%3D199990-489%26name%3D%E3%82%AA%E3%83%BC%E3%83%88%E3%83%90%E3%82%A4%E3%81%AE%E3%82%A8%E3%82%AD%E3%82%BE%E3%83%BC%E3%82%B9%E3%83%88%E3%83%91%E3%82%A4%E3%83%97+%E3%82%B9%E3%82%BA%E3%82%AD+%E3%82%B8%E3%83%BC%E3%82%A8%E3%82%B9%E3%82%A8%E3%83%83%E3%82%AF%E3%82%B91300R+%E3%82%B8%E3%83%BC%E3%82%A8%E3%82%B9%E3%82%A8%E3%83%83%E3%82%AF%E3%82%B9+1300R+2022+2023+2024+%E3%82%AA%E3%83%BC HTTP/1.1" 301 0 "-" "Mozilla/5.0 (Linux; Android 6.0.1; Nexus 5X Build/MMB29P) AppleWebKit/537.36 (KHTML, like Gecko) Chrome/137.0.7151.103 Mobile Safari/537.36 (compatible; Googlebot/2.1; +http://www.google.com/bot.html)"
82.102.18.116 - - [05/Jul/2025:11:35:39 -0400] "GET //wp-includes/wlwmanifest.xml HTTP/1.1" 301 0 "-" "Mozilla/5.0 (Windows NT 10.0; Win64; x64) AppleWebKit/537.36 (KHTML, like Gecko) Chrome/78.0.3904.108 Safari/537.36"
192.178.6.100 - - [05/Jul/2025:11:35:40 -0400] "GET /?n=2191219999002&channel=ddcf5b&from=pin.php%3Fid%3D199990-489%26name%3D%E3%82%AA%E3%83%BC%E3%83%88%E3%83%90%E3%82%A4%E3%81%AE%E3%82%A8%E3%82%AD%E3%82%BE%E3%83%BC%E3%82%B9%E3%83%88%E3%83%91%E3%82%A4%E3%83%97%20%E3%82%B9%E3%82%BA%E3%82%AD%20%E3%82%B8%E3%83%BC%E3%82%A8%E3%82%B9%E3%82%A8%E3%83%83%E3%82%AF%E3%82%B91300R%20%E3%82%B8%E3%83%BC%E3%82%A8%E3%82%B9%E3%82%A8%E3%83%83%E3%82%AF%E3%82%B9%201300R%202022%202023%202024%20%E3%82%AA%E3%83%BC HTTP/1.1" 200 29535 "-" "Mozilla/5.0 (Linux; Android 6.0.1; Nexus 5X Build/MMB29P) AppleWebKit/537.36 (KHTML, like Gecko) Chrome/137.0.7151.103 Mobile Safari/537.36 (compatible; Googlebot/2.1; +http://www.google.com/bot.html)"
82.102.18.116 - - [05/Jul/2025:11:35:41 -0400] "GET / HTTP/1.1" 200 29530 "-" "Mozilla/5.0 (Windows NT 10.0; Win64; x64) AppleWebKit/537.36 (KHTML, like Gecko) Chrome/78.0.3904.108 Safari/537.36"
82.102.18.116 - - [05/Jul/2025:11:35:45 -0400] "GET //?author=1 HTTP/1.1" 301 0 "-" "Mozilla/5.0 (Windows NT 10.0; Win64; x64) AppleWebKit/537.36 (KHTML, like Gecko) Chrome/78.0.3904.108 Safari/537.36"
82.102.18.116 - - [05/Jul/2025:11:35:46 -0400] "GET //?author=2 HTTP/1.1" 301 0 "-" "Mozilla/5.0 (Windows NT 10.0; Win64; x64) AppleWebKit/537.36 (KHTML, like Gecko) Chrome/78.0.3904.108 Safari/537.36"
82.102.18.116 - - [05/Jul/2025:11:35:47 -0400] "GET //wp-json/wp/v2/users/ HTTP/1.1" 200 4384 "-" "Mozilla/5.0 (Windows NT 10.0; Win64; x64) AppleWebKit/537.36 (KHTML, like Gecko) Chrome/78.0.3904.108 Safari/537.36"
82.102.18.116 - - [05/Jul/2025:11:35:48 -0400] "GET //wp-json/oembed/1.0/embed?url=https://fnf.group/ HTTP/1.1" 200 2675 "-" "Mozilla/5.0 (Windows NT 10.0; Win64; x64) AppleWebKit/537.36 (KHTML, like Gecko) Chrome/78.0.3904.108 Safari/537.36"
192.178.6.100 - - [05/Jul/2025:11:35:54 -0400] "GET /?n=20875157457100&channel=e4051c&from=info.php%3Fid%3D1574571-944%26name%3D%E2%97%8F%E5%B9%B8%E3%81%9B%E3%81%AE%E9%AD%94%E6%B3%95%E3%80%80CR%E3%80%80%EF%BC%94%E6%9E%9A%E3%82%BB%E3%83%83%E3%83%88%E3%80%80DC3%2FW18-019%E3%80%80%E3%83%B4%E3%82%A1%E3%82%A4%E3%82%B9%E3%82%B7%E3%83%A5%E3%83%B4%E3%82%A1%E3%83%AB%E3%83%84%E3%80%80D.C.%E2%85%A2 HTTP/1.1" 200 29544 "-" "Mozilla/5.0 (Linux; Android 6.0.1; Nexus 5X Build/MMB29P) AppleWebKit/537.36 (KHTML, like Gecko) Chrome/137.0.7151.103 Mobile Safari/537.36 (compatible; Googlebot/2.1; +http://www.google.com/bot.html)"
192.178.6.100 - - [05/Jul/2025:11:35:55 -0400] "GET /?n=9020425393700&channel=d074a9&from=article.php%3Fid%3D253937-12%26name%3D%E8%BB%8A%E7%94%A8%E3%83%AA%E3%82%A2%E3%83%88%E3%83%A9%E3%83%B3%E3%82%AF%E3%83%9E%E3%83%83%E3%83%88+%E7%94%A8+%E3%82%AD%E3%83%A3%E3%82%B7%E3%83%A5%E3%82%AB%E3%82%A4%E7%94%A8+%E3%83%87%E3%83%A5%E3%82%A2%E3%83%AA%E3%82%B9+J10+J11%E7%94%A8+%E3%83%86%E3%82%AF%E3%83%8A%E7%94%A8+%E3%83%AD%E3%83%BC%E3%82%B0+%E3%82%B9%E3%83%9D%E3%83%BC%E3%83%84%E7%94%A8+2006-2020+%E3%83%88%E3%83%AC%E3%82%A4%E3%83%A9 HTTP/1.1" 301 0 "-" "Mozilla/5.0 (Linux; Android 6.0.1; Nexus 5X Build/MMB29P) AppleWebKit/537.36 (KHTML, like Gecko) Chrome/137.0.7151.103 Mobile Safari/537.36 (compatible; Googlebot/2.1; +http://www.google.com/bot.html)"
192.178.6.100 - - [05/Jul/2025:11:35:56 -0400] "GET /?n=9020425393700&channel=d074a9&from=article.php%3Fid%3D253937-12%26name%3D%E8%BB%8A%E7%94%A8%E3%83%AA%E3%82%A2%E3%83%88%E3%83%A9%E3%83%B3%E3%82%AF%E3%83%9E%E3%83%83%E3%83%88%20%E7%94%A8%20%E3%82%AD%E3%83%A3%E3%82%B7%E3%83%A5%E3%82%AB%E3%82%A4%E7%94%A8%20%E3%83%87%E3%83%A5%E3%82%A2%E3%83%AA%E3%82%B9%20J10%20J11%E7%94%A8%20%E3%83%86%E3%82%AF%E3%83%8A%E7%94%A8%20%E3%83%AD%E3%83%BC%E3%82%B0%20%E3%82%B9%E3%83%9D%E3%83%BC%E3%83%84%E7%94%A8%202006-2020%20%E3%83%88%E3%83%AC%E3%82%A4%E3%83%A9 HTTP/1.1" 200 29542 "-" "Mozilla/5.0 (Linux; Android 6.0.1; Nexus 5X Build/MMB29P) AppleWebKit/537.36 (KHTML, like Gecko) Chrome/137.0.7151.103 Mobile Safari/537.36 (compatible; Googlebot/2.1; +http://www.google.com/bot.html)"
192.178.6.100 - - [05/Jul/2025:11:35:57 -0400] "GET /?n=8356690713501&channel=ceddbd&from=product.php%3Fid%3D907135-6687%26name%3D%E3%83%9D%E3%83%AB%E3%82%B7%E3%82%A7+%E3%83%9E%E3%82%AB%E3%83%B3+2014-2022+%E3%83%89%E3%82%A2%E3%82%B5%E3%82%A4%E3%83%89%E3%82%A6%E3%82%A3%E3%83%B3%E3%82%B0%E3%83%9F%E3%83%A9%E3%83%BC%E3%82%AD%E3%83%A3%E3%83%83%E3%83%97+N26R+%E5%AF%BE%E5%BF%9C+%E3%82%AB%E3%83%BC%E3%83%9C%E3%83%B3%E3%83%95%E3%82%A1%E3%82%A4%E3%83%90%E3%83%BC+%E3%83%AA%E3%82%A2%E3%83%93%E3%83%A5%E3%83%BC%E3%83%9F%E3%83%A9%E3%83%BC%E3%82%AB%E3%83%90%E3%83%BC HTTP/1.1" 301 0 "-" "Mozilla/5.0 (Linux; Android 6.0.1; Nexus 5X Build/MMB29P) AppleWebKit/537.36 (KHTML, like Gecko) Chrome/137.0.7151.103 Mobile Safari/537.36 (compatible; Googlebot/2.1; +http://www.google.com/bot.html)"
192.178.6.100 - - [05/Jul/2025:11:35:59 -0400] "GET /?n=43710133169200&channel=e53be3&from=info.php%3Fid%3D1331692-16015%26name%3D%E9%9B%BB%E8%A9%B1%E3%83%8A%E3%83%93%E3%82%B2%E3%83%BC%E3%82%B7%E3%83%A7%E3%83%B3+%E3%83%96%E3%83%A9%E3%82%B1%E3%83%83%E3%83%88+%E7%94%A8NC750X+%E7%94%A8+NC750+X+%E7%94%A8NC+750+X+2016-2019+%E3%82%AA%E3%83%BC%E3%83%88%E3%83%90%E3%82%A4%E3%82%B9%E3%82%BF%E3%83%B3%E3%83%89%E3%83%9B%E3%83%AB%E3%83%80 HTTP/1.1" 301 0 "-" "Mozilla/5.0 (Linux; Android 6.0.1; Nexus 5X Build/MMB29P) AppleWebKit/537.36 (KHTML, like Gecko) Chrome/137.0.7151.103 Mobile Safari/537.36 (compatible; Googlebot/2.1; +http://www.google.com/bot.html)"
192.178.6.100 - - [05/Jul/2025:11:36:01 -0400] "GET /?n=8356690713501&channel=ceddbd&from=product.php%3Fid%3D907135-6687%26name%3D%E3%83%9D%E3%83%AB%E3%82%B7%E3%82%A7%20%E3%83%9E%E3%82%AB%E3%83%B3%202014-2022%20%E3%83%89%E3%82%A2%E3%82%B5%E3%82%A4%E3%83%89%E3%82%A6%E3%82%A3%E3%83%B3%E3%82%B0%E3%83%9F%E3%83%A9%E3%83%BC%E3%82%AD%E3%83%A3%E3%83%83%E3%83%97%20N26R%20%E5%AF%BE%E5%BF%9C%20%E3%82%AB%E3%83%BC%E3%83%9C%E3%83%B3%E3%83%95%E3%82%A1%E3%82%A4%E3%83%90%E3%83%BC%20%E3%83%AA%E3%82%A2%E3%83%93%E3%83%A5%E3%83%BC%E3%83%9F%E3%83%A9%E3%83%BC%E3%82%AB%E3%83%90%E3%83%BC HTTP/1.1" 200 29534 "-" "Mozilla/5.0 (Linux; Android 6.0.1; Nexus 5X Build/MMB29P) AppleWebKit/537.36 (KHTML, like Gecko) Chrome/137.0.7151.103 Mobile Safari/537.36 (compatible; Googlebot/2.1; +http://www.google.com/bot.html)"
192.178.6.100 - - [05/Jul/2025:11:36:03 -0400] "GET /?n=43710133169200&channel=e53be3&from=info.php%3Fid%3D1331692-16015%26name%3D%E9%9B%BB%E8%A9%B1%E3%83%8A%E3%83%93%E3%82%B2%E3%83%BC%E3%82%B7%E3%83%A7%E3%83%B3%20%E3%83%96%E3%83%A9%E3%82%B1%E3%83%83%E3%83%88%20%E7%94%A8NC750X%20%E7%94%A8%20NC750%20X%20%E7%94%A8NC%20750%20X%202016-2019%20%E3%82%AA%E3%83%BC%E3%83%88%E3%83%90%E3%82%A4%E3%82%B9%E3%82%BF%E3%83%B3%E3%83%89%E3%83%9B%E3%83%AB%E3%83%80 HTTP/1.1" 200 29540 "-" "Mozilla/5.0 (Linux; Android 6.0.1; Nexus 5X Build/MMB29P) AppleWebKit/537.36 (KHTML, like Gecko) Chrome/137.0.7151.103 Mobile Safari/537.36 (compatible; Googlebot/2.1; +http://www.google.com/bot.html)"
192.178.6.100 - - [05/Jul/2025:11:36:05 -0400] "GET /?n=22147195172703&channel=63155d&from=jp.php%3Fid%3D1951727-30998%26name%3DiPhone12Promax+%E3%82%A2%E3%82%A4%E3%83%95%E3%82%A9%E3%83%B312Promax+%E3%81%8B%E3%82%81%E3%82%89%E3%82%8C%E3%82%93%E3%81%9A+9H%E7%A1%AC%E5%BA%A6+%E3%82%B9%E3%83%9E%E3%83%9B%E3%83%AC%E3%83%B3%E3%82%BA%E3%82%AB%E3%83%90%E3%83%BC+%E3%82%AB%E3%83%A1%E3%83%A9%E3%83%AC%E3%83%B3%E3%82%BA%E3%82%AB%E3%83%90%E3%83%BC+%E4%BF%9D%E8%AD%B7%E3%83%95%E3%82%A3%E3%83%AB%E3%83%A0+%E3%83%95%E3%82%A3%E3%83%AB%E3%83%A0+iPhone%E4%BF%9D%E8%AD%B7+2%E5%80%8B%E3%82%BB%E3%83%83%E3%83%88 HTTP/1.1" 301 0 "-" "Mozilla/5.0 (Linux; Android 6.0.1; Nexus 5X Build/MMB29P) AppleWebKit/537.36 (KHTML, like Gecko) Chrome/137.0.7151.103 Mobile Safari/537.36 (compatible; Googlebot/2.1; +http://www.google.com/bot.html)"
192.178.6.100 - - [05/Jul/2025:11:36:07 -0400] "GET /?n=22147195172703&channel=63155d&from=jp.php%3Fid%3D1951727-30998%26name%3DiPhone12Promax%20%E3%82%A2%E3%82%A4%E3%83%95%E3%82%A9%E3%83%B312Promax%20%E3%81%8B%E3%82%81%E3%82%89%E3%82%8C%E3%82%93%E3%81%9A%209H%E7%A1%AC%E5%BA%A6%20%E3%82%B9%E3%83%9E%E3%83%9B%E3%83%AC%E3%83%B3%E3%82%BA%E3%82%AB%E3%83%90%E3%83%BC%20%E3%82%AB%E3%83%A1%E3%83%A9%E3%83%AC%E3%83%B3%E3%82%BA%E3%82%AB%E3%83%90%E3%83%BC%20%E4%BF%9D%E8%AD%B7%E3%83%95%E3%82%A3%E3%83%AB%E3%83%A0%20%E3%83%95%E3%82%A3%E3%83%AB%E3%83%A0%20iPhone%E4%BF%9D%E8%AD%B7%202%E5%80%8B%E3%82%BB%E3%83%83%E3%83%88 HTTP/1.1" 200 29547 "-" "Mozilla/5.0 (Linux; Android 6.0.1; Nexus 5X Build/MMB29P) AppleWebKit/537.36 (KHTML, like Gecko) Chrome/137.0.7151.103 Mobile Safari/537.36 (compatible; Googlebot/2.1; +http://www.google.com/bot.html)"
63.250.38.117 - - [05/Jul/2025:11:36:59 -0400] "POST /wp-cron.php?doing_wp_cron=1751729819.4728350639343261718750 HTTP/1.1" 403 1242 "-" "WordPress/6.8.1; https://fnf.group"
63.250.38.117 - - [05/Jul/2025:11:37:01 -0400] "POST /wp-cron.php?doing_wp_cron=1751729821.1734640598297119140625 HTTP/1.1" 403 1242 "-" "WordPress/6.8.1; https://fnf.group"
192.178.6.101 - - [05/Jul/2025:11:36:56 -0400] "GET /?n=6220899559806&channel=5c6139&from=shop.php%3Fid%3D995598-23051%26name%3D1%E3%82%BB%E3%83%83%E3%83%88+%E5%A5%B3%E3%81%AE%E5%AD%90+%E3%83%98%E3%82%A2%E3%82%B9%E3%82%BF%E3%82%A4%E3%83%AA%E3%82%B9%E3%83%88+%E3%83%99%E3%83%93%E3%83%BC+%E3%83%98%E3%82%A2+%E3%82%AF%E3%83%AA%E3%83%83%E3%83%97+%E3%83%90%E3%83%8A%E3%83%8A+%E3%83%98%E3%82%A2+%E3%82%AF%E3%83%AA%E3%83%83%E3%83%97+%E3%83%98%E3%82%A2%E3%83%94%E3%83%B3+%E3%81%B5%E3%82%8F%E3%81%B5%E3%82%8F+%E3%83%98%E3%82%A2+%E3%82%AF%E3%83%AA%E3%83%83%E3%83%97+%E3%83%98%E3%82%A2+6%E5%80%8B HTTP/1.1" 301 0 "-" "Mozilla/5.0 (Linux; Android 6.0.1; Nexus 5X Build/MMB29P) AppleWebKit/537.36 (KHTML, like Gecko) Chrome/137.0.7151.103 Mobile Safari/537.36 (compatible; Googlebot/2.1; +http://www.google.com/bot.html)"
84.54.44.204 - - [05/Jul/2025:11:36:53 -0400] "GET /2021/03/21/fondant-orange-cake-by-chanda-arshad/ HTTP/1.1" 200 18818 "https://fnf.group/2021/03/21/fondant-orange-cake-by-chanda-arshad/#comment-29564" "Mozilla/5.0 (Windows NT 10.0; Win64; x64) AppleWebKit/537.36 (KHTML, like Gecko) Chrome/130.0.0.0 Safari/537.36 CCleaner/130.0.0.0"
84.54.44.204 - - [05/Jul/2025:11:37:03 -0400] "POST /wp-comments-post.php HTTP/1.1" 403 1242 "https://fnf.group/2021/03/21/fondant-orange-cake-by-chanda-arshad/#comment-29564" "Mozilla/5.0 (Windows NT 10.0; Win64; x64) AppleWebKit/537.36 (KHTML, like Gecko) Chrome/130.0.0.0 Safari/537.36 CCleaner/130.0.0.0"
192.178.6.101 - - [05/Jul/2025:11:37:02 -0400] "GET /?n=6220899559806&channel=5c6139&from=shop.php%3Fid%3D995598-23051%26name%3D1%E3%82%BB%E3%83%83%E3%83%88%20%E5%A5%B3%E3%81%AE%E5%AD%90%20%E3%83%98%E3%82%A2%E3%82%B9%E3%82%BF%E3%82%A4%E3%83%AA%E3%82%B9%E3%83%88%20%E3%83%99%E3%83%93%E3%83%BC%20%E3%83%98%E3%82%A2%20%E3%82%AF%E3%83%AA%E3%83%83%E3%83%97%20%E3%83%90%E3%83%8A%E3%83%8A%20%E3%83%98%E3%82%A2%20%E3%82%AF%E3%83%AA%E3%83%83%E3%83%97%20%E3%83%98%E3%82%A2%E3%83%94%E3%83%B3%20%E3%81%B5%E3%82%8F%E3%81%B5%E3%82%8F%20%E3%83%98%E3%82%A2%20%E3%82%AF%E3%83%AA%E3%83%83%E3%83%97%20%E3%83%98%E3%82%A2%206%E5%80%8B HTTP/1.1" 200 29534 "-" "Mozilla/5.0 (Linux; Android 6.0.1; Nexus 5X Build/MMB29P) AppleWebKit/537.36 (KHTML, like Gecko) Chrome/137.0.7151.103 Mobile Safari/537.36 (compatible; Googlebot/2.1; +http://www.google.com/bot.html)"
2a03:2880:f800:: - - [05/Jul/2025:11:37:43 -0400] "GET /?p=10806 HTTP/1.1" 301 0 "-" "meta-externalagent/1.1 (+https://developers.facebook.com/docs/sharing/webmasters/crawler)"
63.250.38.117 - - [05/Jul/2025:11:38:10 -0400] "POST /wp-cron.php?doing_wp_cron=1751729890.5677859783172607421875 HTTP/1.1" 403 1242 "-" "WordPress/6.8.1; https://fnf.group"
192.178.6.103 - - [05/Jul/2025:11:38:06 -0400] "GET /?n=20642167721003&channel=359a45&from=brands.php%3Fid%3D1677210-2649%26name%3D%E3%82%BB%E3%83%A9%E3%83%9F%E3%83%83%E3%82%AF%E3%83%88%E3%82%A4%E3%83%AC%E3%82%BF%E3%83%AA%E3%83%BC%E3%82%BB%E3%83%83%E3%83%88+%E3%83%A2%E3%83%80%E3%83%B3%E3%83%9F%E3%83%8B%E3%83%9E%E3%83%AA%E3%82%B9%E3%83%88%E3%81%AE%E3%83%88%E3%82%A4%E3%83%AC%E3%82%BF%E3%83%AA%E3%83%BC%E3%82%BB%E3%83%83%E3%83%88%E3%83%90%E3%82%B9%E3%83%AB%E3%83%BC%E3%83%A0%E3%83%96%E3%83%A9%E3%83%83%E3%82%B7%E3%83%B3%E3%82%B0%E3%82%AB%E3%83%83%E3%83%97%E6%AD%AF%E3%83%96%E3%83%A9%E3%82%B7%E3%83%9B%E3%83%AB%E3%83%80%E3%83%BC%E3%83%90%E3%82%B9%E3%83%AB%E3%83%BC%E3%83%A05%E3%83%94%E3%83%BC%E3%82%B9%E3%83%88 HTTP/1.1" 301 0 "-" "Mozilla/5.0 (Linux; Android 6.0.1; Nexus 5X Build/MMB29P) AppleWebKit/537.36 (KHTML, like Gecko) Chrome/137.0.7151.103 Mobile Safari/537.36 (compatible; Googlebot/2.1; +http://www.google.com/bot.html)"
63.250.38.117 - - [05/Jul/2025:11:38:10 -0400] "POST /wp-cron.php?doing_wp_cron=1751729890.8684289455413818359375 HTTP/1.1" 403 1242 "-" "WordPress/6.8.1; https://fnf.group"
192.178.6.102 - - [05/Jul/2025:11:38:07 -0400] "GET /?n=0113339214100&channel=e21b05&from=product.php%3Fid%3D392141-14524%26name%3D10%E5%80%8B%E3%82%BB%E3%83%83%E3%83%88+%E3%82%AA%E3%83%BC%E3%83%93%E3%83%83%E3%83%88%EF%BC%88%EF%BC%B7%EF%BC%A8%EF%BC%89%EF%BC%91%EF%BC%97cm%E3%83%9C%E3%83%BC%E3%83%AB+%5B16.5%C3%976.2cm%5D+%E3%80%90%E3%83%9C%E3%82%A6%E3%83%AB%28%E4%B8%AD%29%E3%80%91 HTTP/1.1" 301 0 "-" "Mozilla/5.0 (Linux; Android 6.0.1; Nexus 5X Build/MMB29P) AppleWebKit/537.36 (KHTML, like Gecko) Chrome/137.0.7151.103 Mobile Safari/537.36 (compatible; Googlebot/2.1; +http://www.google.com/bot.html)"
192.178.6.101 - - [05/Jul/2025:11:38:11 -0400] "GET /?n=20642167721003&channel=359a45&from=brands.php%3Fid%3D1677210-2649%26name%3D%E3%82%BB%E3%83%A9%E3%83%9F%E3%83%83%E3%82%AF%E3%83%88%E3%82%A4%E3%83%AC%E3%82%BF%E3%83%AA%E3%83%BC%E3%82%BB%E3%83%83%E3%83%88%20%E3%83%A2%E3%83%80%E3%83%B3%E3%83%9F%E3%83%8B%E3%83%9E%E3%83%AA%E3%82%B9%E3%83%88%E3%81%AE%E3%83%88%E3%82%A4%E3%83%AC%E3%82%BF%E3%83%AA%E3%83%BC%E3%82%BB%E3%83%83%E3%83%88%E3%83%90%E3%82%B9%E3%83%AB%E3%83%BC%E3%83%A0%E3%83%96%E3%83%A9%E3%83%83%E3%82%B7%E3%83%B3%E3%82%B0%E3%82%AB%E3%83%83%E3%83%97%E6%AD%AF%E3%83%96%E3%83%A9%E3%82%B7%E3%83%9B%E3%83%AB%E3%83%80%E3%83%BC%E3%83%90%E3%82%B9%E3%83%AB%E3%83%BC%E3%83%A05%E3%83%94%E3%83%BC%E3%82%B9%E3%83%88 HTTP/1.1" 200 29540 "-" "Mozilla/5.0 (Linux; Android 6.0.1; Nexus 5X Build/MMB29P) AppleWebKit/537.36 (KHTML, like Gecko) Chrome/137.0.7151.103 Mobile Safari/537.36 (compatible; Googlebot/2.1; +http://www.google.com/bot.html)"
192.178.6.101 - - [05/Jul/2025:11:38:11 -0400] "GET /?n=0113339214100&channel=e21b05&from=product.php%3Fid%3D392141-14524%26name%3D10%E5%80%8B%E3%82%BB%E3%83%83%E3%83%88%20%E3%82%AA%E3%83%BC%E3%83%93%E3%83%83%E3%83%88%EF%BC%88%EF%BC%B7%EF%BC%A8%EF%BC%89%EF%BC%91%EF%BC%97cm%E3%83%9C%E3%83%BC%E3%83%AB%20%5B16.5%C3%976.2cm%5D%20%E3%80%90%E3%83%9C%E3%82%A6%E3%83%AB%28%E4%B8%AD%29%E3%80%91 HTTP/1.1" 200 29543 "-" "Mozilla/5.0 (Linux; Android 6.0.1; Nexus 5X Build/MMB29P) AppleWebKit/537.36 (KHTML, like Gecko) Chrome/137.0.7151.103 Mobile Safari/537.36 (compatible; Googlebot/2.1; +http://www.google.com/bot.html)"
192.178.6.101 - - [05/Jul/2025:11:38:19 -0400] "GET /?n=5051760387001&channel=93a39e&from=article.php%3Fid%3D603870-8136%26name%3DQHCP+%E8%BB%8A%E3%81%AE%E3%83%90%E3%83%83%E3%82%AF%E3%83%9F%E3%83%A9%E3%83%BC%E3%82%AB%E3%83%90%E3%83%BC%E3%83%88%E3%83%AA%E3%83%A0%E3%82%AA%E3%83%83%E3%82%AF%E3%82%B9%E3%83%9B%E3%83%BC%E3%83%B3+ABS+%E3%82%B5%E3%82%A4%E3%83%89%E3%83%90%E3%83%83%E3%82%AF%E3%83%9F%E3%83%A9%E3%83%BC%E3%82%B7%E3%82%A7%E3%83%AB%E3%82%AD%E3%83%A3%E3%83%83%E3%83%97+LHD+%E3%81%A8%E4%BA%92%E6%8F%9B%E6%80%A7%E3%81%AE%E3%81%82%E3%82%8B%E3%83%AC%E3%82%AF%E3%82%B5%E3%82%B9+RX HTTP/1.1" 301 0 "-" "Mozilla/5.0 (Linux; Android 6.0.1; Nexus 5X Build/MMB29P) AppleWebKit/537.36 (KHTML, like Gecko) Chrome/137.0.7151.103 Mobile Safari/537.36 (compatible; Googlebot/2.1; +http://www.google.com/bot.html)"
192.178.6.101 - - [05/Jul/2025:11:38:21 -0400] "GET /?n=5051760387001&channel=93a39e&from=article.php%3Fid%3D603870-8136%26name%3DQHCP%20%E8%BB%8A%E3%81%AE%E3%83%90%E3%83%83%E3%82%AF%E3%83%9F%E3%83%A9%E3%83%BC%E3%82%AB%E3%83%90%E3%83%BC%E3%83%88%E3%83%AA%E3%83%A0%E3%82%AA%E3%83%83%E3%82%AF%E3%82%B9%E3%83%9B%E3%83%BC%E3%83%B3%20ABS%20%E3%82%B5%E3%82%A4%E3%83%89%E3%83%90%E3%83%83%E3%82%AF%E3%83%9F%E3%83%A9%E3%83%BC%E3%82%B7%E3%82%A7%E3%83%AB%E3%82%AD%E3%83%A3%E3%83%83%E3%83%97%20LHD%20%E3%81%A8%E4%BA%92%E6%8F%9B%E6%80%A7%E3%81%AE%E3%81%82%E3%82%8B%E3%83%AC%E3%82%AF%E3%82%B5%E3%82%B9%20RX HTTP/1.1" 200 29539 "-" "Mozilla/5.0 (Linux; Android 6.0.1; Nexus 5X Build/MMB29P) AppleWebKit/537.36 (KHTML, like Gecko) Chrome/137.0.7151.103 Mobile Safari/537.36 (compatible; Googlebot/2.1; +http://www.google.com/bot.html)"
146.174.169.205 - - [05/Jul/2025:11:38:29 -0400] "GET /category/mono-brand/ HTTP/1.1" 200 13940 "-" "Mozilla/5.0 (X11; U; Linux x86_64; en-US) AppleWebKit/534.10 (KHTML, like Gecko) Chrome/8.0.552.200 Safari/534.10"
189.28.184.40 - - [05/Jul/2025:11:38:47 -0400] "POST /xmlrpc.php HTTP/1.1" 403 1242 "-" "python-requests/2.28.1"
103.120.254.19 - - [05/Jul/2025:11:38:49 -0400] "GET /wp-login.php HTTP/1.1" 200 3799 "-" "Mozilla/5.0 (Macintosh; Intel Mac OS X 10_15_7) AppleWebKit/537.36 (KHTML, like Gecko) Chrome/108.0.0.0 YaBrowser/23.1.2.980 Yowser/2.5 Safari/537.36"
103.120.254.19 - - [05/Jul/2025:11:38:51 -0400] "POST /wp-login.php HTTP/1.1" 302 0 "-" "Mozilla/5.0 (Macintosh; Intel Mac OS X 10_15_7) AppleWebKit/537.36 (KHTML, like Gecko) Chrome/108.0.0.0 YaBrowser/23.1.2.980 Yowser/2.5 Safari/537.36"
103.120.254.19 - - [05/Jul/2025:11:38:52 -0400] "GET /wp-login.php?redirect_to=https%3A%2F%2Ffnf.group%2Fwp-admin%2F&action=confirm_admin_email&wp_lang=en_US HTTP/1.1" 200 3818 "-" "Mozilla/5.0 (Macintosh; Intel Mac OS X 10_15_7) AppleWebKit/537.36 (KHTML, like Gecko) Chrome/108.0.0.0 YaBrowser/23.1.2.980 Yowser/2.5 Safari/537.36"
103.120.254.19 - - [05/Jul/2025:11:38:54 -0400] "GET /wp-login.php?redirect_to=https://fnf.group/wp-admin/&action=confirm_admin_email&remind_me_later=6498907986 HTTP/1.1" 302 0 "-" "Mozilla/5.0 (Macintosh; Intel Mac OS X 10_15_7) AppleWebKit/537.36 (KHTML, like Gecko) Chrome/108.0.0.0 YaBrowser/23.1.2.980 Yowser/2.5 Safari/537.36"
103.120.254.19 - - [05/Jul/2025:11:38:55 -0400] "GET /wp-login.php HTTP/1.1" 200 3905 "-" "Mozilla/5.0 (Macintosh; Intel Mac OS X 10_15_7) AppleWebKit/537.36 (KHTML, like Gecko) Chrome/108.0.0.0 YaBrowser/23.1.2.980 Yowser/2.5 Safari/537.36"
103.120.254.19 - - [05/Jul/2025:11:38:58 -0400] "GET /wp-admin/post-new.php HTTP/1.1" 200 273777 "-" "Mozilla/5.0 (Macintosh; Intel Mac OS X 10_15_7) AppleWebKit/537.36 (KHTML, like Gecko) Chrome/108.0.0.0 YaBrowser/23.1.2.980 Yowser/2.5 Safari/537.36"
63.250.38.117 - - [05/Jul/2025:11:39:13 -0400] "POST /wp-cron.php?doing_wp_cron=1751729952.9863779544830322265625 HTTP/1.1" 403 1242 "-" "WordPress/6.8.1; https://fnf.group"
103.120.254.19 - - [05/Jul/2025:11:39:09 -0400] "POST /wp-admin/post.php HTTP/1.1" 302 0 "-" "Mozilla/5.0 (Macintosh; Intel Mac OS X 10_15_7) AppleWebKit/537.36 (KHTML, like Gecko) Chrome/108.0.0.0 YaBrowser/23.1.2.980 Yowser/2.5 Safari/537.36"
192.178.6.103 - - [05/Jul/2025:11:39:15 -0400] "GET /?n=7268172719701&channel=353d8c&from=category-info.php%3Fid%3D727197-4113%26name%3D%E3%82%AA%E3%83%BC%E3%83%88%E3%83%90%E3%82%A4%E7%94%A8%E3%83%95%E3%83%AD%E3%83%B3%E3%83%88%E9%9B%BB%E8%A9%B1%E3%82%B9%E3%82%BF%E3%83%B3%E3%83%89%E3%83%9B%E3%83%AB%E3%83%80%E3%83%BC+%E3%83%8A%E3%83%93%E3%82%B2%E3%83%BC%E3%82%B7%E3%83%A7%E3%83%B3%E3%83%97%E3%83%AC%E3%83%BC%E3%83%88%E3%83%96%E3%83%A9%E3%82%B1%E3%83%83%E3%83%88+%E7%94%A8+%E3%83%95%E3%82%A9%E3%83%BC%E3%82%B9+350+%E7%94%A8+%E3%83%95%E3%82%A9%E3%83%BC%E3%82%B9350+2020+20 HTTP/1.1" 301 0 "-" "Mozilla/5.0 (Linux; Android 6.0.1; Nexus 5X Build/MMB29P) AppleWebKit/537.36 (KHTML, like Gecko) Chrome/137.0.7151.103 Mobile Safari/537.36 (compatible; Googlebot/2.1; +http://www.google.com/bot.html)"
192.178.6.101 - - [05/Jul/2025:11:39:15 -0400] "GET /?n=61974129567702&channel=cc23d1&from=article.php%3Fid%3D1295677-13686%26name%3D%E7%84%A1%E5%8D%B0%E8%89%AF%E5%93%81%E3%80%80%E5%BA%83%E5%8F%A3%E3%81%A7%E6%B4%97%E3%81%84%E3%82%84%E3%81%99%E3%81%84%E3%80%80%E4%BF%9D%E6%B8%A9%E4%BF%9D%E5%86%B7%E5%8D%93%E4%B8%8A%E3%83%9D%E3%83%83%E3%83%88%E3%80%800.8L HTTP/1.1" 200 29680 "-" "Mozilla/5.0 (Linux; Android 6.0.1; Nexus 5X Build/MMB29P) AppleWebKit/537.36 (KHTML, like Gecko) Chrome/137.0.7151.103 Mobile Safari/537.36 (compatible; Googlebot/2.1; +http://www.google.com/bot.html)"
192.178.6.102 - - [05/Jul/2025:11:39:21 -0400] "GET /?n=7268172719701&channel=353d8c&from=category-info.php%3Fid%3D727197-4113%26name%3D%E3%82%AA%E3%83%BC%E3%83%88%E3%83%90%E3%82%A4%E7%94%A8%E3%83%95%E3%83%AD%E3%83%B3%E3%83%88%E9%9B%BB%E8%A9%B1%E3%82%B9%E3%82%BF%E3%83%B3%E3%83%89%E3%83%9B%E3%83%AB%E3%83%80%E3%83%BC%20%E3%83%8A%E3%83%93%E3%82%B2%E3%83%BC%E3%82%B7%E3%83%A7%E3%83%B3%E3%83%97%E3%83%AC%E3%83%BC%E3%83%88%E3%83%96%E3%83%A9%E3%82%B1%E3%83%83%E3%83%88%20%E7%94%A8%20%E3%83%95%E3%82%A9%E3%83%BC%E3%82%B9%20350%20%E7%94%A8%20%E3%83%95%E3%82%A9%E3%83%BC%E3%82%B9350%202020%2020 HTTP/1.1" 200 29683 "-" "Mozilla/5.0 (Linux; Android 6.0.1; Nexus 5X Build/MMB29P) AppleWebKit/537.36 (KHTML, like Gecko) Chrome/137.0.7151.103 Mobile Safari/537.36 (compatible; Googlebot/2.1; +http://www.google.com/bot.html)"
103.120.254.19 - - [05/Jul/2025:11:39:15 -0400] "GET /wp-admin/post.php?post=11008&action=edit&message=1 HTTP/1.1" 200 286459 "-" "Mozilla/5.0 (Macintosh; Intel Mac OS X 10_15_7) AppleWebKit/537.36 (KHTML, like Gecko) Chrome/108.0.0.0 YaBrowser/23.1.2.980 Yowser/2.5 Safari/537.36"
186.220.182.108 - - [05/Jul/2025:11:39:51 -0400] "GET /?p=11008 HTTP/1.1" 301 0 "-" "Mozilla/5.0 (Macintosh; Intel Mac OS X 10_15_7) AppleWebKit/537.36 (KHTML, like Gecko) Chrome/108.0.0.0 YaBrowser/23.1.2.980 Yowser/2.5 Safari/537.36"
192.178.6.101 - - [05/Jul/2025:11:39:53 -0400] "GET /?n=8282098754800&channel=e41915&from=news.php%3Fid%3D987548-17585%26name%3DBLACK+YAK%28%E3%83%96%E3%83%A9%E3%83%83%E3%82%AF%E3%83%A4%E3%82%AF%29+100 HTTP/1.1" 301 0 "-" "Mozilla/5.0 (Linux; Android 6.0.1; Nexus 5X Build/MMB29P) AppleWebKit/537.36 (KHTML, like Gecko) Chrome/137.0.7151.103 Mobile Safari/537.36 (compatible; Googlebot/2.1; +http://www.google.com/bot.html)"
186.220.182.108 - - [05/Jul/2025:11:39:55 -0400] "GET /2025/07/05/official-website-for-sports-betting-on-line-casino-in-bangladesh-2025/ HTTP/1.1" 200 32376 "-" "Mozilla/5.0 (Macintosh; Intel Mac OS X 10_15_7) AppleWebKit/537.36 (KHTML, like Gecko) Chrome/108.0.0.0 YaBrowser/23.1.2.980 Yowser/2.5 Safari/537.36"
192.178.6.101 - - [05/Jul/2025:11:39:56 -0400] "GET /?n=8282098754800&channel=e41915&from=news.php%3Fid%3D987548-17585%26name%3DBLACK%20YAK%28%E3%83%96%E3%83%A9%E3%83%83%E3%82%AF%E3%83%A4%E3%82%AF%29%20100 HTTP/1.1" 200 29686 "-" "Mozilla/5.0 (Linux; Android 6.0.1; Nexus 5X Build/MMB29P) AppleWebKit/537.36 (KHTML, like Gecko) Chrome/137.0.7151.103 Mobile Safari/537.36 (compatible; Googlebot/2.1; +http://www.google.com/bot.html)"
104.168.22.92 - - [05/Jul/2025:11:40:33 -0400] "POST /xmlrpc.php HTTP/1.1" 403 1242 "https://fnf.group" "Mozilla/5.0 (Windows NT 10.0; Win64; x64) AppleWebKit/537.36 (KHTML, like Gecko) Chrome/126.0.0.0 Safari/537.36"
63.250.38.117 - - [05/Jul/2025:11:40:37 -0400] "POST /wp-cron.php?doing_wp_cron=1751730037.0728819370269775390625 HTTP/1.1" 403 1242 "-" "WordPress/6.8.1; https://fnf.group"
104.168.22.92 - - [05/Jul/2025:11:40:33 -0400] "POST /wp-login.php HTTP/1.1" 200 3952 "https://fnf.group" "Mozilla/5.0 (Windows NT 10.0; Win64; x64) AppleWebKit/537.36 (KHTML, like Gecko) Chrome/112.0.5615.138 Safari/537.36 Edg/112.0.1722.68"
63.250.38.117 - - [05/Jul/2025:11:40:38 -0400] "POST /wp-cron.php?doing_wp_cron=1751730038.5702090263366699218750 HTTP/1.1" 403 1242 "-" "WordPress/6.8.1; https://fnf.group"
213.209.150.137 - - [05/Jul/2025:11:40:35 -0400] "POST /wp-login.php?action=register HTTP/1.1" 302 0 "-" "-"
213.209.150.137 - - [05/Jul/2025:11:40:48 -0400] "POST /wp-login.php?action=register HTTP/1.1" 302 0 "-" "-"
213.209.150.137 - - [05/Jul/2025:11:41:01 -0400] "POST /wp-login.php?action=register HTTP/1.1" 302 0 "-" "-"
213.209.150.137 - - [05/Jul/2025:11:41:15 -0400] "POST /wp-login.php?action=register HTTP/1.1" 302 0 "-" "-"
63.250.38.117 - - [05/Jul/2025:11:43:39 -0400] "POST /wp-cron.php?doing_wp_cron=1751730219.2660551071166992187500 HTTP/1.1" 403 1242 "-" "WordPress/6.8.1; https://fnf.group"
63.250.38.117 - - [05/Jul/2025:11:43:39 -0400] "POST /wp-cron.php?doing_wp_cron=1751730219.2819581031799316406250 HTTP/1.1" 403 1242 "-" "WordPress/6.8.1; https://fnf.group"
192.178.6.100 - - [05/Jul/2025:11:43:19 -0400] "GET /?n=7208462036702&channel=0817d1&from=product.php%3Fid%3D620367-5962%26name%3D%E3%83%AA%E3%82%A2%E3%83%90%E3%83%B3%E3%83%91%E3%83%BC%E3%82%B9%E3%83%86%E3%83%83%E3%83%97%E3%82%AC%E3%83%BC%E3%83%89+%E7%94%A8+VW+%E3%83%91%E3%82%B5%E3%83%BC%E3%83%88+5%E3%83%89%E3%82%A2+%E3%83%AF%E3%82%B4%E3%83%B3+B8+2017-2022+%E3%82%B9%E3%83%86%E3%83%B3%E3%83%AC%E3%82%B9+%E3%83%AA%E3%82%A2%E3%83%88%E3%83%A9%E3%83%B3%E3%82%AF+%E3%82%A4%E3%83%B3%E3%83%8A%E3%83%BC+%E3%82%A2%E3%82%A6%E3%82%BF HTTP/1.1" 301 0 "-" "Mozilla/5.0 (Linux; Android 6.0.1; Nexus 5X Build/MMB29P) AppleWebKit/537.36 (KHTML, like Gecko) Chrome/137.0.7151.103 Mobile Safari/537.36 (compatible; Googlebot/2.1; +http://www.google.com/bot.html)"
192.178.6.101 - - [05/Jul/2025:11:43:19 -0400] "GET /shopdetail/78955718 HTTP/1.1" 404 11505 "-" "Mozilla/5.0 (Linux; Android 6.0.1; Nexus 5X Build/MMB29P) AppleWebKit/537.36 (KHTML, like Gecko) Chrome/137.0.7151.103 Mobile Safari/537.36 (compatible; Googlebot/2.1; +http://www.google.com/bot.html)"
192.178.6.100 - - [05/Jul/2025:11:43:39 -0400] "GET /?n=7208462036702&channel=0817d1&from=product.php%3Fid%3D620367-5962%26name%3D%E3%83%AA%E3%82%A2%E3%83%90%E3%83%B3%E3%83%91%E3%83%BC%E3%82%B9%E3%83%86%E3%83%83%E3%83%97%E3%82%AC%E3%83%BC%E3%83%89%20%E7%94%A8%20VW%20%E3%83%91%E3%82%B5%E3%83%BC%E3%83%88%205%E3%83%89%E3%82%A2%20%E3%83%AF%E3%82%B4%E3%83%B3%20B8%202017-2022%20%E3%82%B9%E3%83%86%E3%83%B3%E3%83%AC%E3%82%B9%20%E3%83%AA%E3%82%A2%E3%83%88%E3%83%A9%E3%83%B3%E3%82%AF%20%E3%82%A4%E3%83%B3%E3%83%8A%E3%83%BC%20%E3%82%A2%E3%82%A6%E3%82%BF HTTP/1.1" 200 29675 "-" "Mozilla/5.0 (Linux; Android 6.0.1; Nexus 5X Build/MMB29P) AppleWebKit/537.36 (KHTML, like Gecko) Chrome/137.0.7151.103 Mobile Safari/537.36 (compatible; Googlebot/2.1; +http://www.google.com/bot.html)"
