192.178.6.100 - - [05/Jul/2025:13:27:33 -0400] "GET /?n=7941022777000&channel=0d3072&from=goods.php%3Fid%3D227770-10186%26name%3DNEXVOG%20%E3%80%81CFMOTO%E7%94%A8%E3%80%81400NK%20NK400%20650nk%20Nk650%E3%82%AA%E3%83%BC%E3%83%88%E3%83%90%E3%82%A4%E3%83%86%E3%83%BC%E3%83%AB%E6%89%8B%E3%81%99%E3%82%8ACNC%E3%83%AA%E3%82%A2%E3%82%A2%E3%83%BC%E3%83%A0%E3%83%AC%E3%82%B9%E3%83%88%E3%83%AC%E3%83%BC%E3%82%B5%E3%83%BC%E3%82%B7 HTTP/1.1" 200 30320 "-" "Mozilla/5.0 (Linux; Android 6.0.1; Nexus 5X Build/MMB29P) AppleWebKit/537.36 (KHTML, like Gecko) Chrome/137.0.7151.103 Mobile Safari/537.36 (compatible; Googlebot/2.1; +http://www.google.com/bot.html)"
43.130.57.76 - - [05/Jul/2025:13:27:42 -0400] "GET / HTTP/1.1" 200 30325 "-" "Mozilla/5.0 (iPhone; CPU iPhone OS 13_2_3 like Mac OS X) AppleWebKit/605.1.15 (KHTML, like Gecko) Version/13.0.3 Mobile/15E148 Safari/604.1"
152.59.27.252 - - [05/Jul/2025:13:27:56 -0400] "POST /xmlrpc.php HTTP/1.1" 403 1242 "-" "python-requests/2.28.1"
181.199.42.7 - - [05/Jul/2025:13:27:58 -0400] "GET /wp-login.php HTTP/1.1" 200 3798 "-" "Mozilla/5.0 (Macintosh; Intel Mac OS X 10_15_7) AppleWebKit/537.36 (KHTML, like Gecko) Chrome/108.0.0.0 YaBrowser/23.1.2.980 Yowser/2.5 Safari/537.36"
181.199.42.7 - - [05/Jul/2025:13:28:00 -0400] "POST /wp-login.php HTTP/1.1" 302 0 "-" "Mozilla/5.0 (Macintosh; Intel Mac OS X 10_15_7) AppleWebKit/537.36 (KHTML, like Gecko) Chrome/108.0.0.0 YaBrowser/23.1.2.980 Yowser/2.5 Safari/537.36"
181.199.42.7 - - [05/Jul/2025:13:28:01 -0400] "GET /wp-login.php?redirect_to=https%3A%2F%2Ffnf.group%2Fwp-admin%2F&action=confirm_admin_email&wp_lang=en_US HTTP/1.1" 200 3817 "-" "Mozilla/5.0 (Macintosh; Intel Mac OS X 10_15_7) AppleWebKit/537.36 (KHTML, like Gecko) Chrome/108.0.0.0 YaBrowser/23.1.2.980 Yowser/2.5 Safari/537.36"
181.199.42.7 - - [05/Jul/2025:13:28:04 -0400] "GET /wp-login.php?redirect_to=https://fnf.group/wp-admin/&action=confirm_admin_email&remind_me_later=3f6f3e2bae HTTP/1.1" 302 0 "-" "Mozilla/5.0 (Macintosh; Intel Mac OS X 10_15_7) AppleWebKit/537.36 (KHTML, like Gecko) Chrome/108.0.0.0 YaBrowser/23.1.2.980 Yowser/2.5 Safari/537.36"
192.178.6.102 - - [05/Jul/2025:13:28:04 -0400] "GET /?n=26840199072300&channel=7c121e&from=blog.php%3Fid%3D1990723-6259%26name%3D%E9%80%81%E6%96%99%E8%BE%BC%E3%81%BF+%E3%83%8B%E3%83%A5%E3%83%BC%E3%83%90%E3%83%A9%E3%83%B3%E3%82%B9+new+balance+%3Cbr%3E570+v3+Lace+570+v3+%E3%83%AC%E3%83%BC%E3%82%B9+%3Cbr%3E%28GRAY%2FGREEN%29+YK570+%E3%82%B9%E3%83%8B%E3%83%BC%E3%82%AB%E3%83%BC%E7%94%B7%E3%81%AE%E5%AD%90+%E5%A5%B3%E3%81%AE%E5%AD%90+%E3%82%AD%E3%83%83%E3%82%BA+%E3%82%B0%E3%83%AC%E3%83%BC%2F%E3%82%B0%E3%83%AA%E3%83%BC%E3%83%B3+%E5%AD%90%E4%BE%9B+%E3%82%AD%E3%83%83%E3%82%BA+%E3%82%B7%E3%83%A5%E3%83%BC%E3%82%BA+%E9%9D%B4+96 HTTP/1.1" 301 0 "-" "Mozilla/5.0 (Linux; Android 6.0.1; Nexus 5X Build/MMB29P) AppleWebKit/537.36 (KHTML, like Gecko) Chrome/137.0.7151.103 Mobile Safari/537.36 (compatible; Googlebot/2.1; +http://www.google.com/bot.html)"
181.199.42.7 - - [05/Jul/2025:13:28:05 -0400] "GET /wp-login.php HTTP/1.1" 200 3905 "-" "Mozilla/5.0 (Macintosh; Intel Mac OS X 10_15_7) AppleWebKit/537.36 (KHTML, like Gecko) Chrome/108.0.0.0 YaBrowser/23.1.2.980 Yowser/2.5 Safari/537.36"
192.178.6.101 - - [05/Jul/2025:13:28:06 -0400] "GET /?n=26840199072300&channel=7c121e&from=blog.php%3Fid%3D1990723-6259%26name%3D%E9%80%81%E6%96%99%E8%BE%BC%E3%81%BF%20%E3%83%8B%E3%83%A5%E3%83%BC%E3%83%90%E3%83%A9%E3%83%B3%E3%82%B9%20new%20balance%20%3Cbr%3E570%20v3%20Lace%20570%20v3%20%E3%83%AC%E3%83%BC%E3%82%B9%20%3Cbr%3E%28GRAY%2FGREEN%29%20YK570%20%E3%82%B9%E3%83%8B%E3%83%BC%E3%82%AB%E3%83%BC%E7%94%B7%E3%81%AE%E5%AD%90%20%E5%A5%B3%E3%81%AE%E5%AD%90%20%E3%82%AD%E3%83%83%E3%82%BA%20%E3%82%B0%E3%83%AC%E3%83%BC%2F%E3%82%B0%E3%83%AA%E3%83%BC%E3%83%B3%20%E5%AD%90%E4%BE%9B%20%E3%82%AD%E3%83%83%E3%82%BA%20%E3%82%B7%E3%83%A5%E3%83%BC%E3%82%BA%20%E9%9D%B4%2096 HTTP/1.1" 200 30331 "-" "Mozilla/5.0 (Linux; Android 6.0.1; Nexus 5X Build/MMB29P) AppleWebKit/537.36 (KHTML, like Gecko) Chrome/137.0.7151.103 Mobile Safari/537.36 (compatible; Googlebot/2.1; +http://www.google.com/bot.html)"
181.199.42.7 - - [05/Jul/2025:13:28:07 -0400] "GET /wp-admin/post-new.php HTTP/1.1" 200 274096 "-" "Mozilla/5.0 (Macintosh; Intel Mac OS X 10_15_7) AppleWebKit/537.36 (KHTML, like Gecko) Chrome/108.0.0.0 YaBrowser/23.1.2.980 Yowser/2.5 Safari/537.36"
181.199.42.7 - - [05/Jul/2025:13:28:15 -0400] "POST /wp-admin/admin-ajax.php HTTP/1.1" 200 1390 "-" "Mozilla/5.0 (Macintosh; Intel Mac OS X 10_15_7) AppleWebKit/537.36 (KHTML, like Gecko) Chrome/108.0.0.0 YaBrowser/23.1.2.980 Yowser/2.5 Safari/537.36"
181.199.42.7 - - [05/Jul/2025:13:28:18 -0400] "GET /wp-admin/edit-tags.php?taxonomy=category&post_type=post&s HTTP/1.1" 200 48163 "-" "Mozilla/5.0 (Macintosh; Intel Mac OS X 10_15_7) AppleWebKit/537.36 (KHTML, like Gecko) Chrome/108.0.0.0 YaBrowser/23.1.2.980 Yowser/2.5 Safari/537.36"
181.199.42.7 - - [05/Jul/2025:13:28:26 -0400] "POST /wp-admin/post.php HTTP/1.1" 302 0 "-" "Mozilla/5.0 (Macintosh; Intel Mac OS X 10_15_7) AppleWebKit/537.36 (KHTML, like Gecko) Chrome/108.0.0.0 YaBrowser/23.1.2.980 Yowser/2.5 Safari/537.36"
181.199.42.7 - - [05/Jul/2025:13:28:31 -0400] "GET /wp-admin/post.php?post=11045&action=edit&message=1 HTTP/1.1" 200 286617 "-" "Mozilla/5.0 (Macintosh; Intel Mac OS X 10_15_7) AppleWebKit/537.36 (KHTML, like Gecko) Chrome/108.0.0.0 YaBrowser/23.1.2.980 Yowser/2.5 Safari/537.36"
181.199.42.7 - - [05/Jul/2025:13:28:37 -0400] "GET /?p=11045 HTTP/1.1" 301 0 "-" "Mozilla/5.0 (Macintosh; Intel Mac OS X 10_15_7) AppleWebKit/537.36 (KHTML, like Gecko) Chrome/108.0.0.0 YaBrowser/23.1.2.980 Yowser/2.5 Safari/537.36"
181.199.42.7 - - [05/Jul/2025:13:28:40 -0400] "GET /2025/07/05/logowanie-perform-kasyna-nv-odblokuj-zabawe-latwo-dzieki-everything-made-easy/ HTTP/1.1" 200 32594 "-" "Mozilla/5.0 (Macintosh; Intel Mac OS X 10_15_7) AppleWebKit/537.36 (KHTML, like Gecko) Chrome/108.0.0.0 YaBrowser/23.1.2.980 Yowser/2.5 Safari/537.36"
192.178.6.101 - - [05/Jul/2025:13:28:56 -0400] "GET /?n=7004092242303&channel=168b45&from=info.php%3Fid%3D922423-11171%26name%3D%E3%83%86%E3%82%B9%E3%83%A9%E3%83%A2%E3%83%87%E3%83%AB+X+2016-2024+%E8%BB%8A%E3%81%AE%E3%83%95%E3%83%AD%E3%83%B3%E3%83%88%E3%83%AA%E3%82%A2%E3%83%9B%E3%82%A4%E3%83%BC%E3%83%AB%E7%9C%89%E6%AF%9B%E3%82%A2%E3%83%BC%E3%83%81%E3%83%95%E3%83%AC%E3%82%A2%E3%83%95%E3%82%A7%E3%83%B3%E3%83%80%E3%83%BC%E3%83%A2%E3%83%BC%E3%83%AB%E3%83%87%E3%82%A3%E3%83%B3%E3%82%B0%E3%83%88%E3%83%AA%E3%83%A0+ABS+1035288 HTTP/1.1" 301 0 "-" "Mozilla/5.0 (Linux; Android 6.0.1; Nexus 5X Build/MMB29P) AppleWebKit/537.36 (KHTML, like Gecko) Chrome/137.0.7151.103 Mobile Safari/537.36 (compatible; Googlebot/2.1; +http://www.google.com/bot.html)"
192.178.6.101 - - [05/Jul/2025:13:28:57 -0400] "GET /?n=7004092242303&channel=168b45&from=info.php%3Fid%3D922423-11171%26name%3D%E3%83%86%E3%82%B9%E3%83%A9%E3%83%A2%E3%83%87%E3%83%AB%20X%202016-2024%20%E8%BB%8A%E3%81%AE%E3%83%95%E3%83%AD%E3%83%B3%E3%83%88%E3%83%AA%E3%82%A2%E3%83%9B%E3%82%A4%E3%83%BC%E3%83%AB%E7%9C%89%E6%AF%9B%E3%82%A2%E3%83%BC%E3%83%81%E3%83%95%E3%83%AC%E3%82%A2%E3%83%95%E3%82%A7%E3%83%B3%E3%83%80%E3%83%BC%E3%83%A2%E3%83%BC%E3%83%AB%E3%83%87%E3%82%A3%E3%83%B3%E3%82%B0%E3%83%88%E3%83%AA%E3%83%A0%20ABS%201035288 HTTP/1.1" 200 30529 "-" "Mozilla/5.0 (Linux; Android 6.0.1; Nexus 5X Build/MMB29P) AppleWebKit/537.36 (KHTML, like Gecko) Chrome/137.0.7151.103 Mobile Safari/537.36 (compatible; Googlebot/2.1; +http://www.google.com/bot.html)"
1.53.53.106 - - [05/Jul/2025:13:29:49 -0400] "POST /xmlrpc.php HTTP/1.1" 403 1242 "-" "python-requests/2.28.1"
63.250.38.117 - - [05/Jul/2025:13:29:55 -0400] "POST /wp-cron.php?doing_wp_cron=1751736594.9738039970397949218750 HTTP/1.1" 403 1242 "-" "WordPress/6.8.1; https://fnf.group"
191.253.40.163 - - [05/Jul/2025:13:29:53 -0400] "GET /wp-login.php HTTP/1.1" 200 3798 "-" "Mozilla/5.0 (Macintosh; Intel Mac OS X 10_15_7) AppleWebKit/537.36 (KHTML, like Gecko) Chrome/108.0.0.0 YaBrowser/23.1.2.980 Yowser/2.5 Safari/537.36"
119.96.112.223 - - [05/Jul/2025:13:29:57 -0400] "POST /xmlrpc.php HTTP/1.1" 403 1242 "-" "python-requests/2.28.1"
191.253.40.163 - - [05/Jul/2025:13:29:56 -0400] "POST /wp-login.php HTTP/1.1" 302 0 "-" "Mozilla/5.0 (Macintosh; Intel Mac OS X 10_15_7) AppleWebKit/537.36 (KHTML, like Gecko) Chrome/108.0.0.0 YaBrowser/23.1.2.980 Yowser/2.5 Safari/537.36"
191.253.40.163 - - [05/Jul/2025:13:29:58 -0400] "GET /wp-login.php?redirect_to=https%3A%2F%2Ffnf.group%2Fwp-admin%2F&action=confirm_admin_email&wp_lang=en_US HTTP/1.1" 200 3814 "-" "Mozilla/5.0 (Macintosh; Intel Mac OS X 10_15_7) AppleWebKit/537.36 (KHTML, like Gecko) Chrome/108.0.0.0 YaBrowser/23.1.2.980 Yowser/2.5 Safari/537.36"
119.96.112.223 - - [05/Jul/2025:13:29:59 -0400] "GET /wp-login.php HTTP/1.1" 200 3798 "-" "Mozilla/5.0 (Macintosh; Intel Mac OS X 10_15_7) AppleWebKit/537.36 (KHTML, like Gecko) Chrome/108.0.0.0 YaBrowser/23.1.2.980 Yowser/2.5 Safari/537.36"
192.178.6.100 - - [05/Jul/2025:13:30:00 -0400] "GET /?n=12818151888806&channel=0af97a&from=pin.php%3Fid%3D1518888-9418%26name%3D%E3%82%B9%E3%83%88%E3%83%AA%E3%83%B3%E3%82%B0%E3%82%B1%E3%82%A2%E3%83%9A%E3%83%B3+%E9%8D%B5+%E3%83%94%E3%82%A2%E3%83%8E%E6%A5%BD%E5%99%A8%E7%A3%A8%E3%81%8D%E3%83%9A%E3%83%B3+%E5%BC%A6%E6%A5%BD%E5%99%A8%E3%82%B1%E3%82%A2%E3%83%84%E3%83%BC%E3%83%AB+%E3%82%B4%E3%83%A0+Black HTTP/1.1" 301 0 "-" "Mozilla/5.0 (Linux; Android 6.0.1; Nexus 5X Build/MMB29P) AppleWebKit/537.36 (KHTML, like Gecko) Chrome/137.0.7151.103 Mobile Safari/537.36 (compatible; Googlebot/2.1; +http://www.google.com/bot.html)"
191.253.40.163 - - [05/Jul/2025:13:30:02 -0400] "GET /wp-login.php?redirect_to=https://fnf.group/wp-admin/&action=confirm_admin_email&remind_me_later=b1b3da34d0 HTTP/1.1" 302 0 "-" "Mozilla/5.0 (Macintosh; Intel Mac OS X 10_15_7) AppleWebKit/537.36 (KHTML, like Gecko) Chrome/108.0.0.0 YaBrowser/23.1.2.980 Yowser/2.5 Safari/537.36"
119.96.112.223 - - [05/Jul/2025:13:30:04 -0400] "POST /wp-login.php HTTP/1.1" 302 0 "-" "Mozilla/5.0 (Macintosh; Intel Mac OS X 10_15_7) AppleWebKit/537.36 (KHTML, like Gecko) Chrome/108.0.0.0 YaBrowser/23.1.2.980 Yowser/2.5 Safari/537.36"
191.253.40.163 - - [05/Jul/2025:13:30:04 -0400] "GET /wp-login.php HTTP/1.1" 200 3904 "-" "Mozilla/5.0 (Macintosh; Intel Mac OS X 10_15_7) AppleWebKit/537.36 (KHTML, like Gecko) Chrome/108.0.0.0 YaBrowser/23.1.2.980 Yowser/2.5 Safari/537.36"
192.178.6.100 - - [05/Jul/2025:13:30:04 -0400] "GET /?n=12818151888806&channel=0af97a&from=pin.php%3Fid%3D1518888-9418%26name%3D%E3%82%B9%E3%83%88%E3%83%AA%E3%83%B3%E3%82%B0%E3%82%B1%E3%82%A2%E3%83%9A%E3%83%B3%20%E9%8D%B5%20%E3%83%94%E3%82%A2%E3%83%8E%E6%A5%BD%E5%99%A8%E7%A3%A8%E3%81%8D%E3%83%9A%E3%83%B3%20%E5%BC%A6%E6%A5%BD%E5%99%A8%E3%82%B1%E3%82%A2%E3%83%84%E3%83%BC%E3%83%AB%20%E3%82%B4%E3%83%A0%20Black HTTP/1.1" 200 30548 "-" "Mozilla/5.0 (Linux; Android 6.0.1; Nexus 5X Build/MMB29P) AppleWebKit/537.36 (KHTML, like Gecko) Chrome/137.0.7151.103 Mobile Safari/537.36 (compatible; Googlebot/2.1; +http://www.google.com/bot.html)"
119.96.112.223 - - [05/Jul/2025:13:30:10 -0400] "GET /wp-login.php?redirect_to=https%3A%2F%2Ffnf.group%2Fwp-admin%2F&action=confirm_admin_email&wp_lang=en_US HTTP/1.1" 200 3819 "-" "Mozilla/5.0 (Macintosh; Intel Mac OS X 10_15_7) AppleWebKit/537.36 (KHTML, like Gecko) Chrome/108.0.0.0 YaBrowser/23.1.2.980 Yowser/2.5 Safari/537.36"
119.96.112.223 - - [05/Jul/2025:13:30:15 -0400] "GET /wp-login.php?redirect_to=https://fnf.group/wp-admin/&action=confirm_admin_email&remind_me_later=976f588b89 HTTP/1.1" 302 0 "-" "Mozilla/5.0 (Macintosh; Intel Mac OS X 10_15_7) AppleWebKit/537.36 (KHTML, like Gecko) Chrome/108.0.0.0 YaBrowser/23.1.2.980 Yowser/2.5 Safari/537.36"
191.253.40.163 - - [05/Jul/2025:13:30:11 -0400] "GET /wp-admin/post-new.php HTTP/1.1" 200 274150 "-" "Mozilla/5.0 (Macintosh; Intel Mac OS X 10_15_7) AppleWebKit/537.36 (KHTML, like Gecko) Chrome/108.0.0.0 YaBrowser/23.1.2.980 Yowser/2.5 Safari/537.36"
119.96.112.223 - - [05/Jul/2025:13:30:19 -0400] "GET /wp-login.php HTTP/1.1" 200 3903 "-" "Mozilla/5.0 (Macintosh; Intel Mac OS X 10_15_7) AppleWebKit/537.36 (KHTML, like Gecko) Chrome/108.0.0.0 YaBrowser/23.1.2.980 Yowser/2.5 Safari/537.36"
191.253.40.163 - - [05/Jul/2025:13:30:25 -0400] "POST /wp-admin/admin-ajax.php HTTP/1.1" 200 1390 "-" "Mozilla/5.0 (Macintosh; Intel Mac OS X 10_15_7) AppleWebKit/537.36 (KHTML, like Gecko) Chrome/108.0.0.0 YaBrowser/23.1.2.980 Yowser/2.5 Safari/537.36"
119.96.112.223 - - [05/Jul/2025:13:30:23 -0400] "GET /wp-admin/post-new.php HTTP/1.1" 200 274163 "-" "Mozilla/5.0 (Macintosh; Intel Mac OS X 10_15_7) AppleWebKit/537.36 (KHTML, like Gecko) Chrome/108.0.0.0 YaBrowser/23.1.2.980 Yowser/2.5 Safari/537.36"
191.253.40.163 - - [05/Jul/2025:13:30:28 -0400] "GET /wp-admin/edit-tags.php?taxonomy=category&post_type=post&s HTTP/1.1" 200 48130 "-" "Mozilla/5.0 (Macintosh; Intel Mac OS X 10_15_7) AppleWebKit/537.36 (KHTML, like Gecko) Chrome/108.0.0.0 YaBrowser/23.1.2.980 Yowser/2.5 Safari/537.36"
119.96.112.223 - - [05/Jul/2025:13:30:32 -0400] "POST /wp-admin/admin-ajax.php HTTP/1.1" 200 1390 "-" "Mozilla/5.0 (Macintosh; Intel Mac OS X 10_15_7) AppleWebKit/537.36 (KHTML, like Gecko) Chrome/108.0.0.0 YaBrowser/23.1.2.980 Yowser/2.5 Safari/537.36"
191.253.40.163 - - [05/Jul/2025:13:30:32 -0400] "POST /wp-admin/post.php HTTP/1.1" 302 0 "-" "Mozilla/5.0 (Macintosh; Intel Mac OS X 10_15_7) AppleWebKit/537.36 (KHTML, like Gecko) Chrome/108.0.0.0 YaBrowser/23.1.2.980 Yowser/2.5 Safari/537.36"
119.96.112.223 - - [05/Jul/2025:13:30:37 -0400] "GET /wp-admin/edit-tags.php?taxonomy=category&post_type=post&s HTTP/1.1" 200 48161 "-" "Mozilla/5.0 (Macintosh; Intel Mac OS X 10_15_7) AppleWebKit/537.36 (KHTML, like Gecko) Chrome/108.0.0.0 YaBrowser/23.1.2.980 Yowser/2.5 Safari/537.36"
191.253.40.163 - - [05/Jul/2025:13:30:38 -0400] "GET /wp-admin/post.php?post=11047&action=edit&message=1 HTTP/1.1" 200 288534 "-" "Mozilla/5.0 (Macintosh; Intel Mac OS X 10_15_7) AppleWebKit/537.36 (KHTML, like Gecko) Chrome/108.0.0.0 YaBrowser/23.1.2.980 Yowser/2.5 Safari/537.36"
119.96.112.223 - - [05/Jul/2025:13:30:45 -0400] "POST /wp-admin/post.php HTTP/1.1" 302 0 "-" "Mozilla/5.0 (Macintosh; Intel Mac OS X 10_15_7) AppleWebKit/537.36 (KHTML, like Gecko) Chrome/108.0.0.0 YaBrowser/23.1.2.980 Yowser/2.5 Safari/537.36"
191.253.40.163 - - [05/Jul/2025:13:30:48 -0400] "GET /?p=11047 HTTP/1.1" 301 0 "-" "Mozilla/5.0 (Macintosh; Intel Mac OS X 10_15_7) AppleWebKit/537.36 (KHTML, like Gecko) Chrome/108.0.0.0 YaBrowser/23.1.2.980 Yowser/2.5 Safari/537.36"
191.253.40.163 - - [05/Jul/2025:13:30:51 -0400] "GET /2025/07/05/casino-low-aams-sicuri-at-the-affidabili-in-italia-giugno-2025/ HTTP/1.1" 200 34572 "-" "Mozilla/5.0 (Macintosh; Intel Mac OS X 10_15_7) AppleWebKit/537.36 (KHTML, like Gecko) Chrome/108.0.0.0 YaBrowser/23.1.2.980 Yowser/2.5 Safari/537.36"
119.96.112.223 - - [05/Jul/2025:13:30:50 -0400] "GET /wp-admin/post.php?post=11048&action=edit&message=1 HTTP/1.1" 200 287445 "-" "Mozilla/5.0 (Macintosh; Intel Mac OS X 10_15_7) AppleWebKit/537.36 (KHTML, like Gecko) Chrome/108.0.0.0 YaBrowser/23.1.2.980 Yowser/2.5 Safari/537.36"
63.250.38.117 - - [05/Jul/2025:13:31:05 -0400] "POST /wp-cron.php?doing_wp_cron=1751736664.8683459758758544921875 HTTP/1.1" 403 1242 "-" "WordPress/6.8.1; https://fnf.group"
119.96.112.223 - - [05/Jul/2025:13:31:02 -0400] "GET /?p=11048 HTTP/1.1" 301 0 "-" "Mozilla/5.0 (Macintosh; Intel Mac OS X 10_15_7) AppleWebKit/537.36 (KHTML, like Gecko) Chrome/108.0.0.0 YaBrowser/23.1.2.980 Yowser/2.5 Safari/537.36"
63.250.38.117 - - [05/Jul/2025:13:31:06 -0400] "POST /wp-cron.php?doing_wp_cron=1751736665.8766760826110839843750 HTTP/1.1" 403 1242 "-" "WordPress/6.8.1; https://fnf.group"
192.178.6.103 - - [05/Jul/2025:13:31:04 -0400] "GET /?n=7216841828003&channel=fe4507&from=article.php%3Fid%3D418280-6666%26name%3D%E7%B4%8D%E5%B1%8B%E3%83%89%E3%82%A2%E3%82%AD%E3%83%83%E3%83%88+%E3%82%B9%E3%83%A9%E3%82%A4%E3%83%89%E7%B4%8D%E5%B1%8B%E3%83%89%E3%82%A2%E3%83%8F%E3%83%BC%E3%83%89%E3%82%A6%E3%82%A7%E3%82%A2%E3%82%AD%E3%83%83%E3%83%88%E3%80%81%E9%AB%98%E8%80%90%E4%B9%85%E3%80%81%E3%82%B9%E3%83%A0%E3%83%BC%E3%82%BA%E3%81%8B%E3%81%A4%E9%9D%99%E3%81%8B%E3%81%AB%E5%8F%96%E3%82%8A%E4%BB%98%E3%81%91%E3%81%8C%E7%B0%A1%E5%8D%98%E3%80%81%E3%82%B7%E3%83%B3%E3%82%B0%E3%83%AB%E3%83%89%E3%82%A2%E3%83%91%E3%83%8D%E3%83%AB%E3%81%AB%E3%83%95%E3%82%A3%E3%83%83%E3%83%88%E3%80%81%E3%82%B7%E3%83%B3%E3%82%B0%E3%83%AB HTTP/1.1" 301 0 "-" "Mozilla/5.0 (Linux; Android 6.0.1; Nexus 5X Build/MMB29P) AppleWebKit/537.36 (KHTML, like Gecko) Chrome/137.0.7151.103 Mobile Safari/537.36 (compatible; Googlebot/2.1; +http://www.google.com/bot.html)"
119.96.112.223 - - [05/Jul/2025:13:31:05 -0400] "GET /2025/07/05/plinko-ontdek-het-populaire-spel-within-belgie/ HTTP/1.1" 200 33472 "-" "Mozilla/5.0 (Macintosh; Intel Mac OS X 10_15_7) AppleWebKit/537.36 (KHTML, like Gecko) Chrome/108.0.0.0 YaBrowser/23.1.2.980 Yowser/2.5 Safari/537.36"
192.178.6.101 - - [05/Jul/2025:13:31:06 -0400] "GET /?n=7216841828003&channel=fe4507&from=article.php%3Fid%3D418280-6666%26name%3D%E7%B4%8D%E5%B1%8B%E3%83%89%E3%82%A2%E3%82%AD%E3%83%83%E3%83%88%20%E3%82%B9%E3%83%A9%E3%82%A4%E3%83%89%E7%B4%8D%E5%B1%8B%E3%83%89%E3%82%A2%E3%83%8F%E3%83%BC%E3%83%89%E3%82%A6%E3%82%A7%E3%82%A2%E3%82%AD%E3%83%83%E3%83%88%E3%80%81%E9%AB%98%E8%80%90%E4%B9%85%E3%80%81%E3%82%B9%E3%83%A0%E3%83%BC%E3%82%BA%E3%81%8B%E3%81%A4%E9%9D%99%E3%81%8B%E3%81%AB%E5%8F%96%E3%82%8A%E4%BB%98%E3%81%91%E3%81%8C%E7%B0%A1%E5%8D%98%E3%80%81%E3%82%B7%E3%83%B3%E3%82%B0%E3%83%AB%E3%83%89%E3%82%A2%E3%83%91%E3%83%8D%E3%83%AB%E3%81%AB%E3%83%95%E3%82%A3%E3%83%83%E3%83%88%E3%80%81%E3%82%B7%E3%83%B3%E3%82%B0%E3%83%AB HTTP/1.1" 200 30566 "-" "Mozilla/5.0 (Linux; Android 6.0.1; Nexus 5X Build/MMB29P) AppleWebKit/537.36 (KHTML, like Gecko) Chrome/137.0.7151.103 Mobile Safari/537.36 (compatible; Googlebot/2.1; +http://www.google.com/bot.html)"
63.250.38.117 - - [05/Jul/2025:13:33:11 -0400] "POST /wp-cron.php?doing_wp_cron=1751736791.1969430446624755859375 HTTP/1.1" 403 1242 "-" "WordPress/6.8.1; https://fnf.group"
63.250.38.117 - - [05/Jul/2025:13:33:11 -0400] "POST /wp-cron.php?doing_wp_cron=1751736791.1960079669952392578125 HTTP/1.1" 403 1242 "-" "WordPress/6.8.1; https://fnf.group"
213.209.150.137 - - [05/Jul/2025:13:32:51 -0400] "POST /wp-login.php?action=register HTTP/1.1" 302 0 "-" "-"
192.178.6.101 - - [05/Jul/2025:13:33:06 -0400] "GET /?n=11711104176600&channel=f32a63&from=info.php%3Fid%3D1041766-11285%26name%3D%E3%83%9E%E3%83%83%E3%82%AB%E3%83%A9%E3%83%B3%E3%80%8018%E5%B9%B4%E3%80%80%E7%A9%BA%E7%AE%B1%E3%80%80%E7%A9%BA%E7%93%B6%E3%80%806%E6%9C%AC HTTP/1.1" 200 30572 "-" "Mozilla/5.0 (Linux; Android 6.0.1; Nexus 5X Build/MMB29P) AppleWebKit/537.36 (KHTML, like Gecko) Chrome/137.0.7151.103 Mobile Safari/537.36 (compatible; Googlebot/2.1; +http://www.google.com/bot.html)"
192.178.6.102 - - [05/Jul/2025:13:33:13 -0400] "GET /?n=59790176323502&channel=605c80&from=article.php%3Fid%3D1763235-8982%26name%3DEmuca+-+%E5%BC%95%E3%81%8D%E5%87%BA%E3%81%97%E3%83%A9%E3%83%B3%E3%83%8A%E3%83%BC+800mm+%E3%82%B7%E3%83%AB%E3%83%90%E3%83%BC%E3%82%B0%E3%83%AC%E3%83%BC%E8%89%B2%E3%81%AE%E9%83%A8%E5%88%86%E5%BB%B6%E9%95%B7%E4%BB%98%E3%81%8D%E3%80%81%E5%BC%95%E3%81%8D%E5%87%BA%E3%81%97%E7%94%A8%E3%82%B9%E3%83%A9%E3%82%A4%E3%83%80%E3%83%BC5%E5%80%8B%E3%82%BB%E3%83%83%E3%83%88 HTTP/1.1" 301 0 "-" "Mozilla/5.0 (Linux; Android 6.0.1; Nexus 5X Build/MMB29P) AppleWebKit/537.36 (KHTML, like Gecko) Chrome/137.0.7151.103 Mobile Safari/537.36 (compatible; Googlebot/2.1; +http://www.google.com/bot.html)"
192.178.6.101 - - [05/Jul/2025:13:33:16 -0400] "GET /?n=59790176323502&channel=605c80&from=article.php%3Fid%3D1763235-8982%26name%3DEmuca%20-%20%E5%BC%95%E3%81%8D%E5%87%BA%E3%81%97%E3%83%A9%E3%83%B3%E3%83%8A%E3%83%BC%20800mm%20%E3%82%B7%E3%83%AB%E3%83%90%E3%83%BC%E3%82%B0%E3%83%AC%E3%83%BC%E8%89%B2%E3%81%AE%E9%83%A8%E5%88%86%E5%BB%B6%E9%95%B7%E4%BB%98%E3%81%8D%E3%80%81%E5%BC%95%E3%81%8D%E5%87%BA%E3%81%97%E7%94%A8%E3%82%B9%E3%83%A9%E3%82%A4%E3%83%80%E3%83%BC5%E5%80%8B%E3%82%BB%E3%83%83%E3%83%88 HTTP/1.1" 200 30568 "-" "Mozilla/5.0 (Linux; Android 6.0.1; Nexus 5X Build/MMB29P) AppleWebKit/537.36 (KHTML, like Gecko) Chrome/137.0.7151.103 Mobile Safari/537.36 (compatible; Googlebot/2.1; +http://www.google.com/bot.html)"
213.209.150.137 - - [05/Jul/2025:13:33:20 -0400] "POST /wp-login.php?action=register HTTP/1.1" 302 0 "-" "-"
213.209.150.137 - - [05/Jul/2025:13:33:29 -0400] "POST /wp-login.php?action=register HTTP/1.1" 302 0 "-" "-"
213.209.150.137 - - [05/Jul/2025:13:33:38 -0400] "POST /wp-login.php?action=register HTTP/1.1" 302 0 "-" "-"
192.178.6.101 - - [05/Jul/2025:13:33:45 -0400] "GET /?n=8800773984204&channel=cbc9b3&from=news.php%3Fid%3D739842-10688%26name%3D%E3%83%89%E3%83%BC%E3%83%8A%E3%83%84%E3%81%AE%E3%83%9A%E3%83%83%E3%83%88%E3%83%99%E3%83%83%E3%83%89%E3%80%81%E4%B8%B8%E3%81%84%E7%8C%AB%E3%81%AE%E3%83%99%E3%83%83%E3%83%89%E7%8A%AC%E3%81%AE%E3%83%99%E3%83%83%E3%83%89%E3%80%81%E6%B8%A9%E3%81%8B%E3%81%84%E6%9F%94%E3%82%89%E3%81%8B%E3%81%84%E5%AD%90%E7%8A%AC%E3%81%AE%E5%AF%9D%E8%A2%8B%E3%81%AE%E8%87%AA%E5%B7%B1%E5%B4%87%E6%8B%9D%E3%81%AE%E7%8A%AC%E5%B0%8F%E5%B1%8B%E3%80%81%E4%B8%8D%E5%AE%89%E3%82%92%E5%92%8C%E3%82%89%E3%81%92%E3%80%81%E7%9D%A1%E7%9C%A0%E3%81%AE%E6%94%B9%E5%96%84+YYuan HTTP/1.1" 301 0 "-" "Mozilla/5.0 (Linux; Android 6.0.1; Nexus 5X Build/MMB29P) AppleWebKit/537.36 (KHTML, like Gecko) Chrome/137.0.7151.103 Mobile Safari/537.36 (compatible; Googlebot/2.1; +http://www.google.com/bot.html)"
192.178.6.101 - - [05/Jul/2025:13:33:46 -0400] "GET /?n=8800773984204&channel=cbc9b3&from=news.php%3Fid%3D739842-10688%26name%3D%E3%83%89%E3%83%BC%E3%83%8A%E3%83%84%E3%81%AE%E3%83%9A%E3%83%83%E3%83%88%E3%83%99%E3%83%83%E3%83%89%E3%80%81%E4%B8%B8%E3%81%84%E7%8C%AB%E3%81%AE%E3%83%99%E3%83%83%E3%83%89%E7%8A%AC%E3%81%AE%E3%83%99%E3%83%83%E3%83%89%E3%80%81%E6%B8%A9%E3%81%8B%E3%81%84%E6%9F%94%E3%82%89%E3%81%8B%E3%81%84%E5%AD%90%E7%8A%AC%E3%81%AE%E5%AF%9D%E8%A2%8B%E3%81%AE%E8%87%AA%E5%B7%B1%E5%B4%87%E6%8B%9D%E3%81%AE%E7%8A%AC%E5%B0%8F%E5%B1%8B%E3%80%81%E4%B8%8D%E5%AE%89%E3%82%92%E5%92%8C%E3%82%89%E3%81%92%E3%80%81%E7%9D%A1%E7%9C%A0%E3%81%AE%E6%94%B9%E5%96%84%20YYuan HTTP/1.1" 200 30568 "-" "Mozilla/5.0 (Linux; Android 6.0.1; Nexus 5X Build/MMB29P) AppleWebKit/537.36 (KHTML, like Gecko) Chrome/137.0.7151.103 Mobile Safari/537.36 (compatible; Googlebot/2.1; +http://www.google.com/bot.html)"
213.209.150.137 - - [05/Jul/2025:13:33:47 -0400] "POST /wp-login.php?action=register HTTP/1.1" 302 0 "-" "-"
213.209.150.137 - - [05/Jul/2025:13:33:57 -0400] "POST /wp-login.php?action=register HTTP/1.1" 302 0 "-" "-"
213.209.150.137 - - [05/Jul/2025:13:34:07 -0400] "POST /wp-login.php?action=register HTTP/1.1" 302 0 "-" "-"
63.250.38.117 - - [05/Jul/2025:13:34:17 -0400] "POST /wp-cron.php?doing_wp_cron=1751736857.9190618991851806640625 HTTP/1.1" 403 1242 "-" "WordPress/6.8.1; https://fnf.group"
192.178.6.101 - - [05/Jul/2025:13:34:16 -0400] "GET /?n=6262339490402&channel=faf15c&from=brands.php%3Fid%3D394904-8855%26name%3D%E3%82%AA%E3%83%BC%E3%83%88%E3%83%90%E3%82%A4%E3%82%B9%E3%83%97%E3%83%A9%E3%83%83%E3%82%B7%E3%83%A5%E3%82%AC%E3%83%BC%E3%83%89%E3%83%95%E3%82%A7%E3%83%B3%E3%83%80%E3%83%BC%E3%83%97%E3%83%AD%E3%83%86%E3%82%AF%E3%82%BF%E3%83%BC+%E3%83%AA%E3%82%A2%E3%83%95%E3%82%A7%E3%83%B3%E3%83%80%E3%83%BC+For+CBR954RR+For+CBR+954+RR+2002 HTTP/1.1" 301 0 "-" "Mozilla/5.0 (Linux; Android 6.0.1; Nexus 5X Build/MMB29P) AppleWebKit/537.36 (KHTML, like Gecko) Chrome/137.0.7151.103 Mobile Safari/537.36 (compatible; Googlebot/2.1; +http://www.google.com/bot.html)"
192.178.6.102 - - [05/Jul/2025:13:34:18 -0400] "GET /?n=6262339490402&channel=faf15c&from=brands.php%3Fid%3D394904-8855%26name%3D%E3%82%AA%E3%83%BC%E3%83%88%E3%83%90%E3%82%A4%E3%82%B9%E3%83%97%E3%83%A9%E3%83%83%E3%82%B7%E3%83%A5%E3%82%AC%E3%83%BC%E3%83%89%E3%83%95%E3%82%A7%E3%83%B3%E3%83%80%E3%83%BC%E3%83%97%E3%83%AD%E3%83%86%E3%82%AF%E3%82%BF%E3%83%BC%20%E3%83%AA%E3%82%A2%E3%83%95%E3%82%A7%E3%83%B3%E3%83%80%E3%83%BC%20For%20CBR954RR%20For%20CBR%20954%20RR%202002 HTTP/1.1" 200 30571 "-" "Mozilla/5.0 (Linux; Android 6.0.1; Nexus 5X Build/MMB29P) AppleWebKit/537.36 (KHTML, like Gecko) Chrome/137.0.7151.103 Mobile Safari/537.36 (compatible; Googlebot/2.1; +http://www.google.com/bot.html)"
192.178.6.102 - - [05/Jul/2025:13:34:54 -0400] "GET /wp-content/uploads/2020/12/aviary-image-1599072400927.jpeg HTTP/1.1" 200 316335 "-" "Googlebot-Image/1.0"
2a03:2880:f800:8:: - - [05/Jul/2025:13:35:12 -0400] "GET /wp-json/wp/v2/categories/245 HTTP/1.1" 200 3561 "-" "meta-externalagent/1.1 (+https://developers.facebook.com/docs/sharing/webmasters/crawler)"
63.250.38.117 - - [05/Jul/2025:13:35:42 -0400] "POST /wp-cron.php?doing_wp_cron=1751736942.6756050586700439453125 HTTP/1.1" 403 1242 "-" "WordPress/6.8.1; https://fnf.group"
170.106.72.93 - - [05/Jul/2025:13:35:41 -0400] "GET /wp-json/oembed/1.0/embed?url=https%3A%2F%2Ffnf.group%2F&format=xml HTTP/1.1" 200 1381 "-" "Mozilla/5.0 (iPhone; CPU iPhone OS 13_2_3 like Mac OS X) AppleWebKit/605.1.15 (KHTML, like Gecko) Version/13.0.3 Mobile/15E148 Safari/604.1"
192.178.6.101 - - [05/Jul/2025:13:35:52 -0400] "GET /?n=10295137088007&channel=121b74&from=info.php%3Fid%3D1370880-13839%26name%3D%E3%82%B5%E3%83%B3%E3%82%AD%E3%83%A7%E3%83%BC+%E3%82%AA%E3%83%AB%E3%83%95%E3%82%A7%E3%82%A6%E3%82%B9+50%E5%BC%81+%E3%82%AA%E3%83%AB%E3%82%B4%E3%83%BC%E3%83%AB+%E7%BE%8E%E5%A5%B3%E3%81%A8%E9%87%8E%E7%8D%A3 HTTP/1.1" 301 0 "-" "Mozilla/5.0 (Linux; Android 6.0.1; Nexus 5X Build/MMB29P) AppleWebKit/537.36 (KHTML, like Gecko) Chrome/137.0.7151.103 Mobile Safari/537.36 (compatible; Googlebot/2.1; +http://www.google.com/bot.html)"
192.178.6.103 - - [05/Jul/2025:13:35:53 -0400] "GET /?n=0215072133404&channel=63a600&from=blog.php%3Fid%3D721334-14906%26name%3D%E2%9D%A4%EF%B8%8F+%E7%B0%AA%E3%80%80%E3%81%8B%E3%82%93%E3%81%96%E3%81%97%E3%80%80%E3%81%8D%E3%81%A4%E3%81%AD%E3%80%80%E6%A1%9C%E3%80%80%E6%B0%B4%E5%BC%95%E3%80%80%E5%92%8C%E8%A3%85%E3%80%80%E7%9D%80%E7%89%A9%E3%80%80%E3%83%8F%E3%83%B3%E3%83%89%E3%83%A1%E3%82%A4%E3%83%89 HTTP/1.1" 301 0 "-" "Mozilla/5.0 (Linux; Android 6.0.1; Nexus 5X Build/MMB29P) AppleWebKit/537.36 (KHTML, like Gecko) Chrome/137.0.7151.103 Mobile Safari/537.36 (compatible; Googlebot/2.1; +http://www.google.com/bot.html)"
192.178.6.102 - - [05/Jul/2025:13:35:54 -0400] "GET /?n=30809138928505&channel=9ff86d&from=form.php%3Fid%3D1389285-5218%26name%3DOakley+Holbrook+OO9102+%E3%83%A1%E3%83%B3%E3%82%BA+%E3%82%B5%E3%83%B3%E3%82%B0%E3%83%A9%E3%82%B9+%2B+Oakley+%E3%82%A2%E3%82%AF%E3%82%BB%E3%82%B5%E3%83%AA%E3%83%BC%E3%83%AA%E3%83%BC%E3%82%B7%E3%83%A5%E3%82%AD%E3%83%83%E3%83%88%E4%BB%98%E3%81%8D+US+%E3%82%B5%E3%82%A4%E3%82%BA%3A HTTP/1.1" 301 0 "-" "Mozilla/5.0 (Linux; Android 6.0.1; Nexus 5X Build/MMB29P) AppleWebKit/537.36 (KHTML, like Gecko) Chrome/137.0.7151.103 Mobile Safari/537.36 (compatible; Googlebot/2.1; +http://www.google.com/bot.html)"
192.178.6.101 - - [05/Jul/2025:13:35:58 -0400] "GET /?n=79871113296104&channel=a929ee&from=shared.php%3Fid%3D1132961-10728%26name%3D%E6%9D%B1%E5%A4%A7%E5%AF%BA%E5%A5%89%E7%B4%8D%E5%90%8C%E6%A7%98%E5%93%81%E4%B9%9D%E8%B0%B7%E9%87%91%E5%BD%A9%E7%9A%86%E5%85%B7%E4%B8%80%E5%BC%8F%E7%9B%AE%E9%8C%B2%E3%82%B3%E3%83%94%E3%83%BC%E4%BB%98+%E5%8C%97%E6%9D%91%E9%9A%86 HTTP/1.1" 301 0 "-" "Mozilla/5.0 (Linux; Android 6.0.1; Nexus 5X Build/MMB29P) AppleWebKit/537.36 (KHTML, like Gecko) Chrome/137.0.7151.103 Mobile Safari/537.36 (compatible; Googlebot/2.1; +http://www.google.com/bot.html)"
192.178.6.102 - - [05/Jul/2025:13:36:02 -0400] "GET /?n=3026090212000&channel=b2c4af&from=info.php%3Fid%3D902120-11920%26name%3D%E3%80%90%E4%B8%AD%E5%8F%A4%E3%80%91+%E3%83%86%E3%83%BC%E3%83%A9%E3%83%BC%E3%83%A1%E3%82%A4%E3%83%89+TOUR+PREFERRED%282008%29++8S+%E3%82%A2%E3%82%A4%E3%82%A2%E3%83%B3%E3%82%BB%E3%83%83%E3%83%88+IR+Dynamic+Gold+%28%E3%83%95%E3%83%AC%E3%83%83%E3%82%AF%E3%82%B9S%29+%E3%83%A1%E3%83%B3%E3%82%BA+%E7%94%B7%E6%80%A7%E7%94%A8+%E5%8F%B3%E5%88%A9%E3%81%8D+%E5%8F%B3%E7%94%A8+C%E3%83%A9%E3%83%B3%E3%82%AF+%E3%82%B4%E3%83%AB%E3%83%95%E3%82%AF%E3%83%A9%E3%83%96 HTTP/1.1" 301 0 "-" "Mozilla/5.0 (Linux; Android 6.0.1; Nexus 5X Build/MMB29P) AppleWebKit/537.36 (KHTML, like Gecko) Chrome/137.0.7151.103 Mobile Safari/537.36 (compatible; Googlebot/2.1; +http://www.google.com/bot.html)"
192.178.6.101 - - [05/Jul/2025:13:36:06 -0400] "GET /?n=10295137088007&channel=121b74&from=info.php%3Fid%3D1370880-13839%26name%3D%E3%82%B5%E3%83%B3%E3%82%AD%E3%83%A7%E3%83%BC%20%E3%82%AA%E3%83%AB%E3%83%95%E3%82%A7%E3%82%A6%E3%82%B9%2050%E5%BC%81%20%E3%82%AA%E3%83%AB%E3%82%B4%E3%83%BC%E3%83%AB%20%E7%BE%8E%E5%A5%B3%E3%81%A8%E9%87%8E%E7%8D%A3 HTTP/1.1" 200 30570 "-" "Mozilla/5.0 (Linux; Android 6.0.1; Nexus 5X Build/MMB29P) AppleWebKit/537.36 (KHTML, like Gecko) Chrome/137.0.7151.103 Mobile Safari/537.36 (compatible; Googlebot/2.1; +http://www.google.com/bot.html)"
192.178.6.102 - - [05/Jul/2025:13:36:10 -0400] "GET /?n=0215072133404&channel=63a600&from=blog.php%3Fid%3D721334-14906%26name%3D%E2%9D%A4%EF%B8%8F%20%E7%B0%AA%E3%80%80%E3%81%8B%E3%82%93%E3%81%96%E3%81%97%E3%80%80%E3%81%8D%E3%81%A4%E3%81%AD%E3%80%80%E6%A1%9C%E3%80%80%E6%B0%B4%E5%BC%95%E3%80%80%E5%92%8C%E8%A3%85%E3%80%80%E7%9D%80%E7%89%A9%E3%80%80%E3%83%8F%E3%83%B3%E3%83%89%E3%83%A1%E3%82%A4%E3%83%89 HTTP/1.1" 200 30566 "-" "Mozilla/5.0 (Linux; Android 6.0.1; Nexus 5X Build/MMB29P) AppleWebKit/537.36 (KHTML, like Gecko) Chrome/137.0.7151.103 Mobile Safari/537.36 (compatible; Googlebot/2.1; +http://www.google.com/bot.html)"
192.178.6.101 - - [05/Jul/2025:13:36:14 -0400] "GET /?n=30809138928505&channel=9ff86d&from=form.php%3Fid%3D1389285-5218%26name%3DOakley%20Holbrook%20OO9102%20%E3%83%A1%E3%83%B3%E3%82%BA%20%E3%82%B5%E3%83%B3%E3%82%B0%E3%83%A9%E3%82%B9%20%2B%20Oakley%20%E3%82%A2%E3%82%AF%E3%82%BB%E3%82%B5%E3%83%AA%E3%83%BC%E3%83%AA%E3%83%BC%E3%82%B7%E3%83%A5%E3%82%AD%E3%83%83%E3%83%88%E4%BB%98%E3%81%8D%20US%20%E3%82%B5%E3%82%A4%E3%82%BA%3A HTTP/1.1" 200 30568 "-" "Mozilla/5.0 (Linux; Android 6.0.1; Nexus 5X Build/MMB29P) AppleWebKit/537.36 (KHTML, like Gecko) Chrome/137.0.7151.103 Mobile Safari/537.36 (compatible; Googlebot/2.1; +http://www.google.com/bot.html)"
192.178.6.101 - - [05/Jul/2025:13:36:18 -0400] "GET /?n=79871113296104&channel=a929ee&from=shared.php%3Fid%3D1132961-10728%26name%3D%E6%9D%B1%E5%A4%A7%E5%AF%BA%E5%A5%89%E7%B4%8D%E5%90%8C%E6%A7%98%E5%93%81%E4%B9%9D%E8%B0%B7%E9%87%91%E5%BD%A9%E7%9A%86%E5%85%B7%E4%B8%80%E5%BC%8F%E7%9B%AE%E9%8C%B2%E3%82%B3%E3%83%94%E3%83%BC%E4%BB%98%20%E5%8C%97%E6%9D%91%E9%9A%86 HTTP/1.1" 200 30572 "-" "Mozilla/5.0 (Linux; Android 6.0.1; Nexus 5X Build/MMB29P) AppleWebKit/537.36 (KHTML, like Gecko) Chrome/137.0.7151.103 Mobile Safari/537.36 (compatible; Googlebot/2.1; +http://www.google.com/bot.html)"
192.178.6.101 - - [05/Jul/2025:13:36:22 -0400] "GET /?n=3026090212000&channel=b2c4af&from=info.php%3Fid%3D902120-11920%26name%3D%E3%80%90%E4%B8%AD%E5%8F%A4%E3%80%91%20%E3%83%86%E3%83%BC%E3%83%A9%E3%83%BC%E3%83%A1%E3%82%A4%E3%83%89%20TOUR%20PREFERRED%282008%29%20%208S%20%E3%82%A2%E3%82%A4%E3%82%A2%E3%83%B3%E3%82%BB%E3%83%83%E3%83%88%20IR%20Dynamic%20Gold%20%28%E3%83%95%E3%83%AC%E3%83%83%E3%82%AF%E3%82%B9S%29%20%E3%83%A1%E3%83%B3%E3%82%BA%20%E7%94%B7%E6%80%A7%E7%94%A8%20%E5%8F%B3%E5%88%A9%E3%81%8D%20%E5%8F%B3%E7%94%A8%20C%E3%83%A9%E3%83%B3%E3%82%AF%20%E3%82%B4%E3%83%AB%E3%83%95%E3%82%AF%E3%83%A9%E3%83%96 HTTP/1.1" 200 30570 "-" "Mozilla/5.0 (Linux; Android 6.0.1; Nexus 5X Build/MMB29P) AppleWebKit/537.36 (KHTML, like Gecko) Chrome/137.0.7151.103 Mobile Safari/537.36 (compatible; Googlebot/2.1; +http://www.google.com/bot.html)"
192.178.6.101 - - [05/Jul/2025:13:36:26 -0400] "GET /?n=0768173721000&channel=ddcf5b&from=form.php%3Fid%3D737210-489%26name%3D%E3%82%AA%E3%83%BC%E3%83%88%E3%83%90%E3%82%A4%E3%81%AE%E3%82%A8%E3%82%AD%E3%82%BE%E3%83%BC%E3%82%B9%E3%83%88%E3%83%91%E3%82%A4%E3%83%97+%E6%8E%92%E6%B0%97%E7%AE%A1%E3%83%9E%E3%83%95%E3%83%A9%E3%83%BC%E3%82%B5%E3%82%A4%E3%83%AC%E3%83%B3%E3%82%B5%E3%83%BC+F750GS+F850GS+F750+GS+2018+2019+2020 HTTP/1.1" 301 0 "-" "Mozilla/5.0 (Linux; Android 6.0.1; Nexus 5X Build/MMB29P) AppleWebKit/537.36 (KHTML, like Gecko) Chrome/137.0.7151.103 Mobile Safari/537.36 (compatible; Googlebot/2.1; +http://www.google.com/bot.html)"
192.178.6.101 - - [05/Jul/2025:13:36:30 -0400] "GET /?n=82295152783003&channel=21b6a2&from=article.php%3Fid%3D1527830-13960%26name%3D%E5%9D%8A%E4%B8%BB%E7%9F%A5%E3%82%89%E3%81%9A%E3%83%8D%E3%82%AE%E8%8B%9720%E6%9C%AC HTTP/1.1" 200 30565 "-" "Mozilla/5.0 (Linux; Android 6.0.1; Nexus 5X Build/MMB29P) AppleWebKit/537.36 (KHTML, like Gecko) Chrome/137.0.7151.103 Mobile Safari/537.36 (compatible; Googlebot/2.1; +http://www.google.com/bot.html)"
192.178.6.101 - - [05/Jul/2025:13:36:34 -0400] "GET /?n=0768173721000&channel=ddcf5b&from=form.php%3Fid%3D737210-489%26name%3D%E3%82%AA%E3%83%BC%E3%83%88%E3%83%90%E3%82%A4%E3%81%AE%E3%82%A8%E3%82%AD%E3%82%BE%E3%83%BC%E3%82%B9%E3%83%88%E3%83%91%E3%82%A4%E3%83%97%20%E6%8E%92%E6%B0%97%E7%AE%A1%E3%83%9E%E3%83%95%E3%83%A9%E3%83%BC%E3%82%B5%E3%82%A4%E3%83%AC%E3%83%B3%E3%82%B5%E3%83%BC%20F750GS%20F850GS%20F750%20GS%202018%202019%202020 HTTP/1.1" 200 30564 "-" "Mozilla/5.0 (Linux; Android 6.0.1; Nexus 5X Build/MMB29P) AppleWebKit/537.36 (KHTML, like Gecko) Chrome/137.0.7151.103 Mobile Safari/537.36 (compatible; Googlebot/2.1; +http://www.google.com/bot.html)"
64.23.170.70 - - [05/Jul/2025:13:36:52 -0400] "POST /xmlrpc.php HTTP/1.1" 403 1242 "https://fnf.group" "Mozilla/5.0 (Windows NT 10.0; Win64; x64; rv:129.0) Gecko/20100101 Firefox/129.0"
63.250.38.117 - - [05/Jul/2025:13:36:53 -0400] "POST /wp-cron.php?doing_wp_cron=1751737013.9084289073944091796875 HTTP/1.1" 403 1242 "-" "WordPress/6.8.1; https://fnf.group"
64.23.170.70 - - [05/Jul/2025:13:36:52 -0400] "POST /wp-login.php HTTP/1.1" 200 3953 "https://fnf.group" "Mozilla/5.0 (Windows NT 10.0; Win64; x64) AppleWebKit/537.36 (KHTML, like Gecko) Chrome/114.0.5735.199 Safari/537.36 Edg/114.0.1823.67"
57.141.0.16 - - [05/Jul/2025:13:36:57 -0400] "GET /2025/06/20/pinco-turkiye-online-casino-heyecan-verici-promosyonlarla-slotlar-masa-oyunlari-oynayin-ve-buyuk-kazanclar-elde-edin/feed/ HTTP/1.1" 200 643 "-" "meta-externalagent/1.1 (+https://developers.facebook.com/docs/sharing/webmasters/crawler)"
192.178.6.103 - - [05/Jul/2025:13:37:23 -0400] "GET /?n=9601528689002&channel=b79090&from=article.php%3Fid%3D286890-4149%26name%3D%E3%82%A6%E3%82%A4%E3%83%B3%E3%82%AB%E3%83%BC+%E7%82%BA%E3%81%AB+XL200R+1983-1984+XL+200+R+2+%E5%80%8B%E3%83%AA%E3%82%A2%E3%82%A6%E3%82%A4%E3%83%B3%E3%82%AB%E3%83%BC+Indicatosr+%E3%82%AA%E3%83%BC%E3%83%88%E3%83%90%E3%82%A4%E3%82%A6%E3%82%A4%E3%83%B3%E3%82%AB HTTP/1.1" 301 0 "-" "Mozilla/5.0 (Linux; Android 6.0.1; Nexus 5X Build/MMB29P) AppleWebKit/537.36 (KHTML, like Gecko) Chrome/137.0.7151.103 Mobile Safari/537.36 (compatible; Googlebot/2.1; +http://www.google.com/bot.html)"
192.178.6.103 - - [05/Jul/2025:13:37:26 -0400] "GET /?n=9601528689002&channel=b79090&from=article.php%3Fid%3D286890-4149%26name%3D%E3%82%A6%E3%82%A4%E3%83%B3%E3%82%AB%E3%83%BC%20%E7%82%BA%E3%81%AB%20XL200R%201983-1984%20XL%20200%20R%202%20%E5%80%8B%E3%83%AA%E3%82%A2%E3%82%A6%E3%82%A4%E3%83%B3%E3%82%AB%E3%83%BC%20Indicatosr%20%E3%82%AA%E3%83%BC%E3%83%88%E3%83%90%E3%82%A4%E3%82%A6%E3%82%A4%E3%83%B3%E3%82%AB HTTP/1.1" 200 30566 "-" "Mozilla/5.0 (Linux; Android 6.0.1; Nexus 5X Build/MMB29P) AppleWebKit/537.36 (KHTML, like Gecko) Chrome/137.0.7151.103 Mobile Safari/537.36 (compatible; Googlebot/2.1; +http://www.google.com/bot.html)"
63.250.38.117 - - [05/Jul/2025:13:38:15 -0400] "POST /wp-cron.php?doing_wp_cron=1751737095.2807610034942626953125 HTTP/1.1" 403 1242 "-" "WordPress/6.8.1; https://fnf.group"
57.141.0.28 - - [05/Jul/2025:13:38:11 -0400] "GET /cooking-sessions/ HTTP/1.1" 200 13294 "-" "meta-externalagent/1.1 (+https://developers.facebook.com/docs/sharing/webmasters/crawler)"
192.178.6.102 - - [05/Jul/2025:13:38:27 -0400] "GET /?n=648808026100&channel=ceddbd&from=shop.php%3Fid%3D80261-6687%26name%3DHANAFUSA+%E6%97%A5%E9%87%8E%E5%A4%A7%E5%9E%8B%E3%82%A8%E3%82%A2%E3%83%AB%E3%83%BC%E3%83%97%E3%83%AC%E3%83%B3%E3%82%B8%E3%83%A3%E3%83%BC%28H23.8%EF%BD%9EH29.4%29+17%28H29.5%7E%29%E5%A4%A7%E5%9E%8B%E8%BB%8A%E7%94%A8+%E3%83%9F%E3%83%A9%E3%83%BC%E3%82%AB%E3%83%90%E3%83%BC+7%E7%82%B9%E3%83%92%E3%83%BC%E3%82%BF%E3%83%BC%E4%BB%98 HTTP/1.1" 301 0 "-" "Mozilla/5.0 (Linux; Android 6.0.1; Nexus 5X Build/MMB29P) AppleWebKit/537.36 (KHTML, like Gecko) Chrome/137.0.7151.103 Mobile Safari/537.36 (compatible; Googlebot/2.1; +http://www.google.com/bot.html)"
192.178.6.103 - - [05/Jul/2025:13:38:29 -0400] "GET /?n=648808026100&channel=ceddbd&from=shop.php%3Fid%3D80261-6687%26name%3DHANAFUSA%20%E6%97%A5%E9%87%8E%E5%A4%A7%E5%9E%8B%E3%82%A8%E3%82%A2%E3%83%AB%E3%83%BC%E3%83%97%E3%83%AC%E3%83%B3%E3%82%B8%E3%83%A3%E3%83%BC%28H23.8%EF%BD%9EH29.4%29%2017%28H29.5~%29%E5%A4%A7%E5%9E%8B%E8%BB%8A%E7%94%A8%20%E3%83%9F%E3%83%A9%E3%83%BC%E3%82%AB%E3%83%90%E3%83%BC%207%E7%82%B9%E3%83%92%E3%83%BC%E3%82%BF%E3%83%BC%E4%BB%98 HTTP/1.1" 200 30569 "-" "Mozilla/5.0 (Linux; Android 6.0.1; Nexus 5X Build/MMB29P) AppleWebKit/537.36 (KHTML, like Gecko) Chrome/137.0.7151.103 Mobile Safari/537.36 (compatible; Googlebot/2.1; +http://www.google.com/bot.html)"
63.250.38.117 - - [05/Jul/2025:13:39:34 -0400] "POST /wp-cron.php?doing_wp_cron=1751737174.3710899353027343750000 HTTP/1.1" 403 1242 "-" "WordPress/6.8.1; https://fnf.group"
66.249.64.66 - - [05/Jul/2025:13:39:30 -0400] "GET /?n=8361030601400&channel=f80c8f&from=blog.php%3Fid%3D306014-6344%26name%3D%E3%82%B7%E3%83%AA%E3%82%B3%E3%83%B3%E3%83%9B%E3%83%BC%E3%82%B9+%E8%87%AA%E5%8B%95%E3%82%B9%E3%83%9A%E3%82%A2%E3%83%91%E3%83%BC%E3%83%84%E5%86%B7%E5%8D%B4%E6%B0%B4%E7%AE%A1%E3%83%A9%E3%82%B8%E3%82%A8%E3%83%BC%E3%82%BF%E3%83%BC%E3%83%9B%E3%83%BC%E3%82%B9%E3%81%AE%E3%81%9F%E3%82%81%E3%81%AB+%E3%83%AC%E3%83%B3%E3%82%B8%E3%83%AD%E3%83%BC%E3%83%90%E3%83%BC%E3%82%B9%E3%83%9D%E3%83%BC%E3%83%84+L318+LR008202 HTTP/1.1" 301 0 "-" "Mozilla/5.0 (Linux; Android 6.0.1; Nexus 5X Build/MMB29P) AppleWebKit/537.36 (KHTML, like Gecko) Chrome/137.0.7151.103 Mobile Safari/537.36 (compatible; Googlebot/2.1; +http://www.google.com/bot.html)"
192.178.6.102 - - [05/Jul/2025:13:39:35 -0400] "GET /?n=8361030601400&channel=f80c8f&from=blog.php%3Fid%3D306014-6344%26name%3D%E3%82%B7%E3%83%AA%E3%82%B3%E3%83%B3%E3%83%9B%E3%83%BC%E3%82%B9%20%E8%87%AA%E5%8B%95%E3%82%B9%E3%83%9A%E3%82%A2%E3%83%91%E3%83%BC%E3%83%84%E5%86%B7%E5%8D%B4%E6%B0%B4%E7%AE%A1%E3%83%A9%E3%82%B8%E3%82%A8%E3%83%BC%E3%82%BF%E3%83%BC%E3%83%9B%E3%83%BC%E3%82%B9%E3%81%AE%E3%81%9F%E3%82%81%E3%81%AB%20%E3%83%AC%E3%83%B3%E3%82%B8%E3%83%AD%E3%83%BC%E3%83%90%E3%83%BC%E3%82%B9%E3%83%9D%E3%83%BC%E3%83%84%20L318%20LR008202 HTTP/1.1" 200 30572 "-" "Mozilla/5.0 (Linux; Android 6.0.1; Nexus 5X Build/MMB29P) AppleWebKit/537.36 (KHTML, like Gecko) Chrome/137.0.7151.103 Mobile Safari/537.36 (compatible; Googlebot/2.1; +http://www.google.com/bot.html)"
63.250.38.117 - - [05/Jul/2025:13:40:36 -0400] "POST /wp-cron.php?doing_wp_cron=1751737236.3624339103698730468750 HTTP/1.1" 403 1242 "-" "WordPress/6.8.1; https://fnf.group"
192.178.6.102 - - [05/Jul/2025:13:40:33 -0400] "GET /?n=68807121357505&channel=6f5809&from=category-info.php%3Fid%3D1213575-9031%26name%3D%E3%83%99%E3%83%83%E3%83%89%E3%83%95%E3%83%AC%E3%83%BC%E3%83%A0%E3%83%AC%E3%83%83%E3%82%B0%E3%83%97%E3%83%AD%E3%83%86%E3%82%AF%E3%82%BF%E3%83%BC%E3%82%AB%E3%83%90%E3%83%BC+%E5%A4%9A%E7%9B%AE%E7%9A%84%E3%83%95%E3%82%A9%E3%83%BC%E3%83%A0%E3%83%91%E3%83%83%E3%83%89+%E3%83%9B%E3%83%BC%E3%83%A0%E3%82%A2%E3%82%AF%E3%82%BB%E3%82%B5%E3%83%AA%E3%83%BC+%E5%BA%8A%E3%81%A8%E5%AE%B6%E5%85%B7%E3%81%AE%E4%BF%9D%E8%AD%B7%E7%94%A8+4%E5%80%8B%E3%83%91%E3%83%83%E3%82%AF HTTP/1.1" 301 0 "-" "Mozilla/5.0 (Linux; Android 6.0.1; Nexus 5X Build/MMB29P) AppleWebKit/537.36 (KHTML, like Gecko) Chrome/137.0.7151.103 Mobile Safari/537.36 (compatible; Googlebot/2.1; +http://www.google.com/bot.html)"
192.178.6.101 - - [05/Jul/2025:13:40:36 -0400] "GET /?n=68807121357505&channel=6f5809&from=category-info.php%3Fid%3D1213575-9031%26name%3D%E3%83%99%E3%83%83%E3%83%89%E3%83%95%E3%83%AC%E3%83%BC%E3%83%A0%E3%83%AC%E3%83%83%E3%82%B0%E3%83%97%E3%83%AD%E3%83%86%E3%82%AF%E3%82%BF%E3%83%BC%E3%82%AB%E3%83%90%E3%83%BC%20%E5%A4%9A%E7%9B%AE%E7%9A%84%E3%83%95%E3%82%A9%E3%83%BC%E3%83%A0%E3%83%91%E3%83%83%E3%83%89%20%E3%83%9B%E3%83%BC%E3%83%A0%E3%82%A2%E3%82%AF%E3%82%BB%E3%82%B5%E3%83%AA%E3%83%BC%20%E5%BA%8A%E3%81%A8%E5%AE%B6%E5%85%B7%E3%81%AE%E4%BF%9D%E8%AD%B7%E7%94%A8%204%E5%80%8B%E3%83%91%E3%83%83%E3%82%AF HTTP/1.1" 200 30567 "-" "Mozilla/5.0 (Linux; Android 6.0.1; Nexus 5X Build/MMB29P) AppleWebKit/537.36 (KHTML, like Gecko) Chrome/137.0.7151.103 Mobile Safari/537.36 (compatible; Googlebot/2.1; +http://www.google.com/bot.html)"
114.119.137.28 - - [05/Jul/2025:13:40:38 -0400] "GET /category/22bet-bd/ HTTP/1.1" 200 14255 "https://fnf.group/plus_wpgallery/" "Mozilla/5.0 (Linux; Android 7.0;) AppleWebKit/537.36 (KHTML, like Gecko) Mobile Safari/537.36 (compatible; PetalBot;+https://webmaster.petalsearch.com/site/petalbot)"
216.73.216.174 - - [05/Jul/2025:13:41:57 -0400] "GET /robots.txt HTTP/1.1" 500 1034 "-" "Mozilla/5.0 AppleWebKit/537.36 (KHTML, like Gecko; compatible; ClaudeBot/1.0; +claudebot@anthropic.com)"
216.73.216.174 - - [05/Jul/2025:13:41:59 -0400] "GET /category/featured/page/3/ HTTP/1.1" 500 1034 "-" "Mozilla/5.0 AppleWebKit/537.36 (KHTML, like Gecko; compatible; ClaudeBot/1.0; +claudebot@anthropic.com)"
63.250.38.117 - - [05/Jul/2025:13:42:05 -0400] "POST /wp-cron.php?doing_wp_cron=1751737325.7709989547729492187500 HTTP/1.1" 403 1242 "-" "WordPress/6.8.1; https://fnf.group"
114.119.128.253 - - [05/Jul/2025:13:42:03 -0400] "GET /2025/06/page/20/ HTTP/1.1" 200 15523 "https://fnf.group/2025/06/page/22/" "Mozilla/5.0 (Linux; Android 7.0;) AppleWebKit/537.36 (KHTML, like Gecko) Mobile Safari/537.36 (compatible; PetalBot;+https://webmaster.petalsearch.com/site/petalbot)"
192.178.6.103 - - [05/Jul/2025:13:42:20 -0400] "GET /?n=6910193223600&channel=640633&from=form.php%3Fid%3D932236-8910%26name%3D%E6%AC%85%E5%9D%8246+%E5%88%9D%E6%9C%9F%E5%88%B6%E6%9C%8D+%E5%88%B6%E6%9C%8D%E3%81%AE%E3%83%9E%E3%83%8D%E3%82%AD%E3%83%B3+%E5%B0%8F%E6%B1%A0%E7%BE%8E%E6%B3%A2+%E7%94%9F%E5%86%99%E7%9C%9F HTTP/1.1" 301 0 "-" "Mozilla/5.0 (Linux; Android 6.0.1; Nexus 5X Build/MMB29P) AppleWebKit/537.36 (KHTML, like Gecko) Chrome/137.0.7151.103 Mobile Safari/537.36 (compatible; Googlebot/2.1; +http://www.google.com/bot.html)"
192.178.6.102 - - [05/Jul/2025:13:42:23 -0400] "GET /?n=6910193223600&channel=640633&from=form.php%3Fid%3D932236-8910%26name%3D%E6%AC%85%E5%9D%8246%20%E5%88%9D%E6%9C%9F%E5%88%B6%E6%9C%8D%20%E5%88%B6%E6%9C%8D%E3%81%AE%E3%83%9E%E3%83%8D%E3%82%AD%E3%83%B3%20%E5%B0%8F%E6%B1%A0%E7%BE%8E%E6%B3%A2%20%E7%94%9F%E5%86%99%E7%9C%9F HTTP/1.1" 200 30566 "-" "Mozilla/5.0 (Linux; Android 6.0.1; Nexus 5X Build/MMB29P) AppleWebKit/537.36 (KHTML, like Gecko) Chrome/137.0.7151.103 Mobile Safari/537.36 (compatible; Googlebot/2.1; +http://www.google.com/bot.html)"
63.250.38.117 - - [05/Jul/2025:13:43:30 -0400] "POST /wp-cron.php?doing_wp_cron=1751737409.9630060195922851562500 HTTP/1.1" 403 1242 "-" "WordPress/6.8.1; https://fnf.group"
114.119.148.60 - - [05/Jul/2025:13:43:26 -0400] "GET /category/fnf-events/ HTTP/1.1" 200 14764 "https://fnf.group/recipes/page/26/" "Mozilla/5.0 (Linux; Android 7.0;) AppleWebKit/537.36 (KHTML, like Gecko) Mobile Safari/537.36 (compatible; PetalBot;+https://webmaster.petalsearch.com/site/petalbot)"
192.178.6.101 - - [05/Jul/2025:13:43:35 -0400] "GET /?n=1012934070502&channel=9792f1&from=news.php%3Fid%3D340705-14640%26name%3DBig+Joe+E30+%E3%83%95%E3%83%AB%E3%83%91%E3%83%AF%E3%83%BC%E3%83%91%E3%83%AC%E3%83%83%E3%83%88%E3%83%88%E3%83%A9%E3%83%83%E3%82%AF+-+%E3%83%91%E3%83%AC%E3%83%83%E3%83%88%E3%82%B8%E3%83%A3%E3%83%83%E3%82%AF+-+27%E3%82%A4%E3%83%B3%E3%83%81%E5%B9%85%E3%81%AE%E3%83%95%E3%82%A9%E3%83%BC%E3%82%AF%E3%80%82 HTTP/1.1" 301 0 "-" "Mozilla/5.0 (Linux; Android 6.0.1; Nexus 5X Build/MMB29P) AppleWebKit/537.36 (KHTML, like Gecko) Chrome/137.0.7151.103 Mobile Safari/537.36 (compatible; Googlebot/2.1; +http://www.google.com/bot.html)"
192.178.6.102 - - [05/Jul/2025:13:43:37 -0400] "GET /?n=1012934070502&channel=9792f1&from=news.php%3Fid%3D340705-14640%26name%3DBig%20Joe%20E30%20%E3%83%95%E3%83%AB%E3%83%91%E3%83%AF%E3%83%BC%E3%83%91%E3%83%AC%E3%83%83%E3%83%88%E3%83%88%E3%83%A9%E3%83%83%E3%82%AF%20-%20%E3%83%91%E3%83%AC%E3%83%83%E3%83%88%E3%82%B8%E3%83%A3%E3%83%83%E3%82%AF%20-%2027%E3%82%A4%E3%83%B3%E3%83%81%E5%B9%85%E3%81%AE%E3%83%95%E3%82%A9%E3%83%BC%E3%82%AF%E3%80%82 HTTP/1.1" 200 30570 "-" "Mozilla/5.0 (Linux; Android 6.0.1; Nexus 5X Build/MMB29P) AppleWebKit/537.36 (KHTML, like Gecko) Chrome/137.0.7151.103 Mobile Safari/537.36 (compatible; Googlebot/2.1; +http://www.google.com/bot.html)"
63.250.38.117 - - [05/Jul/2025:13:44:53 -0400] "POST /wp-cron.php?doing_wp_cron=1751737493.1779780387878417968750 HTTP/1.1" 403 1242 "-" "WordPress/6.8.1; https://fnf.group"
192.178.6.101 - - [05/Jul/2025:13:44:50 -0400] "GET /?n=88718164158001&channel=2291dd&from=form.php%3Fid%3D1641580-23940%26name%3D%E3%83%AB%E3%83%99%E3%83%AB+%E3%82%B8%E3%82%AA+%E3%83%91%E3%83%AF%E3%83%BC%E3%82%AA%E3%82%A4%E3%83%AB++%E3%82%AF%E3%83%AA%E3%82%A8%E3%82%A4%E3%83%86%E3%82%A3%E3%83%96%E3%83%9B%E3%83%BC%E3%83%AB%E3%83%89+100g%EF%BC%88%E3%82%B8%E3%82%AA+%E3%83%91%E3%83%AF%E3%83%BC%E3%82%AA%E3%82%A4%E3%83%AB+%E3%82%AF%E3%83%AA%E3%82%A8%E3%82%A4%E3%83%86%E3%82%A3%E3%83%96%E3%83%9B%E3%83%BC%E3%83%AB%E3%83%89+100g+-+%E9%80%9A%E8%B2%A9%E3%82%B5%E3%83%AD%E3%83%B3%E3%83%9E%E3%82%AD+%E3%82%AA%E3%83%BC%E3%82%AC%E3%83%8B%E3%83%83%E3%82%AF%E3%82%B7%E3%83%A3%E3%83%B3%E3%83%97%E3%83%BC%E3%83%98%E3%82%A2%E3%82%B1%E3%82%A2%E9%80%9A%E8%B2%A9%EF%BC%89 HTTP/1.1" 301 0 "-" "Mozilla/5.0 (Linux; Android 6.0.1; Nexus 5X Build/MMB29P) AppleWebKit/537.36 (KHTML, like Gecko) Chrome/137.0.7151.103 Mobile Safari/537.36 (compatible; Googlebot/2.1; +http://www.google.com/bot.html)"
192.178.6.102 - - [05/Jul/2025:13:44:53 -0400] "GET /?n=88718164158001&channel=2291dd&from=form.php%3Fid%3D1641580-23940%26name%3D%E3%83%AB%E3%83%99%E3%83%AB%20%E3%82%B8%E3%82%AA%20%E3%83%91%E3%83%AF%E3%83%BC%E3%82%AA%E3%82%A4%E3%83%AB%20%20%E3%82%AF%E3%83%AA%E3%82%A8%E3%82%A4%E3%83%86%E3%82%A3%E3%83%96%E3%83%9B%E3%83%BC%E3%83%AB%E3%83%89%20100g%EF%BC%88%E3%82%B8%E3%82%AA%20%E3%83%91%E3%83%AF%E3%83%BC%E3%82%AA%E3%82%A4%E3%83%AB%20%E3%82%AF%E3%83%AA%E3%82%A8%E3%82%A4%E3%83%86%E3%82%A3%E3%83%96%E3%83%9B%E3%83%BC%E3%83%AB%E3%83%89%20100g%20-%20%E9%80%9A%E8%B2%A9%E3%82%B5%E3%83%AD%E3%83%B3%E3%83%9E%E3%82%AD%20%E3%82%AA%E3%83%BC%E3%82%AC%E3%83%8B%E3%83%83%E3%82%AF%E3%82%B7%E3%83%A3%E3%83%B3%E3%83%97%E3%83%BC%E3%83%98%E3%82%A2%E3%82%B1%E3%82%A2%E9%80%9A%E8%B2%A9%EF%BC%89 HTTP/1.1" 200 30577 "-" "Mozilla/5.0 (Linux; Android 6.0.1; Nexus 5X Build/MMB29P) AppleWebKit/537.36 (KHTML, like Gecko) Chrome/137.0.7151.103 Mobile Safari/537.36 (compatible; Googlebot/2.1; +http://www.google.com/bot.html)"
43.135.140.225 - - [05/Jul/2025:13:45:37 -0400] "GET / HTTP/1.1" 200 30566 "-" "Mozilla/5.0 (iPhone; CPU iPhone OS 13_2_3 like Mac OS X) AppleWebKit/605.1.15 (KHTML, like Gecko) Version/13.0.3 Mobile/15E148 Safari/604.1"
63.250.38.117 - - [05/Jul/2025:13:46:07 -0400] "POST /wp-cron.php?doing_wp_cron=1751737566.8932700157165527343750 HTTP/1.1" 403 1242 "-" "WordPress/6.8.1; https://fnf.group"
192.178.6.103 - - [05/Jul/2025:13:46:04 -0400] "GET /?n=4019594445501&channel=0c5062&from=form.php%3Fid%3D944455-13975%26name%3D%E6%9D%B1%E6%AD%A6%E3%83%AF%E3%83%BC%E3%83%AB%E3%83%89%E3%82%B9%E3%82%AF%E3%82%A6%E3%82%A7%E3%82%A2+%E5%85%A5%E5%9C%92%E3%81%94%E5%84%AA%E5%BE%85%E5%88%B8%EF%BC%88%E3%81%8A%E8%B2%B7%E7%89%A9%E5%88%B8%E4%BB%98%E3%81%8D%EF%BC%895%E6%9E%9A%E7%B6%B4%E3%82%8A HTTP/1.1" 301 0 "-" "Mozilla/5.0 (Linux; Android 6.0.1; Nexus 5X Build/MMB29P) AppleWebKit/537.36 (KHTML, like Gecko) Chrome/137.0.7151.103 Mobile Safari/537.36 (compatible; Googlebot/2.1; +http://www.google.com/bot.html)"
192.178.6.102 - - [05/Jul/2025:13:46:07 -0400] "GET /?n=4019594445501&channel=0c5062&from=form.php%3Fid%3D944455-13975%26name%3D%E6%9D%B1%E6%AD%A6%E3%83%AF%E3%83%BC%E3%83%AB%E3%83%89%E3%82%B9%E3%82%AF%E3%82%A6%E3%82%A7%E3%82%A2%20%E5%85%A5%E5%9C%92%E3%81%94%E5%84%AA%E5%BE%85%E5%88%B8%EF%BC%88%E3%81%8A%E8%B2%B7%E7%89%A9%E5%88%B8%E4%BB%98%E3%81%8D%EF%BC%895%E6%9E%9A%E7%B6%B4%E3%82%8A HTTP/1.1" 200 30567 "-" "Mozilla/5.0 (Linux; Android 6.0.1; Nexus 5X Build/MMB29P) AppleWebKit/537.36 (KHTML, like Gecko) Chrome/137.0.7151.103 Mobile Safari/537.36 (compatible; Googlebot/2.1; +http://www.google.com/bot.html)"
63.250.38.117 - - [05/Jul/2025:13:47:09 -0400] "POST /wp-cron.php?doing_wp_cron=1751737629.4834890365600585937500 HTTP/1.1" 403 1242 "-" "WordPress/6.8.1; https://fnf.group"
63.250.38.117 - - [05/Jul/2025:13:47:11 -0400] "POST /wp-cron.php?doing_wp_cron=1751737630.8719010353088378906250 HTTP/1.1" 403 1242 "-" "WordPress/6.8.1; https://fnf.group"
192.178.6.101 - - [05/Jul/2025:13:47:06 -0400] "GET /?n=0121284777305&channel=58cd57&from=product.php%3Fid%3D847773-21029%26name%3D18.5+20+24%E3%82%A4%E3%83%B3%E3%83%81+16%3A9%E5%AF%BE%E5%BF%9C+%E3%83%96%E3%83%AB%E3%83%BC%E3%83%A9%E3%82%A4%E3%83%88%E3%82%AB%E3%83%83%E3%83%88+%E3%83%95%E3%82%A3%E3%83%AB%E3%83%A0+%E6%B6%B2%E6%99%B6+%E4%BF%9D%E8%AD%B7%E3%83%95%E3%82%A3%E3%83%AB%E3%83%A0+%E8%B6%85%E9%80%8F%E6%98%8E+%E6%8C%87%E7%B4%8B%E9%98%B2%E6%AD%A2+%E6%8A%97%E8%8F%8C+%E3%83%AF%E3%82%A4%E3%83%89%E3%82%B9%E3%82%AF%E3%83%AA%E3%83%BC%E3%83%B3 HTTP/1.1" 301 0 "-" "Mozilla/5.0 (Linux; Android 6.0.1; Nexus 5X Build/MMB29P) AppleWebKit/537.36 (KHTML, like Gecko) Chrome/137.0.7151.103 Mobile Safari/537.36 (compatible; Googlebot/2.1; +http://www.google.com/bot.html)"
