192.178.6.103 - - [05/Jul/2025:12:05:05 -0400] "GET /?n=51915183827100&channel=0e261e&from=form.php%3Fid%3D1838271-15971%26name%3D%E6%95%B0%E7%8F%A0%E3%82%B1%E3%83%BC%E3%82%B9%E3%80%80%E5%BF%B5%E7%8F%A0%E3%82%B1%E3%83%BC%E3%82%B9%E3%80%80No.161%E3%80%80%E9%87%91%E8%A5%B4%E3%80%80%E9%87%91%E9%B6%B4%E6%9F%84%E3%80%80%E3%81%BD%E3%81%A1%E8%A2%8B%E5%85%A5%E3%82%8C%E3%80%80%E3%83%8F%E3%83%B3%E3%83%89%E3%83%A1%E3%82%A4%E3%83%89%20%EF%BC%88%E5%A5%B3%E6%80%A7%E7%94%A8%20%E6%95%B0%E7%8F%A0%E8%A2%8B%20%E3%83%AC%E3%83%87%E3%82%A3%E3%83%BC%E3%82%B9%20%E4%BA%8C%E3%81%A4%E6%8A%98%20%E3%81%A1%E3%82%8A%E3%82%81%E3%82%93%20%E5%88%BA%E7%B9%A1%E5%85%A5%20%E4%BA%AC%E5%BF%B5%E7%8F%A0%20%E5%BF%B5%E7%8F%A0%E5%85%A5%E3%82%8C%20%E3%83%9D%E3%83%BC%E3%83%81%20%E3%82%B1%E3%83%BC%E3%82%B9%20%E5%A4%96%E7%AE%B1%E4%BB%98%20%E6%97%A5%E6%9C%AC%E8%A3%BD%20%2F%20%E3%83%94%E3%83%B3%E3%82%AF%20%EF%BC%88%20%E6%A2%85%20%EF%BC%89%20%7C%20%E4%BA%AC%E5%BF%B5%E7%8F%A0%E3%81%AA%E3%82%89%E4%BA%AC%E9%83%BD%E3%81%AE%E8%80%81%E8%88%97%E3%80%8E%E5%96%9C%E8%8A%B3%E5%B7%A5%E6%88%BF%E3%80%8F%E3%82%AA%E3%83%B3%E3%83%A9%E3%82%A4%E3%83%B3%E3%82%B7%E3%83%A7%E3%83%83%E3%83%97%20%20%5B%20%E5%89%B5%E4%BD%9C%E4%BA%AC%E5%BF%B5%E7%8F%A0%20%E4%BA%AC%E3%83%BB%E4%B8%8A%E8%B3%80%E8%8C%82%E3%81%8B%E3%81%8A%E3%82%93%20%5D%EF%BC%89 HTTP/1.1" 200 29621 "-" "Mozilla/5.0 (Linux; Android 6.0.1; Nexus 5X Build/MMB29P) AppleWebKit/537.36 (KHTML, like Gecko) Chrome/137.0.7151.103 Mobile Safari/537.36 (compatible; Googlebot/2.1; +http://www.google.com/bot.html)"
213.209.150.137 - - [05/Jul/2025:12:04:59 -0400] "POST /wp-login.php?action=register HTTP/1.1" 302 0 "-" "-"
192.178.6.101 - - [05/Jul/2025:12:05:08 -0400] "GET /?n=95064178586403&channel=ff4092&from=brands.php%3Fid%3D1785864-14787%26name%3D%5BCLARAH%5D+%E3%83%A9%E3%83%83%E3%82%B7%E3%83%A5%E3%82%AC%E3%83%BC%E3%83%89+%E3%82%AD%E3%83%83%E3%82%BA+%E5%A5%B3%E3%81%AE%E5%AD%90+%E5%A5%B3%E5%85%90+%E3%83%95%E3%83%BC%E3%83%89%E4%BB%98%E3%81%8D+%E3%83%95%E3%83%AC%E3%82%A2+%E6%8C%87%E7%A9%B4%E4%BB%98%E3%81%8D+%E3%83%96%E3%83%A9%E3%83%83%E3%82%AF+%E3%83%8D%E3%82%A4%E3%83%93%E3%83%BC++%E8%9B%8D%E5%85%89%E8%89%B2+%E6%B0%B4%E7%9D%80+%E5%B0%8F%E5%AD%A6%E7%94%9F+%E4%B8%AD%E5%AD%A6%EF%BC%88MORE+AUNI%5D+%E3%82%B9%E3%82%AF%E3%83%BC%E3%83%AB+%E6%B0%B4%E7%9D%80+%E3%82%AD%E3%83%83%E3%82%BA+%E3%83%A9%E3%83%83%E3%82%B7%E3%83%A5%E3%82%AC%E3%83%BC%E3%83%89+UV%E3%82%AB%E3%83%83%E3%83%88+%E3%82%B8%E3%83%83%E3%83%91%E3%83%BC+%E3%83%95%E3%83%BC%E3%83%89%E7%84%A1%E3%81%97+UPF50%2B+%E3%83%8F%E3%82%A4%E3%83%8D%E3%83%83%E3%82%AF+%E3%83%9C%E3%83%BC%E3%82%A4%E3%82%BA+%E3%82%AC%E3%83%BC%E3%83%AB%E3%82%BA+%E5%AD%90%E4%BE%9B++%E6%B0%B4%E6%B3%B3+%E5%AD%A6%E6%A0%A1+%E3%82%B8%E3%83%83%E3%83%91%E3%83%BC+%E3%82%B9%E3%83%91%E3%83%83%E3%83%84+%E7%B7%B4%E7%BF%92%E7%94%A8+%E3%83%9E%E3%83%AA%E3%83%B3+%E3%81%86%E3%81%BF+%E5%B1%B1+%E3%82%84%E3%81%BE+%E3%83%90%E3%83%BC%E3%83%99+%5B%E3%83%8D%E3%82%A4%E3%83%93%E3%83%BC+%2F+8270%5D+%5B120%5D+-+%E3%83%A1%E3%83%AB%E3%82%AB%E3%83%AA%EF%BC%89 HTTP/1.1" 301 0 "-" "Mozilla/5.0 (Linux; Android 6.0.1; Nexus 5X Build/MMB29P) AppleWebKit/537.36 (KHTML, like Gecko) Chrome/137.0.7151.103 Mobile Safari/537.36 (compatible; Googlebot/2.1; +http://www.google.com/bot.html)"
216.244.66.226 - - [05/Jul/2025:12:05:11 -0400] "GET /2020/08/04/chicken-cheese-balls-by-tehmina-noor/feed/ HTTP/1.1" 500 1034 "-" "Mozilla/5.0 (compatible; DotBot/1.2; +https://opensiteexplorer.org/dotbot; help@moz.com)"
192.178.6.101 - - [05/Jul/2025:12:05:12 -0400] "GET /?n=95064178586403&channel=ff4092&from=brands.php%3Fid%3D1785864-14787%26name%3D%5BCLARAH%5D%20%E3%83%A9%E3%83%83%E3%82%B7%E3%83%A5%E3%82%AC%E3%83%BC%E3%83%89%20%E3%82%AD%E3%83%83%E3%82%BA%20%E5%A5%B3%E3%81%AE%E5%AD%90%20%E5%A5%B3%E5%85%90%20%E3%83%95%E3%83%BC%E3%83%89%E4%BB%98%E3%81%8D%20%E3%83%95%E3%83%AC%E3%82%A2%20%E6%8C%87%E7%A9%B4%E4%BB%98%E3%81%8D%20%E3%83%96%E3%83%A9%E3%83%83%E3%82%AF%20%E3%83%8D%E3%82%A4%E3%83%93%E3%83%BC%20%20%E8%9B%8D%E5%85%89%E8%89%B2%20%E6%B0%B4%E7%9D%80%20%E5%B0%8F%E5%AD%A6%E7%94%9F%20%E4%B8%AD%E5%AD%A6%EF%BC%88MORE%20AUNI%5D%20%E3%82%B9%E3%82%AF%E3%83%BC%E3%83%AB%20%E6%B0%B4%E7%9D%80%20%E3%82%AD%E3%83%83%E3%82%BA%20%E3%83%A9%E3%83%83%E3%82%B7%E3%83%A5%E3%82%AC%E3%83%BC%E3%83%89%20UV%E3%82%AB%E3%83%83%E3%83%88%20%E3%82%B8%E3%83%83%E3%83%91%E3%83%BC%20%E3%83%95%E3%83%BC%E3%83%89%E7%84%A1%E3%81%97%20UPF50%2B%20%E3%83%8F%E3%82%A4%E3%83%8D%E3%83%83%E3%82%AF%20%E3%83%9C%E3%83%BC%E3%82%A4%E3%82%BA%20%E3%82%AC%E3%83%BC%E3%83%AB%E3%82%BA%20%E5%AD%90%E4%BE%9B%20%20%E6%B0%B4%E6%B3%B3%20%E5%AD%A6%E6%A0%A1%20%E3%82%B8%E3%83%83%E3%83%91%E3%83%BC%20%E3%82%B9%E3%83%91%E3%83%83%E3%83%84%20%E7%B7%B4%E7%BF%92%E7%94%A8%20%E3%83%9E%E3%83%AA%E3%83%B3%20%E3%81%86%E3%81%BF%20%E5%B1%B1%20%E3%82%84%E3%81%BE%20%E3%83%90%E3%83%BC%E3%83%99%20%5B%E3%83%8D%E3%82%A4%E3%83%93%E3%83%BC%20%2F%208270%5D%20%5B120%5D%20-%20%E3%83%A1%E3%83%AB%E3%82%AB%E3%83%AA%EF%BC%89 HTTP/1.1" 200 29620 "-" "Mozilla/5.0 (Linux; Android 6.0.1; Nexus 5X Build/MMB29P) AppleWebKit/537.36 (KHTML, like Gecko) Chrome/137.0.7151.103 Mobile Safari/537.36 (compatible; Googlebot/2.1; +http://www.google.com/bot.html)"
192.178.6.101 - - [05/Jul/2025:12:05:12 -0400] "GET /?n=3580570631700&channel=49af0a&from=jp.php%3Fid%3D706317-18975%26name%3DKoba%20%E3%83%89%E3%83%83%E3%82%B0%E3%82%A6%E3%83%83%E3%83%89%20%E3%83%95%E3%82%A1%E3%83%BC%E3%83%A0%E3%83%9E%E3%83%BC%E3%82%B1%E3%83%83%E3%83%88%204.5%20%E3%83%9F%E3%83%8B%20%E3%83%96%E3%83%A9%E3%83%83%E3%82%AF%20%E3%83%97%E3%83%A9%E3%82%B9%E3%83%81%E3%83%83%E3%82%AF%20%E3%83%8F%E3%83%B3%E3%82%AE%E3%83%B3%E3%82%B0%E3%83%90%E3%82%B9%E3%82%B1%E3%83%83%E3%83%88%20%285%29%20%E3%83%9B%E3%83%AF%E3%82%A4%E3%83%88 HTTP/1.1" 200 29622 "-" "Mozilla/5.0 (Linux; Android 6.0.1; Nexus 5X Build/MMB29P) AppleWebKit/537.36 (KHTML, like Gecko) Chrome/137.0.7151.103 Mobile Safari/537.36 (compatible; Googlebot/2.1; +http://www.google.com/bot.html)"
63.250.38.117 - - [05/Jul/2025:12:05:36 -0400] "POST /wp-cron.php?doing_wp_cron=1751731536.0925519466400146484375 HTTP/1.1" 403 1242 "-" "WordPress/6.8.1; https://fnf.group"
192.178.6.101 - - [05/Jul/2025:12:05:34 -0400] "GET /?n=70127148240302&channel=569ba4&from=shared.php%3Fid%3D1482403-10861%26name%3D%E3%83%96%E3%83%AC%E3%83%BC%E3%82%AD%E3%82%AF%E3%83%A9%E3%83%83%E3%83%81%E3%83%AC%E3%83%90%E3%83%BC%E3%83%8F%E3%83%B3%E3%83%89%E3%83%AB%E3%81%AB+%E3%82%AA%E3%83%BC%E3%83%88%E3%83%90%E3%82%A4%E3%82%AF%E3%83%A9%E3%83%83%E3%83%81%E3%83%96%E3%83%AC%E3%83%BC%E3%82%AD%E3%83%AC%E3%83%90%E3%83%BC%E3%83%8F%E3%83%B3%E3%83%89%E3%83%AB%E3%83%8F%E3%83%B3%E3%83%89%E3%82%B0%E3%83%AA%E3%83%83%E3%83%97%E7%B5%82%E4%BA%86%E3%82%A2%E3%82%AF%E3%82%BB%E3%82%B5%E3%83%AA%E3%83%BC%E3%83%A4%E3%83%9E%E3%83%8F+%E7%94%A8+YZFR6+YZ HTTP/1.1" 301 0 "-" "Mozilla/5.0 (Linux; Android 6.0.1; Nexus 5X Build/MMB29P) AppleWebKit/537.36 (KHTML, like Gecko) Chrome/137.0.7151.103 Mobile Safari/537.36 (compatible; Googlebot/2.1; +http://www.google.com/bot.html)"
192.178.6.101 - - [05/Jul/2025:12:05:36 -0400] "GET /?n=70127148240302&channel=569ba4&from=shared.php%3Fid%3D1482403-10861%26name%3D%E3%83%96%E3%83%AC%E3%83%BC%E3%82%AD%E3%82%AF%E3%83%A9%E3%83%83%E3%83%81%E3%83%AC%E3%83%90%E3%83%BC%E3%83%8F%E3%83%B3%E3%83%89%E3%83%AB%E3%81%AB%20%E3%82%AA%E3%83%BC%E3%83%88%E3%83%90%E3%82%A4%E3%82%AF%E3%83%A9%E3%83%83%E3%83%81%E3%83%96%E3%83%AC%E3%83%BC%E3%82%AD%E3%83%AC%E3%83%90%E3%83%BC%E3%83%8F%E3%83%B3%E3%83%89%E3%83%AB%E3%83%8F%E3%83%B3%E3%83%89%E3%82%B0%E3%83%AA%E3%83%83%E3%83%97%E7%B5%82%E4%BA%86%E3%82%A2%E3%82%AF%E3%82%BB%E3%82%B5%E3%83%AA%E3%83%BC%E3%83%A4%E3%83%9E%E3%83%8F%20%E7%94%A8%20YZFR6%20YZ HTTP/1.1" 200 29623 "-" "Mozilla/5.0 (Linux; Android 6.0.1; Nexus 5X Build/MMB29P) AppleWebKit/537.36 (KHTML, like Gecko) Chrome/137.0.7151.103 Mobile Safari/537.36 (compatible; Googlebot/2.1; +http://www.google.com/bot.html)"
63.250.38.117 - - [05/Jul/2025:12:07:01 -0400] "POST /wp-cron.php?doing_wp_cron=1751731620.6726150512695312500000 HTTP/1.1" 403 1242 "-" "WordPress/6.8.1; https://fnf.group"
192.178.6.101 - - [05/Jul/2025:12:06:55 -0400] "GET /?n=15680178496901&channel=8125a6&from=brands.php%3Fid%3D1784969-10181%26name%3DYuki+Tori+%E3%82%B4%E3%83%BC%E3%83%AB%E3%83%89%E3%82%AA%E3%83%BC%E3%83%90%E3%83%AB%E3%83%A1%E3%82%AC%E3%83%8D HTTP/1.1" 301 0 "-" "Mozilla/5.0 (Linux; Android 6.0.1; Nexus 5X Build/MMB29P) AppleWebKit/537.36 (KHTML, like Gecko) Chrome/137.0.7151.103 Mobile Safari/537.36 (compatible; Googlebot/2.1; +http://www.google.com/bot.html)"
192.178.6.102 - - [05/Jul/2025:12:07:01 -0400] "GET /?n=15680178496901&channel=8125a6&from=brands.php%3Fid%3D1784969-10181%26name%3DYuki%20Tori%20%E3%82%B4%E3%83%BC%E3%83%AB%E3%83%89%E3%82%AA%E3%83%BC%E3%83%90%E3%83%AB%E3%83%A1%E3%82%AC%E3%83%8D HTTP/1.1" 200 29613 "-" "Mozilla/5.0 (Linux; Android 6.0.1; Nexus 5X Build/MMB29P) AppleWebKit/537.36 (KHTML, like Gecko) Chrome/137.0.7151.103 Mobile Safari/537.36 (compatible; Googlebot/2.1; +http://www.google.com/bot.html)"
170.246.110.145 - - [05/Jul/2025:12:07:20 -0400] "POST /xmlrpc.php HTTP/1.1" 403 1242 "-" "python-requests/2.28.1"
113.169.44.111 - - [05/Jul/2025:12:07:21 -0400] "GET /wp-login.php HTTP/1.1" 200 3798 "-" "Mozilla/5.0 (Macintosh; Intel Mac OS X 10_15_7) AppleWebKit/537.36 (KHTML, like Gecko) Chrome/108.0.0.0 YaBrowser/23.1.2.980 Yowser/2.5 Safari/537.36"
192.178.6.101 - - [05/Jul/2025:12:07:24 -0400] "GET /?n=6297932046803&channel=45118e&from=article.php%3Fid%3D320468-14198%26name%3DKanaaN+HDMI+Splitter+1+in+2+out HTTP/1.1" 301 0 "-" "Mozilla/5.0 (Linux; Android 6.0.1; Nexus 5X Build/MMB29P) AppleWebKit/537.36 (KHTML, like Gecko) Chrome/137.0.7151.103 Mobile Safari/537.36 (compatible; Googlebot/2.1; +http://www.google.com/bot.html)"
113.169.44.111 - - [05/Jul/2025:12:07:25 -0400] "POST /wp-login.php HTTP/1.1" 302 0 "-" "Mozilla/5.0 (Macintosh; Intel Mac OS X 10_15_7) AppleWebKit/537.36 (KHTML, like Gecko) Chrome/108.0.0.0 YaBrowser/23.1.2.980 Yowser/2.5 Safari/537.36"
113.169.44.111 - - [05/Jul/2025:12:07:29 -0400] "GET /wp-login.php?redirect_to=https%3A%2F%2Ffnf.group%2Fwp-admin%2F&action=confirm_admin_email&wp_lang=en_US HTTP/1.1" 200 3817 "-" "Mozilla/5.0 (Macintosh; Intel Mac OS X 10_15_7) AppleWebKit/537.36 (KHTML, like Gecko) Chrome/108.0.0.0 YaBrowser/23.1.2.980 Yowser/2.5 Safari/537.36"
192.178.6.101 - - [05/Jul/2025:12:07:27 -0400] "GET /?n=6297932046803&channel=45118e&from=article.php%3Fid%3D320468-14198%26name%3DKanaaN%20HDMI%20Splitter%201%20in%202%20out HTTP/1.1" 200 29622 "-" "Mozilla/5.0 (Linux; Android 6.0.1; Nexus 5X Build/MMB29P) AppleWebKit/537.36 (KHTML, like Gecko) Chrome/137.0.7151.103 Mobile Safari/537.36 (compatible; Googlebot/2.1; +http://www.google.com/bot.html)"
113.169.44.111 - - [05/Jul/2025:12:07:34 -0400] "GET /wp-login.php?redirect_to=https://fnf.group/wp-admin/&action=confirm_admin_email&remind_me_later=0e30e4703c HTTP/1.1" 302 0 "-" "Mozilla/5.0 (Macintosh; Intel Mac OS X 10_15_7) AppleWebKit/537.36 (KHTML, like Gecko) Chrome/108.0.0.0 YaBrowser/23.1.2.980 Yowser/2.5 Safari/537.36"
113.169.44.111 - - [05/Jul/2025:12:07:37 -0400] "GET /wp-login.php HTTP/1.1" 200 3904 "-" "Mozilla/5.0 (Macintosh; Intel Mac OS X 10_15_7) AppleWebKit/537.36 (KHTML, like Gecko) Chrome/108.0.0.0 YaBrowser/23.1.2.980 Yowser/2.5 Safari/537.36"
113.169.44.111 - - [05/Jul/2025:12:07:40 -0400] "GET /wp-admin/post-new.php HTTP/1.1" 200 0 "-" "Mozilla/5.0 (Macintosh; Intel Mac OS X 10_15_7) AppleWebKit/537.36 (KHTML, like Gecko) Chrome/108.0.0.0 YaBrowser/23.1.2.980 Yowser/2.5 Safari/537.36"
63.250.38.117 - - [05/Jul/2025:12:08:07 -0400] "POST /wp-cron.php?doing_wp_cron=1751731686.7773549556732177734375 HTTP/1.1" 403 1242 "-" "WordPress/6.8.1; https://fnf.group"
57.141.0.21 - - [05/Jul/2025:12:08:04 -0400] "GET /category/featured/page/2/ HTTP/1.1" 200 15525 "-" "meta-externalagent/1.1 (+https://developers.facebook.com/docs/sharing/webmasters/crawler)"
103.232.247.50 - - [05/Jul/2025:12:08:28 -0400] "POST /xmlrpc.php HTTP/1.1" 403 1242 "-" "python-requests/2.28.1"
103.232.247.50 - - [05/Jul/2025:12:08:30 -0400] "GET /wp-login.php HTTP/1.1" 200 3798 "-" "Mozilla/5.0 (Macintosh; Intel Mac OS X 10_15_7) AppleWebKit/537.36 (KHTML, like Gecko) Chrome/108.0.0.0 YaBrowser/23.1.2.980 Yowser/2.5 Safari/537.36"
103.232.247.50 - - [05/Jul/2025:12:08:33 -0400] "POST /wp-login.php HTTP/1.1" 302 0 "-" "Mozilla/5.0 (Macintosh; Intel Mac OS X 10_15_7) AppleWebKit/537.36 (KHTML, like Gecko) Chrome/108.0.0.0 YaBrowser/23.1.2.980 Yowser/2.5 Safari/537.36"
103.232.247.50 - - [05/Jul/2025:12:08:35 -0400] "GET /wp-login.php?redirect_to=https%3A%2F%2Ffnf.group%2Fwp-admin%2F&action=confirm_admin_email&wp_lang=en_US HTTP/1.1" 200 3818 "-" "Mozilla/5.0 (Macintosh; Intel Mac OS X 10_15_7) AppleWebKit/537.36 (KHTML, like Gecko) Chrome/108.0.0.0 YaBrowser/23.1.2.980 Yowser/2.5 Safari/537.36"
103.232.247.50 - - [05/Jul/2025:12:08:36 -0400] "GET /wp-login.php?redirect_to=https://fnf.group/wp-admin/&action=confirm_admin_email&remind_me_later=16bd7916aa HTTP/1.1" 302 0 "-" "Mozilla/5.0 (Macintosh; Intel Mac OS X 10_15_7) AppleWebKit/537.36 (KHTML, like Gecko) Chrome/108.0.0.0 YaBrowser/23.1.2.980 Yowser/2.5 Safari/537.36"
103.232.247.50 - - [05/Jul/2025:12:08:37 -0400] "GET /wp-login.php HTTP/1.1" 200 3906 "-" "Mozilla/5.0 (Macintosh; Intel Mac OS X 10_15_7) AppleWebKit/537.36 (KHTML, like Gecko) Chrome/108.0.0.0 YaBrowser/23.1.2.980 Yowser/2.5 Safari/537.36"
103.232.247.50 - - [05/Jul/2025:12:08:39 -0400] "GET /wp-admin/post-new.php HTTP/1.1" 200 273686 "-" "Mozilla/5.0 (Macintosh; Intel Mac OS X 10_15_7) AppleWebKit/537.36 (KHTML, like Gecko) Chrome/108.0.0.0 YaBrowser/23.1.2.980 Yowser/2.5 Safari/537.36"
103.232.247.50 - - [05/Jul/2025:12:08:46 -0400] "POST /wp-admin/post.php HTTP/1.1" 302 0 "-" "Mozilla/5.0 (Macintosh; Intel Mac OS X 10_15_7) AppleWebKit/537.36 (KHTML, like Gecko) Chrome/108.0.0.0 YaBrowser/23.1.2.980 Yowser/2.5 Safari/537.36"
103.232.247.50 - - [05/Jul/2025:12:08:48 -0400] "GET /wp-admin/post.php?post=11015&action=edit&message=1 HTTP/1.1" 200 286328 "-" "Mozilla/5.0 (Macintosh; Intel Mac OS X 10_15_7) AppleWebKit/537.36 (KHTML, like Gecko) Chrome/108.0.0.0 YaBrowser/23.1.2.980 Yowser/2.5 Safari/537.36"
207.32.150.84 - - [05/Jul/2025:12:08:55 -0400] "GET /wp-content/uploads/2021/03/FB_IMG_1616060684837.jpg HTTP/1.1" 200 66273 "https://www.google.com/" "Mozilla/5.0 (X11; Ubuntu; Linux x86_64; rv:72.0) Gecko/20100101 Firefox/72.0"
103.232.247.50 - - [05/Jul/2025:12:08:54 -0400] "GET /?p=11015 HTTP/1.1" 301 0 "-" "Mozilla/5.0 (Macintosh; Intel Mac OS X 10_15_7) AppleWebKit/537.36 (KHTML, like Gecko) Chrome/108.0.0.0 YaBrowser/23.1.2.980 Yowser/2.5 Safari/537.36"
103.232.247.50 - - [05/Jul/2025:12:08:56 -0400] "GET /2025/07/05/bets-company-i-on-the-internet-sports-betting-1xbet/ HTTP/1.1" 200 31892 "-" "Mozilla/5.0 (Macintosh; Intel Mac OS X 10_15_7) AppleWebKit/537.36 (KHTML, like Gecko) Chrome/108.0.0.0 YaBrowser/23.1.2.980 Yowser/2.5 Safari/537.36"
63.250.38.117 - - [05/Jul/2025:12:09:38 -0400] "POST /wp-cron.php?doing_wp_cron=1751731778.1065390110015869140625 HTTP/1.1" 403 1242 "-" "WordPress/6.8.1; https://fnf.group"
192.178.6.102 - - [05/Jul/2025:12:09:35 -0400] "GET /?n=6201996944101&channel=0c0910&from=form.php%3Fid%3D969441-11455%26name%3D%E3%82%B7%E3%83%AB%E3%83%90%E3%83%8B%E3%82%A2%E3%83%95%E3%82%A1%E3%83%9F%E3%83%AA%E3%83%BC%E3%82%AD%E3%83%A3%E3%83%B3%E3%83%87%E3%82%A3%E3%83%AF%E3%82%B4%E3%83%B3%E3%82%BB%E3%83%83%E3%83%88 HTTP/1.1" 200 29834 "-" "Mozilla/5.0 (Linux; Android 6.0.1; Nexus 5X Build/MMB29P) AppleWebKit/537.36 (KHTML, like Gecko) Chrome/137.0.7151.103 Mobile Safari/537.36 (compatible; Googlebot/2.1; +http://www.google.com/bot.html)"
47.82.60.53 - - [05/Jul/2025:12:09:47 -0400] "GET /2025/06/27/la-net-oficial-casa-de-apuestas-y-on-line-casino HTTP/1.1" 301 0 "https://fnf.group/2025/06/27/la-net-oficial-casa-de-apuestas-y-on-line-casino" "Mozilla/5.0 (Windows NT 10.0; Win64; x64) AppleWebKit/537.36 (KHTML, like Gecko) Chrome/114.0.0.0 Safari/537.36 Edg/114.0.1823.43"
47.82.60.53 - - [05/Jul/2025:12:09:50 -0400] "GET /2025/06/27/la-net-oficial-casa-de-apuestas-y-on-line-casino/ HTTP/1.1" 200 29524 "https://fnf.group/2025/06/27/la-net-oficial-casa-de-apuestas-y-on-line-casino" "Mozilla/5.0 (Windows NT 10.0; Win64; x64) AppleWebKit/537.36 (KHTML, like Gecko) Chrome/114.0.0.0 Safari/537.36 Edg/114.0.1823.43"
63.250.38.117 - - [05/Jul/2025:12:10:55 -0400] "POST /wp-cron.php?doing_wp_cron=1751731855.1796300411224365234375 HTTP/1.1" 403 1242 "-" "WordPress/6.8.1; https://fnf.group"
192.178.6.101 - - [05/Jul/2025:12:10:54 -0400] "GET /?n=63001138513505&channel=a5e56f&from=news.php%3Fid%3D1385135-10463%26name%3D%E3%83%96%E3%83%AC%E3%83%BC%E3%82%AD%E3%82%AC%E3%83%BC%E3%83%89+%E3%83%8F%E3%83%B3%E3%83%89%E3%83%AB%E3%82%AC%E3%83%BC%E3%83%89+For+B-M-W+S1000RR+S1000+RR+2019+2020+2021+2022+S10 HTTP/1.1" 301 0 "-" "Mozilla/5.0 (Linux; Android 6.0.1; Nexus 5X Build/MMB29P) AppleWebKit/537.36 (KHTML, like Gecko) Chrome/137.0.7151.103 Mobile Safari/537.36 (compatible; Googlebot/2.1; +http://www.google.com/bot.html)"
192.178.6.102 - - [05/Jul/2025:12:10:55 -0400] "GET /?n=63001138513505&channel=a5e56f&from=news.php%3Fid%3D1385135-10463%26name%3D%E3%83%96%E3%83%AC%E3%83%BC%E3%82%AD%E3%82%AC%E3%83%BC%E3%83%89%20%E3%83%8F%E3%83%B3%E3%83%89%E3%83%AB%E3%82%AC%E3%83%BC%E3%83%89%20For%20B-M-W%20S1000RR%20S1000%20RR%202019%202020%202021%202022%20S10 HTTP/1.1" 200 29828 "-" "Mozilla/5.0 (Linux; Android 6.0.1; Nexus 5X Build/MMB29P) AppleWebKit/537.36 (KHTML, like Gecko) Chrome/137.0.7151.103 Mobile Safari/537.36 (compatible; Googlebot/2.1; +http://www.google.com/bot.html)"
63.250.38.117 - - [05/Jul/2025:12:12:14 -0400] "POST /wp-cron.php?doing_wp_cron=1751731933.9826419353485107421875 HTTP/1.1" 403 1242 "-" "WordPress/6.8.1; https://fnf.group"
192.178.6.102 - - [05/Jul/2025:12:12:12 -0400] "GET /?n=8877996005700&channel=a7231d&from=blog.php%3Fid%3D960057-8619%26name%3D%E3%83%93%E3%83%B3%E3%83%86%E3%83%BC%E3%82%B8%E3%82%B7%E3%83%BC%E3%83%84%E3%80%80%E7%94%9F%E5%9C%B0%E3%80%80%E3%83%8F%E3%82%AE%E3%83%AC%E3%80%80%E3%83%9E%E3%82%AF%E3%83%89%E3%83%8A%E3%83%AB%E3%83%89%E7%B7%9A%E8%B7%AF%E6%9F%84%E3%80%80%E3%83%8F%E3%83%B3%E3%83%89%E3%83%A1%E3%82%A4%E3%83%89 HTTP/1.1" 200 29825 "-" "Mozilla/5.0 (Linux; Android 6.0.1; Nexus 5X Build/MMB29P) AppleWebKit/537.36 (KHTML, like Gecko) Chrome/137.0.7151.103 Mobile Safari/537.36 (compatible; Googlebot/2.1; +http://www.google.com/bot.html)"
182.160.122.178 - - [05/Jul/2025:12:12:21 -0400] "POST /xmlrpc.php HTTP/1.1" 403 1242 "-" "python-requests/2.28.1"
182.160.122.178 - - [05/Jul/2025:12:12:23 -0400] "GET /wp-login.php HTTP/1.1" 200 3798 "-" "Mozilla/5.0 (Macintosh; Intel Mac OS X 10_15_7) AppleWebKit/537.36 (KHTML, like Gecko) Chrome/108.0.0.0 YaBrowser/23.1.2.980 Yowser/2.5 Safari/537.36"
182.160.122.178 - - [05/Jul/2025:12:12:28 -0400] "POST /wp-login.php HTTP/1.1" 302 0 "-" "Mozilla/5.0 (Macintosh; Intel Mac OS X 10_15_7) AppleWebKit/537.36 (KHTML, like Gecko) Chrome/108.0.0.0 YaBrowser/23.1.2.980 Yowser/2.5 Safari/537.36"
182.160.122.178 - - [05/Jul/2025:12:12:31 -0400] "GET /wp-login.php?redirect_to=https%3A%2F%2Ffnf.group%2Fwp-admin%2F&action=confirm_admin_email&wp_lang=en_US HTTP/1.1" 200 3817 "-" "Mozilla/5.0 (Macintosh; Intel Mac OS X 10_15_7) AppleWebKit/537.36 (KHTML, like Gecko) Chrome/108.0.0.0 YaBrowser/23.1.2.980 Yowser/2.5 Safari/537.36"
182.160.122.178 - - [05/Jul/2025:12:12:33 -0400] "GET /wp-login.php?redirect_to=https://fnf.group/wp-admin/&action=confirm_admin_email&remind_me_later=8cd8110d2a HTTP/1.1" 302 0 "-" "Mozilla/5.0 (Macintosh; Intel Mac OS X 10_15_7) AppleWebKit/537.36 (KHTML, like Gecko) Chrome/108.0.0.0 YaBrowser/23.1.2.980 Yowser/2.5 Safari/537.36"
182.160.122.178 - - [05/Jul/2025:12:12:36 -0400] "GET /wp-login.php HTTP/1.1" 200 3904 "-" "Mozilla/5.0 (Macintosh; Intel Mac OS X 10_15_7) AppleWebKit/537.36 (KHTML, like Gecko) Chrome/108.0.0.0 YaBrowser/23.1.2.980 Yowser/2.5 Safari/537.36"
192.178.6.101 - - [05/Jul/2025:12:12:41 -0400] "GET /?n=8887479217801&channel=7eaa70&from=info.php%3Fid%3D792178-2849%26name%3DTOKYO2020+%E8%81%96%E7%81%AB%E3%83%AA%E3%83%AC%E3%83%BC%E3%80%90%E6%96%B0%E6%BD%9F%E3%80%91%E3%82%B3%E3%82%AB%E3%83%BB%E3%82%B3%E3%83%BC%E3%83%A9%E3%80%80%E3%83%9E%E3%83%95%E3%83%A9%E3%83%BC%E3%82%BF%E3%82%AA%E3%83%AB HTTP/1.1" 301 0 "-" "Mozilla/5.0 (Linux; Android 6.0.1; Nexus 5X Build/MMB29P) AppleWebKit/537.36 (KHTML, like Gecko) Chrome/137.0.7151.103 Mobile Safari/537.36 (compatible; Googlebot/2.1; +http://www.google.com/bot.html)"
182.160.122.178 - - [05/Jul/2025:12:12:39 -0400] "GET /wp-admin/post-new.php HTTP/1.1" 200 273928 "-" "Mozilla/5.0 (Macintosh; Intel Mac OS X 10_15_7) AppleWebKit/537.36 (KHTML, like Gecko) Chrome/108.0.0.0 YaBrowser/23.1.2.980 Yowser/2.5 Safari/537.36"
192.178.6.101 - - [05/Jul/2025:12:12:44 -0400] "GET /?n=8887479217801&channel=7eaa70&from=info.php%3Fid%3D792178-2849%26name%3DTOKYO2020%20%E8%81%96%E7%81%AB%E3%83%AA%E3%83%AC%E3%83%BC%E3%80%90%E6%96%B0%E6%BD%9F%E3%80%91%E3%82%B3%E3%82%AB%E3%83%BB%E3%82%B3%E3%83%BC%E3%83%A9%E3%80%80%E3%83%9E%E3%83%95%E3%83%A9%E3%83%BC%E3%82%BF%E3%82%AA%E3%83%AB HTTP/1.1" 200 29838 "-" "Mozilla/5.0 (Linux; Android 6.0.1; Nexus 5X Build/MMB29P) AppleWebKit/537.36 (KHTML, like Gecko) Chrome/137.0.7151.103 Mobile Safari/537.36 (compatible; Googlebot/2.1; +http://www.google.com/bot.html)"
182.160.122.178 - - [05/Jul/2025:12:12:58 -0400] "POST /wp-admin/post.php HTTP/1.1" 302 0 "-" "Mozilla/5.0 (Macintosh; Intel Mac OS X 10_15_7) AppleWebKit/537.36 (KHTML, like Gecko) Chrome/108.0.0.0 YaBrowser/23.1.2.980 Yowser/2.5 Safari/537.36"
182.160.122.178 - - [05/Jul/2025:12:13:01 -0400] "GET /wp-admin/post.php?post=11017&action=edit&message=1 HTTP/1.1" 200 285218 "-" "Mozilla/5.0 (Macintosh; Intel Mac OS X 10_15_7) AppleWebKit/537.36 (KHTML, like Gecko) Chrome/108.0.0.0 YaBrowser/23.1.2.980 Yowser/2.5 Safari/537.36"
182.160.122.178 - - [05/Jul/2025:12:13:10 -0400] "GET /?p=11017 HTTP/1.1" 301 0 "-" "Mozilla/5.0 (Macintosh; Intel Mac OS X 10_15_7) AppleWebKit/537.36 (KHTML, like Gecko) Chrome/108.0.0.0 YaBrowser/23.1.2.980 Yowser/2.5 Safari/537.36"
63.250.38.117 - - [05/Jul/2025:12:13:15 -0400] "POST /wp-cron.php?doing_wp_cron=1751731995.1855409145355224609375 HTTP/1.1" 403 1242 "-" "WordPress/6.8.1; https://fnf.group"
182.160.122.178 - - [05/Jul/2025:12:13:13 -0400] "GET /2025/07/05/1xbet-app-1xbet-mobile-i-1xbet-apk-indirin-android-apple-iphone-i-1xbet-com/ HTTP/1.1" 200 30830 "-" "Mozilla/5.0 (Macintosh; Intel Mac OS X 10_15_7) AppleWebKit/537.36 (KHTML, like Gecko) Chrome/108.0.0.0 YaBrowser/23.1.2.980 Yowser/2.5 Safari/537.36"
84.54.44.204 - - [05/Jul/2025:12:13:32 -0400] "GET /2021/03/21/fondant-orange-cake-by-chanda-arshad/ HTTP/1.1" 200 18763 "https://fnf.group/2021/03/21/fondant-orange-cake-by-chanda-arshad/#comment-29564" "Mozilla/5.0 (Windows NT 10.0; Win64; x64) AppleWebKit/537.36 (KHTML, like Gecko) Chrome/130.0.0.0 Safari/537.36"
84.54.44.204 - - [05/Jul/2025:12:13:34 -0400] "POST /wp-comments-post.php HTTP/1.1" 403 1242 "https://fnf.group/2021/03/21/fondant-orange-cake-by-chanda-arshad/#comment-29564" "Mozilla/5.0 (Windows NT 10.0; Win64; x64) AppleWebKit/537.36 (KHTML, like Gecko) Chrome/130.0.0.0 Safari/537.36"
47.82.60.20 - - [05/Jul/2025:12:13:47 -0400] "GET /2025/06/23/ofitsialnyi-sait-mostbet-mostbet-proem-v-lichnyi-kabinet HTTP/1.1" 301 0 "https://fnf.group/2025/06/23/ofitsialnyi-sait-mostbet-mostbet-proem-v-lichnyi-kabinet" "Mozilla/5.0 (Windows NT 10.0; Win64; x64) AppleWebKit/537.36 (KHTML, like Gecko) Chrome/114.0.0.0 Safari/537.36 Edg/114.0.1823.43"
47.82.60.20 - - [05/Jul/2025:12:13:49 -0400] "GET /2025/06/23/ofitsialnyi-sait-mostbet-mostbet-proem-v-lichnyi-kabinet/ HTTP/1.1" 200 29602 "https://fnf.group/2025/06/23/ofitsialnyi-sait-mostbet-mostbet-proem-v-lichnyi-kabinet" "Mozilla/5.0 (Windows NT 10.0; Win64; x64) AppleWebKit/537.36 (KHTML, like Gecko) Chrome/114.0.0.0 Safari/537.36 Edg/114.0.1823.43"
63.250.38.117 - - [05/Jul/2025:12:15:16 -0400] "POST /wp-cron.php?doing_wp_cron=1751732116.6824419498443603515625 HTTP/1.1" 403 1242 "-" "WordPress/6.8.1; https://fnf.group"
2a03:2880:f800:: - - [05/Jul/2025:12:15:13 -0400] "GET /tag/recipe/ HTTP/1.1" 200 15186 "-" "meta-externalagent/1.1 (+https://developers.facebook.com/docs/sharing/webmasters/crawler)"
192.178.6.102 - - [05/Jul/2025:12:15:37 -0400] "GET /?n=69236175817703&channel=f3bace&from=article.php%3Fid%3D1758177-5242%26name%3D%E3%83%A9%E3%83%A0%E3%83%AD%E3%83%BC%E3%83%AB%E3%83%9E%E3%83%8B%E3%83%A5%E3%82%A2%E3%83%AB%E3%82%B9%E3%83%A9%E3%82%A4%E3%82%B5%E3%83%BC%E3%80%81%E3%82%B9%E3%83%86%E3%83%B3%E3%83%AC%E3%82%B9%E9%8B%BC%E3%81%AE%E9%A3%9F%E5%93%81%E3%82%AB%E3%83%83%E3%82%BF%E3%83%BC%E3%80%81%E5%8E%9A%E3%81%95%E8%AA%BF%E6%95%B4%E5%8F%AF%E8%83%BD%E3%81%AA%E5%86%B7%E5%87%8D%E8%82%89%E3%82%AB%E3%83%83%E3%82%BF%E3%83%BC%E3%80%81%E6%BB%91%E3%82%8A%E6%AD%A2%E3%82%81%E3%83%8F%E3%83%B3%E3%83%89%E3%83%AB%E3%81%A8%E4%B8%8B%E9%83%A8%E3%81%AE%E8%B6%B3%E3%80%81%E3%83%9B%E3%83%83%E3%83%88%E3%83%9D%E3%83%83%E3%83%88%E3%81%AB HTTP/1.1" 200 29740 "-" "Mozilla/5.0 (Linux; Android 6.0.1; Nexus 5X Build/MMB29P) AppleWebKit/537.36 (KHTML, like Gecko) Chrome/137.0.7151.103 Mobile Safari/537.36 (compatible; Googlebot/2.1; +http://www.google.com/bot.html)"
66.96.183.36 - - [05/Jul/2025:12:17:40 -0400] "POST /xmlrpc.php HTTP/1.1" 403 1242 "-" "Mozilla/5.0 (Windows NT 10.0; Win64; x64; rv:62.0) Gecko/20100101 Firefox/62.0"
47.251.116.156 - - [05/Jul/2025:12:17:44 -0400] "POST /xmlrpc.php HTTP/1.1" 403 1242 "-" "Mozilla/5.0 (Windows NT 10.0; Win64; x64) AppleWebKit/537.36 (KHTML, like Gecko) Chrome/80.0.3987.163 Safari/537.36"
85.95.241.18 - - [05/Jul/2025:12:17:46 -0400] "POST /xmlrpc.php HTTP/1.1" 403 1242 "-" "Mozilla/5.0 (Windows NT 6.1; WOW64; rv:38.0) Gecko/20100101 Firefox/38.0"
192.210.144.233 - - [05/Jul/2025:12:17:49 -0400] "POST /xmlrpc.php HTTP/1.1" 403 1242 "-" "Mozilla/5.0 (Windows NT 10.0; Win64; x64) AppleWebKit/537.36 (KHTML, like Gecko) Chrome/74.0.3729.157 Safari/537.36"
35.203.125.158 - - [05/Jul/2025:12:17:52 -0400] "POST /xmlrpc.php HTTP/1.1" 403 1242 "-" "Mozilla/5.0 (Windows NT 6.2; Win64; x64) AppleWebKit/537.36 (KHTML, like Gecko) Chrome/60.0.3112.90 Safari/537.36"
63.250.38.117 - - [05/Jul/2025:12:17:53 -0400] "POST /wp-cron.php?doing_wp_cron=1751732273.3759360313415527343750 HTTP/1.1" 403 1242 "-" "WordPress/6.8.1; https://fnf.group"
192.178.6.100 - - [05/Jul/2025:12:17:46 -0400] "GET /?n=60079194498302&channel=a23d31&from=news.php%3Fid%3D1944983-11448%26name%3D%E6%9C%A8%E5%B7%A5%E7%94%A8%E3%80%80%E9%9B%BB%E5%8B%95%E3%83%88%E3%83%AA%E3%83%9E%E3%83%BC%E3%80%80%E3%80%80%E9%9D%A2%E5%8F%96%E3%82%8A%E3%80%80%E6%9C%AA%E4%BD%BF%E7%94%A8%E5%93%81+DIY HTTP/1.1" 301 0 "-" "Mozilla/5.0 (Linux; Android 6.0.1; Nexus 5X Build/MMB29P) AppleWebKit/537.36 (KHTML, like Gecko) Chrome/137.0.7151.103 Mobile Safari/537.36 (compatible; Googlebot/2.1; +http://www.google.com/bot.html)"
31.154.176.230 - - [05/Jul/2025:12:17:55 -0400] "POST /xmlrpc.php HTTP/1.1" 403 1242 "-" "Mozilla/5.0 (Windows NT 6.1; WOW64; rv:41.0) Gecko/20100101 Firefox/41.0"
192.178.6.100 - - [05/Jul/2025:12:17:53 -0400] "GET /?n=60079194498302&channel=a23d31&from=news.php%3Fid%3D1944983-11448%26name%3D%E6%9C%A8%E5%B7%A5%E7%94%A8%E3%80%80%E9%9B%BB%E5%8B%95%E3%83%88%E3%83%AA%E3%83%9E%E3%83%BC%E3%80%80%E3%80%80%E9%9D%A2%E5%8F%96%E3%82%8A%E3%80%80%E6%9C%AA%E4%BD%BF%E7%94%A8%E5%93%81%20DIY HTTP/1.1" 200 29743 "-" "Mozilla/5.0 (Linux; Android 6.0.1; Nexus 5X Build/MMB29P) AppleWebKit/537.36 (KHTML, like Gecko) Chrome/137.0.7151.103 Mobile Safari/537.36 (compatible; Googlebot/2.1; +http://www.google.com/bot.html)"
47.243.239.28 - - [05/Jul/2025:12:18:01 -0400] "POST /xmlrpc.php HTTP/1.1" 403 1242 "-" "Mozilla/5.0 (Windows NT 10.0; Win64; x64) AppleWebKit/537.36 (KHTML, like Gecko) Chrome/64.0.3282.186 Safari/537.36"
34.168.56.111 - - [05/Jul/2025:12:18:04 -0400] "POST /xmlrpc.php HTTP/1.1" 403 1242 "-" "Mozilla/5.0 (Windows NT 10.0; Win64; x64) AppleWebKit/537.36 (KHTML, like Gecko) Chrome/68.0.3440.106 Safari/537.36"
47.98.113.20 - - [05/Jul/2025:12:18:08 -0400] "POST /xmlrpc.php HTTP/1.1" 403 1242 "-" "Mozilla/5.0 (Linux; Android 10; SM-N960U) AppleWebKit/537.36 (KHTML, like Gecko) Chrome/91.0.4472.114 Mobile Safari/537.36"
76.167.231.121 - - [05/Jul/2025:12:18:14 -0400] "POST /xmlrpc.php HTTP/1.1" 403 1242 "-" "Mozilla/5.0 (Windows NT 6.1; WOW64; rv:43.0) Gecko/20100101 Firefox/43.0"
137.74.118.179 - - [05/Jul/2025:12:18:17 -0400] "POST /xmlrpc.php HTTP/1.1" 403 1242 "-" "Mozilla/5.0 (Windows NT 10.0; Win64; x64) AppleWebKit/537.36 (KHTML, like Gecko) Chrome/72.0.3626.121 Safari/537.36"
192.178.6.100 - - [05/Jul/2025:12:18:16 -0400] "GET /?n=38010150114103&channel=595326&from=article.php%3Fid%3D1501141-4095%26name%3D%E8%B5%B0%E8%A1%8C%E8%B7%9D%E9%9B%A2%E8%A8%88+%E3%82%AA%E3%83%BC%E3%83%88%E3%83%90%E3%82%A4%E3%83%87%E3%82%B8%E3%82%BF%E3%83%AB%E8%B5%B0%E8%A1%8C%E8%B7%9D%E9%9B%A2%E8%A8%88%E3%82%B9%E3%83%94%E3%83%BC%E3%83%89%E3%83%A1%E3%83%BC%E3%82%BF%E3%83%BC%E3%82%BF%E3%82%B3%E3%83%A1%E3%83%BC%E3%82%BF%E3%83%BCKMH+MPH+14000RPM%E3%82%AE%E3%82%A2%E6%B1%9A%E3%82%8C%E3%83%A2%E3%83%90%E3%82%A4%E3%82%AF1%2C2%2C4%E3%82%B7%E3%83%AA%E3%83%B3 HTTP/1.1" 301 0 "-" "Mozilla/5.0 (Linux; Android 6.0.1; Nexus 5X Build/MMB29P) AppleWebKit/537.36 (KHTML, like Gecko) Chrome/137.0.7151.103 Mobile Safari/537.36 (compatible; Googlebot/2.1; +http://www.google.com/bot.html)"
192.178.6.102 - - [05/Jul/2025:12:18:19 -0400] "GET /?n=38010150114103&channel=595326&from=article.php%3Fid%3D1501141-4095%26name%3D%E8%B5%B0%E8%A1%8C%E8%B7%9D%E9%9B%A2%E8%A8%88%20%E3%82%AA%E3%83%BC%E3%83%88%E3%83%90%E3%82%A4%E3%83%87%E3%82%B8%E3%82%BF%E3%83%AB%E8%B5%B0%E8%A1%8C%E8%B7%9D%E9%9B%A2%E8%A8%88%E3%82%B9%E3%83%94%E3%83%BC%E3%83%89%E3%83%A1%E3%83%BC%E3%82%BF%E3%83%BC%E3%82%BF%E3%82%B3%E3%83%A1%E3%83%BC%E3%82%BF%E3%83%BCKMH%20MPH%2014000RPM%E3%82%AE%E3%82%A2%E6%B1%9A%E3%82%8C%E3%83%A2%E3%83%90%E3%82%A4%E3%82%AF1%2C2%2C4%E3%82%B7%E3%83%AA%E3%83%B3 HTTP/1.1" 200 29743 "-" "Mozilla/5.0 (Linux; Android 6.0.1; Nexus 5X Build/MMB29P) AppleWebKit/537.36 (KHTML, like Gecko) Chrome/137.0.7151.103 Mobile Safari/537.36 (compatible; Googlebot/2.1; +http://www.google.com/bot.html)"
63.250.38.117 - - [05/Jul/2025:12:19:37 -0400] "POST /wp-cron.php?doing_wp_cron=1751732376.9849910736083984375000 HTTP/1.1" 403 1242 "-" "WordPress/6.8.1; https://fnf.group"
192.178.6.100 - - [05/Jul/2025:12:19:34 -0400] "GET /?n=60479190324200&channel=fc6907&from=news.php%3Fid%3D1903242-7132%26name%3D%EF%BC%A1550%E5%89%8D%E3%83%86%E3%82%AB%E3%83%86%E3%82%AB%E3%83%90%E3%83%83%E3%82%AF%E3%82%B7%E3%83%BC%E3%82%B9%E3%83%AB%E3%83%BC%E3%82%B7%E3%83%A7%E3%83%BC%E3%83%84%E8%84%87%E3%83%8F%E3%83%BC%E3%83%88%E3%83%AA%E3%83%B3%E3%82%AF%E4%BB%98%E3%81%8D%E3%81%A1%E3%82%87%E3%81%84%E3%83%87%E3%82%AB+%E3%83%96%E3%83%A9%E3%83%83%E3%82%AF HTTP/1.1" 301 0 "-" "Mozilla/5.0 (Linux; Android 6.0.1; Nexus 5X Build/MMB29P) AppleWebKit/537.36 (KHTML, like Gecko) Chrome/137.0.7151.103 Mobile Safari/537.36 (compatible; Googlebot/2.1; +http://www.google.com/bot.html)"
192.178.6.102 - - [05/Jul/2025:12:19:37 -0400] "GET /?n=60479190324200&channel=fc6907&from=news.php%3Fid%3D1903242-7132%26name%3D%EF%BC%A1550%E5%89%8D%E3%83%86%E3%82%AB%E3%83%86%E3%82%AB%E3%83%90%E3%83%83%E3%82%AF%E3%82%B7%E3%83%BC%E3%82%B9%E3%83%AB%E3%83%BC%E3%82%B7%E3%83%A7%E3%83%BC%E3%83%84%E8%84%87%E3%83%8F%E3%83%BC%E3%83%88%E3%83%AA%E3%83%B3%E3%82%AF%E4%BB%98%E3%81%8D%E3%81%A1%E3%82%87%E3%81%84%E3%83%87%E3%82%AB%20%E3%83%96%E3%83%A9%E3%83%83%E3%82%AF HTTP/1.1" 200 29740 "-" "Mozilla/5.0 (Linux; Android 6.0.1; Nexus 5X Build/MMB29P) AppleWebKit/537.36 (KHTML, like Gecko) Chrome/137.0.7151.103 Mobile Safari/537.36 (compatible; Googlebot/2.1; +http://www.google.com/bot.html)"
2a0a:4cc0:c0:6444:48b4:c8ff:fea6:ae8d - - [05/Jul/2025:12:19:54 -0400] "POST /xmlrpc.php HTTP/1.1" 403 1242 "https://fnf.group" "Mozilla/5.0 (Windows NT 10.0; Win64; x64; rv:128.0) Gecko/20100101 Firefox/128.0"
2a0a:4cc0:c0:6444:48b4:c8ff:fea6:ae8d - - [05/Jul/2025:12:19:55 -0400] "POST /wp-login.php HTTP/1.1" 200 3952 "https://fnf.group" "Mozilla/5.0 (Macintosh; Intel Mac OS X 14.3) AppleWebKit/614.31.14 (KHTML, like Gecko) Version/17.0.96 Safari/614.31.14"
35.206.127.113 - - [05/Jul/2025:12:20:01 -0400] "HEAD / HTTP/1.1" 200 0 "-" "scalaj-http/2.4.2"
192.178.6.100 - - [05/Jul/2025:12:20:04 -0400] "GET /?n=96887154259808&channel=1f0732&from=pin.php%3Fid%3D1542598-17387%26name%3D%E3%82%AE%E3%82%BF%E3%83%BC%E3%83%8F%E3%83%B3%E3%82%AC%E3%83%BC%E3%82%A6%E3%82%AF%E3%83%AC%E3%83%AC%E3%82%B9%E3%82%A6%E3%82%A9%E3%83%BC%E3%83%AB%E3%83%9E%E3%82%A6%E3%83%B3%E3%83%88%E3%82%AE%E3%82%BF%E3%83%BC%E3%82%A6%E3%82%A9%E3%83%BC%E3%83%AB%E3%83%9E%E3%82%A6%E3%83%B3%E3%83%88%E3%83%9B%E3%83%BC%E3%83%A0%E3%81%8A%E3%82%88%E3%81%B3%E3%82%B9%E3%82%BF%E3%82%B8%E3%82%AA%E3%82%A8%E3%83%AC%E3%82%AF%E3%83%88%E3%83%AA%E3%83%83%E3%82%AF%E3%82%AE%E3%82%BF%E3%83%BC%E3%83%A9%E3%83%83%E3%82%AF%E3%82%AE%E3%82%BF%E3%83%BC%E3%82%A6%E3%82%A9%E3%83%BC%E3%83%AB%E3%83%8F%E3%83%B3%E3%82%AC%E3%83%BC HTTP/1.1" 200 29746 "-" "Mozilla/5.0 (Linux; Android 6.0.1; Nexus 5X Build/MMB29P) AppleWebKit/537.36 (KHTML, like Gecko) Chrome/137.0.7151.103 Mobile Safari/537.36 (compatible; Googlebot/2.1; +http://www.google.com/bot.html)"
35.206.127.113 - - [05/Jul/2025:12:20:06 -0400] "GET / HTTP/1.1" 200 29743 "-" "Buck/2.4.5; (+https://app.hypefactors.com/media-monitoring/about.html)"
192.178.6.100 - - [05/Jul/2025:12:20:15 -0400] "GET /wp-content/themes/salient/js/build/priority.js?ver=15.1.0 HTTP/1.1" 304 0 "https://fnf.group/?n=96887154259808&channel=1f0732&from=pin.php%3Fid%3D1542598-17387%26name%3D%E3%82%AE%E3%82%BF%E3%83%BC%E3%83%8F%E3%83%B3%E3%82%AC%E3%83%BC%E3%82%A6%E3%82%AF%E3%83%AC%E3%83%AC%E3%82%B9%E3%82%A6%E3%82%A9%E3%83%BC%E3%83%AB%E3%83%9E%E3%82%A6%E3%83%B3%E3%83%88%E3%82%AE%E3%82%BF%E3%83%BC%E3%82%A6%E3%82%A9%E3%83%BC%E3%83%AB%E3%83%9E%E3%82%A6%E3%83%B3%E3%83%88%E3%83%9B%E3%83%BC%E3%83%A0%E3%81%8A%E3%82%88%E3%81%B3%E3%82%B9%E3%82%BF%E3%82%B8%E3%82%AA%E3%82%A8%E3%83%AC%E3%82%AF%E3%83%88%E3%83%AA%E3%83%83%E3%82%AF%E3%82%AE%E3%82%BF%E3%83%BC%E3%83%A9%E3%83%83%E3%82%AF%E3%82%AE%E3%82%BF%E3%83%BC%E3%82%A6%E3%82%A9%E3%83%BC%E3%83%AB%E3%83%8F%E3%83%B3%E3%82%AC%E3%83%BC" "Mozilla/5.0 (Linux; Android 6.0.1; Nexus 5X Build/MMB29P) AppleWebKit/537.36 (KHTML, like Gecko) Chrome/137.0.7151.119 Mobile Safari/537.36 (compatible; Googlebot/2.1; +http://www.google.com/bot.html)"
192.178.6.100 - - [05/Jul/2025:12:20:33 -0400] "GET /?n=7759777361605&channel=97f7b1&from=category-info.php%3Fid%3D773616-8380%26name%3D%E3%83%95%E3%82%A9%E3%83%BC%E3%83%89+%E3%83%95%E3%82%A3%E3%82%A8%E3%82%B9%E3%82%BF+MK6+2008-2012+%E3%82%AB%E3%83%BC%E3%83%9C%E3%83%B3%E3%83%95%E3%82%A1%E3%82%A4%E3%83%90%E3%83%BC+%E3%83%95%E3%83%AD%E3%83%B3%E3%83%88%E3%83%98%E3%83%83%E3%83%89%E3%83%A9%E3%82%A4%E3%83%88%E3%82%AB%E3%83%90%E3%83%BC+%E3%83%98%E3%83%83%E3%83%89%E3%83%A9%E3%82%A4%E3%83%88%E3%83%A9%E3%83%B3%E3%83%97+%E3%82%A2%E3%82%A4%E3%83%AA%E3%83%83%E3%83%89+%E3%82%A2 HTTP/1.1" 301 0 "-" "Mozilla/5.0 (Linux; Android 6.0.1; Nexus 5X Build/MMB29P) AppleWebKit/537.36 (KHTML, like Gecko) Chrome/137.0.7151.103 Mobile Safari/537.36 (compatible; Googlebot/2.1; +http://www.google.com/bot.html)"
192.178.6.100 - - [05/Jul/2025:12:20:35 -0400] "GET /?n=7759777361605&channel=97f7b1&from=category-info.php%3Fid%3D773616-8380%26name%3D%E3%83%95%E3%82%A9%E3%83%BC%E3%83%89%20%E3%83%95%E3%82%A3%E3%82%A8%E3%82%B9%E3%82%BF%20MK6%202008-2012%20%E3%82%AB%E3%83%BC%E3%83%9C%E3%83%B3%E3%83%95%E3%82%A1%E3%82%A4%E3%83%90%E3%83%BC%20%E3%83%95%E3%83%AD%E3%83%B3%E3%83%88%E3%83%98%E3%83%83%E3%83%89%E3%83%A9%E3%82%A4%E3%83%88%E3%82%AB%E3%83%90%E3%83%BC%20%E3%83%98%E3%83%83%E3%83%89%E3%83%A9%E3%82%A4%E3%83%88%E3%83%A9%E3%83%B3%E3%83%97%20%E3%82%A2%E3%82%A4%E3%83%AA%E3%83%83%E3%83%89%20%E3%82%A2 HTTP/1.1" 200 29740 "-" "Mozilla/5.0 (Linux; Android 6.0.1; Nexus 5X Build/MMB29P) AppleWebKit/537.36 (KHTML, like Gecko) Chrome/137.0.7151.103 Mobile Safari/537.36 (compatible; Googlebot/2.1; +http://www.google.com/bot.html)"
63.250.38.117 - - [05/Jul/2025:12:20:55 -0400] "POST /wp-cron.php?doing_wp_cron=1751732455.0715579986572265625000 HTTP/1.1" 403 1242 "-" "WordPress/6.8.1; https://fnf.group"
35.206.127.113 - - [05/Jul/2025:12:20:52 -0400] "GET /feed/ HTTP/1.1" 200 82403 "-" "Buck/2.4.5; (+https://app.hypefactors.com/media-monitoring/about.html)"
35.206.127.113 - - [05/Jul/2025:12:20:57 -0400] "GET /wp-sitemap.xml HTTP/1.1" 301 0 "-" "Buck/2.4.5; (+https://app.hypefactors.com/media-monitoring/about.html)"
35.206.127.113 - - [05/Jul/2025:12:21:00 -0400] "GET /sitemap_index.xml HTTP/1.1" 200 492 "-" "Buck/2.4.5; (+https://app.hypefactors.com/media-monitoring/about.html)"
192.178.6.101 - - [05/Jul/2025:12:21:03 -0400] "GET /?n=7319694962803&channel=8aa285&from=blog.php%3Fid%3D949628-22516%26name%3D%E6%A5%AD%E5%8B%99%E7%94%A8%E9%9B%BB%E5%8B%95%E3%82%B9%E3%83%95%E3%83%AC%E3%83%9E%E3%82%B7%E3%83%B3%E3%80%81%E3%82%B9%E3%83%86%E3%83%B3%E3%83%AC%E3%82%B9%E3%82%B9%E3%83%81%E3%83%BC%E3%83%AB%E8%A3%BD%E3%83%8E%E3%83%B3%E3%82%B9%E3%83%86%E3%82%A3%E3%83%83%E3%82%AF%E3%82%B9%E3%83%95%E3%83%AC%E3%83%A1%E3%83%BC%E3%82%AB%E3%83%BC%E3%80%81%E3%82%BF%E3%82%A4%E3%83%9F%E3%83%B3%E3%82%B0%2F%E6%B8%A9%E5%BA%A6%E3%82%B3%E3%83%B3%E3%83%88%E3%83%AD%E3%83%BC%E3%83%AB%E4%BB%98%E3%81%8D%E3%80%81%E5%AE%B6%E5%BA%AD%E7%94%A8%2F%E3%83%99%E3%83%BC%E3%82%AB%E3%83%AA%E3%83%BC%2F%E3%82%B9%E3%83%8A HTTP/1.1" 200 29743 "-" "Mozilla/5.0 (Linux; Android 6.0.1; Nexus 5X Build/MMB29P) AppleWebKit/537.36 (KHTML, like Gecko) Chrome/137.0.7151.103 Mobile Safari/537.36 (compatible; Googlebot/2.1; +http://www.google.com/bot.html)"
35.206.127.113 - - [05/Jul/2025:12:21:03 -0400] "GET /post-sitemap.xml HTTP/1.1" 200 72559 "-" "Buck/2.4.5; (+https://app.hypefactors.com/media-monitoring/about.html)"
161.0.69.89 - - [05/Jul/2025:12:21:16 -0400] "GET /2025/07/02/online-casino-deutsche-lizenz-ggl-regulierte-casinos-2025/ HTTP/1.1" 200 28317 "-" "Mozilla/5.0 (Windows NT 10.0; Win64; x64) AppleWebKit/537.36 (KHTML, like Gecko) Chrome/132.0.0.0 Safari/537.36 OPR/117.0.0.0"
143.198.229.0 - - [05/Jul/2025:12:21:22 -0400] "GET /geju.php HTTP/1.1" 404 11505 "-" "Mozlila/5.0 (Linux; Android 7.0; SM-G892A Build/NRD90M; wv) AppleWebKit/537.36 (KHTML, like Gecko) Version/4.0 Chrome/60.0.3112.107 Mobile Safari/537.36"
143.198.229.0 - - [05/Jul/2025:12:21:25 -0400] "GET /wp-content/plugins/about.php HTTP/1.1" 404 11505 "-" "Mozlila/5.0 (Linux; Android 7.0; SM-G892A Build/NRD90M; wv) AppleWebKit/537.36 (KHTML, like Gecko) Version/4.0 Chrome/60.0.3112.107 Mobile Safari/537.36"
143.198.229.0 - - [05/Jul/2025:12:21:28 -0400] "GET /wp.php HTTP/1.1" 404 11505 "-" "Mozlila/5.0 (Linux; Android 7.0; SM-G892A Build/NRD90M; wv) AppleWebKit/537.36 (KHTML, like Gecko) Version/4.0 Chrome/60.0.3112.107 Mobile Safari/537.36"
143.198.229.0 - - [05/Jul/2025:12:21:32 -0400] "GET /hoot.php HTTP/1.1" 404 11506 "-" "Mozlila/5.0 (Linux; Android 7.0; SM-G892A Build/NRD90M; wv) AppleWebKit/537.36 (KHTML, like Gecko) Version/4.0 Chrome/60.0.3112.107 Mobile Safari/537.36"
192.178.6.100 - - [05/Jul/2025:12:21:33 -0400] "GET /?n=22722115521306&channel=1b3c8b&from=pin.php%3Fid%3D1155213-5016%26name%3D%E9%81%A9%E5%90%88+SYM+%E3%82%A8%E3%82%B9%E3%83%BB%E3%83%AF%E3%82%A4%E3%83%BB%E3%82%A8%E3%83%A0+DRG+BT+158+2019+2020+Scooter+%E3%82%B9%E3%82%AF%E3%83%BC%E3%82%BF%E3%83%BC+%E3%82%AB%E3%82%B9%E3%82%BF%E3%83%A0%E3%83%87%E3%82%AB%E3%83%BC%E3%83%AB+%E3%83%95%E3%83%AB%E3%82%AD%E3%83%83%E3%83%88 HTTP/1.1" 301 0 "-" "Mozilla/5.0 (Linux; Android 6.0.1; Nexus 5X Build/MMB29P) AppleWebKit/537.36 (KHTML, like Gecko) Chrome/137.0.7151.103 Mobile Safari/537.36 (compatible; Googlebot/2.1; +http://www.google.com/bot.html)"
35.206.127.113 - - [05/Jul/2025:12:21:35 -0400] "GET /2025/07/05/1xbet-app-1xbet-mobile-i-1xbet-apk-indirin-android-apple-iphone-i-1xbet-com/ HTTP/1.1" 200 26224 "-" "Buck/2.4.5; (+https://app.hypefactors.com/media-monitoring/about.html)"
143.198.229.0 - - [05/Jul/2025:12:21:39 -0400] "GET /about.php HTTP/1.1" 404 11505 "-" "Mozlila/5.0 (Linux; Android 7.0; SM-G892A Build/NRD90M; wv) AppleWebKit/537.36 (KHTML, like Gecko) Version/4.0 Chrome/60.0.3112.107 Mobile Safari/537.36"
192.178.6.100 - - [05/Jul/2025:12:21:38 -0400] "GET /?n=22722115521306&channel=1b3c8b&from=pin.php%3Fid%3D1155213-5016%26name%3D%E9%81%A9%E5%90%88%20SYM%20%E3%82%A8%E3%82%B9%E3%83%BB%E3%83%AF%E3%82%A4%E3%83%BB%E3%82%A8%E3%83%A0%20DRG%20BT%20158%202019%202020%20Scooter%20%E3%82%B9%E3%82%AF%E3%83%BC%E3%82%BF%E3%83%BC%20%E3%82%AB%E3%82%B9%E3%82%BF%E3%83%A0%E3%83%87%E3%82%AB%E3%83%BC%E3%83%AB%20%E3%83%95%E3%83%AB%E3%82%AD%E3%83%83%E3%83%88 HTTP/1.1" 200 29748 "-" "Mozilla/5.0 (Linux; Android 6.0.1; Nexus 5X Build/MMB29P) AppleWebKit/537.36 (KHTML, like Gecko) Chrome/137.0.7151.103 Mobile Safari/537.36 (compatible; Googlebot/2.1; +http://www.google.com/bot.html)"
143.198.229.0 - - [05/Jul/2025:12:21:47 -0400] "GET /admin.php HTTP/1.1" 404 11505 "-" "Mozlila/5.0 (Linux; Android 7.0; SM-G892A Build/NRD90M; wv) AppleWebKit/537.36 (KHTML, like Gecko) Version/4.0 Chrome/60.0.3112.107 Mobile Safari/537.36"
63.250.38.117 - - [05/Jul/2025:12:22:11 -0400] "POST /wp-cron.php?doing_wp_cron=1751732531.6459779739379882812500 HTTP/1.1" 403 1242 "-" "WordPress/6.8.1; https://fnf.group"
35.206.127.113 - - [05/Jul/2025:12:22:10 -0400] "GET /2025/07/05/bets-company-i-on-the-internet-sports-betting-1xbet/ HTTP/1.1" 200 27302 "-" "Buck/2.4.5; (+https://app.hypefactors.com/media-monitoring/about.html)"
103.3.206.26 - - [05/Jul/2025:12:22:27 -0400] "POST /xmlrpc.php HTTP/1.1" 403 1242 "-" "python-requests/2.28.1"
103.175.180.71 - - [05/Jul/2025:12:22:30 -0400] "GET /wp-login.php HTTP/1.1" 200 3798 "-" "Mozilla/5.0 (Macintosh; Intel Mac OS X 10_15_7) AppleWebKit/537.36 (KHTML, like Gecko) Chrome/108.0.0.0 YaBrowser/23.1.2.980 Yowser/2.5 Safari/537.36"
103.175.180.71 - - [05/Jul/2025:12:22:33 -0400] "POST /wp-login.php HTTP/1.1" 302 0 "-" "Mozilla/5.0 (Macintosh; Intel Mac OS X 10_15_7) AppleWebKit/537.36 (KHTML, like Gecko) Chrome/108.0.0.0 YaBrowser/23.1.2.980 Yowser/2.5 Safari/537.36"
103.175.180.71 - - [05/Jul/2025:12:22:37 -0400] "GET /wp-login.php?redirect_to=https%3A%2F%2Ffnf.group%2Fwp-admin%2F&action=confirm_admin_email&wp_lang=en_US HTTP/1.1" 200 3812 "-" "Mozilla/5.0 (Macintosh; Intel Mac OS X 10_15_7) AppleWebKit/537.36 (KHTML, like Gecko) Chrome/108.0.0.0 YaBrowser/23.1.2.980 Yowser/2.5 Safari/537.36"
35.206.127.113 - - [05/Jul/2025:12:22:36 -0400] "GET /2025/07/05/resenas-de-plinko-sobre-jugadores-mexicanos/ HTTP/1.1" 200 29662 "-" "Buck/2.4.5; (+https://app.hypefactors.com/media-monitoring/about.html)"
213.209.150.137 - - [05/Jul/2025:12:22:39 -0400] "POST /wp-login.php?action=register HTTP/1.1" 302 0 "-" "-"
103.175.180.71 - - [05/Jul/2025:12:22:43 -0400] "GET /wp-login.php?redirect_to=https://fnf.group/wp-admin/&action=confirm_admin_email&remind_me_later=f7a2c42702 HTTP/1.1" 302 0 "-" "Mozilla/5.0 (Macintosh; Intel Mac OS X 10_15_7) AppleWebKit/537.36 (KHTML, like Gecko) Chrome/108.0.0.0 YaBrowser/23.1.2.980 Yowser/2.5 Safari/537.36"
103.175.180.71 - - [05/Jul/2025:12:22:45 -0400] "GET /wp-login.php HTTP/1.1" 200 3904 "-" "Mozilla/5.0 (Macintosh; Intel Mac OS X 10_15_7) AppleWebKit/537.36 (KHTML, like Gecko) Chrome/108.0.0.0 YaBrowser/23.1.2.980 Yowser/2.5 Safari/537.36"
192.178.6.100 - - [05/Jul/2025:12:22:51 -0400] "GET /?n=1806570361504&channel=04dba3&from=blog.php%3Fid%3D703615-12603%26name%3D%E3%82%BF%E3%83%BC%E3%83%9C%E8%BB%8A%E7%94%A8%E3%82%A2%E3%82%AF%E3%83%81%E3%83%A5%E3%82%A8%E3%83%BC%E3%82%BF%E3%83%BC%E9%9B%BB%E5%AD%90%E3%82%BF%E3%83%BC%E3%83%93%E3%83%B3+%E3%81%A8%E4%BA%92%E6%8D%A2%E6%80%A7%E3%81%8C%E3%81%82%E3%82%8B+X1+X3+20D+E84+135Kw+184HP+N47D20+2012 HTTP/1.1" 301 0 "-" "Mozilla/5.0 (Linux; Android 6.0.1; Nexus 5X Build/MMB29P) AppleWebKit/537.36 (KHTML, like Gecko) Chrome/137.0.7151.103 Mobile Safari/537.36 (compatible; Googlebot/2.1; +http://www.google.com/bot.html)"
103.175.180.71 - - [05/Jul/2025:12:22:47 -0400] "GET /wp-admin/post-new.php HTTP/1.1" 200 273744 "-" "Mozilla/5.0 (Macintosh; Intel Mac OS X 10_15_7) AppleWebKit/537.36 (KHTML, like Gecko) Chrome/108.0.0.0 YaBrowser/23.1.2.980 Yowser/2.5 Safari/537.36"
213.209.150.137 - - [05/Jul/2025:12:22:51 -0400] "POST /wp-login.php?action=register HTTP/1.1" 302 0 "-" "-"
192.178.6.101 - - [05/Jul/2025:12:22:54 -0400] "GET /?n=1806570361504&channel=04dba3&from=blog.php%3Fid%3D703615-12603%26name%3D%E3%82%BF%E3%83%BC%E3%83%9C%E8%BB%8A%E7%94%A8%E3%82%A2%E3%82%AF%E3%83%81%E3%83%A5%E3%82%A8%E3%83%BC%E3%82%BF%E3%83%BC%E9%9B%BB%E5%AD%90%E3%82%BF%E3%83%BC%E3%83%93%E3%83%B3%20%E3%81%A8%E4%BA%92%E6%8D%A2%E6%80%A7%E3%81%8C%E3%81%82%E3%82%8B%20X1%20X3%2020D%20E84%20135Kw%20184HP%20N47D20%202012 HTTP/1.1" 200 29744 "-" "Mozilla/5.0 (Linux; Android 6.0.1; Nexus 5X Build/MMB29P) AppleWebKit/537.36 (KHTML, like Gecko) Chrome/137.0.7151.103 Mobile Safari/537.36 (compatible; Googlebot/2.1; +http://www.google.com/bot.html)"
103.175.180.71 - - [05/Jul/2025:12:22:58 -0400] "POST /wp-admin/post.php HTTP/1.1" 302 0 "-" "Mozilla/5.0 (Macintosh; Intel Mac OS X 10_15_7) AppleWebKit/537.36 (KHTML, like Gecko) Chrome/108.0.0.0 YaBrowser/23.1.2.980 Yowser/2.5 Safari/537.36"
213.209.150.137 - - [05/Jul/2025:12:23:04 -0400] "POST /wp-login.php?action=register HTTP/1.1" 302 0 "-" "-"
63.250.38.117 - - [05/Jul/2025:12:23:13 -0400] "POST /wp-cron.php?doing_wp_cron=1751732592.6781330108642578125000 HTTP/1.1" 403 1242 "-" "WordPress/6.8.1; https://fnf.group"
35.206.127.113 - - [05/Jul/2025:12:23:06 -0400] "GET /2025/07/05/plinko-guide-med-modulator-och-tips-pa-casino-med-plinko/ HTTP/1.1" 200 24985 "-" "Buck/2.4.5; (+https://app.hypefactors.com/media-monitoring/about.html)"
103.175.180.71 - - [05/Jul/2025:12:23:07 -0400] "GET /wp-admin/post.php?post=11019&action=edit&message=1 HTTP/1.1" 200 289519 "-" "Mozilla/5.0 (Macintosh; Intel Mac OS X 10_15_7) AppleWebKit/537.36 (KHTML, like Gecko) Chrome/108.0.0.0 YaBrowser/23.1.2.980 Yowser/2.5 Safari/537.36"
213.209.150.137 - - [05/Jul/2025:12:23:16 -0400] "POST /wp-login.php?action=register HTTP/1.1" 302 0 "-" "-"
103.175.180.71 - - [05/Jul/2025:12:23:19 -0400] "GET /?p=11019 HTTP/1.1" 301 0 "-" "Mozilla/5.0 (Macintosh; Intel Mac OS X 10_15_7) AppleWebKit/537.36 (KHTML, like Gecko) Chrome/108.0.0.0 YaBrowser/23.1.2.980 Yowser/2.5 Safari/537.36"
192.178.6.101 - - [05/Jul/2025:12:23:21 -0400] "GET /?n=98716135556302&channel=66c511&from=news.php%3Fid%3D1355563-1376%26name%3D%E3%83%A6%E3%83%8B%E3%82%AB+%EF%BC%A5%EF%BC%B3%E3%82%B3%E3%82%A2%E3%83%89%E3%83%AA%E3%83%AB%E6%8C%AF%E5%8B%95%E7%94%A8%EF%BC%93%EF%BC%92%EF%BD%8D%EF%BD%8D%EF%BC%B3%EF%BC%A4%EF%BC%B3%E3%82%B7%E3%83%A3%E3%83%B3%E3%82%AF+ES-V32SDS HTTP/1.1" 301 0 "-" "Mozilla/5.0 (Linux; Android 6.0.1; Nexus 5X Build/MMB29P) AppleWebKit/537.36 (KHTML, like Gecko) Chrome/137.0.7151.103 Mobile Safari/537.36 (compatible; Googlebot/2.1; +http://www.google.com/bot.html)"
192.178.6.101 - - [05/Jul/2025:12:23:23 -0400] "GET /?n=98716135556302&channel=66c511&from=news.php%3Fid%3D1355563-1376%26name%3D%E3%83%A6%E3%83%8B%E3%82%AB%20%EF%BC%A5%EF%BC%B3%E3%82%B3%E3%82%A2%E3%83%89%E3%83%AA%E3%83%AB%E6%8C%AF%E5%8B%95%E7%94%A8%EF%BC%93%EF%BC%92%EF%BD%8D%EF%BD%8D%EF%BC%B3%EF%BC%A4%EF%BC%B3%E3%82%B7%E3%83%A3%E3%83%B3%E3%82%AF%20ES-V32SDS HTTP/1.1" 200 29863 "-" "Mozilla/5.0 (Linux; Android 6.0.1; Nexus 5X Build/MMB29P) AppleWebKit/537.36 (KHTML, like Gecko) Chrome/137.0.7151.103 Mobile Safari/537.36 (compatible; Googlebot/2.1; +http://www.google.com/bot.html)"
103.175.180.71 - - [05/Jul/2025:12:23:24 -0400] "GET /2025/07/05/1vin-ofitsialnyi-sait-1win-bukmekerskaia-kontora/ HTTP/1.1" 200 35495 "-" "Mozilla/5.0 (Macintosh; Intel Mac OS X 10_15_7) AppleWebKit/537.36 (KHTML, like Gecko) Chrome/108.0.0.0 YaBrowser/23.1.2.980 Yowser/2.5 Safari/537.36"
213.209.150.137 - - [05/Jul/2025:12:23:27 -0400] "POST /wp-login.php?action=register HTTP/1.1" 302 0 "-" "-"
213.209.150.137 - - [05/Jul/2025:12:23:36 -0400] "POST /wp-login.php?action=register HTTP/1.1" 302 0 "-" "-"
213.209.150.137 - - [05/Jul/2025:12:23:46 -0400] "POST /wp-login.php?action=register HTTP/1.1" 302 0 "-" "-"
192.178.6.100 - - [05/Jul/2025:12:23:50 -0400] "GET /?n=24200134743604&channel=0d46eb&from=news.php%3Fid%3D1347436-15743%26name%3D%E8%80%90%E5%80%99%E6%80%A7%E3%82%AC%E3%82%BF%E3%83%BC%E3%83%9E%E3%82%A6%E3%83%B3%E3%83%88+%E5%B1%8B%E5%A4%96%E3%83%9E%E3%82%A6%E3%83%B3%E3%83%88%E3%82%A2%E3%82%AF%E3%82%BB%E3%82%B5%E3%83%AA%E3%83%BC+%E3%83%9C%E3%83%BC%E3%83%88%E7%94%A8%E3%82%B9%E3%82%BF%E3%83%B3%E3%83%89+%E5%A3%81%E3%82%AA%E3%83%95%E3%82%B0%E3%83%AA%E3%83%83%E3%83%89%E3%82%B7%E3%82%B9%E3%83%86%E3%83%A0%2C+%E9%BB%92 HTTP/1.1" 301 0 "-" "Mozilla/5.0 (Linux; Android 6.0.1; Nexus 5X Build/MMB29P) AppleWebKit/537.36 (KHTML, like Gecko) Chrome/137.0.7151.103 Mobile Safari/537.36 (compatible; Googlebot/2.1; +http://www.google.com/bot.html)"
35.206.127.113 - - [05/Jul/2025:12:23:54 -0400] "GET /2025/07/05/official-website-for-sports-betting-on-line-casino-in-bangladesh-2025/ HTTP/1.1" 200 27936 "-" "Buck/2.4.5; (+https://app.hypefactors.com/media-monitoring/about.html)"
192.178.6.100 - - [05/Jul/2025:12:23:54 -0400] "GET /?n=24200134743604&channel=0d46eb&from=news.php%3Fid%3D1347436-15743%26name%3D%E8%80%90%E5%80%99%E6%80%A7%E3%82%AC%E3%82%BF%E3%83%BC%E3%83%9E%E3%82%A6%E3%83%B3%E3%83%88%20%E5%B1%8B%E5%A4%96%E3%83%9E%E3%82%A6%E3%83%B3%E3%83%88%E3%82%A2%E3%82%AF%E3%82%BB%E3%82%B5%E3%83%AA%E3%83%BC%20%E3%83%9C%E3%83%BC%E3%83%88%E7%94%A8%E3%82%B9%E3%82%BF%E3%83%B3%E3%83%89%20%E5%A3%81%E3%82%AA%E3%83%95%E3%82%B0%E3%83%AA%E3%83%83%E3%83%89%E3%82%B7%E3%82%B9%E3%83%86%E3%83%A0%2C%20%E9%BB%92 HTTP/1.1" 200 29867 "-" "Mozilla/5.0 (Linux; Android 6.0.1; Nexus 5X Build/MMB29P) AppleWebKit/537.36 (KHTML, like Gecko) Chrome/137.0.7151.103 Mobile Safari/537.36 (compatible; Googlebot/2.1; +http://www.google.com/bot.html)"
213.209.150.137 - - [05/Jul/2025:12:23:56 -0400] "POST /wp-login.php?action=register HTTP/1.1" 302 0 "-" "-"
213.209.150.137 - - [05/Jul/2025:12:24:07 -0400] "POST /wp-login.php?action=register HTTP/1.1" 302 0 "-" "-"
