192.178.6.100 - - [05/Jul/2025:15:07:45 -0400] "GET /?n=4961530058403&channel=906ebd&from=jp.php%3Fid%3D300584-4517%26name%3DBE%40RBRICK+BAPE%28R%29+LEGACY+CAMO+SHARK+red HTTP/1.1" 301 0 "-" "Mozilla/5.0 (Linux; Android 6.0.1; Nexus 5X Build/MMB29P) AppleWebKit/537.36 (KHTML, like Gecko) Chrome/137.0.7151.103 Mobile Safari/537.36 (compatible; Googlebot/2.1; +http://www.google.com/bot.html)"
63.250.38.117 - - [05/Jul/2025:15:07:51 -0400] "POST /wp-cron.php?doing_wp_cron=1751742471.0724890232086181640625 HTTP/1.1" 403 1242 "-" "WordPress/6.8.1; https://fnf.group"
192.178.6.100 - - [05/Jul/2025:15:07:48 -0400] "GET /?n=4961530058403&channel=906ebd&from=jp.php%3Fid%3D300584-4517%26name%3DBE%40RBRICK%20BAPE%28R%29%20LEGACY%20CAMO%20SHARK%20red HTTP/1.1" 200 30568 "-" "Mozilla/5.0 (Linux; Android 6.0.1; Nexus 5X Build/MMB29P) AppleWebKit/537.36 (KHTML, like Gecko) Chrome/137.0.7151.103 Mobile Safari/537.36 (compatible; Googlebot/2.1; +http://www.google.com/bot.html)"
47.82.60.11 - - [05/Jul/2025:15:08:05 -0400] "GET /category/online-casino-au HTTP/1.1" 301 0 "https://fnf.group/category/online-casino-au" "Mozilla/5.0 (Windows NT 10.0; Win64; x64) AppleWebKit/537.36 (KHTML, like Gecko) Chrome/114.0.0.0 Safari/537.36 Edg/114.0.1823.43"
47.82.60.11 - - [05/Jul/2025:15:08:07 -0400] "GET /category/online-casino-au/ HTTP/1.1" 200 14454 "https://fnf.group/category/online-casino-au" "Mozilla/5.0 (Windows NT 10.0; Win64; x64) AppleWebKit/537.36 (KHTML, like Gecko) Chrome/114.0.0.0 Safari/537.36 Edg/114.0.1823.43"
2001:4ca0:108:42::24 - - [05/Jul/2025:15:08:28 -0400] "GET /robots.txt HTTP/1.1" 200 84 "-" "Mozilla/5.0 (Windows NT 10.0; Win64; x64) AppleWebKit/537.36 (KHTML, like Gecko) Chrome/103.0.5060.134 Safari/537.36"
63.250.38.117 - - [05/Jul/2025:15:09:20 -0400] "POST /wp-cron.php?doing_wp_cron=1751742560.7698779106140136718750 HTTP/1.1" 403 1242 "-" "WordPress/6.8.1; https://fnf.group"
43.166.131.228 - - [05/Jul/2025:15:09:17 -0400] "GET /charity/ HTTP/1.1" 200 13220 "-" "Mozilla/5.0 (iPhone; CPU iPhone OS 13_2_3 like Mac OS X) AppleWebKit/605.1.15 (KHTML, like Gecko) Version/13.0.3 Mobile/15E148 Safari/604.1"
192.178.6.101 - - [05/Jul/2025:15:09:21 -0400] "GET /?n=0830236464703&channel=0b9d4f&from=pin.php%3Fid%3D364647-1021%26name%3D%E3%83%90%E3%82%A4%E3%82%AF%E7%94%A8%E3%82%B5%E3%83%89%E3%83%AB%E3%83%90%E3%83%83%E3%82%B0+%E3%82%AA%E3%83%BC%E3%83%88%E3%83%90%E3%82%A4%E3%83%AC%E3%83%88%E3%83%AD%E3%82%B9%E3%82%A4%E3%83%B3%E3%82%B0%E3%82%A2%E3%83%BC%E3%83%A0%E3%83%90%E3%83%83%E3%82%B0%E9%98%B2%E6%B0%B4%E3%83%AC%E3%82%B6%E3%83%BC%E3%82%B5%E3%83%89%E3%83%AB%E3%83%90%E3%83%83%E3%82%B0%E3%82%B5%E3%82%A4%E3%83%89%E3%83%84%E3%83%BC%E3%83%AB%E3%83%90%E3%83%83%E3%82%B0%E3%82%B9%E3%83%9D%E3%83%BC%E3%83%84%E3%82%B9%E3%82%BF%E3%83%BC+883+1200 HTTP/1.1" 301 0 "-" "Mozilla/5.0 (Linux; Android 6.0.1; Nexus 5X Build/MMB29P) AppleWebKit/537.36 (KHTML, like Gecko) Chrome/137.0.7151.103 Mobile Safari/537.36 (compatible; Googlebot/2.1; +http://www.google.com/bot.html)"
192.178.6.102 - - [05/Jul/2025:15:09:21 -0400] "GET /?n=79168118021701&channel=11dc84&from=pin.php%3Fid%3D1180217-2457%26name%3D%E3%80%90%E3%82%AA%E3%83%BC%E3%82%AC%E3%83%A9%E3%83%B3%E3%83%89%E5%85%AC%E5%BC%8F%E3%80%91%E3%83%A4%E3%83%84%E3%83%A1%E3%82%A6%E3%83%8A%E3%82%AE%EF%BC%88%E7%B4%841%E3%83%B6%E6%9C%88%E5%88%86%EF%BC%89 HTTP/1.1" 200 30562 "-" "Mozilla/5.0 (Linux; Android 6.0.1; Nexus 5X Build/MMB29P) AppleWebKit/537.36 (KHTML, like Gecko) Chrome/137.0.7151.103 Mobile Safari/537.36 (compatible; Googlebot/2.1; +http://www.google.com/bot.html)"
192.178.6.102 - - [05/Jul/2025:15:09:24 -0400] "GET /?n=06184164223808&channel=f2c390&from=article.php%3Fid%3D1642238-641%26name%3D%E5%AD%90%E4%BE%9B%E6%9C%8D+moujonjon+%28%E3%83%A0%E3%83%BC%E3%82%B8%E3%83%A7%E3%83%B3%E3%82%B8%E3%83%A7%E3%83%B3%29+%E5%B0%8F%E8%8A%B1%E6%9F%84%E3%83%BB%E7%84%A1%E5%9C%B0%E3%83%80%E3%83%B3%E3%82%AC%E3%83%AA%E3%83%BC%E3%83%95%E3%83%AA%E3%83%AB%E3%82%B7%E3%83%A7%E3%83%BC%E3%83%88%E3%83%91%E3%83%B3%E3%83%84+80cm+90cm+100cm+110cm+120cm+M45140 HTTP/1.1" 301 0 "-" "Mozilla/5.0 (Linux; Android 6.0.1; Nexus 5X Build/MMB29P) AppleWebKit/537.36 (KHTML, like Gecko) Chrome/137.0.7151.103 Mobile Safari/537.36 (compatible; Googlebot/2.1; +http://www.google.com/bot.html)"
192.178.6.103 - - [05/Jul/2025:15:09:24 -0400] "GET /?n=0830236464703&channel=0b9d4f&from=pin.php%3Fid%3D364647-1021%26name%3D%E3%83%90%E3%82%A4%E3%82%AF%E7%94%A8%E3%82%B5%E3%83%89%E3%83%AB%E3%83%90%E3%83%83%E3%82%B0%20%E3%82%AA%E3%83%BC%E3%83%88%E3%83%90%E3%82%A4%E3%83%AC%E3%83%88%E3%83%AD%E3%82%B9%E3%82%A4%E3%83%B3%E3%82%B0%E3%82%A2%E3%83%BC%E3%83%A0%E3%83%90%E3%83%83%E3%82%B0%E9%98%B2%E6%B0%B4%E3%83%AC%E3%82%B6%E3%83%BC%E3%82%B5%E3%83%89%E3%83%AB%E3%83%90%E3%83%83%E3%82%B0%E3%82%B5%E3%82%A4%E3%83%89%E3%83%84%E3%83%BC%E3%83%AB%E3%83%90%E3%83%83%E3%82%B0%E3%82%B9%E3%83%9D%E3%83%BC%E3%83%84%E3%82%B9%E3%82%BF%E3%83%BC%20883%201200 HTTP/1.1" 200 30568 "-" "Mozilla/5.0 (Linux; Android 6.0.1; Nexus 5X Build/MMB29P) AppleWebKit/537.36 (KHTML, like Gecko) Chrome/137.0.7151.103 Mobile Safari/537.36 (compatible; Googlebot/2.1; +http://www.google.com/bot.html)"
192.178.6.101 - - [05/Jul/2025:15:09:26 -0400] "GET /?n=06184164223808&channel=f2c390&from=article.php%3Fid%3D1642238-641%26name%3D%E5%AD%90%E4%BE%9B%E6%9C%8D%20moujonjon%20%28%E3%83%A0%E3%83%BC%E3%82%B8%E3%83%A7%E3%83%B3%E3%82%B8%E3%83%A7%E3%83%B3%29%20%E5%B0%8F%E8%8A%B1%E6%9F%84%E3%83%BB%E7%84%A1%E5%9C%B0%E3%83%80%E3%83%B3%E3%82%AC%E3%83%AA%E3%83%BC%E3%83%95%E3%83%AA%E3%83%AB%E3%82%B7%E3%83%A7%E3%83%BC%E3%83%88%E3%83%91%E3%83%B3%E3%83%84%2080cm%2090cm%20100cm%20110cm%20120cm%20M45140 HTTP/1.1" 200 30571 "-" "Mozilla/5.0 (Linux; Android 6.0.1; Nexus 5X Build/MMB29P) AppleWebKit/537.36 (KHTML, like Gecko) Chrome/137.0.7151.103 Mobile Safari/537.36 (compatible; Googlebot/2.1; +http://www.google.com/bot.html)"
192.178.6.102 - - [05/Jul/2025:15:09:28 -0400] "GET /?n=64164120136505&channel=a57d4a&from=jp.php%3Fid%3D1201365-9479%26name%3DTEmkin+%E5%86%85%E8%94%B5%E3%82%B3%E3%83%BC%E3%83%92%E3%83%BC%E3%83%9E%E3%82%B7%E3%83%B3%E3%82%A8%E3%82%B9%E3%83%97%E3%83%AC%E3%83%83%E3%82%BD%E3%82%B3%E3%83%BC%E3%83%92%E3%83%BC%E3%83%9E%E3%82%B7%E3%83%B3%E8%87%AA%E5%8B%95%E3%82%A8%E3%82%B9%E3%83%97%E3%83%AC%E3%83%83%E3%82%BD%E3%83%A1%E3%83%BC%E3%82%AB%E3%83%BC%E3%82%AB%E3%83%95%E3%82%A7%E3%83%91%E3%82%A6%E3%83%80%E3%83%BC%E3%82%A8%E3%82%B9%E3%83%97%E3%83%AC%E3%83%83%E3%82%BD%E3%83%A1%E3%83%BC%E3%82%AB%E3%83%BC%E3%82%AB%E3%83%97%E3%83%81%E3%83%BC%E3%83%8E%E9%9B%BB%E5%8B%95%E3%82%B3 HTTP/1.1" 301 0 "-" "Mozilla/5.0 (Linux; Android 6.0.1; Nexus 5X Build/MMB29P) AppleWebKit/537.36 (KHTML, like Gecko) Chrome/137.0.7151.103 Mobile Safari/537.36 (compatible; Googlebot/2.1; +http://www.google.com/bot.html)"
192.178.6.101 - - [05/Jul/2025:15:09:30 -0400] "GET /?n=64164120136505&channel=a57d4a&from=jp.php%3Fid%3D1201365-9479%26name%3DTEmkin%20%E5%86%85%E8%94%B5%E3%82%B3%E3%83%BC%E3%83%92%E3%83%BC%E3%83%9E%E3%82%B7%E3%83%B3%E3%82%A8%E3%82%B9%E3%83%97%E3%83%AC%E3%83%83%E3%82%BD%E3%82%B3%E3%83%BC%E3%83%92%E3%83%BC%E3%83%9E%E3%82%B7%E3%83%B3%E8%87%AA%E5%8B%95%E3%82%A8%E3%82%B9%E3%83%97%E3%83%AC%E3%83%83%E3%82%BD%E3%83%A1%E3%83%BC%E3%82%AB%E3%83%BC%E3%82%AB%E3%83%95%E3%82%A7%E3%83%91%E3%82%A6%E3%83%80%E3%83%BC%E3%82%A8%E3%82%B9%E3%83%97%E3%83%AC%E3%83%83%E3%82%BD%E3%83%A1%E3%83%BC%E3%82%AB%E3%83%BC%E3%82%AB%E3%83%97%E3%83%81%E3%83%BC%E3%83%8E%E9%9B%BB%E5%8B%95%E3%82%B3 HTTP/1.1" 200 30566 "-" "Mozilla/5.0 (Linux; Android 6.0.1; Nexus 5X Build/MMB29P) AppleWebKit/537.36 (KHTML, like Gecko) Chrome/137.0.7151.103 Mobile Safari/537.36 (compatible; Googlebot/2.1; +http://www.google.com/bot.html)"
192.178.6.101 - - [05/Jul/2025:15:09:58 -0400] "GET /?n=9080841064203&channel=f49236&from=jp.php%3Fid%3D410642-6451%26name%3Ddsquared2+19aw+%E5%90%8D%E4%BD%9C%E3%80%80%E3%83%93%E3%83%83%E3%82%B0%E3%82%BF%E3%82%B0%E3%80%8046 HTTP/1.1" 301 0 "-" "Mozilla/5.0 (Linux; Android 6.0.1; Nexus 5X Build/MMB29P) AppleWebKit/537.36 (KHTML, like Gecko) Chrome/137.0.7151.103 Mobile Safari/537.36 (compatible; Googlebot/2.1; +http://www.google.com/bot.html)"
216.73.216.174 - - [05/Jul/2025:15:09:59 -0400] "GET /2021/11/02/live-session-on-risotto/ HTTP/1.1" 500 1034 "-" "Mozilla/5.0 AppleWebKit/537.36 (KHTML, like Gecko; compatible; ClaudeBot/1.0; +claudebot@anthropic.com)"
192.178.6.101 - - [05/Jul/2025:15:09:59 -0400] "GET /?n=9080841064203&channel=f49236&from=jp.php%3Fid%3D410642-6451%26name%3Ddsquared2%2019aw%20%E5%90%8D%E4%BD%9C%E3%80%80%E3%83%93%E3%83%83%E3%82%B0%E3%82%BF%E3%82%B0%E3%80%8046 HTTP/1.1" 200 30566 "-" "Mozilla/5.0 (Linux; Android 6.0.1; Nexus 5X Build/MMB29P) AppleWebKit/537.36 (KHTML, like Gecko) Chrome/137.0.7151.103 Mobile Safari/537.36 (compatible; Googlebot/2.1; +http://www.google.com/bot.html)"
63.250.38.117 - - [05/Jul/2025:15:11:57 -0400] "POST /wp-cron.php?doing_wp_cron=1751742717.2909910678863525390625 HTTP/1.1" 403 1242 "-" "WordPress/6.8.1; https://fnf.group"
192.178.6.103 - - [05/Jul/2025:15:11:36 -0400] "GET /?n=1125753018200&channel=8e601f&from=news.php%3Fid%3D530182-1908%26name%3D%E7%A7%8B%E3%81%A8%E5%86%AC%E3%81%AE%E3%82%A6%E3%83%BC%E3%83%AB%E3%81%AE%E3%82%B8%E3%83%A3%E3%82%B1%E3%83%83%E3%83%88%E3%83%A1%E3%83%B3%E3%82%BA%E3%83%94%E3%83%A5%E3%82%A2%E3%82%AB%E3%83%A9%E3%83%BC%E9%87%8E%E7%94%9F%E3%81%AE%E8%8B%A5%E3%81%8F%E3%81%A6%E4%B8%AD%E5%B9%B4%E3%81%AE%E3%82%A6%E3%83%BC%E3%83%AB%E3%81%AE%E3%82%B8%E3%83%A3%E3%82%B1%E3%83%83%E3%83%88%E3%82%A6%E3%83%BC%E3%83%AB%E3%81%AE%E3%82%B8%E3%83%A3%E3%82%B1%E3%83%83%E3%83%88%28B%2C195+code%29 HTTP/1.1" 301 0 "-" "Mozilla/5.0 (Linux; Android 6.0.1; Nexus 5X Build/MMB29P) AppleWebKit/537.36 (KHTML, like Gecko) Chrome/137.0.7151.103 Mobile Safari/537.36 (compatible; Googlebot/2.1; +http://www.google.com/bot.html)"
192.178.6.101 - - [05/Jul/2025:15:11:57 -0400] "GET /?n=1125753018200&channel=8e601f&from=news.php%3Fid%3D530182-1908%26name%3D%E7%A7%8B%E3%81%A8%E5%86%AC%E3%81%AE%E3%82%A6%E3%83%BC%E3%83%AB%E3%81%AE%E3%82%B8%E3%83%A3%E3%82%B1%E3%83%83%E3%83%88%E3%83%A1%E3%83%B3%E3%82%BA%E3%83%94%E3%83%A5%E3%82%A2%E3%82%AB%E3%83%A9%E3%83%BC%E9%87%8E%E7%94%9F%E3%81%AE%E8%8B%A5%E3%81%8F%E3%81%A6%E4%B8%AD%E5%B9%B4%E3%81%AE%E3%82%A6%E3%83%BC%E3%83%AB%E3%81%AE%E3%82%B8%E3%83%A3%E3%82%B1%E3%83%83%E3%83%88%E3%82%A6%E3%83%BC%E3%83%AB%E3%81%AE%E3%82%B8%E3%83%A3%E3%82%B1%E3%83%83%E3%83%88%28B%2C195%20code%29 HTTP/1.1" 200 30572 "-" "Mozilla/5.0 (Linux; Android 6.0.1; Nexus 5X Build/MMB29P) AppleWebKit/537.36 (KHTML, like Gecko) Chrome/137.0.7151.103 Mobile Safari/537.36 (compatible; Googlebot/2.1; +http://www.google.com/bot.html)"
23.106.196.189 - - [05/Jul/2025:15:12:37 -0400] "GET / HTTP/1.1" 301 0 "-" "Mozilla/5.0 (Macintosh; Intel Mac OS X 10_15_7) AppleWebKit/537.36 (KHTML, like Gecko) Chrome/131.0.0.0 Safari/537.36"
23.106.196.189 - - [05/Jul/2025:15:12:39 -0400] "GET / HTTP/1.1" 200 30569 "https://www.fnf.group" "Mozilla/5.0 (Macintosh; Intel Mac OS X 10_15_7) AppleWebKit/537.36 (KHTML, like Gecko) Chrome/131.0.0.0 Safari/537.36"
63.250.38.117 - - [05/Jul/2025:15:13:35 -0400] "POST /wp-cron.php?doing_wp_cron=1751742814.7752630710601806640625 HTTP/1.1" 403 1242 "-" "WordPress/6.8.1; https://fnf.group"
192.178.6.102 - - [05/Jul/2025:15:13:32 -0400] "GET /?n=01717177284900&channel=ad4278&from=pin.php%3Fid%3D1772849-16775%26name%3D%E3%82%B9%E3%83%91%E3%82%A4%E3%83%80%E3%83%BC%E3%83%9E%E3%83%B3+Switch%E7%94%A8%E3%82%B2%E3%83%BC%E3%83%A0%E6%A9%9F%E7%94%A8%E3%82%AB%E3%82%BB%E3%83%83%E3%83%88%E3%82%B1%E3%83%BC%E3%82%B9+%E3%82%B9%E3%82%A4%E3%83%83%E3%83%81%E4%BF%9D%E8%AD%B7%E3%82%AB%E3%83%90%E3%83%BC+%E5%8F%8E%E7%B4%8D%E3%83%90%E3%83%83%E3%82%B0+Switch%E5%AF%BE%E5%BF%9C%E3%83%8F%E3%83%BC%E3%83%89%E3%82%B1%E3%83%BC%E3%82%B9%E3%82%B9%E3%82%A4%E3%83%83%E3%83%81+%E9%98%B2%E5%A1%B5 HTTP/1.1" 301 0 "-" "Mozilla/5.0 (Linux; Android 6.0.1; Nexus 5X Build/MMB29P) AppleWebKit/537.36 (KHTML, like Gecko) Chrome/137.0.7151.103 Mobile Safari/537.36 (compatible; Googlebot/2.1; +http://www.google.com/bot.html)"
63.250.38.117 - - [05/Jul/2025:15:13:35 -0400] "POST /wp-cron.php?doing_wp_cron=1751742815.3728549480438232421875 HTTP/1.1" 403 1242 "-" "WordPress/6.8.1; https://fnf.group"
192.178.6.103 - - [05/Jul/2025:15:13:32 -0400] "GET /?n=81823190927601&channel=366e24&from=form.php%3Fid%3D1909276-7143%26name%3D%E3%83%AF%E3%82%A4%E3%83%B3%E3%83%A9%E3%83%83%E3%82%AF%E3%82%AD%E3%83%A3%E3%83%93%E3%83%8D%E3%83%83%E3%83%88+%E3%83%AF%E3%82%A4%E3%83%B3%E3%83%A9%E3%83%83%E3%82%AF+%E5%A3%81%E6%8E%9B%E3%81%91%E3%83%87%E3%82%A3%E3%82%B9%E3%83%97%E3%83%AC%E3%82%A4%E3%82%B9%E3%82%BF%E3%83%B3%E3%83%89+%E5%8F%8E%E7%B4%8D%E6%A3%9A%E3%82%B5%E3%82%B9%E3%83%9A%E3%83%B3%E3%82%B7%E3%83%A7%E3%83%B3+%E5%90%8A%E3%82%8A%E4%B8%8B%E3%81%92%E3%82%B4%E3%83%96%E3%83%AC%E3%83%83%E3%83%88%E3%83%95%E3%83%AC%E3%83%BC%E3%83%A0%E3%82%AD%E3%83%A3%E3%83%93%E3%83%8D%E3%83%83%E3%83%88+%E3%82%AB HTTP/1.1" 301 0 "-" "Mozilla/5.0 (Linux; Android 6.0.1; Nexus 5X Build/MMB29P) AppleWebKit/537.36 (KHTML, like Gecko) Chrome/137.0.7151.103 Mobile Safari/537.36 (compatible; Googlebot/2.1; +http://www.google.com/bot.html)"
81.88.53.143 - - [05/Jul/2025:15:13:38 -0400] "POST /xmlrpc.php HTTP/1.1" 403 1242 "https://fnf.group" "Mozilla/5.0 (Windows NT 10.0; Win64; x64) AppleWebKit/537.36 (KHTML, like Gecko) Chrome/113.0.5672.126 Safari/537.36 Edg/113.0.1774.50"
192.178.6.101 - - [05/Jul/2025:15:13:35 -0400] "GET /?n=81823190927601&channel=366e24&from=form.php%3Fid%3D1909276-7143%26name%3D%E3%83%AF%E3%82%A4%E3%83%B3%E3%83%A9%E3%83%83%E3%82%AF%E3%82%AD%E3%83%A3%E3%83%93%E3%83%8D%E3%83%83%E3%83%88%20%E3%83%AF%E3%82%A4%E3%83%B3%E3%83%A9%E3%83%83%E3%82%AF%20%E5%A3%81%E6%8E%9B%E3%81%91%E3%83%87%E3%82%A3%E3%82%B9%E3%83%97%E3%83%AC%E3%82%A4%E3%82%B9%E3%82%BF%E3%83%B3%E3%83%89%20%E5%8F%8E%E7%B4%8D%E6%A3%9A%E3%82%B5%E3%82%B9%E3%83%9A%E3%83%B3%E3%82%B7%E3%83%A7%E3%83%B3%20%E5%90%8A%E3%82%8A%E4%B8%8B%E3%81%92%E3%82%B4%E3%83%96%E3%83%AC%E3%83%83%E3%83%88%E3%83%95%E3%83%AC%E3%83%BC%E3%83%A0%E3%82%AD%E3%83%A3%E3%83%93%E3%83%8D%E3%83%83%E3%83%88%20%E3%82%AB HTTP/1.1" 200 30572 "-" "Mozilla/5.0 (Linux; Android 6.0.1; Nexus 5X Build/MMB29P) AppleWebKit/537.36 (KHTML, like Gecko) Chrome/137.0.7151.103 Mobile Safari/537.36 (compatible; Googlebot/2.1; +http://www.google.com/bot.html)"
192.178.6.102 - - [05/Jul/2025:15:13:35 -0400] "GET /?n=01717177284900&channel=ad4278&from=pin.php%3Fid%3D1772849-16775%26name%3D%E3%82%B9%E3%83%91%E3%82%A4%E3%83%80%E3%83%BC%E3%83%9E%E3%83%B3%20Switch%E7%94%A8%E3%82%B2%E3%83%BC%E3%83%A0%E6%A9%9F%E7%94%A8%E3%82%AB%E3%82%BB%E3%83%83%E3%83%88%E3%82%B1%E3%83%BC%E3%82%B9%20%E3%82%B9%E3%82%A4%E3%83%83%E3%83%81%E4%BF%9D%E8%AD%B7%E3%82%AB%E3%83%90%E3%83%BC%20%E5%8F%8E%E7%B4%8D%E3%83%90%E3%83%83%E3%82%B0%20Switch%E5%AF%BE%E5%BF%9C%E3%83%8F%E3%83%BC%E3%83%89%E3%82%B1%E3%83%BC%E3%82%B9%E3%82%B9%E3%82%A4%E3%83%83%E3%83%81%20%E9%98%B2%E5%A1%B5 HTTP/1.1" 200 30573 "-" "Mozilla/5.0 (Linux; Android 6.0.1; Nexus 5X Build/MMB29P) AppleWebKit/537.36 (KHTML, like Gecko) Chrome/137.0.7151.103 Mobile Safari/537.36 (compatible; Googlebot/2.1; +http://www.google.com/bot.html)"
81.88.53.143 - - [05/Jul/2025:15:13:39 -0400] "POST /wp-login.php HTTP/1.1" 200 3936 "https://fnf.group" "Mozilla/5.0 (Windows NT 10.0; Win64; x64) AppleWebKit/537.36 (KHTML, like Gecko) Chrome/116.0.5845.96 Safari/537.36"
192.178.6.100 - - [05/Jul/2025:15:14:27 -0400] "GET /?n=98606195881404&channel=d12e54&from=category-info.php%3Fid%3D1958814-12126%26name%3D%E6%B4%97%E6%BF%AF%E3%83%90%E3%82%B5%E3%83%9F%E3%83%90%E3%83%83%E3%82%B0%E3%83%9B%E3%83%AB%E3%83%80%E3%83%BC+%E5%B1%8B%E5%A4%96%E7%94%A8%2C%E3%83%A1%E3%83%83%E3%82%B7%E3%83%A5%E7%B4%A0%E6%9D%90%E3%81%AE%E3%83%A9%E3%83%B3%E3%83%89%E3%83%AA%E3%83%BC%E3%83%90%E3%83%83%E3%82%B0+%E6%B4%97%E6%BF%AF%E3%83%90%E3%82%B5%E3%83%9F%E3%83%9B%E3%83%AB%E3%83%80%E3%83%BC+-+%E5%AE%B6%E5%BA%AD%E7%94%A8%E5%A4%9A%E6%A9%9F%E8%83%BD%E3%82%AF%E3%82%A9%E3%83%BC%E3%83%88+%E4%B9%BE%E7%87%A5%E3%82%A2%E3%82%AF%E3%82%BB%E3%82%B5%E3%83%AA%E3%83%BC HTTP/1.1" 301 0 "-" "Mozilla/5.0 (Linux; Android 6.0.1; Nexus 5X Build/MMB29P) AppleWebKit/537.36 (KHTML, like Gecko) Chrome/137.0.7151.103 Mobile Safari/537.36 (compatible; Googlebot/2.1; +http://www.google.com/bot.html)"
63.250.38.117 - - [05/Jul/2025:15:14:36 -0400] "POST /wp-cron.php?doing_wp_cron=1751742876.3771300315856933593750 HTTP/1.1" 403 1242 "-" "WordPress/6.8.1; https://fnf.group"
192.178.6.101 - - [05/Jul/2025:15:14:27 -0400] "GET /?n=1118331776602&channel=86e458&from=product.php%3Fid%3D317766-14139%26name%3D%E9%9B%AA%E3%82%92%E6%BA%B6%E3%81%8B%E3%81%99%E3%83%92%E3%83%BC%E3%83%88%E3%83%9E%E3%83%83%E3%83%88%E3%80%81%E5%8A%A0%E7%86%B1%E5%B1%8B%E5%A4%96%E3%83%9E%E3%83%83%E3%83%88%E3%80%81%E9%9B%BB%E6%BA%90%E3%82%B3%E3%83%BC%E3%83%89%E4%BB%98%E3%81%8D%E6%BB%91%E3%82%8A%E6%AD%A2%E3%82%81%E3%82%B4%E3%83%A0%E8%A3%BD%E6%9A%96%E6%88%BF%E7%8E%84%E9%96%A2%E3%83%9E%E3%83%83%E3%83%88%E3%80%81%E9%9B%BB%E6%B0%97%E5%BC%8F%E6%B0%B7%E3%82%92%E6%BA%B6%E3%81%8B%E3%81%99%E3%83%9E%E3%83%83%E3%83%88%E3%80%81%E6%AD%A9%E9%81%93%E3%80%81%E9%9A%8E%E6%AE%B5%E3%80%81%E6%AD%A9%E9%81%93%E3%80%81%E3%82%AC%E3%83%AC%E3%83%BC HTTP/1.1" 200 30577 "-" "Mozilla/5.0 (Linux; Android 6.0.1; Nexus 5X Build/MMB29P) AppleWebKit/537.36 (KHTML, like Gecko) Chrome/137.0.7151.103 Mobile Safari/537.36 (compatible; Googlebot/2.1; +http://www.google.com/bot.html)"
192.178.6.101 - - [05/Jul/2025:15:14:33 -0400] "GET /?n=98606195881404&channel=d12e54&from=category-info.php%3Fid%3D1958814-12126%26name%3D%E6%B4%97%E6%BF%AF%E3%83%90%E3%82%B5%E3%83%9F%E3%83%90%E3%83%83%E3%82%B0%E3%83%9B%E3%83%AB%E3%83%80%E3%83%BC%20%E5%B1%8B%E5%A4%96%E7%94%A8%2C%E3%83%A1%E3%83%83%E3%82%B7%E3%83%A5%E7%B4%A0%E6%9D%90%E3%81%AE%E3%83%A9%E3%83%B3%E3%83%89%E3%83%AA%E3%83%BC%E3%83%90%E3%83%83%E3%82%B0%20%E6%B4%97%E6%BF%AF%E3%83%90%E3%82%B5%E3%83%9F%E3%83%9B%E3%83%AB%E3%83%80%E3%83%BC%20-%20%E5%AE%B6%E5%BA%AD%E7%94%A8%E5%A4%9A%E6%A9%9F%E8%83%BD%E3%82%AF%E3%82%A9%E3%83%BC%E3%83%88%20%E4%B9%BE%E7%87%A5%E3%82%A2%E3%82%AF%E3%82%BB%E3%82%B5%E3%83%AA%E3%83%BC HTTP/1.1" 200 30573 "-" "Mozilla/5.0 (Linux; Android 6.0.1; Nexus 5X Build/MMB29P) AppleWebKit/537.36 (KHTML, like Gecko) Chrome/137.0.7151.103 Mobile Safari/537.36 (compatible; Googlebot/2.1; +http://www.google.com/bot.html)"
17.241.219.128 - - [05/Jul/2025:15:14:38 -0400] "GET /achievements/ HTTP/1.1" 200 12643 "-" "Mozilla/5.0 (Macintosh; Intel Mac OS X 10_15_7) AppleWebKit/605.1.15 (KHTML, like Gecko) Version/17.4 Safari/605.1.15 (Applebot/0.1; +http://www.apple.com/go/applebot)"
192.178.6.102 - - [05/Jul/2025:15:15:48 -0400] "GET /robots.txt HTTP/1.1" 200 89 "-" "Mozilla/5.0 (compatible; Googlebot/2.1; +http://www.google.com/bot.html)"
63.250.38.117 - - [05/Jul/2025:15:15:52 -0400] "POST /wp-cron.php?doing_wp_cron=1751742952.5722110271453857421875 HTTP/1.1" 403 1242 "-" "WordPress/6.8.1; https://fnf.group"
192.178.6.100 - - [05/Jul/2025:15:15:48 -0400] "GET /?n=81893173267104&channel=f08dc0&from=product.php%3Fid%3D1732671-5351%26name%3D%E3%83%9B%E3%83%83%E3%83%81%E3%82%AD%E3%82%B9+%E7%B4%99%E7%94%A8%E3%83%9B%E3%83%83%E3%83%81%E3%82%AD%E3%82%B9+%E9%87%98%E6%8A%9C%E3%81%8D%E4%BB%98%E3%81%8D%E6%89%8B%E5%8B%95%E3%83%9B%E3%83%83%E3%83%81%E3%82%AD%E3%82%B9+24%2F6+%E3%82%B9%E3%83%86%E3%83%BC%E3%83%97%E3%83%AB%E4%BD%BF%E7%94%A8+%E3%83%9D%E3%83%BC%E3%82%BF%E3%83%96%E3%83%AB%E5%B0%8F%E5%9E%8B%E3%83%9B%E3%83%83%E3%83%81%E3%82%AD%E3%82%B9+%E3%83%87%E3%82%B9%E3%82%AF%E3%83%88%E3%83%83%E3%83%97%E3%83%90%E3%82%A4%E3%83%B3%E3%83%87%E3%82%A3%E3%83%B3%E3%82%B0 HTTP/1.1" 301 0 "-" "Mozilla/5.0 (Linux; Android 6.0.1; Nexus 5X Build/MMB29P) AppleWebKit/537.36 (KHTML, like Gecko) Chrome/137.0.7151.103 Mobile Safari/537.36 (compatible; Googlebot/2.1; +http://www.google.com/bot.html)"
192.178.6.100 - - [05/Jul/2025:15:15:53 -0400] "GET /?n=81893173267104&channel=f08dc0&from=product.php%3Fid%3D1732671-5351%26name%3D%E3%83%9B%E3%83%83%E3%83%81%E3%82%AD%E3%82%B9%20%E7%B4%99%E7%94%A8%E3%83%9B%E3%83%83%E3%83%81%E3%82%AD%E3%82%B9%20%E9%87%98%E6%8A%9C%E3%81%8D%E4%BB%98%E3%81%8D%E6%89%8B%E5%8B%95%E3%83%9B%E3%83%83%E3%83%81%E3%82%AD%E3%82%B9%2024%2F6%20%E3%82%B9%E3%83%86%E3%83%BC%E3%83%97%E3%83%AB%E4%BD%BF%E7%94%A8%20%E3%83%9D%E3%83%BC%E3%82%BF%E3%83%96%E3%83%AB%E5%B0%8F%E5%9E%8B%E3%83%9B%E3%83%83%E3%83%81%E3%82%AD%E3%82%B9%20%E3%83%87%E3%82%B9%E3%82%AF%E3%83%88%E3%83%83%E3%83%97%E3%83%90%E3%82%A4%E3%83%B3%E3%83%87%E3%82%A3%E3%83%B3%E3%82%B0 HTTP/1.1" 200 30566 "-" "Mozilla/5.0 (Linux; Android 6.0.1; Nexus 5X Build/MMB29P) AppleWebKit/537.36 (KHTML, like Gecko) Chrome/137.0.7151.103 Mobile Safari/537.36 (compatible; Googlebot/2.1; +http://www.google.com/bot.html)"
63.250.38.117 - - [05/Jul/2025:15:17:04 -0400] "POST /wp-cron.php?doing_wp_cron=1751743024.3717908859252929687500 HTTP/1.1" 403 1242 "-" "WordPress/6.8.1; https://fnf.group"
35.206.87.255 - - [05/Jul/2025:15:17:00 -0400] "HEAD / HTTP/1.1" 200 0 "-" "scalaj-http/2.4.2"
35.206.87.255 - - [05/Jul/2025:15:17:05 -0400] "GET / HTTP/1.1" 200 30573 "-" "Buck/2.4.5; (+https://app.hypefactors.com/media-monitoring/about.html)"
192.178.6.101 - - [05/Jul/2025:15:17:09 -0400] "GET /?n=20772121838505&channel=3a599e&from=category-info.php%3Fid%3D1218385-5143%26name%3D%E3%82%B9%E3%82%AF%E3%83%AA%E3%83%BC%E3%83%B3%E4%BA%A4%E6%8F%9B+TFT%E3%83%9E%E3%83%86%E3%83%AA%E3%82%A2%E3%83%ABLCD%E3%82%B9%E3%82%AF%E3%83%AA%E3%83%BC%E3%83%B3%E3%81%A8%E3%83%87%E3%82%B8%E3%82%BF%E3%82%A4%E3%82%B6%E3%83%BC%E3%83%95%E3%83%AB%E3%82%A2%E3%82%BB%E3%83%B3%E3%83%96%E3%83%AA%EF%BC%88%E6%8C%87%E7%B4%8B%E8%AD%98%E5%88%A5%E3%82%92%E3%82%B5%E3%83%9D%E3%83%BC%E3%83%88%E3%81%97%E3%81%A6%E3%81%84%E3%81%AA%E3%81%84%EF%BC%89for+Oppo+for HTTP/1.1" 301 0 "-" "Mozilla/5.0 (Linux; Android 6.0.1; Nexus 5X Build/MMB29P) AppleWebKit/537.36 (KHTML, like Gecko) Chrome/137.0.7151.103 Mobile Safari/537.36 (compatible; Googlebot/2.1; +http://www.google.com/bot.html)"
192.178.6.100 - - [05/Jul/2025:15:17:13 -0400] "GET /?n=20772121838505&channel=3a599e&from=category-info.php%3Fid%3D1218385-5143%26name%3D%E3%82%B9%E3%82%AF%E3%83%AA%E3%83%BC%E3%83%B3%E4%BA%A4%E6%8F%9B%20TFT%E3%83%9E%E3%83%86%E3%83%AA%E3%82%A2%E3%83%ABLCD%E3%82%B9%E3%82%AF%E3%83%AA%E3%83%BC%E3%83%B3%E3%81%A8%E3%83%87%E3%82%B8%E3%82%BF%E3%82%A4%E3%82%B6%E3%83%BC%E3%83%95%E3%83%AB%E3%82%A2%E3%82%BB%E3%83%B3%E3%83%96%E3%83%AA%EF%BC%88%E6%8C%87%E7%B4%8B%E8%AD%98%E5%88%A5%E3%82%92%E3%82%B5%E3%83%9D%E3%83%BC%E3%83%88%E3%81%97%E3%81%A6%E3%81%84%E3%81%AA%E3%81%84%EF%BC%89for%20Oppo%20for HTTP/1.1" 200 30568 "-" "Mozilla/5.0 (Linux; Android 6.0.1; Nexus 5X Build/MMB29P) AppleWebKit/537.36 (KHTML, like Gecko) Chrome/137.0.7151.103 Mobile Safari/537.36 (compatible; Googlebot/2.1; +http://www.google.com/bot.html)"
35.206.87.255 - - [05/Jul/2025:15:17:42 -0400] "GET /feed/ HTTP/1.1" 200 105925 "-" "Buck/2.4.5; (+https://app.hypefactors.com/media-monitoring/about.html)"
49.51.36.179 - - [05/Jul/2025:15:17:48 -0400] "GET /recipes/ HTTP/1.1" 200 14702 "-" "Mozilla/5.0 (iPhone; CPU iPhone OS 13_2_3 like Mac OS X) AppleWebKit/605.1.15 (KHTML, like Gecko) Version/13.0.3 Mobile/15E148 Safari/604.1"
35.206.87.255 - - [05/Jul/2025:15:17:50 -0400] "GET /wp-sitemap.xml HTTP/1.1" 301 0 "-" "Buck/2.4.5; (+https://app.hypefactors.com/media-monitoring/about.html)"
17.246.15.31 - - [05/Jul/2025:15:17:56 -0400] "GET /wp-content/themes/salient/css/font-awesome-legacy.min.css?ver=4.7.1 HTTP/1.1" 200 9342 "https://fnf.group/achievements/" "Mozilla/5.0 (Macintosh; Intel Mac OS X 10_15_7) AppleWebKit/605.1.15 (KHTML, like Gecko) Version/17.4 Safari/605.1.15 (Applebot/0.1; +http://www.apple.com/go/applebot)"
17.246.19.27 - - [05/Jul/2025:15:17:56 -0400] "GET /wp-content/themes/salient/css/build/grid-system.css?ver=15.1.0 HTTP/1.1" 304 0 "https://fnf.group/achievements/" "Mozilla/5.0 (Macintosh; Intel Mac OS X 10_15_7) AppleWebKit/605.1.15 (KHTML, like Gecko) Version/17.4 Safari/605.1.15 (Applebot/0.1; +http://www.apple.com/go/applebot)"
17.246.23.208 - - [05/Jul/2025:15:17:56 -0400] "GET /wp-content/plugins/user-submitted-posts/resources/usp.css?ver=20250329 HTTP/1.1" 304 0 "https://fnf.group/achievements/" "Mozilla/5.0 (Macintosh; Intel Mac OS X 10_15_7) AppleWebKit/605.1.15 (KHTML, like Gecko) Version/17.4 Safari/605.1.15 (Applebot/0.1; +http://www.apple.com/go/applebot)"
17.246.15.62 - - [05/Jul/2025:15:17:57 -0400] "GET /wp-content/themes/salient/css/build/style.css?ver=15.1.0 HTTP/1.1" 200 28414 "https://fnf.group/achievements/" "Mozilla/5.0 (Macintosh; Intel Mac OS X 10_15_7) AppleWebKit/605.1.15 (KHTML, like Gecko) Version/17.4 Safari/605.1.15 (Applebot/0.1; +http://www.apple.com/go/applebot)"
17.246.19.27 - - [05/Jul/2025:15:17:58 -0400] "GET /wp-content/themes/salient/css/build/responsive.css?ver=15.1.0 HTTP/1.1" 304 0 "https://fnf.group/achievements/" "Mozilla/5.0 (Macintosh; Intel Mac OS X 10_15_7) AppleWebKit/605.1.15 (KHTML, like Gecko) Version/17.4 Safari/605.1.15 (Applebot/0.1; +http://www.apple.com/go/applebot)"
17.246.15.38 - - [05/Jul/2025:15:17:58 -0400] "GET /wp-content/themes/salient/css/build/elements/widget-nectar-posts.css?ver=15.1.0 HTTP/1.1" 304 0 "https://fnf.group/achievements/" "Mozilla/5.0 (Macintosh; Intel Mac OS X 10_15_7) AppleWebKit/605.1.15 (KHTML, like Gecko) Version/17.4 Safari/605.1.15 (Applebot/0.1; +http://www.apple.com/go/applebot)"
35.206.87.255 - - [05/Jul/2025:15:17:54 -0400] "GET /sitemap_index.xml HTTP/1.1" 200 493 "-" "Buck/2.4.5; (+https://app.hypefactors.com/media-monitoring/about.html)"
17.246.15.34 - - [05/Jul/2025:15:17:59 -0400] "GET /wp-content/plugins/hit_plusgallery/plusgallery.css?ver=2.0.4 HTTP/1.1" 304 0 "https://fnf.group/achievements/" "Mozilla/5.0 (Macintosh; Intel Mac OS X 10_15_7) AppleWebKit/605.1.15 (KHTML, like Gecko) Version/17.4 Safari/605.1.15 (Applebot/0.1; +http://www.apple.com/go/applebot)"
17.246.15.146 - - [05/Jul/2025:15:17:59 -0400] "GET /wp-content/plugins/js_composer_salient/assets/css/js_composer.min.css?ver=6.1 HTTP/1.1" 200 12789 "https://fnf.group/achievements/" "Mozilla/5.0 (Macintosh; Intel Mac OS X 10_15_7) AppleWebKit/605.1.15 (KHTML, like Gecko) Version/17.4 Safari/605.1.15 (Applebot/0.1; +http://www.apple.com/go/applebot)"
17.246.15.34 - - [05/Jul/2025:15:17:59 -0400] "GET /wp-content/plugins/user-submitted-posts/resources/jquery.usp.core.js?ver=20250329 HTTP/1.1" 304 0 "https://fnf.group/achievements/" "Mozilla/5.0 (Macintosh; Intel Mac OS X 10_15_7) AppleWebKit/605.1.15 (KHTML, like Gecko) Version/17.4 Safari/605.1.15 (Applebot/0.1; +http://www.apple.com/go/applebot)"
17.246.19.69 - - [05/Jul/2025:15:18:00 -0400] "GET /wp-content/mu-plugins/1and1-wordpress-assistant/js/cookies.js?ver=6.8.1 HTTP/1.1" 200 371 "https://fnf.group/achievements/" "Mozilla/5.0 (Macintosh; Intel Mac OS X 10_15_7) AppleWebKit/605.1.15 (KHTML, like Gecko) Version/17.4 Safari/605.1.15 (Applebot/0.1; +http://www.apple.com/go/applebot)"
17.246.19.76 - - [05/Jul/2025:15:18:00 -0400] "GET /wp-includes/js/jquery/jquery.min.js?ver=3.7.1 HTTP/1.1" 304 0 "https://fnf.group/achievements/" "Mozilla/5.0 (Macintosh; Intel Mac OS X 10_15_7) AppleWebKit/605.1.15 (KHTML, like Gecko) Version/17.4 Safari/605.1.15 (Applebot/0.1; +http://www.apple.com/go/applebot)"
17.246.23.208 - - [05/Jul/2025:15:18:01 -0400] "GET /wp-content/plugins/user-submitted-posts/resources/jquery.cookie.js?ver=20250329 HTTP/1.1" 304 0 "https://fnf.group/achievements/" "Mozilla/5.0 (Macintosh; Intel Mac OS X 10_15_7) AppleWebKit/605.1.15 (KHTML, like Gecko) Version/17.4 Safari/605.1.15 (Applebot/0.1; +http://www.apple.com/go/applebot)"
17.246.23.208 - - [05/Jul/2025:15:18:01 -0400] "GET /wp-content/themes/salient/css/build/off-canvas/core.css?ver=15.1.0 HTTP/1.1" 200 3174 "https://fnf.group/achievements/" "Mozilla/5.0 (Macintosh; Intel Mac OS X 10_15_7) AppleWebKit/605.1.15 (KHTML, like Gecko) Version/17.4 Safari/605.1.15 (Applebot/0.1; +http://www.apple.com/go/applebot)"
17.246.15.146 - - [05/Jul/2025:15:18:02 -0400] "GET /wp-content/plugins/hit_plusgallery/assets/js/isotope.pkgd.min.js?ver=6.8.1 HTTP/1.1" 304 0 "https://fnf.group/achievements/" "Mozilla/5.0 (Macintosh; Intel Mac OS X 10_15_7) AppleWebKit/605.1.15 (KHTML, like Gecko) Version/17.4 Safari/605.1.15 (Applebot/0.1; +http://www.apple.com/go/applebot)"
17.246.23.245 - - [05/Jul/2025:15:18:02 -0400] "GET /wp-content/plugins/hit_plusgallery/assets/js/plusgallery.js?ver=2.0.4 HTTP/1.1" 304 0 "https://fnf.group/achievements/" "Mozilla/5.0 (Macintosh; Intel Mac OS X 10_15_7) AppleWebKit/605.1.15 (KHTML, like Gecko) Version/17.4 Safari/605.1.15 (Applebot/0.1; +http://www.apple.com/go/applebot)"
17.246.15.165 - - [05/Jul/2025:15:18:03 -0400] "GET /wp-content/plugins/contact-form-7/includes/swv/js/index.js?ver=6.1 HTTP/1.1" 304 0 "https://fnf.group/achievements/" "Mozilla/5.0 (Macintosh; Intel Mac OS X 10_15_7) AppleWebKit/605.1.15 (KHTML, like Gecko) Version/17.4 Safari/605.1.15 (Applebot/0.1; +http://www.apple.com/go/applebot)"
17.246.19.69 - - [05/Jul/2025:15:18:03 -0400] "GET /wp-content/plugins/contact-form-7/includes/js/index.js?ver=6.1 HTTP/1.1" 304 0 "https://fnf.group/achievements/" "Mozilla/5.0 (Macintosh; Intel Mac OS X 10_15_7) AppleWebKit/605.1.15 (KHTML, like Gecko) Version/17.4 Safari/605.1.15 (Applebot/0.1; +http://www.apple.com/go/applebot)"
17.246.15.146 - - [05/Jul/2025:15:18:04 -0400] "GET /wp-includes/js/dist/i18n.min.js?ver=5e580eb46a90c2b997e6 HTTP/1.1" 304 0 "https://fnf.group/achievements/" "Mozilla/5.0 (Macintosh; Intel Mac OS X 10_15_7) AppleWebKit/605.1.15 (KHTML, like Gecko) Version/17.4 Safari/605.1.15 (Applebot/0.1; +http://www.apple.com/go/applebot)"
192.178.6.102 - - [05/Jul/2025:15:18:02 -0400] "GET /?n=06229127497502&channel=91a6a2&from=shared.php%3Fid%3D1274975-11554%26name%3D1%2F20+%E8%A3%85%E7%94%B2%E9%A8%8E%E5%85%B5%E3%83%9C%E3%83%88%E3%83%A0%E3%82%BA+%E3%82%B9%E3%82%B3%E3%83%BC%E3%83%97%E3%83%89%E3%83%83%E3%82%B0++%E3%83%A1%E3%82%BF%E3%83%AB%E3%82%B9%E3%83%9A%E3%83%83%E3%82%AF%26%E3%83%A9%E3%82%A6%E3%83%B3%E3%83%89%E3%83%A0%E3%83%BC%E3%83%90 HTTP/1.1" 301 0 "-" "Mozilla/5.0 (Linux; Android 6.0.1; Nexus 5X Build/MMB29P) AppleWebKit/537.36 (KHTML, like Gecko) Chrome/137.0.7151.103 Mobile Safari/537.36 (compatible; Googlebot/2.1; +http://www.google.com/bot.html)"
17.246.23.245 - - [05/Jul/2025:15:18:04 -0400] "GET /wp-content/plugins/salient-social/js/salient-social.js?ver=1.1 HTTP/1.1" 304 0 "https://fnf.group/achievements/" "Mozilla/5.0 (Macintosh; Intel Mac OS X 10_15_7) AppleWebKit/605.1.15 (KHTML, like Gecko) Version/17.4 Safari/605.1.15 (Applebot/0.1; +http://www.apple.com/go/applebot)"
17.246.15.165 - - [05/Jul/2025:15:18:05 -0400] "GET /wp-content/themes/salient/js/build/third-party/jquery.easing.min.js?ver=1.3 HTTP/1.1" 304 0 "https://fnf.group/achievements/" "Mozilla/5.0 (Macintosh; Intel Mac OS X 10_15_7) AppleWebKit/605.1.15 (KHTML, like Gecko) Version/17.4 Safari/605.1.15 (Applebot/0.1; +http://www.apple.com/go/applebot)"
17.246.19.69 - - [05/Jul/2025:15:18:05 -0400] "GET /wp-content/themes/salient/js/build/priority.js?ver=15.1.0 HTTP/1.1" 304 0 "https://fnf.group/achievements/" "Mozilla/5.0 (Macintosh; Intel Mac OS X 10_15_7) AppleWebKit/605.1.15 (KHTML, like Gecko) Version/17.4 Safari/605.1.15 (Applebot/0.1; +http://www.apple.com/go/applebot)"
63.250.38.117 - - [05/Jul/2025:15:18:05 -0400] "POST /wp-cron.php?doing_wp_cron=1751743085.3688330650329589843750 HTTP/1.1" 403 1242 "-" "WordPress/6.8.1; https://fnf.group"
17.246.15.146 - - [05/Jul/2025:15:18:05 -0400] "GET /wp-content/themes/salient/js/build/third-party/transit.min.js?ver=0.9.9 HTTP/1.1" 304 0 "https://fnf.group/achievements/" "Mozilla/5.0 (Macintosh; Intel Mac OS X 10_15_7) AppleWebKit/605.1.15 (KHTML, like Gecko) Version/17.4 Safari/605.1.15 (Applebot/0.1; +http://www.apple.com/go/applebot)"
17.246.23.245 - - [05/Jul/2025:15:18:05 -0400] "GET /wp-content/themes/salient/js/build/third-party/hoverintent.min.js?ver=1.9 HTTP/1.1" 304 0 "https://fnf.group/achievements/" "Mozilla/5.0 (Macintosh; Intel Mac OS X 10_15_7) AppleWebKit/605.1.15 (KHTML, like Gecko) Version/17.4 Safari/605.1.15 (Applebot/0.1; +http://www.apple.com/go/applebot)"
192.178.6.100 - - [05/Jul/2025:15:18:04 -0400] "GET /?n=06229127497502&channel=91a6a2&from=shared.php%3Fid%3D1274975-11554%26name%3D1%2F20%20%E8%A3%85%E7%94%B2%E9%A8%8E%E5%85%B5%E3%83%9C%E3%83%88%E3%83%A0%E3%82%BA%20%E3%82%B9%E3%82%B3%E3%83%BC%E3%83%97%E3%83%89%E3%83%83%E3%82%B0%20%20%E3%83%A1%E3%82%BF%E3%83%AB%E3%82%B9%E3%83%9A%E3%83%83%E3%82%AF%26%E3%83%A9%E3%82%A6%E3%83%B3%E3%83%89%E3%83%A0%E3%83%BC%E3%83%90 HTTP/1.1" 200 30562 "-" "Mozilla/5.0 (Linux; Android 6.0.1; Nexus 5X Build/MMB29P) AppleWebKit/537.36 (KHTML, like Gecko) Chrome/137.0.7151.103 Mobile Safari/537.36 (compatible; Googlebot/2.1; +http://www.google.com/bot.html)"
17.246.19.69 - - [05/Jul/2025:15:18:06 -0400] "GET /wp-content/themes/salient/js/build/third-party/anime.min.js?ver=4.5.1 HTTP/1.1" 200 6960 "https://fnf.group/achievements/" "Mozilla/5.0 (Macintosh; Intel Mac OS X 10_15_7) AppleWebKit/605.1.15 (KHTML, like Gecko) Version/17.4 Safari/605.1.15 (Applebot/0.1; +http://www.apple.com/go/applebot)"
35.206.87.255 - - [05/Jul/2025:15:17:59 -0400] "GET /post-sitemap.xml HTTP/1.1" 200 73057 "-" "Buck/2.4.5; (+https://app.hypefactors.com/media-monitoring/about.html)"
17.246.15.126 - - [05/Jul/2025:15:18:06 -0400] "GET /wp-content/plugins/salient-portfolio/js/third-party/imagesLoaded.min.js?ver=4.1.4 HTTP/1.1" 304 0 "https://fnf.group/achievements/" "Mozilla/5.0 (Macintosh; Intel Mac OS X 10_15_7) AppleWebKit/605.1.15 (KHTML, like Gecko) Version/17.4 Safari/605.1.15 (Applebot/0.1; +http://www.apple.com/go/applebot)"
17.246.19.122 - - [05/Jul/2025:15:18:07 -0400] "GET /wp-content/themes/salient/js/build/third-party/superfish.js?ver=1.5.8 HTTP/1.1" 304 0 "https://fnf.group/achievements/" "Mozilla/5.0 (Macintosh; Intel Mac OS X 10_15_7) AppleWebKit/605.1.15 (KHTML, like Gecko) Version/17.4 Safari/605.1.15 (Applebot/0.1; +http://www.apple.com/go/applebot)"
17.246.23.245 - - [05/Jul/2025:15:18:07 -0400] "GET /wp-content/themes/salient/js/build/init.js?ver=15.1.0 HTTP/1.1" 304 0 "https://fnf.group/achievements/" "Mozilla/5.0 (Macintosh; Intel Mac OS X 10_15_7) AppleWebKit/605.1.15 (KHTML, like Gecko) Version/17.4 Safari/605.1.15 (Applebot/0.1; +http://www.apple.com/go/applebot)"
17.246.15.146 - - [05/Jul/2025:15:18:07 -0400] "GET /wp-content/plugins/js_composer_salient/assets/js/dist/js_composer_front.min.js?ver=6.1 HTTP/1.1" 304 0 "https://fnf.group/achievements/" "Mozilla/5.0 (Macintosh; Intel Mac OS X 10_15_7) AppleWebKit/605.1.15 (KHTML, like Gecko) Version/17.4 Safari/605.1.15 (Applebot/0.1; +http://www.apple.com/go/applebot)"
17.246.15.34 - - [05/Jul/2025:15:18:07 -0400] "GET /wp-content/plugins/salient-core/js/third-party/touchswipe.min.js?ver=1.0 HTTP/1.1" 304 0 "https://fnf.group/achievements/" "Mozilla/5.0 (Macintosh; Intel Mac OS X 10_15_7) AppleWebKit/605.1.15 (KHTML, like Gecko) Version/17.4 Safari/605.1.15 (Applebot/0.1; +http://www.apple.com/go/applebot)"
17.246.23.203 - - [05/Jul/2025:15:18:08 -0400] "GET /wp-includes/js/imagesloaded.min.js?ver=5.0.0 HTTP/1.1" 200 1687 "https://fnf.group/achievements/" "Mozilla/5.0 (Macintosh; Intel Mac OS X 10_15_7) AppleWebKit/605.1.15 (KHTML, like Gecko) Version/17.4 Safari/605.1.15 (Applebot/0.1; +http://www.apple.com/go/applebot)"
35.206.87.255 - - [05/Jul/2025:15:18:35 -0400] "GET /2025/07/05/1xbet-boneoseu-badneunbeob-mic-culgeum-rolringjogeon-deung-sayongbeob-congjeongri-onrainkajino-kr/ HTTP/1.1" 200 30096 "-" "Buck/2.4.5; (+https://app.hypefactors.com/media-monitoring/about.html)"
192.178.6.101 - - [05/Jul/2025:15:18:50 -0400] "GET /?n=80611114947706&channel=10fa10&from=goods.php%3Fid%3D1149477-10257%26name%3D1+%E3%82%BB%E3%83%83%E3%83%88+%E3%81%8A%E3%81%AB%E3%81%8E%E3%82%8A%E5%9E%8B+%E3%82%AB%E3%83%93+%E3%83%A0%E3%83%BC%E3%82%B9%E3%82%B1%E3%83%BC%E3%82%AD%E5%9E%8B+%E3%83%87%E3%82%B6%E3%83%BC%E3%83%88+%E3%82%AD%E3%83%A3%E3%83%B3%E3%83%87%E3%82%A3%E3%83%BC%E3%82%B1%E3%83%BC%E3%82%AD%E5%9E%8B+%E3%82%AF%E3%83%83%E3%82%AD%E3%83%BC%E5%9E%8B+%E5%AE%B6%E5%BA%AD%E7%94%A8%E3%83%99%E3%83%BC%E3%82%AD%E3%83%B3%E3%82%B0%E3%83%A2%E3%83%BC%E3%83%AB%E3%83%89+%E3%81%8A%E3%81%AB%E3%81%8E%E3%82%8A%E3%83%A1%E3%83%BC%E3%82%AB%E3%83%BC HTTP/1.1" 301 0 "-" "Mozilla/5.0 (Linux; Android 6.0.1; Nexus 5X Build/MMB29P) AppleWebKit/537.36 (KHTML, like Gecko) Chrome/137.0.7151.103 Mobile Safari/537.36 (compatible; Googlebot/2.1; +http://www.google.com/bot.html)"
192.178.6.100 - - [05/Jul/2025:15:18:51 -0400] "GET /?n=80611114947706&channel=10fa10&from=goods.php%3Fid%3D1149477-10257%26name%3D1%20%E3%82%BB%E3%83%83%E3%83%88%20%E3%81%8A%E3%81%AB%E3%81%8E%E3%82%8A%E5%9E%8B%20%E3%82%AB%E3%83%93%20%E3%83%A0%E3%83%BC%E3%82%B9%E3%82%B1%E3%83%BC%E3%82%AD%E5%9E%8B%20%E3%83%87%E3%82%B6%E3%83%BC%E3%83%88%20%E3%82%AD%E3%83%A3%E3%83%B3%E3%83%87%E3%82%A3%E3%83%BC%E3%82%B1%E3%83%BC%E3%82%AD%E5%9E%8B%20%E3%82%AF%E3%83%83%E3%82%AD%E3%83%BC%E5%9E%8B%20%E5%AE%B6%E5%BA%AD%E7%94%A8%E3%83%99%E3%83%BC%E3%82%AD%E3%83%B3%E3%82%B0%E3%83%A2%E3%83%BC%E3%83%AB%E3%83%89%20%E3%81%8A%E3%81%AB%E3%81%8E%E3%82%8A%E3%83%A1%E3%83%BC%E3%82%AB%E3%83%BC HTTP/1.1" 200 30568 "-" "Mozilla/5.0 (Linux; Android 6.0.1; Nexus 5X Build/MMB29P) AppleWebKit/537.36 (KHTML, like Gecko) Chrome/137.0.7151.103 Mobile Safari/537.36 (compatible; Googlebot/2.1; +http://www.google.com/bot.html)"
63.250.38.117 - - [05/Jul/2025:15:19:09 -0400] "POST /wp-cron.php?doing_wp_cron=1751743148.5761380195617675781250 HTTP/1.1" 403 1242 "-" "WordPress/6.8.1; https://fnf.group"
35.206.87.255 - - [05/Jul/2025:15:19:05 -0400] "GET /2025/07/05/mostbet-bookmaker-legjobb-szorzok-es-elo-fogadasi-elmeny-online/ HTTP/1.1" 200 26847 "-" "Buck/2.4.5; (+https://app.hypefactors.com/media-monitoring/about.html)"
192.178.6.101 - - [05/Jul/2025:15:19:40 -0400] "GET /?n=2183127765401&channel=3bc1a0&from=jp.php%3Fid%3D277654-4190%26name%3D%E5%85%A8%E5%9B%BD%E4%B8%80%E5%BE%8B+3000%E5%86%86ZX-25RZX-4RZX-4RR%E9%AB%98%E5%BC%B7%E5%BA%A6%E3%82%A2%E3%83%AB%E3%83%9F%E8%A3%BD+%E3%82%A8%E3%83%B3%E3%82%B8%E3%83%B3%E3%82%B9%E3%83%A9%E3%82%A4%E3%83%80%E3%83%BC%E3%82%B0%E3%83%AC%E3%83%BC2020%E5%B9%B4%E4%BB%A5%E9%99%8D%E5%AF%BE%E5%BF%9C HTTP/1.1" 301 0 "-" "Mozilla/5.0 (Linux; Android 6.0.1; Nexus 5X Build/MMB29P) AppleWebKit/537.36 (KHTML, like Gecko) Chrome/137.0.7151.103 Mobile Safari/537.36 (compatible; Googlebot/2.1; +http://www.google.com/bot.html)"
192.178.6.101 - - [05/Jul/2025:15:19:45 -0400] "GET /?n=2183127765401&channel=3bc1a0&from=jp.php%3Fid%3D277654-4190%26name%3D%E5%85%A8%E5%9B%BD%E4%B8%80%E5%BE%8B%203000%E5%86%86ZX-25RZX-4RZX-4RR%E9%AB%98%E5%BC%B7%E5%BA%A6%E3%82%A2%E3%83%AB%E3%83%9F%E8%A3%BD%20%E3%82%A8%E3%83%B3%E3%82%B8%E3%83%B3%E3%82%B9%E3%83%A9%E3%82%A4%E3%83%80%E3%83%BC%E3%82%B0%E3%83%AC%E3%83%BC2020%E5%B9%B4%E4%BB%A5%E9%99%8D%E5%AF%BE%E5%BF%9C HTTP/1.1" 200 30569 "-" "Mozilla/5.0 (Linux; Android 6.0.1; Nexus 5X Build/MMB29P) AppleWebKit/537.36 (KHTML, like Gecko) Chrome/137.0.7151.103 Mobile Safari/537.36 (compatible; Googlebot/2.1; +http://www.google.com/bot.html)"
35.206.87.255 - - [05/Jul/2025:15:19:50 -0400] "GET /2025/07/05/1vin-ofitsialnyi-sait-1win-bukmekerskaia-kontora/ HTTP/1.1" 200 31208 "-" "Buck/2.4.5; (+https://app.hypefactors.com/media-monitoring/about.html)"
63.250.38.117 - - [05/Jul/2025:15:20:28 -0400] "POST /wp-cron.php?doing_wp_cron=1751743227.9784379005432128906250 HTTP/1.1" 403 1242 "-" "WordPress/6.8.1; https://fnf.group"
35.206.87.255 - - [05/Jul/2025:15:20:23 -0400] "GET /2025/07/05/crazy-time-game-app-bangladesh-play-now-and-win/ HTTP/1.1" 200 26596 "-" "Buck/2.4.5; (+https://app.hypefactors.com/media-monitoring/about.html)"
192.178.6.100 - - [05/Jul/2025:15:20:35 -0400] "GET /?n=5066031596601&channel=161126&from=shared.php%3Fid%3D315966-6417%26name%3D%E3%83%8A%E3%82%A4%E3%82%AD+%E3%82%A8%E3%82%A2%E3%83%95%E3%82%A9%E3%83%BC%E3%82%B9+1+%E3%82%B7%E3%83%A3%E3%83%89%E3%82%A6+%E3%83%AC%E3%83%87%E3%82%A3%E3%83%BC%E3%82%B9+%E3%82%B7%E3%83%A5%E3%83%BC%E3%82%BA+%28FN6335-101%E3%80%81%E3%82%BB%E3%82%A4%E3%83%AB%2F%E3%82%A2%E3%83%A9%E3%83%90%E3%82%B9%E3%82%BF%E3%83%BC%2F%E3%83%9A%E3%83%BC%E3%83%AB%E3%82%A2%E3%82%A4%E3%83%9C%E3%83%AA%E3%83%BC%2F%E3%82%AA%E3%82%A4%E3%83%AB%E3%82%B0%E3%83%AA HTTP/1.1" 301 0 "-" "Mozilla/5.0 (Linux; Android 6.0.1; Nexus 5X Build/MMB29P) AppleWebKit/537.36 (KHTML, like Gecko) Chrome/137.0.7151.103 Mobile Safari/537.36 (compatible; Googlebot/2.1; +http://www.google.com/bot.html)"
192.178.6.102 - - [05/Jul/2025:15:20:35 -0400] "GET /?n=6333737942101&channel=c44ccc&from=category-info.php%3Fid%3D379421-5045%26name%3D%E7%94%A8+%E3%82%AB%E3%83%AF%E3%82%B5%E3%82%AD+Z250+Z400+2018-2022+%E3%82%AA%E3%83%BC%E3%83%88%E3%83%90%E3%82%A4%E3%83%90%E3%83%B3%E3%83%91%E3%83%BC%E3%82%A8%E3%83%B3%E3%82%B8%E3%83%B3%E3%82%AC%E3%83%BC%E3%83%89%E3%82%AF%E3%83%A9%E3%83%83%E3%82%B7%E3%83%A5%E3%83%90%E3%83%BC%E3%83%9C%E3%83%87%E3%82%A3%E3%83%95%E3%83%AC%E3%83%BC%E3%83%A0%E3%83%97%E3%83%AD%E3%83%86%E3%82%AF%E3%82%BF%E3%83%BC+%E3%82%AF%E3%83%A9 HTTP/1.1" 301 0 "-" "Mozilla/5.0 (Linux; Android 6.0.1; Nexus 5X Build/MMB29P) AppleWebKit/537.36 (KHTML, like Gecko) Chrome/137.0.7151.103 Mobile Safari/537.36 (compatible; Googlebot/2.1; +http://www.google.com/bot.html)"
192.178.6.102 - - [05/Jul/2025:15:20:38 -0400] "GET /?n=60274182815700&channel=32362b&from=form.php%3Fid%3D1828157-7365%26name%3D%E3%82%A8%E3%82%A4%E3%82%B9%E3%83%BC%E3%82%B9%E5%AF%BE%E5%BF%9C+A41-X550A+AsusA550VB%E3%80%9014.4V%E3%80%812600mAh%E3%80%91+%E3%83%96%E3%83%A9%E3%83%83%E3%82%AF+%E5%AF%BE%E5%BF%9C%E7%94%A8+PC+%E4%BA%92%E6%8F%9B+%E3%83%90%E3%83%83%E3%83%86%E3%83%AA%E3%83%BC+%E3%82%AF HTTP/1.1" 301 0 "-" "Mozilla/5.0 (Linux; Android 6.0.1; Nexus 5X Build/MMB29P) AppleWebKit/537.36 (KHTML, like Gecko) Chrome/137.0.7151.103 Mobile Safari/537.36 (compatible; Googlebot/2.1; +http://www.google.com/bot.html)"
192.178.6.102 - - [05/Jul/2025:15:20:39 -0400] "GET /?n=5066031596601&channel=161126&from=shared.php%3Fid%3D315966-6417%26name%3D%E3%83%8A%E3%82%A4%E3%82%AD%20%E3%82%A8%E3%82%A2%E3%83%95%E3%82%A9%E3%83%BC%E3%82%B9%201%20%E3%82%B7%E3%83%A3%E3%83%89%E3%82%A6%20%E3%83%AC%E3%83%87%E3%82%A3%E3%83%BC%E3%82%B9%20%E3%82%B7%E3%83%A5%E3%83%BC%E3%82%BA%20%28FN6335-101%E3%80%81%E3%82%BB%E3%82%A4%E3%83%AB%2F%E3%82%A2%E3%83%A9%E3%83%90%E3%82%B9%E3%82%BF%E3%83%BC%2F%E3%83%9A%E3%83%BC%E3%83%AB%E3%82%A2%E3%82%A4%E3%83%9C%E3%83%AA%E3%83%BC%2F%E3%82%AA%E3%82%A4%E3%83%AB%E3%82%B0%E3%83%AA HTTP/1.1" 200 30570 "-" "Mozilla/5.0 (Linux; Android 6.0.1; Nexus 5X Build/MMB29P) AppleWebKit/537.36 (KHTML, like Gecko) Chrome/137.0.7151.103 Mobile Safari/537.36 (compatible; Googlebot/2.1; +http://www.google.com/bot.html)"
192.178.6.100 - - [05/Jul/2025:15:20:42 -0400] "GET /?n=6333737942101&channel=c44ccc&from=category-info.php%3Fid%3D379421-5045%26name%3D%E7%94%A8%20%E3%82%AB%E3%83%AF%E3%82%B5%E3%82%AD%20Z250%20Z400%202018-2022%20%E3%82%AA%E3%83%BC%E3%83%88%E3%83%90%E3%82%A4%E3%83%90%E3%83%B3%E3%83%91%E3%83%BC%E3%82%A8%E3%83%B3%E3%82%B8%E3%83%B3%E3%82%AC%E3%83%BC%E3%83%89%E3%82%AF%E3%83%A9%E3%83%83%E3%82%B7%E3%83%A5%E3%83%90%E3%83%BC%E3%83%9C%E3%83%87%E3%82%A3%E3%83%95%E3%83%AC%E3%83%BC%E3%83%A0%E3%83%97%E3%83%AD%E3%83%86%E3%82%AF%E3%82%BF%E3%83%BC%20%E3%82%AF%E3%83%A9 HTTP/1.1" 200 30569 "-" "Mozilla/5.0 (Linux; Android 6.0.1; Nexus 5X Build/MMB29P) AppleWebKit/537.36 (KHTML, like Gecko) Chrome/137.0.7151.103 Mobile Safari/537.36 (compatible; Googlebot/2.1; +http://www.google.com/bot.html)"
192.178.6.100 - - [05/Jul/2025:15:20:46 -0400] "GET /?n=60274182815700&channel=32362b&from=form.php%3Fid%3D1828157-7365%26name%3D%E3%82%A8%E3%82%A4%E3%82%B9%E3%83%BC%E3%82%B9%E5%AF%BE%E5%BF%9C%20A41-X550A%20AsusA550VB%E3%80%9014.4V%E3%80%812600mAh%E3%80%91%20%E3%83%96%E3%83%A9%E3%83%83%E3%82%AF%20%E5%AF%BE%E5%BF%9C%E7%94%A8%20PC%20%E4%BA%92%E6%8F%9B%20%E3%83%90%E3%83%83%E3%83%86%E3%83%AA%E3%83%BC%20%E3%82%AF HTTP/1.1" 200 30564 "-" "Mozilla/5.0 (Linux; Android 6.0.1; Nexus 5X Build/MMB29P) AppleWebKit/537.36 (KHTML, like Gecko) Chrome/137.0.7151.103 Mobile Safari/537.36 (compatible; Googlebot/2.1; +http://www.google.com/bot.html)"
192.178.6.102 - - [05/Jul/2025:15:21:14 -0400] "GET /?n=88001189842100&channel=dac3d8&from=brands.php%3Fid%3D1898421-30684%26name%3D1TB+SATA+1000GB+SATA+2.5%E3%82%A4%E3%83%B3%E3%83%81+HDD+WD10JFCX+1TB+SATA+2.5+9.5MM+5400RPM+%E3%83%8E%E3%83%BC%E3%83%88%E3%83%91%E3%82%BD%E3%82%B3%E3%83%B3%E7%94%A8+%E3%83%8F%E3%83%BC%E3%83%89%E3%83%87%E3%82%A3%E3%82%B9%E3%82%AF+%E4%B8%AD%E5%8F%A4%E6%AD%A3%E5%B8%B8 HTTP/1.1" 301 0 "-" "Mozilla/5.0 (Linux; Android 6.0.1; Nexus 5X Build/MMB29P) AppleWebKit/537.36 (KHTML, like Gecko) Chrome/137.0.7151.103 Mobile Safari/537.36 (compatible; Googlebot/2.1; +http://www.google.com/bot.html)"
35.206.87.255 - - [05/Jul/2025:15:21:16 -0400] "GET /2025/07/05/gates-involving-olympus-demo-dorean-paikhnidi-rtp-96-5/ HTTP/1.1" 200 27402 "-" "Buck/2.4.5; (+https://app.hypefactors.com/media-monitoring/about.html)"
192.178.6.100 - - [05/Jul/2025:15:21:18 -0400] "GET /?n=88001189842100&channel=dac3d8&from=brands.php%3Fid%3D1898421-30684%26name%3D1TB%20SATA%201000GB%20SATA%202.5%E3%82%A4%E3%83%B3%E3%83%81%20HDD%20WD10JFCX%201TB%20SATA%202.5%209.5MM%205400RPM%20%E3%83%8E%E3%83%BC%E3%83%88%E3%83%91%E3%82%BD%E3%82%B3%E3%83%B3%E7%94%A8%20%E3%83%8F%E3%83%BC%E3%83%89%E3%83%87%E3%82%A3%E3%82%B9%E3%82%AF%20%E4%B8%AD%E5%8F%A4%E6%AD%A3%E5%B8%B8 HTTP/1.1" 200 30575 "-" "Mozilla/5.0 (Linux; Android 6.0.1; Nexus 5X Build/MMB29P) AppleWebKit/537.36 (KHTML, like Gecko) Chrome/137.0.7151.103 Mobile Safari/537.36 (compatible; Googlebot/2.1; +http://www.google.com/bot.html)"
63.250.38.117 - - [05/Jul/2025:15:22:03 -0400] "POST /wp-cron.php?doing_wp_cron=1751743323.2726399898529052734375 HTTP/1.1" 403 1242 "-" "WordPress/6.8.1; https://fnf.group"
35.206.87.255 - - [05/Jul/2025:15:21:59 -0400] "GET /2025/07/05/plinko-reviews-login-enjoy-in-south-africa/ HTTP/1.1" 200 26776 "-" "Buck/2.4.5; (+https://app.hypefactors.com/media-monitoring/about.html)"
192.178.6.102 - - [05/Jul/2025:15:22:13 -0400] "GET /?n=88107118089601&channel=38340c&from=news.php%3Fid%3D1180896-24202%26name%3D%E3%82%A2%E3%83%87%E3%82%A3%E3%83%80%E3%82%B9%E3%80%80%E3%82%A2%E3%83%96%E3%83%9B%E3%82%A4%E3%83%BC%E3%83%AB%E3%80%80%E8%85%B9%E7%AD%8B%E3%83%AD%E3%83%BC%E3%83%A9%E3%83%BC HTTP/1.1" 200 30569 "-" "Mozilla/5.0 (Linux; Android 6.0.1; Nexus 5X Build/MMB29P) AppleWebKit/537.36 (KHTML, like Gecko) Chrome/137.0.7151.103 Mobile Safari/537.36 (compatible; Googlebot/2.1; +http://www.google.com/bot.html)"
35.206.87.255 - - [05/Jul/2025:15:22:44 -0400] "GET /2025/07/05/top-115-ca-online-casino-bonuses-2025/ HTTP/1.1" 200 27439 "-" "Buck/2.4.5; (+https://app.hypefactors.com/media-monitoring/about.html)"
63.250.38.117 - - [05/Jul/2025:15:23:25 -0400] "POST /wp-cron.php?doing_wp_cron=1751743405.1712911128997802734375 HTTP/1.1" 403 1242 "-" "WordPress/6.8.1; https://fnf.group"
35.206.87.255 - - [05/Jul/2025:15:23:23 -0400] "GET /2025/07/05/bonus-bis-2-000-225-fs-fur-neue-spieler/ HTTP/1.1" 200 28969 "-" "Buck/2.4.5; (+https://app.hypefactors.com/media-monitoring/about.html)"
192.178.6.101 - - [05/Jul/2025:15:23:54 -0400] "GET /?n=0129910401900&channel=9a01ee&from=form.php%3Fid%3D104019-5683%26name%3D%E8%BB%8A%E3%81%AE%E3%83%95%E3%83%AD%E3%83%B3%E3%83%88%E3%82%B9%E3%83%9D%E3%82%A4%E3%83%A9%E3%83%BC+X5+F15+2014+2015+2016+2017+2018+%E7%94%A8+%E3%83%95%E3%83%AD%E3%83%B3%E3%83%88%E3%83%90%E3%83%B3%E3%83%91%E3%83%BC%E3%82%B9%E3%83%9D%E3%82%A4%E3%83%A9%E3%83%BC+%E3%83%95%E3%82%A9%E3%82%B0%E3%83%A9%E3%83%B3%E3%83%97 HTTP/1.1" 301 0 "-" "Mozilla/5.0 (Linux; Android 6.0.1; Nexus 5X Build/MMB29P) AppleWebKit/537.36 (KHTML, like Gecko) Chrome/137.0.7151.103 Mobile Safari/537.36 (compatible; Googlebot/2.1; +http://www.google.com/bot.html)"
192.178.6.100 - - [05/Jul/2025:15:23:56 -0400] "GET /?n=0129910401900&channel=9a01ee&from=form.php%3Fid%3D104019-5683%26name%3D%E8%BB%8A%E3%81%AE%E3%83%95%E3%83%AD%E3%83%B3%E3%83%88%E3%82%B9%E3%83%9D%E3%82%A4%E3%83%A9%E3%83%BC%20X5%20F15%202014%202015%202016%202017%202018%20%E7%94%A8%20%E3%83%95%E3%83%AD%E3%83%B3%E3%83%88%E3%83%90%E3%83%B3%E3%83%91%E3%83%BC%E3%82%B9%E3%83%9D%E3%82%A4%E3%83%A9%E3%83%BC%20%E3%83%95%E3%82%A9%E3%82%B0%E3%83%A9%E3%83%B3%E3%83%97 HTTP/1.1" 200 30566 "-" "Mozilla/5.0 (Linux; Android 6.0.1; Nexus 5X Build/MMB29P) AppleWebKit/537.36 (KHTML, like Gecko) Chrome/137.0.7151.103 Mobile Safari/537.36 (compatible; Googlebot/2.1; +http://www.google.com/bot.html)"
114.119.131.93 - - [05/Jul/2025:15:24:01 -0400] "GET /author/admin123/page/4 HTTP/1.1" 301 0 "https://fnf.group/author/admin123/page/5" "Mozilla/5.0 (Linux; Android 7.0;) AppleWebKit/537.36 (KHTML, like Gecko) Mobile Safari/537.36 (compatible; PetalBot;+https://webmaster.petalsearch.com/site/petalbot)"
35.206.87.255 - - [05/Jul/2025:15:24:01 -0400] "GET /2025/07/05/budapest-kaszino-utmutato-es-ertekeles-a-legjobbakrol/ HTTP/1.1" 200 26385 "-" "Buck/2.4.5; (+https://app.hypefactors.com/media-monitoring/about.html)"
114.119.131.93 - - [05/Jul/2025:15:24:04 -0400] "GET /author/admin123/page/4/ HTTP/1.1" 200 15438 "https://fnf.group/author/admin123/page/5" "Mozilla/5.0 (Linux; Android 7.0;) AppleWebKit/537.36 (KHTML, like Gecko) Mobile Safari/537.36 (compatible; PetalBot;+https://webmaster.petalsearch.com/site/petalbot)"
63.250.38.117 - - [05/Jul/2025:15:24:44 -0400] "POST /wp-cron.php?doing_wp_cron=1751743484.0971050262451171875000 HTTP/1.1" 403 1242 "-" "WordPress/6.8.1; https://fnf.group"
192.178.6.102 - - [05/Jul/2025:15:24:43 -0400] "GET /?n=0882244433203&channel=eef451&from=article.php%3Fid%3D444332-5890%26name%3DOEM+0001415725+0001415725+%E3%83%A1%E3%83%AB%E3%82%BB%E3%83%87%E3%82%B9+W124+300CE+E320+SL320+93-97+%E3%82%A8%E3%83%B3%E3%82%B8%E3%83%B3%E3%82%B9%E3%83%AD HTTP/1.1" 301 0 "-" "Mozilla/5.0 (Linux; Android 6.0.1; Nexus 5X Build/MMB29P) AppleWebKit/537.36 (KHTML, like Gecko) Chrome/137.0.7151.103 Mobile Safari/537.36 (compatible; Googlebot/2.1; +http://www.google.com/bot.html)"
