35.206.127.113 - - [05/Jul/2025:12:48:44 -0400] "GET /2025/06/30/en-iyi-turkiye-online-casinolar-2025-top-cevrimici-gambling-establishment-rehberi/ HTTP/1.1" 200 27955 "-" "Buck/2.4.5; (+https://app.hypefactors.com/media-monitoring/about.html)"
213.209.150.137 - - [05/Jul/2025:12:48:52 -0400] "POST /wp-login.php?action=register HTTP/1.1" 302 0 "-" "-"
213.209.150.137 - - [05/Jul/2025:12:49:04 -0400] "POST /wp-login.php?action=register HTTP/1.1" 302 0 "-" "-"
103.170.139.220 - - [05/Jul/2025:12:49:10 -0400] "POST /xmlrpc.php HTTP/1.1" 403 1242 "-" "python-requests/2.28.1"
63.250.38.117 - - [05/Jul/2025:12:49:18 -0400] "POST /wp-cron.php?doing_wp_cron=1751734157.9767758846282958984375 HTTP/1.1" 403 1242 "-" "WordPress/6.8.1; https://fnf.group"
189.28.217.127 - - [05/Jul/2025:12:49:15 -0400] "GET /wp-login.php HTTP/1.1" 200 3799 "-" "Mozilla/5.0 (Macintosh; Intel Mac OS X 10_15_7) AppleWebKit/537.36 (KHTML, like Gecko) Chrome/108.0.0.0 YaBrowser/23.1.2.980 Yowser/2.5 Safari/537.36"
189.28.217.127 - - [05/Jul/2025:12:49:18 -0400] "POST /wp-login.php HTTP/1.1" 302 0 "-" "Mozilla/5.0 (Macintosh; Intel Mac OS X 10_15_7) AppleWebKit/537.36 (KHTML, like Gecko) Chrome/108.0.0.0 YaBrowser/23.1.2.980 Yowser/2.5 Safari/537.36"
189.28.217.127 - - [05/Jul/2025:12:49:22 -0400] "GET /wp-login.php?redirect_to=https%3A%2F%2Ffnf.group%2Fwp-admin%2F&action=confirm_admin_email&wp_lang=en_US HTTP/1.1" 200 0 "-" "Mozilla/5.0 (Macintosh; Intel Mac OS X 10_15_7) AppleWebKit/537.36 (KHTML, like Gecko) Chrome/108.0.0.0 YaBrowser/23.1.2.980 Yowser/2.5 Safari/537.36"
213.209.150.137 - - [05/Jul/2025:12:49:20 -0400] "POST /wp-login.php?action=register HTTP/1.1" 302 0 "-" "-"
35.206.127.113 - - [05/Jul/2025:12:49:25 -0400] "GET /2025/06/30/guvenilir-bahis-sitelerinin-adresi-guvenilir-casino-siteleri-en-iyi-5-liste-gundem-haberleri/ HTTP/1.1" 200 26869 "-" "Buck/2.4.5; (+https://app.hypefactors.com/media-monitoring/about.html)"
192.178.6.102 - - [05/Jul/2025:12:49:31 -0400] "GET /?n=1880059881701&channel=cf856c&from=shop.php%3Fid%3D598817-10268%26name%3DTYMBBB+%E3%83%8E%E3%83%AB%E3%83%87%E3%82%A3%E3%83%83%E3%82%AF%E3%83%9F%E3%83%A9%E3%83%BC%E6%89%8B%E4%BD%9C%E3%82%8A%E3%82%BF%E3%83%9A%E3%82%B9%E3%83%88%E3%83%AA%E3%83%BC%E3%83%A1%E3%82%A4%E3%82%AF%E3%83%9F%E3%83%A9%E3%83%BC%E3%83%99%E3%83%83%E3%83%89%E3%82%B5%E3%82%A4%E3%83%89%E3%83%99%E3%83%83%E3%83%89%E3%83%AB%E3%83%BC%E3%83%A0%E3%83%9B%E3%83%BC%E3%83%A0%E3%82%B9%E3%83%86%E3%82%A4%E3%83%9D%E3%83%BC%E3%83%81%E3%83%9B%E3%83%86%E3%83%AB%E3%83%9B%E3%83%BC%E3%83%A0%E8%A3%85%E9%A3%BE%E5%A3%81%E6%8E%9B%E3%81%91 HTTP/1.1" 301 0 "-" "Mozilla/5.0 (Linux; Android 6.0.1; Nexus 5X Build/MMB29P) AppleWebKit/537.36 (KHTML, like Gecko) Chrome/137.0.7151.103 Mobile Safari/537.36 (compatible; Googlebot/2.1; +http://www.google.com/bot.html)"
192.178.6.100 - - [05/Jul/2025:12:49:32 -0400] "GET /?n=1880059881701&channel=cf856c&from=shop.php%3Fid%3D598817-10268%26name%3DTYMBBB%20%E3%83%8E%E3%83%AB%E3%83%87%E3%82%A3%E3%83%83%E3%82%AF%E3%83%9F%E3%83%A9%E3%83%BC%E6%89%8B%E4%BD%9C%E3%82%8A%E3%82%BF%E3%83%9A%E3%82%B9%E3%83%88%E3%83%AA%E3%83%BC%E3%83%A1%E3%82%A4%E3%82%AF%E3%83%9F%E3%83%A9%E3%83%BC%E3%83%99%E3%83%83%E3%83%89%E3%82%B5%E3%82%A4%E3%83%89%E3%83%99%E3%83%83%E3%83%89%E3%83%AB%E3%83%BC%E3%83%A0%E3%83%9B%E3%83%BC%E3%83%A0%E3%82%B9%E3%83%86%E3%82%A4%E3%83%9D%E3%83%BC%E3%83%81%E3%83%9B%E3%83%86%E3%83%AB%E3%83%9B%E3%83%BC%E3%83%A0%E8%A3%85%E9%A3%BE%E5%A3%81%E6%8E%9B%E3%81%91 HTTP/1.1" 200 29972 "-" "Mozilla/5.0 (Linux; Android 6.0.1; Nexus 5X Build/MMB29P) AppleWebKit/537.36 (KHTML, like Gecko) Chrome/137.0.7151.103 Mobile Safari/537.36 (compatible; Googlebot/2.1; +http://www.google.com/bot.html)"
213.209.150.137 - - [05/Jul/2025:12:49:38 -0400] "POST /wp-login.php?action=register HTTP/1.1" 302 0 "-" "-"
35.206.127.113 - - [05/Jul/2025:12:50:05 -0400] "GET /2025/06/30/official-site-do-cassino-online-pin-upward-login-e-registro/ HTTP/1.1" 200 27545 "-" "Buck/2.4.5; (+https://app.hypefactors.com/media-monitoring/about.html)"
63.250.38.117 - - [05/Jul/2025:12:50:23 -0400] "POST /wp-cron.php?doing_wp_cron=1751734222.9694991111755371093750 HTTP/1.1" 403 1242 "-" "WordPress/6.8.1; https://fnf.group"
192.178.6.100 - - [05/Jul/2025:12:50:20 -0400] "GET /?n=16722143961109&channel=395514&from=pin.php%3Fid%3D1439611-27452%26name%3D%E3%81%99%E3%81%AE%E3%81%93%E3%83%99%E3%83%83%E3%83%89+%E3%82%BB%E3%83%9F%E3%82%B7%E3%83%B3%E3%82%B0%E3%83%AB+%E3%83%AD%E3%83%BC%E3%83%AB%E5%BC%8F+%E6%A1%90+%E3%81%99%E3%81%AE%E3%81%93+%E3%81%99%E3%81%AE%E3%81%93%E3%83%9E%E3%83%83%E3%83%88+%E6%8A%98%E3%82%8A%E3%81%9F%E3%81%9F%E3%81%BF+%E6%A1%90%E3%81%99%E3%81%AE%E3%81%93+%E3%81%99%E3%81%AE%E3%81%93%E3%83%9E%E3%83%83%E3%83%88%E3%83%AC%E3%82%B9+%E3%82%B3%E3%83%B3%E3%83%91%E3%82%AF%E3%83%88+%E5%B8%83%E5%9B%A3%E4%B8%8B+%E6%B9%BF%E6%B0%97%E5%AF%BE%E7%AD%96+%E9%99%A4%E6%B9%BF+%E6%9C%A8%E8%A3%BD HTTP/1.1" 301 0 "-" "Mozilla/5.0 (Linux; Android 6.0.1; Nexus 5X Build/MMB29P) AppleWebKit/537.36 (KHTML, like Gecko) Chrome/137.0.7151.103 Mobile Safari/537.36 (compatible; Googlebot/2.1; +http://www.google.com/bot.html)"
63.250.38.117 - - [05/Jul/2025:12:50:23 -0400] "POST /wp-cron.php?doing_wp_cron=1751734223.6733429431915283203125 HTTP/1.1" 403 1242 "-" "WordPress/6.8.1; https://fnf.group"
192.178.6.101 - - [05/Jul/2025:12:50:20 -0400] "GET /?n=4968261626600&channel=c918cf&from=jp.php%3Fid%3D616266-7361%26name%3D%E4%BF%9D%E8%82%B2%E5%9C%92%E3%81%AE%E5%AF%9D%E5%AE%A4%E3%81%AE%E3%83%97%E3%83%AC%E3%82%A4%E3%83%AB%E3%83%BC%E3%83%A0%E3%81%AE%E3%81%9F%E3%82%81%E3%81%AE%E6%9C%A8%E8%A3%BD%E3%81%AE%E6%BB%91%E3%82%8A%E6%AD%A2%E3%82%81%E3%81%AE%E8%84%9A%E3%81%8C%E5%B8%83%E5%BC%B5%E3%82%8A%E3%81%AE%E3%82%AA%E3%83%83%E3%83%88%E3%83%9E%E3%83%B3%E3%82%B3%E3%83%BC%E3%83%92%E3%83%BC%E3%83%86%E3%83%BC%E3%83%96%E3%83%AB%E3%82%92%E5%82%99%E3%81%88%E3%81%9FPu%E3%83%AC%E3%82%B6%E3%83%BC%E3%81%AE%E5%B0%8F%E3%81%95%E3%81%AA%E3%82%AA%E3%83%83%E3%83%88%E3%83%9E%E3%83%B3%E3%83%95%E3%83%83%E3%83%88%E3%82%B9 HTTP/1.1" 200 29977 "-" "Mozilla/5.0 (Linux; Android 6.0.1; Nexus 5X Build/MMB29P) AppleWebKit/537.36 (KHTML, like Gecko) Chrome/137.0.7151.103 Mobile Safari/537.36 (compatible; Googlebot/2.1; +http://www.google.com/bot.html)"
192.178.6.100 - - [05/Jul/2025:12:50:23 -0400] "GET /?n=16722143961109&channel=395514&from=pin.php%3Fid%3D1439611-27452%26name%3D%E3%81%99%E3%81%AE%E3%81%93%E3%83%99%E3%83%83%E3%83%89%20%E3%82%BB%E3%83%9F%E3%82%B7%E3%83%B3%E3%82%B0%E3%83%AB%20%E3%83%AD%E3%83%BC%E3%83%AB%E5%BC%8F%20%E6%A1%90%20%E3%81%99%E3%81%AE%E3%81%93%20%E3%81%99%E3%81%AE%E3%81%93%E3%83%9E%E3%83%83%E3%83%88%20%E6%8A%98%E3%82%8A%E3%81%9F%E3%81%9F%E3%81%BF%20%E6%A1%90%E3%81%99%E3%81%AE%E3%81%93%20%E3%81%99%E3%81%AE%E3%81%93%E3%83%9E%E3%83%83%E3%83%88%E3%83%AC%E3%82%B9%20%E3%82%B3%E3%83%B3%E3%83%91%E3%82%AF%E3%83%88%20%E5%B8%83%E5%9B%A3%E4%B8%8B%20%E6%B9%BF%E6%B0%97%E5%AF%BE%E7%AD%96%20%E9%99%A4%E6%B9%BF%20%E6%9C%A8%E8%A3%BD HTTP/1.1" 200 29979 "-" "Mozilla/5.0 (Linux; Android 6.0.1; Nexus 5X Build/MMB29P) AppleWebKit/537.36 (KHTML, like Gecko) Chrome/137.0.7151.103 Mobile Safari/537.36 (compatible; Googlebot/2.1; +http://www.google.com/bot.html)"
49.43.131.77 - - [05/Jul/2025:12:50:33 -0400] "POST /xmlrpc.php HTTP/1.1" 403 1242 "-" "python-requests/2.28.1"
46.152.242.26 - - [05/Jul/2025:12:50:34 -0400] "GET /wp-login.php HTTP/1.1" 200 3799 "-" "Mozilla/5.0 (Macintosh; Intel Mac OS X 10_15_7) AppleWebKit/537.36 (KHTML, like Gecko) Chrome/108.0.0.0 YaBrowser/23.1.2.980 Yowser/2.5 Safari/537.36"
46.152.242.26 - - [05/Jul/2025:12:50:38 -0400] "POST /wp-login.php HTTP/1.1" 302 0 "-" "Mozilla/5.0 (Macintosh; Intel Mac OS X 10_15_7) AppleWebKit/537.36 (KHTML, like Gecko) Chrome/108.0.0.0 YaBrowser/23.1.2.980 Yowser/2.5 Safari/537.36"
46.152.242.26 - - [05/Jul/2025:12:50:42 -0400] "GET /wp-login.php?redirect_to=https%3A%2F%2Ffnf.group%2Fwp-admin%2F&action=confirm_admin_email&wp_lang=en_US HTTP/1.1" 200 3815 "-" "Mozilla/5.0 (Macintosh; Intel Mac OS X 10_15_7) AppleWebKit/537.36 (KHTML, like Gecko) Chrome/108.0.0.0 YaBrowser/23.1.2.980 Yowser/2.5 Safari/537.36"
35.206.127.113 - - [05/Jul/2025:12:50:41 -0400] "GET /2025/06/30/pinap-kazino-onlain-pinap-kazino-v-kazakhstane/ HTTP/1.1" 200 30919 "-" "Buck/2.4.5; (+https://app.hypefactors.com/media-monitoring/about.html)"
46.152.242.26 - - [05/Jul/2025:12:50:44 -0400] "GET /wp-login.php?redirect_to=https://fnf.group/wp-admin/&action=confirm_admin_email&remind_me_later=9612381a81 HTTP/1.1" 302 0 "-" "Mozilla/5.0 (Macintosh; Intel Mac OS X 10_15_7) AppleWebKit/537.36 (KHTML, like Gecko) Chrome/108.0.0.0 YaBrowser/23.1.2.980 Yowser/2.5 Safari/537.36"
46.152.242.26 - - [05/Jul/2025:12:50:45 -0400] "GET /wp-login.php HTTP/1.1" 200 3904 "-" "Mozilla/5.0 (Macintosh; Intel Mac OS X 10_15_7) AppleWebKit/537.36 (KHTML, like Gecko) Chrome/108.0.0.0 YaBrowser/23.1.2.980 Yowser/2.5 Safari/537.36"
46.152.242.26 - - [05/Jul/2025:12:50:47 -0400] "GET /wp-admin/post-new.php HTTP/1.1" 200 274047 "-" "Mozilla/5.0 (Macintosh; Intel Mac OS X 10_15_7) AppleWebKit/537.36 (KHTML, like Gecko) Chrome/108.0.0.0 YaBrowser/23.1.2.980 Yowser/2.5 Safari/537.36"
45.67.147.10 - - [05/Jul/2025:12:50:53 -0400] "GET /2025/07/02/sweet-paz-slot-spiele-kostenlos/ HTTP/1.1" 200 28976 "-" "Mozilla/5.0 (X11; Linux x86_64) AppleWebKit/537.36 (KHTML, like Gecko) Chrome/134.0.0.0 Safari/537.3"
46.152.242.26 - - [05/Jul/2025:12:50:54 -0400] "POST /wp-admin/admin-ajax.php HTTP/1.1" 200 1368 "-" "Mozilla/5.0 (Macintosh; Intel Mac OS X 10_15_7) AppleWebKit/537.36 (KHTML, like Gecko) Chrome/108.0.0.0 YaBrowser/23.1.2.980 Yowser/2.5 Safari/537.36"
46.152.242.26 - - [05/Jul/2025:12:50:55 -0400] "GET /wp-admin/edit-tags.php?taxonomy=category&post_type=post&s HTTP/1.1" 200 48198 "-" "Mozilla/5.0 (Macintosh; Intel Mac OS X 10_15_7) AppleWebKit/537.36 (KHTML, like Gecko) Chrome/108.0.0.0 YaBrowser/23.1.2.980 Yowser/2.5 Safari/537.36"
46.152.242.26 - - [05/Jul/2025:12:50:58 -0400] "POST /wp-admin/post.php HTTP/1.1" 302 0 "-" "Mozilla/5.0 (Macintosh; Intel Mac OS X 10_15_7) AppleWebKit/537.36 (KHTML, like Gecko) Chrome/108.0.0.0 YaBrowser/23.1.2.980 Yowser/2.5 Safari/537.36"
46.152.242.26 - - [05/Jul/2025:12:51:03 -0400] "GET /wp-admin/post.php?post=11026&action=edit&message=1 HTTP/1.1" 200 286701 "-" "Mozilla/5.0 (Macintosh; Intel Mac OS X 10_15_7) AppleWebKit/537.36 (KHTML, like Gecko) Chrome/108.0.0.0 YaBrowser/23.1.2.980 Yowser/2.5 Safari/537.36"
46.152.242.26 - - [05/Jul/2025:12:51:10 -0400] "GET /?p=11026 HTTP/1.1" 301 0 "-" "Mozilla/5.0 (Macintosh; Intel Mac OS X 10_15_7) AppleWebKit/537.36 (KHTML, like Gecko) Chrome/108.0.0.0 YaBrowser/23.1.2.980 Yowser/2.5 Safari/537.36"
162.62.132.25 - - [05/Jul/2025:12:51:10 -0400] "GET / HTTP/1.1" 301 0 "http://www.fnf.group" "Mozilla/5.0 (iPhone; CPU iPhone OS 13_2_3 like Mac OS X) AppleWebKit/605.1.15 (KHTML, like Gecko) Version/13.0.3 Mobile/15E148 Safari/604.1"
46.152.242.26 - - [05/Jul/2025:12:51:13 -0400] "GET /2025/07/05/lucky-jungle-on-line-casino-recension-fa-3-thousands-omsattningsfria-spins-expert-support-service/ HTTP/1.1" 200 32846 "-" "Mozilla/5.0 (Macintosh; Intel Mac OS X 10_15_7) AppleWebKit/537.36 (KHTML, like Gecko) Chrome/108.0.0.0 YaBrowser/23.1.2.980 Yowser/2.5 Safari/537.36"
162.62.132.25 - - [05/Jul/2025:12:51:14 -0400] "GET / HTTP/1.1" 200 29938 "https://www.fnf.group/" "Mozilla/5.0 (iPhone; CPU iPhone OS 13_2_3 like Mac OS X) AppleWebKit/605.1.15 (KHTML, like Gecko) Version/13.0.3 Mobile/15E148 Safari/604.1"
35.206.127.113 - - [05/Jul/2025:12:51:16 -0400] "GET /2025/06/30/skachat-pin-ap-kazino-kazakhstan-mobilnoe-prilozhenie-pin-up-bet/ HTTP/1.1" 200 30286 "-" "Buck/2.4.5; (+https://app.hypefactors.com/media-monitoring/about.html)"
63.250.38.117 - - [05/Jul/2025:12:51:58 -0400] "POST /wp-cron.php?doing_wp_cron=1751734318.2869410514831542968750 HTTP/1.1" 403 1242 "-" "WordPress/6.8.1; https://fnf.group"
192.178.6.100 - - [05/Jul/2025:12:51:54 -0400] "GET /?n=2119188325300&channel=98929a&from=blog.php%3Fid%3D883253-706%26name%3DSTON-JP001%5BSR%5D%EF%BC%9A%E3%82%B8%E3%82%A7%E3%83%8D%E3%83%86%E3%82%A3%E3%83%83%E3%82%AF%E3%83%BB%E3%83%AF%E3%83%BC%E3%82%A6%E3%83%AB%E3%83%95%E3%80%803%E6%9E%9A%E3%80%80%E3%83%97%E3%83%AC%E3%82%A4%E7%94%A8 HTTP/1.1" 200 29944 "-" "Mozilla/5.0 (Linux; Android 6.0.1; Nexus 5X Build/MMB29P) AppleWebKit/537.36 (KHTML, like Gecko) Chrome/137.0.7151.103 Mobile Safari/537.36 (compatible; Googlebot/2.1; +http://www.google.com/bot.html)"
35.206.127.113 - - [05/Jul/2025:12:51:58 -0400] "GET /2025/06/30/lucky-spinner-spin-the-tire-and-test-your-luck/ HTTP/1.1" 200 24006 "-" "Buck/2.4.5; (+https://app.hypefactors.com/media-monitoring/about.html)"
35.206.127.113 - - [05/Jul/2025:12:52:27 -0400] "GET /2025/06/30/1xbet-app-1xbet-mobile-a-tnzyl-1xbet-apk-android-os-w-iphone-a-1xbet-com/ HTTP/1.1" 200 28435 "-" "Buck/2.4.5; (+https://app.hypefactors.com/media-monitoring/about.html)"
123.201.2.229 - - [05/Jul/2025:12:52:37 -0400] "POST /xmlrpc.php HTTP/1.1" 403 1242 "-" "python-requests/2.28.1"
180.75.242.169 - - [05/Jul/2025:12:52:39 -0400] "GET /wp-login.php HTTP/1.1" 200 3798 "-" "Mozilla/5.0 (Macintosh; Intel Mac OS X 10_15_7) AppleWebKit/537.36 (KHTML, like Gecko) Chrome/108.0.0.0 YaBrowser/23.1.2.980 Yowser/2.5 Safari/537.36"
180.75.242.169 - - [05/Jul/2025:12:52:42 -0400] "POST /wp-login.php HTTP/1.1" 302 0 "-" "Mozilla/5.0 (Macintosh; Intel Mac OS X 10_15_7) AppleWebKit/537.36 (KHTML, like Gecko) Chrome/108.0.0.0 YaBrowser/23.1.2.980 Yowser/2.5 Safari/537.36"
180.75.242.169 - - [05/Jul/2025:12:52:46 -0400] "GET /wp-login.php?redirect_to=https%3A%2F%2Ffnf.group%2Fwp-admin%2F&action=confirm_admin_email&wp_lang=en_US HTTP/1.1" 200 3817 "-" "Mozilla/5.0 (Macintosh; Intel Mac OS X 10_15_7) AppleWebKit/537.36 (KHTML, like Gecko) Chrome/108.0.0.0 YaBrowser/23.1.2.980 Yowser/2.5 Safari/537.36"
103.10.116.46 - - [05/Jul/2025:12:52:50 -0400] "POST /xmlrpc.php HTTP/1.1" 403 1242 "-" "python-requests/2.28.1"
180.75.242.169 - - [05/Jul/2025:12:52:50 -0400] "GET /wp-login.php?redirect_to=https://fnf.group/wp-admin/&action=confirm_admin_email&remind_me_later=e5aadf8fc3 HTTP/1.1" 302 0 "-" "Mozilla/5.0 (Macintosh; Intel Mac OS X 10_15_7) AppleWebKit/537.36 (KHTML, like Gecko) Chrome/108.0.0.0 YaBrowser/23.1.2.980 Yowser/2.5 Safari/537.36"
91.210.69.30 - - [05/Jul/2025:12:52:49 -0400] "GET /2021/03/21/fondant-orange-cake-by-chanda-arshad/ HTTP/1.1" 200 18924 "https://fnf.group/2021/03/21/fondant-orange-cake-by-chanda-arshad/#comment-37844" "Mozilla/5.0 (Windows NT 10.0; Win64; x64) AppleWebKit/537.36 (KHTML, like Gecko) Chrome/131.0.0.0 Safari/537.36 Avast/131.0.0.0"
63.250.38.117 - - [05/Jul/2025:12:52:58 -0400] "POST /wp-cron.php?doing_wp_cron=1751734378.4744629859924316406250 HTTP/1.1" 403 1242 "-" "WordPress/6.8.1; https://fnf.group"
49.207.215.160 - - [05/Jul/2025:12:52:52 -0400] "GET /wp-login.php HTTP/1.1" 200 3798 "-" "Mozilla/5.0 (Macintosh; Intel Mac OS X 10_15_7) AppleWebKit/537.36 (KHTML, like Gecko) Chrome/108.0.0.0 YaBrowser/23.1.2.980 Yowser/2.5 Safari/537.36"
91.210.69.30 - - [05/Jul/2025:12:52:59 -0400] "POST /wp-comments-post.php HTTP/1.1" 403 1242 "https://fnf.group/2021/03/21/fondant-orange-cake-by-chanda-arshad/#comment-37844" "Mozilla/5.0 (Windows NT 10.0; Win64; x64) AppleWebKit/537.36 (KHTML, like Gecko) Chrome/131.0.0.0 Safari/537.36 Avast/131.0.0.0"
49.207.215.160 - - [05/Jul/2025:12:52:59 -0400] "POST /wp-login.php HTTP/1.1" 200 0 "-" "Mozilla/5.0 (Macintosh; Intel Mac OS X 10_15_7) AppleWebKit/537.36 (KHTML, like Gecko) Chrome/108.0.0.0 YaBrowser/23.1.2.980 Yowser/2.5 Safari/537.36"
35.206.127.113 - - [05/Jul/2025:12:53:02 -0400] "GET /2025/06/30/skachat-pin-up-kz-i-mobilnaia-versiia-ddia-android-a-ios/ HTTP/1.1" 200 31828 "-" "Buck/2.4.5; (+https://app.hypefactors.com/media-monitoring/about.html)"
192.178.6.102 - - [05/Jul/2025:12:53:29 -0400] "GET /?n=00922171216302&channel=85425e&from=pin.php%3Fid%3D1712163-7358%26name%3D%E6%8A%98%E3%82%8A%E3%81%9F%E3%81%9F%E3%81%BF%E3%83%81%E3%82%A7%E3%82%A2+%E5%89%B5%E9%80%A0%E7%9A%84%E3%81%AA%E6%8A%98%E3%82%8A%E3%81%9F%E3%81%9F%E3%81%BF%E6%A4%85%E5%AD%90%E4%BA%BA%E9%96%93%E3%81%AE%E8%83%8C%E9%AA%A8%E6%B9%BE%E6%9B%B2%E3%81%97%E3%81%9F%E3%82%B7%E3%83%B3%E3%83%97%E3%83%AB%E3%81%AA%E8%83%8C%E3%82%82%E3%81%9F%E3%82%8C%E6%A4%85%E5%AD%90%E3%82%A2%E3%83%BC%E3%83%88%E5%AD%A6%E7%94%9F%E3%83%88%E3%83%AC%E3%83%BC%E3%83%8B%E3%83%B3%E3%82%B0%E6%8A%98%E3%82%8A%E3%81%9F%E3%81%9F%E3%81%BF%E6%A4%85%E5%AD%90%E9%A0%91%E4%B8%88%E3%81%AA%E3%82%A4%E3%83%99%E3%83%B3%E3%83%88%E6%A4%85 HTTP/1.1" 301 0 "-" "Mozilla/5.0 (Linux; Android 6.0.1; Nexus 5X Build/MMB29P) AppleWebKit/537.36 (KHTML, like Gecko) Chrome/137.0.7151.103 Mobile Safari/537.36 (compatible; Googlebot/2.1; +http://www.google.com/bot.html)"
192.178.6.101 - - [05/Jul/2025:12:53:30 -0400] "GET /?n=74739153607303&channel=1691d3&from=product.php%3Fid%3D1536073-14379%26name%3D%E3%83%89%E3%83%AA%E3%83%86%E3%83%83%E3%82%AF+%E5%A4%A7%E7%94%BB%E9%9D%A2%E3%82%BF%E3%82%A4%E3%83%9E%E3%83%BC+%E6%99%82%E8%A8%88%E8%A1%A8%E7%A4%BA+%E3%83%9E%E3%82%B0%E3%83%8D%E3%83%83%E3%83%88+%E3%82%B7%E3%83%A3%E3%83%9C%E3%83%B36+%E3%83%9B%E3%83%AF%E3%82%A4%E3%83%88 HTTP/1.1" 301 0 "-" "Mozilla/5.0 (Linux; Android 6.0.1; Nexus 5X Build/MMB29P) AppleWebKit/537.36 (KHTML, like Gecko) Chrome/137.0.7151.103 Mobile Safari/537.36 (compatible; Googlebot/2.1; +http://www.google.com/bot.html)"
192.178.6.101 - - [05/Jul/2025:12:53:34 -0400] "GET /?n=00922171216302&channel=85425e&from=pin.php%3Fid%3D1712163-7358%26name%3D%E6%8A%98%E3%82%8A%E3%81%9F%E3%81%9F%E3%81%BF%E3%83%81%E3%82%A7%E3%82%A2%20%E5%89%B5%E9%80%A0%E7%9A%84%E3%81%AA%E6%8A%98%E3%82%8A%E3%81%9F%E3%81%9F%E3%81%BF%E6%A4%85%E5%AD%90%E4%BA%BA%E9%96%93%E3%81%AE%E8%83%8C%E9%AA%A8%E6%B9%BE%E6%9B%B2%E3%81%97%E3%81%9F%E3%82%B7%E3%83%B3%E3%83%97%E3%83%AB%E3%81%AA%E8%83%8C%E3%82%82%E3%81%9F%E3%82%8C%E6%A4%85%E5%AD%90%E3%82%A2%E3%83%BC%E3%83%88%E5%AD%A6%E7%94%9F%E3%83%88%E3%83%AC%E3%83%BC%E3%83%8B%E3%83%B3%E3%82%B0%E6%8A%98%E3%82%8A%E3%81%9F%E3%81%9F%E3%81%BF%E6%A4%85%E5%AD%90%E9%A0%91%E4%B8%88%E3%81%AA%E3%82%A4%E3%83%99%E3%83%B3%E3%83%88%E6%A4%85 HTTP/1.1" 200 29945 "-" "Mozilla/5.0 (Linux; Android 6.0.1; Nexus 5X Build/MMB29P) AppleWebKit/537.36 (KHTML, like Gecko) Chrome/137.0.7151.103 Mobile Safari/537.36 (compatible; Googlebot/2.1; +http://www.google.com/bot.html)"
192.178.6.100 - - [05/Jul/2025:12:53:34 -0400] "GET /?n=74739153607303&channel=1691d3&from=product.php%3Fid%3D1536073-14379%26name%3D%E3%83%89%E3%83%AA%E3%83%86%E3%83%83%E3%82%AF%20%E5%A4%A7%E7%94%BB%E9%9D%A2%E3%82%BF%E3%82%A4%E3%83%9E%E3%83%BC%20%E6%99%82%E8%A8%88%E8%A1%A8%E7%A4%BA%20%E3%83%9E%E3%82%B0%E3%83%8D%E3%83%83%E3%83%88%20%E3%82%B7%E3%83%A3%E3%83%9C%E3%83%B36%20%E3%83%9B%E3%83%AF%E3%82%A4%E3%83%88 HTTP/1.1" 200 29934 "-" "Mozilla/5.0 (Linux; Android 6.0.1; Nexus 5X Build/MMB29P) AppleWebKit/537.36 (KHTML, like Gecko) Chrome/137.0.7151.103 Mobile Safari/537.36 (compatible; Googlebot/2.1; +http://www.google.com/bot.html)"
35.206.127.113 - - [05/Jul/2025:12:53:38 -0400] "GET /2025/06/30/login-ing-apuestas-y-online-casino-sitio-bono-12-631-000/ HTTP/1.1" 200 28615 "-" "Buck/2.4.5; (+https://app.hypefactors.com/media-monitoring/about.html)"
57.141.0.12 - - [05/Jul/2025:12:53:45 -0400] "GET /category/restaurants/ HTTP/1.1" 200 15202 "-" "meta-externalagent/1.1 (+https://developers.facebook.com/docs/sharing/webmasters/crawler)"
92.53.96.29 - - [05/Jul/2025:12:53:50 -0400] "POST /xmlrpc.php HTTP/1.1" 403 1242 "-" "python-requests/2.28.1"
92.53.96.29 - - [05/Jul/2025:12:53:52 -0400] "GET /wp-login.php HTTP/1.1" 200 3799 "-" "Mozilla/5.0 (Macintosh; Intel Mac OS X 10_15_7) AppleWebKit/537.36 (KHTML, like Gecko) Chrome/108.0.0.0 YaBrowser/23.1.2.980 Yowser/2.5 Safari/537.36"
92.53.96.29 - - [05/Jul/2025:12:53:54 -0400] "POST /wp-login.php HTTP/1.1" 302 0 "-" "Mozilla/5.0 (Macintosh; Intel Mac OS X 10_15_7) AppleWebKit/537.36 (KHTML, like Gecko) Chrome/108.0.0.0 YaBrowser/23.1.2.980 Yowser/2.5 Safari/537.36"
92.53.96.29 - - [05/Jul/2025:12:53:55 -0400] "GET /wp-login.php?redirect_to=https%3A%2F%2Ffnf.group%2Fwp-admin%2F&action=confirm_admin_email&wp_lang=en_US HTTP/1.1" 200 3813 "-" "Mozilla/5.0 (Macintosh; Intel Mac OS X 10_15_7) AppleWebKit/537.36 (KHTML, like Gecko) Chrome/108.0.0.0 YaBrowser/23.1.2.980 Yowser/2.5 Safari/537.36"
92.53.96.29 - - [05/Jul/2025:12:53:57 -0400] "GET /wp-login.php?redirect_to=https://fnf.group/wp-admin/&action=confirm_admin_email&remind_me_later=0027e27162 HTTP/1.1" 302 0 "-" "Mozilla/5.0 (Macintosh; Intel Mac OS X 10_15_7) AppleWebKit/537.36 (KHTML, like Gecko) Chrome/108.0.0.0 YaBrowser/23.1.2.980 Yowser/2.5 Safari/537.36"
63.250.38.117 - - [05/Jul/2025:12:53:59 -0400] "POST /wp-cron.php?doing_wp_cron=1751734439.5717990398406982421875 HTTP/1.1" 403 1242 "-" "WordPress/6.8.1; https://fnf.group"
92.53.96.29 - - [05/Jul/2025:12:53:58 -0400] "GET /wp-login.php HTTP/1.1" 200 3904 "-" "Mozilla/5.0 (Macintosh; Intel Mac OS X 10_15_7) AppleWebKit/537.36 (KHTML, like Gecko) Chrome/108.0.0.0 YaBrowser/23.1.2.980 Yowser/2.5 Safari/537.36"
92.53.96.29 - - [05/Jul/2025:12:54:00 -0400] "GET /wp-admin/post-new.php HTTP/1.1" 200 273847 "-" "Mozilla/5.0 (Macintosh; Intel Mac OS X 10_15_7) AppleWebKit/537.36 (KHTML, like Gecko) Chrome/108.0.0.0 YaBrowser/23.1.2.980 Yowser/2.5 Safari/537.36"
92.53.96.29 - - [05/Jul/2025:12:54:04 -0400] "POST /wp-admin/admin-ajax.php HTTP/1.1" 200 1462 "-" "Mozilla/5.0 (Macintosh; Intel Mac OS X 10_15_7) AppleWebKit/537.36 (KHTML, like Gecko) Chrome/108.0.0.0 YaBrowser/23.1.2.980 Yowser/2.5 Safari/537.36"
92.53.96.29 - - [05/Jul/2025:12:54:06 -0400] "GET /wp-admin/edit-tags.php?taxonomy=category&post_type=post&s HTTP/1.1" 200 48137 "-" "Mozilla/5.0 (Macintosh; Intel Mac OS X 10_15_7) AppleWebKit/537.36 (KHTML, like Gecko) Chrome/108.0.0.0 YaBrowser/23.1.2.980 Yowser/2.5 Safari/537.36"
35.206.127.113 - - [05/Jul/2025:12:54:16 -0400] "GET /2025/06/30/mostbet-casino-hungary-online-kaszino-es-sportfogadas-125-30fs/ HTTP/1.1" 200 26271 "-" "Buck/2.4.5; (+https://app.hypefactors.com/media-monitoring/about.html)"
92.53.96.29 - - [05/Jul/2025:12:54:21 -0400] "POST /wp-admin/post.php HTTP/1.1" 302 0 "-" "Mozilla/5.0 (Macintosh; Intel Mac OS X 10_15_7) AppleWebKit/537.36 (KHTML, like Gecko) Chrome/108.0.0.0 YaBrowser/23.1.2.980 Yowser/2.5 Safari/537.36"
192.178.6.100 - - [05/Jul/2025:12:54:26 -0400] "GET /?n=91713120002001&channel=0d125a&from=category-info.php%3Fid%3D1200020-12726%26name%3D%E3%83%81%E3%82%A2%E3%83%91%E3%83%B3%E3%80%80M%E3%82%B5%E3%82%A4%E3%82%BA%E3%80%80%E3%83%96%E3%83%A9%E3%83%83%E3%82%AF HTTP/1.1" 200 29990 "-" "Mozilla/5.0 (Linux; Android 6.0.1; Nexus 5X Build/MMB29P) AppleWebKit/537.36 (KHTML, like Gecko) Chrome/137.0.7151.103 Mobile Safari/537.36 (compatible; Googlebot/2.1; +http://www.google.com/bot.html)"
92.53.96.29 - - [05/Jul/2025:12:54:27 -0400] "GET /wp-admin/post.php?post=11028&action=edit&message=1 HTTP/1.1" 200 285621 "-" "Mozilla/5.0 (Macintosh; Intel Mac OS X 10_15_7) AppleWebKit/537.36 (KHTML, like Gecko) Chrome/108.0.0.0 YaBrowser/23.1.2.980 Yowser/2.5 Safari/537.36"
92.53.96.29 - - [05/Jul/2025:12:54:37 -0400] "GET /?p=11028 HTTP/1.1" 301 0 "-" "Mozilla/5.0 (Macintosh; Intel Mac OS X 10_15_7) AppleWebKit/537.36 (KHTML, like Gecko) Chrome/108.0.0.0 YaBrowser/23.1.2.980 Yowser/2.5 Safari/537.36"
92.53.96.29 - - [05/Jul/2025:12:54:40 -0400] "GET /2025/07/05/budapest-kaszino-utmutato-es-ertekeles-a-legjobbakrol/ HTTP/1.1" 200 30789 "-" "Mozilla/5.0 (Macintosh; Intel Mac OS X 10_15_7) AppleWebKit/537.36 (KHTML, like Gecko) Chrome/108.0.0.0 YaBrowser/23.1.2.980 Yowser/2.5 Safari/537.36"
213.209.150.137 - - [05/Jul/2025:12:54:55 -0400] "POST /wp-login.php?action=register HTTP/1.1" 302 0 "-" "-"
63.250.38.117 - - [05/Jul/2025:12:55:04 -0400] "POST /wp-cron.php?doing_wp_cron=1751734504.0774400234222412109375 HTTP/1.1" 403 1242 "-" "WordPress/6.8.1; https://fnf.group"
35.206.127.113 - - [05/Jul/2025:12:55:00 -0400] "GET /2025/06/30/mostbet-mostbet-bukmekerskaia-kontora-zerkalo-ofitsialnyi-sait-bonus-pri-registratsii/ HTTP/1.1" 200 30841 "-" "Buck/2.4.5; (+https://app.hypefactors.com/media-monitoring/about.html)"
213.209.150.137 - - [05/Jul/2025:12:55:05 -0400] "POST /wp-login.php?action=register HTTP/1.1" 302 0 "-" "-"
2a03:2880:f800:8:: - - [05/Jul/2025:12:55:15 -0400] "GET /tag/fnf/page/2/ HTTP/1.1" 200 15695 "-" "meta-externalagent/1.1 (+https://developers.facebook.com/docs/sharing/webmasters/crawler)"
213.209.150.137 - - [05/Jul/2025:12:55:19 -0400] "POST /wp-login.php?action=register HTTP/1.1" 302 0 "-" "-"
213.209.150.137 - - [05/Jul/2025:12:55:29 -0400] "POST /wp-login.php?action=register HTTP/1.1" 302 0 "-" "-"
45.61.64.23 - - [05/Jul/2025:12:55:32 -0400] "GET /2025/07/01/1xbet-app-report-on-the-android-ios-application/ HTTP/1.1" 200 25205 "-" "Mozilla/5.0 (Macintosh; Intel Mac OS X 10_15_7) AppleWebKit/537.36 (KHTML, like Gecko) Chrome/113.0.0.0 Safari/537.3"
213.209.150.137 - - [05/Jul/2025:12:55:39 -0400] "POST /wp-login.php?action=register HTTP/1.1" 302 0 "-" "-"
35.206.127.113 - - [05/Jul/2025:12:55:52 -0400] "GET /2025/06/29/best-time-and-energy-to-play-slot-machines-remedy-online-casino-slots-pay-typically-the-most/ HTTP/1.1" 200 27522 "-" "Buck/2.4.5; (+https://app.hypefactors.com/media-monitoring/about.html)"
192.178.6.100 - - [05/Jul/2025:12:56:00 -0400] "GET /?n=47270125268502&channel=7b5e68&from=blog.php%3Fid%3D1252685-18322%26name%3D3%E3%82%BB%E3%83%83%E3%83%88+%E3%83%94%E3%82%B6%E3%83%97%E3%83%AC%E3%83%BC%E3%83%88+Baking+Pan+%E3%82%A4%E3%83%B3%E3%83%81%E3%82%AF+%E3%82%AA%E3%83%BC%E3%83%96%E3%83%B3%E7%94%A8%E3%83%94%E3%82%B6%E3%83%91%E3%83%B3+%E3%82%B1%E3%83%BC%E3%82%AD%E3%83%91%E3%83%B3+%E3%82%AA%E3%83%BC%E3%83%96%E3%83%B3%E3%83%94%E3%82%B6%E3%83%91%E3%83%B3+%E5%BD%A2%E3%82%92%E3%81%97%E3%81%9F+%E9%9D%9E+%E7%82%AD%E7%B4%A0%E9%8B%BC%E3%81%AE%E3%83%99%E3%83%BC HTTP/1.1" 301 0 "-" "Mozilla/5.0 (Linux; Android 6.0.1; Nexus 5X Build/MMB29P) AppleWebKit/537.36 (KHTML, like Gecko) Chrome/137.0.7151.103 Mobile Safari/537.36 (compatible; Googlebot/2.1; +http://www.google.com/bot.html)"
192.178.6.100 - - [05/Jul/2025:12:56:01 -0400] "GET /?n=47270125268502&channel=7b5e68&from=blog.php%3Fid%3D1252685-18322%26name%3D3%E3%82%BB%E3%83%83%E3%83%88%20%E3%83%94%E3%82%B6%E3%83%97%E3%83%AC%E3%83%BC%E3%83%88%20Baking%20Pan%20%E3%82%A4%E3%83%B3%E3%83%81%E3%82%AF%20%E3%82%AA%E3%83%BC%E3%83%96%E3%83%B3%E7%94%A8%E3%83%94%E3%82%B6%E3%83%91%E3%83%B3%20%E3%82%B1%E3%83%BC%E3%82%AD%E3%83%91%E3%83%B3%20%E3%82%AA%E3%83%BC%E3%83%96%E3%83%B3%E3%83%94%E3%82%B6%E3%83%91%E3%83%B3%20%E5%BD%A2%E3%82%92%E3%81%97%E3%81%9F%20%E9%9D%9E%20%E7%82%AD%E7%B4%A0%E9%8B%BC%E3%81%AE%E3%83%99%E3%83%BC HTTP/1.1" 200 29994 "-" "Mozilla/5.0 (Linux; Android 6.0.1; Nexus 5X Build/MMB29P) AppleWebKit/537.36 (KHTML, like Gecko) Chrome/137.0.7151.103 Mobile Safari/537.36 (compatible; Googlebot/2.1; +http://www.google.com/bot.html)"
143.105.109.91 - - [05/Jul/2025:12:56:33 -0400] "POST /xmlrpc.php HTTP/1.1" 403 1242 "-" "python-requests/2.28.1"
122.180.182.85 - - [05/Jul/2025:12:56:33 -0400] "POST /xmlrpc.php HTTP/1.1" 403 1242 "-" "python-requests/2.28.1"
35.206.127.113 - - [05/Jul/2025:12:56:29 -0400] "GET /2025/06/30/1xbet-app-apk-download-para-android-os-e-ios-gratis-2025/ HTTP/1.1" 200 23189 "-" "Buck/2.4.5; (+https://app.hypefactors.com/media-monitoring/about.html)"
138.118.236.26 - - [05/Jul/2025:12:56:34 -0400] "GET /wp-login.php HTTP/1.1" 200 3799 "-" "Mozilla/5.0 (Macintosh; Intel Mac OS X 10_15_7) AppleWebKit/537.36 (KHTML, like Gecko) Chrome/108.0.0.0 YaBrowser/23.1.2.980 Yowser/2.5 Safari/537.36"
49.128.170.230 - - [05/Jul/2025:12:56:34 -0400] "GET /wp-login.php HTTP/1.1" 200 3799 "-" "Mozilla/5.0 (Macintosh; Intel Mac OS X 10_15_7) AppleWebKit/537.36 (KHTML, like Gecko) Chrome/108.0.0.0 YaBrowser/23.1.2.980 Yowser/2.5 Safari/537.36"
138.118.236.26 - - [05/Jul/2025:12:56:39 -0400] "POST /wp-login.php HTTP/1.1" 200 0 "-" "Mozilla/5.0 (Macintosh; Intel Mac OS X 10_15_7) AppleWebKit/537.36 (KHTML, like Gecko) Chrome/108.0.0.0 YaBrowser/23.1.2.980 Yowser/2.5 Safari/537.36"
49.128.170.230 - - [05/Jul/2025:12:56:39 -0400] "POST /wp-login.php HTTP/1.1" 302 0 "-" "Mozilla/5.0 (Macintosh; Intel Mac OS X 10_15_7) AppleWebKit/537.36 (KHTML, like Gecko) Chrome/108.0.0.0 YaBrowser/23.1.2.980 Yowser/2.5 Safari/537.36"
49.128.170.230 - - [05/Jul/2025:12:56:41 -0400] "GET /wp-login.php?redirect_to=https%3A%2F%2Ffnf.group%2Fwp-admin%2F&action=confirm_admin_email&wp_lang=en_US HTTP/1.1" 200 3816 "-" "Mozilla/5.0 (Macintosh; Intel Mac OS X 10_15_7) AppleWebKit/537.36 (KHTML, like Gecko) Chrome/108.0.0.0 YaBrowser/23.1.2.980 Yowser/2.5 Safari/537.36"
192.178.6.101 - - [05/Jul/2025:12:56:45 -0400] "GET /wp-content/uploads/2020/09/FRIED-MUTTON-CHOPS-scaled.jpeg HTTP/1.1" 304 0 "-" "Googlebot-Image/1.0"
49.128.170.230 - - [05/Jul/2025:12:56:44 -0400] "GET /wp-login.php?redirect_to=https://fnf.group/wp-admin/&action=confirm_admin_email&remind_me_later=e310a81c1d HTTP/1.1" 302 0 "-" "Mozilla/5.0 (Macintosh; Intel Mac OS X 10_15_7) AppleWebKit/537.36 (KHTML, like Gecko) Chrome/108.0.0.0 YaBrowser/23.1.2.980 Yowser/2.5 Safari/537.36"
216.73.216.174 - - [05/Jul/2025:12:56:47 -0400] "GET /2020/12/18/gulab-jamun-cheese-cake-by-sadia-kashif/ HTTP/1.1" 500 1034 "-" "Mozilla/5.0 AppleWebKit/537.36 (KHTML, like Gecko; compatible; ClaudeBot/1.0; +claudebot@anthropic.com)"
192.178.6.101 - - [05/Jul/2025:12:56:47 -0400] "GET /?n=8387982694901&channel=8d872a&from=blog.php%3Fid%3D826949-15807%26name%3D%E3%83%A1%E3%82%AC%E3%83%90%E3%82%B9+GENMA+%E3%82%B2%E3%83%B3%E3%83%9E110S+GC+%E3%82%B9%E3%83%86%E3%82%A4%E3%83%B3%E3%82%A4%E3%83%AF%E3%82%B7+Cookai+SLIM+%E7%A9%BA%E6%B5%B7%E3%82%B9%E3%83%AA%E3%83%A0+120F+FA+%E3%82%B0%E3%83%AA%E3%83%BC%E3%83%B3%E3%83%9E%E3%83%83%E3%82%AB%E3%83%AC%E3%83%AB HTTP/1.1" 301 0 "-" "Mozilla/5.0 (Linux; Android 6.0.1; Nexus 5X Build/MMB29P) AppleWebKit/537.36 (KHTML, like Gecko) Chrome/137.0.7151.103 Mobile Safari/537.36 (compatible; Googlebot/2.1; +http://www.google.com/bot.html)"
49.128.170.230 - - [05/Jul/2025:12:56:47 -0400] "GET /wp-login.php HTTP/1.1" 200 3905 "-" "Mozilla/5.0 (Macintosh; Intel Mac OS X 10_15_7) AppleWebKit/537.36 (KHTML, like Gecko) Chrome/108.0.0.0 YaBrowser/23.1.2.980 Yowser/2.5 Safari/537.36"
192.178.6.100 - - [05/Jul/2025:12:56:50 -0400] "GET /?n=8387982694901&channel=8d872a&from=blog.php%3Fid%3D826949-15807%26name%3D%E3%83%A1%E3%82%AC%E3%83%90%E3%82%B9%20GENMA%20%E3%82%B2%E3%83%B3%E3%83%9E110S%20GC%20%E3%82%B9%E3%83%86%E3%82%A4%E3%83%B3%E3%82%A4%E3%83%AF%E3%82%B7%20Cookai%20SLIM%20%E7%A9%BA%E6%B5%B7%E3%82%B9%E3%83%AA%E3%83%A0%20120F%20FA%20%E3%82%B0%E3%83%AA%E3%83%BC%E3%83%B3%E3%83%9E%E3%83%83%E3%82%AB%E3%83%AC%E3%83%AB HTTP/1.1" 200 29990 "-" "Mozilla/5.0 (Linux; Android 6.0.1; Nexus 5X Build/MMB29P) AppleWebKit/537.36 (KHTML, like Gecko) Chrome/137.0.7151.103 Mobile Safari/537.36 (compatible; Googlebot/2.1; +http://www.google.com/bot.html)"
49.128.170.230 - - [05/Jul/2025:12:56:51 -0400] "GET /wp-admin/post-new.php HTTP/1.1" 200 273838 "-" "Mozilla/5.0 (Macintosh; Intel Mac OS X 10_15_7) AppleWebKit/537.36 (KHTML, like Gecko) Chrome/108.0.0.0 YaBrowser/23.1.2.980 Yowser/2.5 Safari/537.36"
49.128.170.230 - - [05/Jul/2025:12:56:59 -0400] "POST /wp-admin/admin-ajax.php HTTP/1.1" 200 1374 "-" "Mozilla/5.0 (Macintosh; Intel Mac OS X 10_15_7) AppleWebKit/537.36 (KHTML, like Gecko) Chrome/108.0.0.0 YaBrowser/23.1.2.980 Yowser/2.5 Safari/537.36"
110.235.249.65 - - [05/Jul/2025:12:57:01 -0400] "POST /xmlrpc.php HTTP/1.1" 403 1242 "-" "python-requests/2.28.1"
47.204.63.43 - - [05/Jul/2025:12:57:03 -0400] "POST /xmlrpc.php HTTP/1.1" 403 1242 "-" "python-requests/2.28.1"
49.128.170.230 - - [05/Jul/2025:12:57:01 -0400] "GET /wp-admin/edit-tags.php?taxonomy=category&post_type=post&s HTTP/1.1" 200 48097 "-" "Mozilla/5.0 (Macintosh; Intel Mac OS X 10_15_7) AppleWebKit/537.36 (KHTML, like Gecko) Chrome/108.0.0.0 YaBrowser/23.1.2.980 Yowser/2.5 Safari/537.36"
110.235.249.65 - - [05/Jul/2025:12:57:02 -0400] "GET /wp-login.php HTTP/1.1" 200 3799 "-" "Mozilla/5.0 (Macintosh; Intel Mac OS X 10_15_7) AppleWebKit/537.36 (KHTML, like Gecko) Chrome/108.0.0.0 YaBrowser/23.1.2.980 Yowser/2.5 Safari/537.36"
110.235.249.65 - - [05/Jul/2025:12:57:05 -0400] "POST /wp-login.php HTTP/1.1" 302 0 "-" "Mozilla/5.0 (Macintosh; Intel Mac OS X 10_15_7) AppleWebKit/537.36 (KHTML, like Gecko) Chrome/108.0.0.0 YaBrowser/23.1.2.980 Yowser/2.5 Safari/537.36"
43.251.94.180 - - [05/Jul/2025:12:57:06 -0400] "GET /wp-login.php HTTP/1.1" 200 3799 "-" "Mozilla/5.0 (Macintosh; Intel Mac OS X 10_15_7) AppleWebKit/537.36 (KHTML, like Gecko) Chrome/108.0.0.0 YaBrowser/23.1.2.980 Yowser/2.5 Safari/537.36"
49.128.170.230 - - [05/Jul/2025:12:57:05 -0400] "POST /wp-admin/post.php HTTP/1.1" 302 0 "-" "Mozilla/5.0 (Macintosh; Intel Mac OS X 10_15_7) AppleWebKit/537.36 (KHTML, like Gecko) Chrome/108.0.0.0 YaBrowser/23.1.2.980 Yowser/2.5 Safari/537.36"
110.235.249.65 - - [05/Jul/2025:12:57:08 -0400] "GET /wp-login.php?redirect_to=https%3A%2F%2Ffnf.group%2Fwp-admin%2F&action=confirm_admin_email&wp_lang=en_US HTTP/1.1" 200 3812 "-" "Mozilla/5.0 (Macintosh; Intel Mac OS X 10_15_7) AppleWebKit/537.36 (KHTML, like Gecko) Chrome/108.0.0.0 YaBrowser/23.1.2.980 Yowser/2.5 Safari/537.36"
43.251.94.180 - - [05/Jul/2025:12:57:09 -0400] "POST /wp-login.php HTTP/1.1" 302 0 "-" "Mozilla/5.0 (Macintosh; Intel Mac OS X 10_15_7) AppleWebKit/537.36 (KHTML, like Gecko) Chrome/108.0.0.0 YaBrowser/23.1.2.980 Yowser/2.5 Safari/537.36"
110.235.249.65 - - [05/Jul/2025:12:57:10 -0400] "GET /wp-login.php?redirect_to=https://fnf.group/wp-admin/&action=confirm_admin_email&remind_me_later=445ca79110 HTTP/1.1" 302 0 "-" "Mozilla/5.0 (Macintosh; Intel Mac OS X 10_15_7) AppleWebKit/537.36 (KHTML, like Gecko) Chrome/108.0.0.0 YaBrowser/23.1.2.980 Yowser/2.5 Safari/537.36"
43.251.94.180 - - [05/Jul/2025:12:57:12 -0400] "GET /wp-login.php?redirect_to=https%3A%2F%2Ffnf.group%2Fwp-admin%2F&action=confirm_admin_email&wp_lang=en_US HTTP/1.1" 200 3817 "-" "Mozilla/5.0 (Macintosh; Intel Mac OS X 10_15_7) AppleWebKit/537.36 (KHTML, like Gecko) Chrome/108.0.0.0 YaBrowser/23.1.2.980 Yowser/2.5 Safari/537.36"
110.235.249.65 - - [05/Jul/2025:12:57:13 -0400] "GET /wp-login.php HTTP/1.1" 200 3903 "-" "Mozilla/5.0 (Macintosh; Intel Mac OS X 10_15_7) AppleWebKit/537.36 (KHTML, like Gecko) Chrome/108.0.0.0 YaBrowser/23.1.2.980 Yowser/2.5 Safari/537.36"
49.128.170.230 - - [05/Jul/2025:12:57:10 -0400] "GET /wp-admin/post.php?post=11030&action=edit&message=1 HTTP/1.1" 200 286707 "-" "Mozilla/5.0 (Macintosh; Intel Mac OS X 10_15_7) AppleWebKit/537.36 (KHTML, like Gecko) Chrome/108.0.0.0 YaBrowser/23.1.2.980 Yowser/2.5 Safari/537.36"
43.251.94.180 - - [05/Jul/2025:12:57:15 -0400] "GET /wp-login.php?redirect_to=https://fnf.group/wp-admin/&action=confirm_admin_email&remind_me_later=081ce99939 HTTP/1.1" 302 0 "-" "Mozilla/5.0 (Macintosh; Intel Mac OS X 10_15_7) AppleWebKit/537.36 (KHTML, like Gecko) Chrome/108.0.0.0 YaBrowser/23.1.2.980 Yowser/2.5 Safari/537.36"
35.206.127.113 - - [05/Jul/2025:12:57:16 -0400] "GET /2025/06/30/aviator-definition-meaning/ HTTP/1.1" 200 26121 "-" "Buck/2.4.5; (+https://app.hypefactors.com/media-monitoring/about.html)"
43.251.94.180 - - [05/Jul/2025:12:57:18 -0400] "GET /wp-login.php HTTP/1.1" 200 0 "-" "Mozilla/5.0 (Macintosh; Intel Mac OS X 10_15_7) AppleWebKit/537.36 (KHTML, like Gecko) Chrome/108.0.0.0 YaBrowser/23.1.2.980 Yowser/2.5 Safari/537.36"
49.128.170.230 - - [05/Jul/2025:12:57:17 -0400] "GET /?p=11030 HTTP/1.1" 301 0 "-" "Mozilla/5.0 (Macintosh; Intel Mac OS X 10_15_7) AppleWebKit/537.36 (KHTML, like Gecko) Chrome/108.0.0.0 YaBrowser/23.1.2.980 Yowser/2.5 Safari/537.36"
110.235.249.65 - - [05/Jul/2025:12:57:15 -0400] "GET /wp-admin/post-new.php HTTP/1.1" 200 274048 "-" "Mozilla/5.0 (Macintosh; Intel Mac OS X 10_15_7) AppleWebKit/537.36 (KHTML, like Gecko) Chrome/108.0.0.0 YaBrowser/23.1.2.980 Yowser/2.5 Safari/537.36"
49.128.170.230 - - [05/Jul/2025:12:57:21 -0400] "GET /2025/07/05/bonus-bis-2-000-225-fs-fur-neue-spieler/ HTTP/1.1" 200 33157 "-" "Mozilla/5.0 (Macintosh; Intel Mac OS X 10_15_7) AppleWebKit/537.36 (KHTML, like Gecko) Chrome/108.0.0.0 YaBrowser/23.1.2.980 Yowser/2.5 Safari/537.36"
110.235.249.65 - - [05/Jul/2025:12:57:25 -0400] "POST /wp-admin/admin-ajax.php HTTP/1.1" 200 1374 "-" "Mozilla/5.0 (Macintosh; Intel Mac OS X 10_15_7) AppleWebKit/537.36 (KHTML, like Gecko) Chrome/108.0.0.0 YaBrowser/23.1.2.980 Yowser/2.5 Safari/537.36"
110.235.249.65 - - [05/Jul/2025:12:57:27 -0400] "GET /wp-admin/edit-tags.php?taxonomy=category&post_type=post&s HTTP/1.1" 200 48092 "-" "Mozilla/5.0 (Macintosh; Intel Mac OS X 10_15_7) AppleWebKit/537.36 (KHTML, like Gecko) Chrome/108.0.0.0 YaBrowser/23.1.2.980 Yowser/2.5 Safari/537.36"
110.235.249.65 - - [05/Jul/2025:12:57:31 -0400] "POST /wp-admin/post.php HTTP/1.1" 302 0 "-" "Mozilla/5.0 (Macintosh; Intel Mac OS X 10_15_7) AppleWebKit/537.36 (KHTML, like Gecko) Chrome/108.0.0.0 YaBrowser/23.1.2.980 Yowser/2.5 Safari/537.36"
63.250.38.117 - - [05/Jul/2025:12:57:37 -0400] "POST /wp-cron.php?doing_wp_cron=1751734657.0812919139862060546875 HTTP/1.1" 403 1242 "-" "WordPress/6.8.1; https://fnf.group"
192.178.6.102 - - [05/Jul/2025:12:57:38 -0400] "GET /?n=01707130523101&channel=aa2b0f&from=form.php%3Fid%3D1305231-5051%26name%3D%E3%83%A1%E3%83%A2%E3%83%AA+16GB%C3%972%E6%9E%9A%3D32GB+DDR4+%E5%8B%95%E4%BD%9C%E4%BF%9D%E8%A8%BC+%E3%83%92%E3%83%BC%E3%83%88%E3%82%B9%E3%83%97%E3%83%AC%E3%83%83%E3%83%80%E4%BB%98 HTTP/1.1" 301 0 "-" "Mozilla/5.0 (Linux; Android 6.0.1; Nexus 5X Build/MMB29P) AppleWebKit/537.36 (KHTML, like Gecko) Chrome/137.0.7151.103 Mobile Safari/537.36 (compatible; Googlebot/2.1; +http://www.google.com/bot.html)"
110.235.249.65 - - [05/Jul/2025:12:57:33 -0400] "GET /wp-admin/post.php?post=11032&action=edit&message=1 HTTP/1.1" 200 285851 "-" "Mozilla/5.0 (Macintosh; Intel Mac OS X 10_15_7) AppleWebKit/537.36 (KHTML, like Gecko) Chrome/108.0.0.0 YaBrowser/23.1.2.980 Yowser/2.5 Safari/537.36"
192.178.6.100 - - [05/Jul/2025:12:57:40 -0400] "GET /?n=01707130523101&channel=aa2b0f&from=form.php%3Fid%3D1305231-5051%26name%3D%E3%83%A1%E3%83%A2%E3%83%AA%2016GB%C3%972%E6%9E%9A%3D32GB%20DDR4%20%E5%8B%95%E4%BD%9C%E4%BF%9D%E8%A8%BC%20%E3%83%92%E3%83%BC%E3%83%88%E3%82%B9%E3%83%97%E3%83%AC%E3%83%83%E3%83%80%E4%BB%98 HTTP/1.1" 200 30029 "-" "Mozilla/5.0 (Linux; Android 6.0.1; Nexus 5X Build/MMB29P) AppleWebKit/537.36 (KHTML, like Gecko) Chrome/137.0.7151.103 Mobile Safari/537.36 (compatible; Googlebot/2.1; +http://www.google.com/bot.html)"
110.235.249.65 - - [05/Jul/2025:12:57:42 -0400] "GET /?p=11032 HTTP/1.1" 301 0 "-" "Mozilla/5.0 (Macintosh; Intel Mac OS X 10_15_7) AppleWebKit/537.36 (KHTML, like Gecko) Chrome/108.0.0.0 YaBrowser/23.1.2.980 Yowser/2.5 Safari/537.36"
110.235.249.65 - - [05/Jul/2025:12:57:44 -0400] "GET /2025/07/05/top-115-ca-online-casino-bonuses-2025/ HTTP/1.1" 200 31910 "-" "Mozilla/5.0 (Macintosh; Intel Mac OS X 10_15_7) AppleWebKit/537.36 (KHTML, like Gecko) Chrome/108.0.0.0 YaBrowser/23.1.2.980 Yowser/2.5 Safari/537.36"
35.206.127.113 - - [05/Jul/2025:12:57:47 -0400] "GET /2025/06/30/play-legitimate-licensed-98-rtp/ HTTP/1.1" 200 27720 "-" "Buck/2.4.5; (+https://app.hypefactors.com/media-monitoring/about.html)"
192.178.6.101 - - [05/Jul/2025:12:58:25 -0400] "GET /?n=19709112966002&channel=7bee66&from=jp.php%3Fid%3D1129660-18150%26name%3D%E3%82%AC%E3%83%BC%E3%83%AA%E3%83%83%E3%82%AF%E3%83%97%E3%83%AC%E3%82%B9+%E3%81%BF%E3%81%98%E3%82%93%E5%88%87%E3%82%8A%E5%99%A8+%E6%89%8B%E5%8B%95+%E3%81%AB%E3%82%93%E3%81%AB%E3%81%8F%E6%BD%B0%E3%81%97+%E3%83%8B%E3%83%B3%E3%83%8B%E3%82%AF%E6%BD%B0%E3%81%97+%E3%82%AC%E3%83%BC%E3%83%AA%E3%83%83%E3%82%AF+%E3%83%97%E3%83%AC%E3%82%B9+%E3%81%8A%E3%82%8D%E3%81%97%E5%99%A8+%E3%82%AC%E3%83%BC%E3%83%AA%E3%83%83%E3%82%AF%E3%83%84%E3%82%A4%E3%82%B9%E3%83%88+%E3%82%AF%E3%83%A9%E3%83%83%E3%82%B7%E3%83%A3%E3%83%BC+%E3%83%8B%E3%83%B3%E3%83%8B%E3%82%AF%E3%82%AF%E3%83%A9%E3%83%83%E3%82%B7%E3%83%A3%E3%83%BC+%E3%81%AB%E3%82%93%E3%81%AB%E3%81%8F+%E3%81%AB%E3%82%93%E3%81%AB%E3%81%8F%E7%B5%9E%E3%82%8A+%E3%81%AB%E3%82%93%E3%81%AB%E3%81%8F%E3%81%A4%E3%81%B6%E3%81%97+%E3%83%8B%E3%83%B3%E3%83%8B%E3%82%AF+EBYM295 HTTP/1.1" 301 0 "-" "Mozilla/5.0 (Linux; Android 6.0.1; Nexus 5X Build/MMB29P) AppleWebKit/537.36 (KHTML, like Gecko) Chrome/137.0.7151.103 Mobile Safari/537.36 (compatible; Googlebot/2.1; +http://www.google.com/bot.html)"
91.200.238.251 - - [05/Jul/2025:12:58:33 -0400] "POST /xmlrpc.php HTTP/1.1" 403 1242 "-" "python-requests/2.28.1"
192.178.6.100 - - [05/Jul/2025:12:58:29 -0400] "GET /?n=19709112966002&channel=7bee66&from=jp.php%3Fid%3D1129660-18150%26name%3D%E3%82%AC%E3%83%BC%E3%83%AA%E3%83%83%E3%82%AF%E3%83%97%E3%83%AC%E3%82%B9%20%E3%81%BF%E3%81%98%E3%82%93%E5%88%87%E3%82%8A%E5%99%A8%20%E6%89%8B%E5%8B%95%20%E3%81%AB%E3%82%93%E3%81%AB%E3%81%8F%E6%BD%B0%E3%81%97%20%E3%83%8B%E3%83%B3%E3%83%8B%E3%82%AF%E6%BD%B0%E3%81%97%20%E3%82%AC%E3%83%BC%E3%83%AA%E3%83%83%E3%82%AF%20%E3%83%97%E3%83%AC%E3%82%B9%20%E3%81%8A%E3%82%8D%E3%81%97%E5%99%A8%20%E3%82%AC%E3%83%BC%E3%83%AA%E3%83%83%E3%82%AF%E3%83%84%E3%82%A4%E3%82%B9%E3%83%88%20%E3%82%AF%E3%83%A9%E3%83%83%E3%82%B7%E3%83%A3%E3%83%BC%20%E3%83%8B%E3%83%B3%E3%83%8B%E3%82%AF%E3%82%AF%E3%83%A9%E3%83%83%E3%82%B7%E3%83%A3%E3%83%BC%20%E3%81%AB%E3%82%93%E3%81%AB%E3%81%8F%20%E3%81%AB%E3%82%93%E3%81%AB%E3%81%8F%E7%B5%9E%E3%82%8A%20%E3%81%AB%E3%82%93%E3%81%AB%E3%81%8F%E3%81%A4%E3%81%B6%E3%81%97%20%E3%83%8B%E3%83%B3%E3%83%8B%E3%82%AF%20EBYM295 HTTP/1.1" 200 30035 "-" "Mozilla/5.0 (Linux; Android 6.0.1; Nexus 5X Build/MMB29P) AppleWebKit/537.36 (KHTML, like Gecko) Chrome/137.0.7151.103 Mobile Safari/537.36 (compatible; Googlebot/2.1; +http://www.google.com/bot.html)"
35.206.127.113 - - [05/Jul/2025:12:58:32 -0400] "GET /2025/06/30/mostbet-login-bangladesh-sign-in-to-your-bd-account/ HTTP/1.1" 200 28165 "-" "Buck/2.4.5; (+https://app.hypefactors.com/media-monitoring/about.html)"
63.250.38.117 - - [05/Jul/2025:12:58:38 -0400] "POST /wp-cron.php?doing_wp_cron=1751734718.0649919509887695312500 HTTP/1.1" 403 1242 "-" "WordPress/6.8.1; https://fnf.group"
179.152.50.97 - - [05/Jul/2025:12:58:34 -0400] "GET /wp-login.php HTTP/1.1" 200 3799 "-" "Mozilla/5.0 (Macintosh; Intel Mac OS X 10_15_7) AppleWebKit/537.36 (KHTML, like Gecko) Chrome/108.0.0.0 YaBrowser/23.1.2.980 Yowser/2.5 Safari/537.36"
63.250.38.117 - - [05/Jul/2025:12:58:40 -0400] "POST /wp-cron.php?doing_wp_cron=1751734720.0682160854339599609375 HTTP/1.1" 403 1242 "-" "WordPress/6.8.1; https://fnf.group"
192.178.6.100 - - [05/Jul/2025:12:58:37 -0400] "GET /?n=98117193189801&channel=7de124&from=article.php%3Fid%3D1931898-16777%26name%3DM2+%E3%82%BB%E3%83%B3%E3%82%BD%E3%83%A6%E3%83%8B%E3%82%B3+%E3%82%B3%E3%83%BC%E3%83%88+%E3%83%99%E3%83%AB%E3%83%88+%E3%82%B9%E3%83%86%E3%83%B3%E3%82%AB%E3%83%A9%E3%83%BC+%E3%82%B7%E3%83%AF%E5%8A%A0%E5%B7%A5+%E3%82%B8%E3%83%A3%E3%82%B1%E3%83%83%E3%83%88+%E9%BB%92 HTTP/1.1" 301 0 "-" "Mozilla/5.0 (Linux; Android 6.0.1; Nexus 5X Build/MMB29P) AppleWebKit/537.36 (KHTML, like Gecko) Chrome/137.0.7151.103 Mobile Safari/537.36 (compatible; Googlebot/2.1; +http://www.google.com/bot.html)"
179.152.50.97 - - [05/Jul/2025:12:58:39 -0400] "POST /wp-login.php HTTP/1.1" 302 0 "-" "Mozilla/5.0 (Macintosh; Intel Mac OS X 10_15_7) AppleWebKit/537.36 (KHTML, like Gecko) Chrome/108.0.0.0 YaBrowser/23.1.2.980 Yowser/2.5 Safari/537.36"
63.250.38.117 - - [05/Jul/2025:12:58:38 -0400] "GET / HTTP/1.1" 200 30038 "-" "Mozilla/5.0 (Windows NT 10.0; Win64; x64; rv:122.0) Gecko/20100101 Firefox/122.0"
192.178.6.100 - - [05/Jul/2025:12:58:40 -0400] "GET /?n=98117193189801&channel=7de124&from=article.php%3Fid%3D1931898-16777%26name%3DM2%20%E3%82%BB%E3%83%B3%E3%82%BD%E3%83%A6%E3%83%8B%E3%82%B3%20%E3%82%B3%E3%83%BC%E3%83%88%20%E3%83%99%E3%83%AB%E3%83%88%20%E3%82%B9%E3%83%86%E3%83%B3%E3%82%AB%E3%83%A9%E3%83%BC%20%E3%82%B7%E3%83%AF%E5%8A%A0%E5%B7%A5%20%E3%82%B8%E3%83%A3%E3%82%B1%E3%83%83%E3%83%88%20%E9%BB%92 HTTP/1.1" 200 30039 "-" "Mozilla/5.0 (Linux; Android 6.0.1; Nexus 5X Build/MMB29P) AppleWebKit/537.36 (KHTML, like Gecko) Chrome/137.0.7151.103 Mobile Safari/537.36 (compatible; Googlebot/2.1; +http://www.google.com/bot.html)"
179.152.50.97 - - [05/Jul/2025:12:58:45 -0400] "GET /wp-login.php?redirect_to=https%3A%2F%2Ffnf.group%2Fwp-admin%2F&action=confirm_admin_email&wp_lang=en_US HTTP/1.1" 200 3818 "-" "Mozilla/5.0 (Macintosh; Intel Mac OS X 10_15_7) AppleWebKit/537.36 (KHTML, like Gecko) Chrome/108.0.0.0 YaBrowser/23.1.2.980 Yowser/2.5 Safari/537.36"
179.152.50.97 - - [05/Jul/2025:12:58:46 -0400] "GET /wp-login.php?redirect_to=https://fnf.group/wp-admin/&action=confirm_admin_email&remind_me_later=71742da5ac HTTP/1.1" 302 0 "-" "Mozilla/5.0 (Macintosh; Intel Mac OS X 10_15_7) AppleWebKit/537.36 (KHTML, like Gecko) Chrome/108.0.0.0 YaBrowser/23.1.2.980 Yowser/2.5 Safari/537.36"
179.152.50.97 - - [05/Jul/2025:12:58:49 -0400] "GET /wp-login.php HTTP/1.1" 200 3904 "-" "Mozilla/5.0 (Macintosh; Intel Mac OS X 10_15_7) AppleWebKit/537.36 (KHTML, like Gecko) Chrome/108.0.0.0 YaBrowser/23.1.2.980 Yowser/2.5 Safari/537.36"
179.152.50.97 - - [05/Jul/2025:12:58:52 -0400] "GET /wp-admin/post-new.php HTTP/1.1" 200 274069 "-" "Mozilla/5.0 (Macintosh; Intel Mac OS X 10_15_7) AppleWebKit/537.36 (KHTML, like Gecko) Chrome/108.0.0.0 YaBrowser/23.1.2.980 Yowser/2.5 Safari/537.36"
179.152.50.97 - - [05/Jul/2025:12:59:00 -0400] "POST /wp-admin/admin-ajax.php HTTP/1.1" 200 1374 "-" "Mozilla/5.0 (Macintosh; Intel Mac OS X 10_15_7) AppleWebKit/537.36 (KHTML, like Gecko) Chrome/108.0.0.0 YaBrowser/23.1.2.980 Yowser/2.5 Safari/537.36"
179.152.50.97 - - [05/Jul/2025:12:59:02 -0400] "GET /wp-admin/edit-tags.php?taxonomy=category&post_type=post&s HTTP/1.1" 200 48098 "-" "Mozilla/5.0 (Macintosh; Intel Mac OS X 10_15_7) AppleWebKit/537.36 (KHTML, like Gecko) Chrome/108.0.0.0 YaBrowser/23.1.2.980 Yowser/2.5 Safari/537.36"
179.152.50.97 - - [05/Jul/2025:12:59:04 -0400] "POST /wp-admin/post.php HTTP/1.1" 302 0 "-" "Mozilla/5.0 (Macintosh; Intel Mac OS X 10_15_7) AppleWebKit/537.36 (KHTML, like Gecko) Chrome/108.0.0.0 YaBrowser/23.1.2.980 Yowser/2.5 Safari/537.36"
137.74.223.84 - - [05/Jul/2025:12:59:10 -0400] "POST /xmlrpc.php HTTP/1.1" 403 1242 "https://fnf.group" "Mozilla/5.0 (Windows NT 10.0; Win64; x64; rv:128.0) Gecko/20100101 Firefox/128.0"
179.152.50.97 - - [05/Jul/2025:12:59:06 -0400] "GET /wp-admin/post.php?post=11034&action=edit&message=1 HTTP/1.1" 200 285973 "-" "Mozilla/5.0 (Macintosh; Intel Mac OS X 10_15_7) AppleWebKit/537.36 (KHTML, like Gecko) Chrome/108.0.0.0 YaBrowser/23.1.2.980 Yowser/2.5 Safari/537.36"
137.74.223.84 - - [05/Jul/2025:12:59:11 -0400] "POST /wp-login.php HTTP/1.1" 200 3952 "https://fnf.group" "Mozilla/5.0 (Windows NT 11.0; Win64; x64) AppleWebKit/537.36 (KHTML, like Gecko) Chrome/126.0.0.0 Safari/537.36 Edg/126.0.0.0"
179.152.50.97 - - [05/Jul/2025:12:59:13 -0400] "GET /?p=11034 HTTP/1.1" 301 0 "-" "Mozilla/5.0 (Macintosh; Intel Mac OS X 10_15_7) AppleWebKit/537.36 (KHTML, like Gecko) Chrome/108.0.0.0 YaBrowser/23.1.2.980 Yowser/2.5 Safari/537.36"
179.152.50.97 - - [05/Jul/2025:12:59:16 -0400] "GET /2025/07/05/plinko-reviews-login-enjoy-in-south-africa/ HTTP/1.1" 200 31291 "-" "Mozilla/5.0 (Macintosh; Intel Mac OS X 10_15_7) AppleWebKit/537.36 (KHTML, like Gecko) Chrome/108.0.0.0 YaBrowser/23.1.2.980 Yowser/2.5 Safari/537.36"
35.206.127.113 - - [05/Jul/2025:12:59:23 -0400] "GET /2025/06/30/mostbet-login-bangladesh-sign-in-to-your-bd-account-2/ HTTP/1.1" 200 28205 "-" "Buck/2.4.5; (+https://app.hypefactors.com/media-monitoring/about.html)"
63.250.38.117 - - [05/Jul/2025:12:59:55 -0400] "POST /wp-cron.php?doing_wp_cron=1751734795.1811079978942871093750 HTTP/1.1" 403 1242 "-" "WordPress/6.8.1; https://fnf.group"
192.178.6.100 - - [05/Jul/2025:12:59:51 -0400] "GET /?n=07572124253602&channel=83b13f&from=info.php%3Fid%3D1242536-18117%26name%3D%E7%BF%BB%E8%A8%B3%E8%80%85%E3%83%87%E3%83%90%E3%82%A4%E3%82%B9%E3%81%AF%E3%80%81%E3%83%86%E3%82%AD%E3%82%B9%E3%83%88%E3%81%B8%E3%81%AE%E3%83%AA%E3%82%A2%E3%83%AB%E3%82%BF%E3%82%A4%E3%83%A0%E9%8C%B2%E9%9F%B3%E3%80%818%E3%81%A4%E3%81%AE%E8%A8%80%E8%AA%9E%E3%80%81%E3%82%A4%E3%83%B3%E3%82%B9%E3%82%BF%E3%83%B3%E3%83%88%E3%81%AE%E5%8F%8C%E6%96%B9%E5%90%91%E3%81%AE%E9%9F%B3%E5%A3%B0%E7%BF%BB%E8%A8%B3%E8%80%85%E3%82%92%E4%BD%95%E5%BA%A6%E3%82%82%E3%82%B5%E3%83%9D%E3%83%BC%E3%83%88%E3%81%97%E3%81%A6%E3%81%84%E3%81%BE%E3%81%99%E3%80%82+KeYJ HTTP/1.1" 301 0 "-" "Mozilla/5.0 (Linux; Android 6.0.1; Nexus 5X Build/MMB29P) AppleWebKit/537.36 (KHTML, like Gecko) Chrome/137.0.7151.103 Mobile Safari/537.36 (compatible; Googlebot/2.1; +http://www.google.com/bot.html)"
192.178.6.100 - - [05/Jul/2025:12:59:55 -0400] "GET /?n=07572124253602&channel=83b13f&from=info.php%3Fid%3D1242536-18117%26name%3D%E7%BF%BB%E8%A8%B3%E8%80%85%E3%83%87%E3%83%90%E3%82%A4%E3%82%B9%E3%81%AF%E3%80%81%E3%83%86%E3%82%AD%E3%82%B9%E3%83%88%E3%81%B8%E3%81%AE%E3%83%AA%E3%82%A2%E3%83%AB%E3%82%BF%E3%82%A4%E3%83%A0%E9%8C%B2%E9%9F%B3%E3%80%818%E3%81%A4%E3%81%AE%E8%A8%80%E8%AA%9E%E3%80%81%E3%82%A4%E3%83%B3%E3%82%B9%E3%82%BF%E3%83%B3%E3%83%88%E3%81%AE%E5%8F%8C%E6%96%B9%E5%90%91%E3%81%AE%E9%9F%B3%E5%A3%B0%E7%BF%BB%E8%A8%B3%E8%80%85%E3%82%92%E4%BD%95%E5%BA%A6%E3%82%82%E3%82%B5%E3%83%9D%E3%83%BC%E3%83%88%E3%81%97%E3%81%A6%E3%81%84%E3%81%BE%E3%81%99%E3%80%82%20KeYJ HTTP/1.1" 200 30107 "-" "Mozilla/5.0 (Linux; Android 6.0.1; Nexus 5X Build/MMB29P) AppleWebKit/537.36 (KHTML, like Gecko) Chrome/137.0.7151.103 Mobile Safari/537.36 (compatible; Googlebot/2.1; +http://www.google.com/bot.html)"
35.206.127.113 - - [05/Jul/2025:13:00:10 -0400] "GET /2025/06/30/locuinta-de-apostas-at-the-cassino/ HTTP/1.1" 200 26856 "-" "Buck/2.4.5; (+https://app.hypefactors.com/media-monitoring/about.html)"
192.178.6.101 - - [05/Jul/2025:13:00:23 -0400] "GET /?n=07909124166702&channel=b9eceb&from=pin.php%3Fid%3D1241667-5707%26name%3D%E3%82%B3%E3%83%A2%E3%83%B3%E3%83%AC%E3%83%BC%E3%83%AB%E7%87%83%E6%96%99%E5%99%B4%E5%B0%84%E3%83%9D%E3%83%B3%E3%83%97+22100-30100+294000-0920 HTTP/1.1" 301 0 "-" "Mozilla/5.0 (Linux; Android 6.0.1; Nexus 5X Build/MMB29P) AppleWebKit/537.36 (KHTML, like Gecko) Chrome/137.0.7151.103 Mobile Safari/537.36 (compatible; Googlebot/2.1; +http://www.google.com/bot.html)"
