192.178.6.101 - - [05/Jul/2025:17:56:57 -0400] "GET /?n=47756198282200&channel=43cedc&from=goods.php%3Fid%3D1982822-25203%26name%3DVol.67%20%E3%82%A2%E3%82%B7%E3%82%A7%E3%83%83%E3%83%88%20%E9%80%B1%E5%88%8AF-14%20%E3%83%88%E3%83%A0%E3%82%AD%E3%83%A3%E3%83%83%E3%83%88%20%E3%80%90%E6%9C%AA%E9%96%8B%E5%B0%81%2F%E9%80%81%E6%96%99%E7%84%A1%E6%96%99%E3%80%91%20%E2%98%85hachette HTTP/1.1" 200 30434 "-" "Mozilla/5.0 (Linux; Android 6.0.1; Nexus 5X Build/MMB29P) AppleWebKit/537.36 (KHTML, like Gecko) Chrome/137.0.7151.103 Mobile Safari/537.36 (compatible; Googlebot/2.1; +http://www.google.com/bot.html)"
192.178.6.101 - - [05/Jul/2025:17:57:06 -0400] "GET /?n=1285275952805&channel=eea2c3&from=article.php%3Fid%3D759528-4955%26name%3D%E7%94%B7%E3%81%AE%E5%AD%90%E3%83%91%E3%82%B8%E3%83%A3%E3%83%9E160+%E3%83%A1%E3%83%B3%E3%82%BA+%E3%82%A2%E3%82%A6%E3%82%BF%E3%83%BC+%E5%86%AC+%E5%A4%A7%E3%81%8D%E3%81%84%E3%82%B5%E3%82%A4%E3%82%BA+%E3%83%AC%E3%83%87%E3%82%A3%E3%83%BC%E3%82%B9+%E3%83%96%E3%83%BC%E3%83%84+%E5%86%AC+%E3%82%82%E3%82%82%E3%82%93%E3%81%A1%E3%82%83%E3%82%93+%E3%82%B5%E3%83%83%E3%82%AB%E3%83%BC%E3%82%BB%E3%83%83%E3%83%88%E3%82%A2%E3%83%83%E3%83%97%E3%83%A1%E3%83%B3%E3%82%BA+%E3%83%A1%E3%83%B3%E3%82%BA HTTP/1.1" 301 0 "-" "Mozilla/5.0 (Linux; Android 6.0.1; Nexus 5X Build/MMB29P) AppleWebKit/537.36 (KHTML, like Gecko) Chrome/137.0.7151.103 Mobile Safari/537.36 (compatible; Googlebot/2.1; +http://www.google.com/bot.html)"
192.178.6.101 - - [05/Jul/2025:17:57:05 -0400] "GET /?n=97788119682104&channel=25bf11&from=form.php%3Fid%3D1196821-460%26name%3DDC%E3%83%A2%E3%83%BC%E3%82%BF%E3%83%BC+12-24V+895+DC%E3%83%A2%E3%83%BC%E3%82%BF%E3%83%BC%E9%AB%98%E9%80%9F%E9%AB%98%E3%83%88%E3%83%AB%E3%82%AF%E3%83%A2%E3%83%BC%E3%82%BF%E3%83%BC+%28Speed%28RPM%29+%3A+5000+RPM%29 HTTP/1.1" 301 0 "-" "Mozilla/5.0 (Linux; Android 6.0.1; Nexus 5X Build/MMB29P) AppleWebKit/537.36 (KHTML, like Gecko) Chrome/137.0.7151.103 Mobile Safari/537.36 (compatible; Googlebot/2.1; +http://www.google.com/bot.html)"
192.178.6.101 - - [05/Jul/2025:17:57:09 -0400] "GET /?n=1285275952805&channel=eea2c3&from=article.php%3Fid%3D759528-4955%26name%3D%E7%94%B7%E3%81%AE%E5%AD%90%E3%83%91%E3%82%B8%E3%83%A3%E3%83%9E160%20%E3%83%A1%E3%83%B3%E3%82%BA%20%E3%82%A2%E3%82%A6%E3%82%BF%E3%83%BC%20%E5%86%AC%20%E5%A4%A7%E3%81%8D%E3%81%84%E3%82%B5%E3%82%A4%E3%82%BA%20%E3%83%AC%E3%83%87%E3%82%A3%E3%83%BC%E3%82%B9%20%E3%83%96%E3%83%BC%E3%83%84%20%E5%86%AC%20%E3%82%82%E3%82%82%E3%82%93%E3%81%A1%E3%82%83%E3%82%93%20%E3%82%B5%E3%83%83%E3%82%AB%E3%83%BC%E3%82%BB%E3%83%83%E3%83%88%E3%82%A2%E3%83%83%E3%83%97%E3%83%A1%E3%83%B3%E3%82%BA%20%E3%83%A1%E3%83%B3%E3%82%BA HTTP/1.1" 200 30432 "-" "Mozilla/5.0 (Linux; Android 6.0.1; Nexus 5X Build/MMB29P) AppleWebKit/537.36 (KHTML, like Gecko) Chrome/137.0.7151.103 Mobile Safari/537.36 (compatible; Googlebot/2.1; +http://www.google.com/bot.html)"
192.178.6.101 - - [05/Jul/2025:17:57:09 -0400] "GET /?n=97788119682104&channel=25bf11&from=form.php%3Fid%3D1196821-460%26name%3DDC%E3%83%A2%E3%83%BC%E3%82%BF%E3%83%BC%2012-24V%20895%20DC%E3%83%A2%E3%83%BC%E3%82%BF%E3%83%BC%E9%AB%98%E9%80%9F%E9%AB%98%E3%83%88%E3%83%AB%E3%82%AF%E3%83%A2%E3%83%BC%E3%82%BF%E3%83%BC%20%28Speed%28RPM%29%20%3A%205000%20RPM%29 HTTP/1.1" 200 30434 "-" "Mozilla/5.0 (Linux; Android 6.0.1; Nexus 5X Build/MMB29P) AppleWebKit/537.36 (KHTML, like Gecko) Chrome/137.0.7151.103 Mobile Safari/537.36 (compatible; Googlebot/2.1; +http://www.google.com/bot.html)"
216.244.66.226 - - [05/Jul/2025:17:57:18 -0400] "GET /tag/turkish/ HTTP/1.1" 500 1034 "-" "Mozilla/5.0 (compatible; DotBot/1.2; +https://opensiteexplorer.org/dotbot; help@moz.com)"
216.244.66.226 - - [05/Jul/2025:17:57:35 -0400] "GET /tag/maria-shujaat/feed/ HTTP/1.1" 500 1034 "-" "Mozilla/5.0 (compatible; DotBot/1.2; +https://opensiteexplorer.org/dotbot; help@moz.com)"
192.178.6.101 - - [05/Jul/2025:17:57:34 -0400] "GET /?n=1051490718204&channel=131f4a&from=blog.php%3Fid%3D907182-6714%26name%3D1%E3%83%9A%E3%82%A2+%E8%BB%8A%E7%94%A8%E3%83%95%E3%82%A9%E3%82%B0%E3%83%A9%E3%83%B3%E3%83%97%E3%83%95%E3%83%AC%E3%83%BC%E3%83%A0+%E7%B5%B6%E5%A6%99%E3%81%AA%E7%B0%A1%E5%8D%98%E5%8F%96%E3%82%8A%E4%BB%98%E3%81%91+%E3%81%A8%E4%BA%92%E6%8F%9B%E6%80%A7%E3%81%8C%E3%81%82%E3%82%8B+Audi+A4+S-line+S4+2013-2015+%E3%83%96%E3%83%A9%E3%83%83 HTTP/1.1" 301 0 "-" "Mozilla/5.0 (Linux; Android 6.0.1; Nexus 5X Build/MMB29P) AppleWebKit/537.36 (KHTML, like Gecko) Chrome/137.0.7151.103 Mobile Safari/537.36 (compatible; Googlebot/2.1; +http://www.google.com/bot.html)"
192.178.6.101 - - [05/Jul/2025:17:57:37 -0400] "GET /?n=1051490718204&channel=131f4a&from=blog.php%3Fid%3D907182-6714%26name%3D1%E3%83%9A%E3%82%A2%20%E8%BB%8A%E7%94%A8%E3%83%95%E3%82%A9%E3%82%B0%E3%83%A9%E3%83%B3%E3%83%97%E3%83%95%E3%83%AC%E3%83%BC%E3%83%A0%20%E7%B5%B6%E5%A6%99%E3%81%AA%E7%B0%A1%E5%8D%98%E5%8F%96%E3%82%8A%E4%BB%98%E3%81%91%20%E3%81%A8%E4%BA%92%E6%8F%9B%E6%80%A7%E3%81%8C%E3%81%82%E3%82%8B%20Audi%20A4%20S-line%20S4%202013-2015%20%E3%83%96%E3%83%A9%E3%83%83 HTTP/1.1" 200 30424 "-" "Mozilla/5.0 (Linux; Android 6.0.1; Nexus 5X Build/MMB29P) AppleWebKit/537.36 (KHTML, like Gecko) Chrome/137.0.7151.103 Mobile Safari/537.36 (compatible; Googlebot/2.1; +http://www.google.com/bot.html)"
192.178.6.101 - - [05/Jul/2025:17:57:42 -0400] "GET /?n=31898137832800&channel=159886&from=news.php%3Fid%3D1378328-7855%26name%3D4+%E7%82%B9%E7%81%AB%E3%82%B3%E3%82%A4%E3%83%AB%E3%81%A8%E4%BA%92%E6%8F%9B%E6%80%A7%E3%81%8C%E3%81%82%E3%82%8B+BMW+114i+116i+118i+120i+316i+320i+F20+F21+F30+F80+2 HTTP/1.1" 301 0 "-" "Mozilla/5.0 (Linux; Android 6.0.1; Nexus 5X Build/MMB29P) AppleWebKit/537.36 (KHTML, like Gecko) Chrome/137.0.7151.103 Mobile Safari/537.36 (compatible; Googlebot/2.1; +http://www.google.com/bot.html)"
192.178.6.101 - - [05/Jul/2025:17:57:45 -0400] "GET /?n=31898137832800&channel=159886&from=news.php%3Fid%3D1378328-7855%26name%3D4%20%E7%82%B9%E7%81%AB%E3%82%B3%E3%82%A4%E3%83%AB%E3%81%A8%E4%BA%92%E6%8F%9B%E6%80%A7%E3%81%8C%E3%81%82%E3%82%8B%20BMW%20114i%20116i%20118i%20120i%20316i%20320i%20F20%20F21%20F30%20F80%202 HTTP/1.1" 200 30424 "-" "Mozilla/5.0 (Linux; Android 6.0.1; Nexus 5X Build/MMB29P) AppleWebKit/537.36 (KHTML, like Gecko) Chrome/137.0.7151.103 Mobile Safari/537.36 (compatible; Googlebot/2.1; +http://www.google.com/bot.html)"
63.250.38.117 - - [05/Jul/2025:17:58:27 -0400] "POST /wp-cron.php?doing_wp_cron=1751752707.4723930358886718750000 HTTP/1.1" 403 1242 "-" "WordPress/6.8.1; https://fnf.group"
192.178.6.101 - - [05/Jul/2025:17:58:24 -0400] "GET /?n=92171124325604&channel=532e50&from=brands.php%3Fid%3D1243256-13661%26name%3D%E3%83%9F%E3%83%8B%E3%82%AB%E3%83%BC%E3%81%8A%E3%82%82%E3%81%A1%E3%82%83%E3%81%AE%E3%83%80%E3%82%A4%E3%82%AD%E3%83%A3%E3%82%B9%E3%83%88%E3%82%AB%E3%83%BC+%E3%81%AB%E9%81%A9%E5%90%88%E3%81%99%E3%82%8B+Be%26amp%3Bnz+190SL+1%3A18+1955+%E3%82%B9%E3%82%BF%E3%83%86%E3%82%A3%E3%83%83%E3%82%AF+%E3%83%80%E3%82%A4%E3%82%AD%E3%83%A3%E3%82%B9%E3%83%88+%E8%BB%8A%E4%B8%A1 HTTP/1.1" 301 0 "-" "Mozilla/5.0 (Linux; Android 6.0.1; Nexus 5X Build/MMB29P) AppleWebKit/537.36 (KHTML, like Gecko) Chrome/137.0.7151.103 Mobile Safari/537.36 (compatible; Googlebot/2.1; +http://www.google.com/bot.html)"
192.178.6.101 - - [05/Jul/2025:17:58:27 -0400] "GET /?n=92171124325604&channel=532e50&from=brands.php%3Fid%3D1243256-13661%26name%3D%E3%83%9F%E3%83%8B%E3%82%AB%E3%83%BC%E3%81%8A%E3%82%82%E3%81%A1%E3%82%83%E3%81%AE%E3%83%80%E3%82%A4%E3%82%AD%E3%83%A3%E3%82%B9%E3%83%88%E3%82%AB%E3%83%BC%20%E3%81%AB%E9%81%A9%E5%90%88%E3%81%99%E3%82%8B%20Be%26amp%3Bnz%20190SL%201%3A18%201955%20%E3%82%B9%E3%82%BF%E3%83%86%E3%82%A3%E3%83%83%E3%82%AF%20%E3%83%80%E3%82%A4%E3%82%AD%E3%83%A3%E3%82%B9%E3%83%88%20%E8%BB%8A%E4%B8%A1 HTTP/1.1" 200 30434 "-" "Mozilla/5.0 (Linux; Android 6.0.1; Nexus 5X Build/MMB29P) AppleWebKit/537.36 (KHTML, like Gecko) Chrome/137.0.7151.103 Mobile Safari/537.36 (compatible; Googlebot/2.1; +http://www.google.com/bot.html)"
192.178.6.102 - - [05/Jul/2025:17:59:14 -0400] "GET /?n=92542141671201&channel=892f4f&from=shop.php%3Fid%3D1416712-4523%26name%3D1%2F4+%26%2334%3B3%2F8%26%2334%3B+1%2F2%26%2334%3B+3%2F4%26%2334%3B+1%26%2334%3B+DN15+%E3%83%8E%E3%83%BC%E3%83%9E%E3%83%AB%E3%82%AA%E3%83%BC%E3%83%97%E3%83%B3+N%2FO+%E7%9C%9F%E9%8D%AE%E9%9B%BB%E6%B0%97%E3%82%BD HTTP/1.1" 301 0 "-" "Mozilla/5.0 (Linux; Android 6.0.1; Nexus 5X Build/MMB29P) AppleWebKit/537.36 (KHTML, like Gecko) Chrome/137.0.7151.103 Mobile Safari/537.36 (compatible; Googlebot/2.1; +http://www.google.com/bot.html)"
192.178.6.103 - - [05/Jul/2025:17:59:16 -0400] "GET /?n=92542141671201&channel=892f4f&from=shop.php%3Fid%3D1416712-4523%26name%3D1%2F4%20%26%2334%3B3%2F8%26%2334%3B%201%2F2%26%2334%3B%203%2F4%26%2334%3B%201%26%2334%3B%20DN15%20%E3%83%8E%E3%83%BC%E3%83%9E%E3%83%AB%E3%82%AA%E3%83%BC%E3%83%97%E3%83%B3%20N%2FO%20%E7%9C%9F%E9%8D%AE%E9%9B%BB%E6%B0%97%E3%82%BD HTTP/1.1" 200 30423 "-" "Mozilla/5.0 (Linux; Android 6.0.1; Nexus 5X Build/MMB29P) AppleWebKit/537.36 (KHTML, like Gecko) Chrome/137.0.7151.103 Mobile Safari/537.36 (compatible; Googlebot/2.1; +http://www.google.com/bot.html)"
63.250.38.117 - - [05/Jul/2025:18:00:06 -0400] "POST /wp-cron.php?doing_wp_cron=1751752806.4400539398193359375000 HTTP/1.1" 403 1242 "-" "WordPress/6.8.1; https://fnf.group"
192.178.6.102 - - [05/Jul/2025:18:00:05 -0400] "GET /?n=18978184366705&channel=8fe464&from=shop.php%3Fid%3D1843667-6651%26name%3D%E3%83%9A%E3%83%83%E3%83%88%E7%94%A8%E3%83%99%E3%83%93%E3%83%BC%E3%82%AB%E3%83%BC+%E3%83%9A%E3%83%83%E3%83%88%E3%81%AE%E7%8C%AB%E3%81%A8%E7%8A%AC%E3%81%AE%E3%83%99%E3%83%93%E3%83%BC%E3%82%AB%E3%83%BC%E7%8A%AC%E7%8C%AB%E3%83%86%E3%83%87%E3%82%A3%E3%83%99%E3%83%93%E3%83%BC%E3%82%AB%E3%83%BC%E8%BB%BD%E9%87%8F%E6%8A%98%E3%82%8A%E3%81%9F%E3%81%9F%E3%81%BF%E5%B0%8F%E5%9E%8B%E3%83%9A%E3%83%83%E3%83%88%E7%8A%AC%E5%A4%96%E5%87%BA%E6%99%82+%E3%83%9A%E3%83%83%E3%83%88%E3%83%99%E3%83%93%E3%83%BC%E3%82%AB%E3%83%BC%28Pink%29 HTTP/1.1" 301 0 "-" "Mozilla/5.0 (Linux; Android 6.0.1; Nexus 5X Build/MMB29P) AppleWebKit/537.36 (KHTML, like Gecko) Chrome/137.0.7151.103 Mobile Safari/537.36 (compatible; Googlebot/2.1; +http://www.google.com/bot.html)"
192.178.6.102 - - [05/Jul/2025:18:00:06 -0400] "GET /?n=18978184366705&channel=8fe464&from=shop.php%3Fid%3D1843667-6651%26name%3D%E3%83%9A%E3%83%83%E3%83%88%E7%94%A8%E3%83%99%E3%83%93%E3%83%BC%E3%82%AB%E3%83%BC%20%E3%83%9A%E3%83%83%E3%83%88%E3%81%AE%E7%8C%AB%E3%81%A8%E7%8A%AC%E3%81%AE%E3%83%99%E3%83%93%E3%83%BC%E3%82%AB%E3%83%BC%E7%8A%AC%E7%8C%AB%E3%83%86%E3%83%87%E3%82%A3%E3%83%99%E3%83%93%E3%83%BC%E3%82%AB%E3%83%BC%E8%BB%BD%E9%87%8F%E6%8A%98%E3%82%8A%E3%81%9F%E3%81%9F%E3%81%BF%E5%B0%8F%E5%9E%8B%E3%83%9A%E3%83%83%E3%83%88%E7%8A%AC%E5%A4%96%E5%87%BA%E6%99%82%20%E3%83%9A%E3%83%83%E3%83%88%E3%83%99%E3%83%93%E3%83%BC%E3%82%AB%E3%83%BC%28Pink%29 HTTP/1.1" 200 30433 "-" "Mozilla/5.0 (Linux; Android 6.0.1; Nexus 5X Build/MMB29P) AppleWebKit/537.36 (KHTML, like Gecko) Chrome/137.0.7151.103 Mobile Safari/537.36 (compatible; Googlebot/2.1; +http://www.google.com/bot.html)"
57.141.0.18 - - [05/Jul/2025:18:00:42 -0400] "GET /wp-json/wp/v2/posts/10764 HTTP/1.1" 200 36636 "-" "meta-externalagent/1.1 (+https://developers.facebook.com/docs/sharing/webmasters/crawler)"
192.178.6.101 - - [05/Jul/2025:18:00:55 -0400] "GET /?n=27332175249012&channel=237f36&from=info.php%3Fid%3D1752490-11730%26name%3D%E3%83%9F%E3%83%8B%E3%83%96%E3%83%BC%E3%82%B1+%E6%AF%8D%E3%81%AE%E6%97%A5+%E3%82%AB%E3%83%BC%E3%83%8D%E3%83%BC%E3%82%B7%E3%83%A7%E3%83%B3+%E3%82%BD%E3%83%BC%E3%83%97%E3%83%95%E3%83%A9%E3%83%AF%E3%83%BC+%E3%83%95%E3%83%AC%E3%82%B0%E3%83%A9%E3%83%B3%E3%82%B9+%E8%8A%B1%E6%9D%9F+1%E8%BC%AA+%E3%81%B2%E3%81%BE%E3%82%8F%E3%82%8A+%E6%9E%AF%E3%82%8C%E3%81%AA%E3%81%84%E8%8A%B1+%E8%8A%B1+%E9%80%A0%E8%8A%B1+%E7%9F%B3%E9%B9%B8%E8%8A%B1+%E3%83%97%E3%83%AC%E3%82%BC%E3%83%B3%E3%83%88+%E3%82%AE%E3%83%95%E3%83%88+%E8%B4%88%E3%82%8A%E7%89%A9+%E3%81%8A%E7%A5%9D%E3%81%84 HTTP/1.1" 301 0 "-" "Mozilla/5.0 (Linux; Android 6.0.1; Nexus 5X Build/MMB29P) AppleWebKit/537.36 (KHTML, like Gecko) Chrome/137.0.7151.103 Mobile Safari/537.36 (compatible; Googlebot/2.1; +http://www.google.com/bot.html)"
192.178.6.102 - - [05/Jul/2025:18:00:58 -0400] "GET /?n=27332175249012&channel=237f36&from=info.php%3Fid%3D1752490-11730%26name%3D%E3%83%9F%E3%83%8B%E3%83%96%E3%83%BC%E3%82%B1%20%E6%AF%8D%E3%81%AE%E6%97%A5%20%E3%82%AB%E3%83%BC%E3%83%8D%E3%83%BC%E3%82%B7%E3%83%A7%E3%83%B3%20%E3%82%BD%E3%83%BC%E3%83%97%E3%83%95%E3%83%A9%E3%83%AF%E3%83%BC%20%E3%83%95%E3%83%AC%E3%82%B0%E3%83%A9%E3%83%B3%E3%82%B9%20%E8%8A%B1%E6%9D%9F%201%E8%BC%AA%20%E3%81%B2%E3%81%BE%E3%82%8F%E3%82%8A%20%E6%9E%AF%E3%82%8C%E3%81%AA%E3%81%84%E8%8A%B1%20%E8%8A%B1%20%E9%80%A0%E8%8A%B1%20%E7%9F%B3%E9%B9%B8%E8%8A%B1%20%E3%83%97%E3%83%AC%E3%82%BC%E3%83%B3%E3%83%88%20%E3%82%AE%E3%83%95%E3%83%88%20%E8%B4%88%E3%82%8A%E7%89%A9%20%E3%81%8A%E7%A5%9D%E3%81%84 HTTP/1.1" 200 30429 "-" "Mozilla/5.0 (Linux; Android 6.0.1; Nexus 5X Build/MMB29P) AppleWebKit/537.36 (KHTML, like Gecko) Chrome/137.0.7151.103 Mobile Safari/537.36 (compatible; Googlebot/2.1; +http://www.google.com/bot.html)"
63.250.38.117 - - [05/Jul/2025:18:02:23 -0400] "POST /wp-cron.php?doing_wp_cron=1751752943.5711350440979003906250 HTTP/1.1" 403 1242 "-" "WordPress/6.8.1; https://fnf.group"
192.178.6.102 - - [05/Jul/2025:18:02:20 -0400] "GET /?n=4011289797105&channel=24528a&from=jp.php%3Fid%3D897971-12562%26name%3D%E3%80%90%E5%9C%A8%E5%BA%AB%E5%87%A6%E5%88%86%E3%80%91%E3%83%A9%E3%83%83%E3%83%97%E3%83%88%E3%83%83%E3%83%97%E3%82%B9%E3%83%AA%E3%83%BC%E3%83%96+13%27%27+MacBook+Pro+M2+2022+M1+Comfyable+2021-2016+%26+Mac+Air+M3+2024+A3113+M2+2022+M1+2020+%E3%81%AB%E5%AF%BE%E5%BF%9C%E3%80%81%E6%97%A7%E3%83%90%E3%83%BC%E3%82%B8%E3%83%A7%E3%83%B3%E3%81%AEMBA%2FMBP%E3%81%AB%E3%81%AF%E9%9D%9E%E5%AF%BE%E5%BF%9C+%E3%83%95 HTTP/1.1" 301 0 "-" "Mozilla/5.0 (Linux; Android 6.0.1; Nexus 5X Build/MMB29P) AppleWebKit/537.36 (KHTML, like Gecko) Chrome/137.0.7151.103 Mobile Safari/537.36 (compatible; Googlebot/2.1; +http://www.google.com/bot.html)"
192.178.6.102 - - [05/Jul/2025:18:02:24 -0400] "GET /?n=4011289797105&channel=24528a&from=jp.php%3Fid%3D897971-12562%26name%3D%E3%80%90%E5%9C%A8%E5%BA%AB%E5%87%A6%E5%88%86%E3%80%91%E3%83%A9%E3%83%83%E3%83%97%E3%83%88%E3%83%83%E3%83%97%E3%82%B9%E3%83%AA%E3%83%BC%E3%83%96%2013%27%27%20MacBook%20Pro%20M2%202022%20M1%20Comfyable%202021-2016%20%26%20Mac%20Air%20M3%202024%20A3113%20M2%202022%20M1%202020%20%E3%81%AB%E5%AF%BE%E5%BF%9C%E3%80%81%E6%97%A7%E3%83%90%E3%83%BC%E3%82%B8%E3%83%A7%E3%83%B3%E3%81%AEMBA%2FMBP%E3%81%AB%E3%81%AF%E9%9D%9E%E5%AF%BE%E5%BF%9C%20%E3%83%95 HTTP/1.1" 200 30434 "-" "Mozilla/5.0 (Linux; Android 6.0.1; Nexus 5X Build/MMB29P) AppleWebKit/537.36 (KHTML, like Gecko) Chrome/137.0.7151.103 Mobile Safari/537.36 (compatible; Googlebot/2.1; +http://www.google.com/bot.html)"
216.73.216.174 - - [05/Jul/2025:18:02:40 -0400] "GET /sitemap.xml HTTP/1.1" 500 1034 "-" "Mozilla/5.0 AppleWebKit/537.36 (KHTML, like Gecko; compatible; ClaudeBot/1.0; +claudebot@anthropic.com)"
192.178.6.101 - - [05/Jul/2025:18:02:45 -0400] "GET /?n=701792094200&channel=8e601f&from=shop.php%3Fid%3D20942-1908%26name%3D%E3%83%A1%E3%83%B3%E3%82%BA%E3%82%B8%E3%83%A3%E3%82%B1%E3%83%83%E3%83%88+%E5%86%AC%E3%81%AE%E7%94%B7%E5%A5%B3%E5%85%BC%E7%94%A8%E3%81%AE%E5%8E%9A%E3%81%84%E3%82%B5%E3%83%BC%E3%83%9E%E3%83%AB+%E3%82%B3%E3%83%BC%E3%83%88+%E3%83%A1%E3%83%B3%E3%82%BA+%E3%83%AB%E3%83%BC%E3%82%BA+%E3%82%B8%E3%83%A3%E3%82%B1%E3%83%83%E3%83%88+%E3%82%B3%E3%83%BC%E3%83%88+%E3%82%AB%E3%82%B8%E3%83%A5%E3%82%A2%E3%83%AB+%E3%82%B8%E3%83%A3%E3%83%B3%E3%83%91%E3%83%BC+%28%E8%89%B2+%3A+%E8%A4%90%E8%89%B2%2C HTTP/1.1" 301 0 "-" "Mozilla/5.0 (Linux; Android 6.0.1; Nexus 5X Build/MMB29P) AppleWebKit/537.36 (KHTML, like Gecko) Chrome/137.0.7151.103 Mobile Safari/537.36 (compatible; Googlebot/2.1; +http://www.google.com/bot.html)"
192.178.6.102 - - [05/Jul/2025:18:02:48 -0400] "GET /?n=701792094200&channel=8e601f&from=shop.php%3Fid%3D20942-1908%26name%3D%E3%83%A1%E3%83%B3%E3%82%BA%E3%82%B8%E3%83%A3%E3%82%B1%E3%83%83%E3%83%88%20%E5%86%AC%E3%81%AE%E7%94%B7%E5%A5%B3%E5%85%BC%E7%94%A8%E3%81%AE%E5%8E%9A%E3%81%84%E3%82%B5%E3%83%BC%E3%83%9E%E3%83%AB%20%E3%82%B3%E3%83%BC%E3%83%88%20%E3%83%A1%E3%83%B3%E3%82%BA%20%E3%83%AB%E3%83%BC%E3%82%BA%20%E3%82%B8%E3%83%A3%E3%82%B1%E3%83%83%E3%83%88%20%E3%82%B3%E3%83%BC%E3%83%88%20%E3%82%AB%E3%82%B8%E3%83%A5%E3%82%A2%E3%83%AB%20%E3%82%B8%E3%83%A3%E3%83%B3%E3%83%91%E3%83%BC%20%28%E8%89%B2%20%3A%20%E8%A4%90%E8%89%B2%2C HTTP/1.1" 200 30425 "-" "Mozilla/5.0 (Linux; Android 6.0.1; Nexus 5X Build/MMB29P) AppleWebKit/537.36 (KHTML, like Gecko) Chrome/137.0.7151.103 Mobile Safari/537.36 (compatible; Googlebot/2.1; +http://www.google.com/bot.html)"
43.163.105.96 - - [05/Jul/2025:18:03:04 -0400] "GET /wp-aa.php HTTP/1.1" 404 11505 "-" "Mozilla/5.0 (Windows NT 10.0; Win64; x64) AppleWebKit/537.36 (KHTML, like Gecko) Chrome/58.0.3029.110 Safari/537.3"
43.163.105.96 - - [05/Jul/2025:18:03:06 -0400] "GET /wp-content/plugins/wp-automatic/inc/csv.php HTTP/1.1" 404 11505 "-" "Mozilla/5.0 (Windows NT 10.0; Win64; x64) AppleWebKit/537.36 (KHTML, like Gecko) Chrome/58.0.3029.110 Safari/537.3"
63.250.38.117 - - [05/Jul/2025:18:03:28 -0400] "POST /wp-cron.php?doing_wp_cron=1751753008.0642750263214111328125 HTTP/1.1" 403 1242 "-" "WordPress/6.8.1; https://fnf.group"
192.178.6.102 - - [05/Jul/2025:18:03:25 -0400] "GET /?n=9189071765102&channel=818d2f&from=jp.php%3Fid%3D717651-6558%26name%3DFitFlop+%E3%83%AC%E3%83%87%E3%82%A3%E3%83%BC%E3%82%B9+Gracie+Slide%E3%80%82 HTTP/1.1" 301 0 "-" "Mozilla/5.0 (Linux; Android 6.0.1; Nexus 5X Build/MMB29P) AppleWebKit/537.36 (KHTML, like Gecko) Chrome/137.0.7151.103 Mobile Safari/537.36 (compatible; Googlebot/2.1; +http://www.google.com/bot.html)"
192.178.6.102 - - [05/Jul/2025:18:03:28 -0400] "GET /?n=9189071765102&channel=818d2f&from=jp.php%3Fid%3D717651-6558%26name%3DFitFlop%20%E3%83%AC%E3%83%87%E3%82%A3%E3%83%BC%E3%82%B9%20Gracie%20Slide%E3%80%82 HTTP/1.1" 200 30427 "-" "Mozilla/5.0 (Linux; Android 6.0.1; Nexus 5X Build/MMB29P) AppleWebKit/537.36 (KHTML, like Gecko) Chrome/137.0.7151.103 Mobile Safari/537.36 (compatible; Googlebot/2.1; +http://www.google.com/bot.html)"
54.82.219.226 - - [05/Jul/2025:18:04:24 -0400] "POST /xmlrpc.php HTTP/1.1" 403 1242 "https://fnf.group" "Mozilla/5.0 (Windows NT 10.0; Win64; x64) AppleWebKit/537.36 (KHTML, like Gecko) Chrome/116.0.5845.96 Safari/537.36"
54.82.219.226 - - [05/Jul/2025:18:04:24 -0400] "POST /wp-login.php HTTP/1.1" 200 3936 "https://fnf.group" "Mozilla/5.0 (Windows NT 10.0; Win64; x64; rv:128.0) Gecko/20100101 Firefox/128.0"
63.250.38.117 - - [05/Jul/2025:18:04:55 -0400] "POST /wp-cron.php?doing_wp_cron=1751753094.8788690567016601562500 HTTP/1.1" 403 1242 "-" "WordPress/6.8.1; https://fnf.group"
192.178.6.101 - - [05/Jul/2025:18:04:50 -0400] "GET /?n=15741193451400&channel=04827f&from=goods.php%3Fid%3D1934514-9231%26name%3D%E3%82%AF%E3%83%A9%E3%82%A6%E3%83%B3+GRS181+%E5%8F%B3%E3%83%95%E3%83%AD%E3%83%B3%E3%83%88%E3%82%A2%E3%83%83%E3%83%91%E3%83%BC%E3%82%A2%E3%83%BC%E3%83%A0+ROYEX+Q%E3%83%91%E3%83%83%E3%82%B1%E3%83%BC%E3%82%B8+4WD+48610-39135+8S6 HTTP/1.1" 301 0 "-" "Mozilla/5.0 (Linux; Android 6.0.1; Nexus 5X Build/MMB29P) AppleWebKit/537.36 (KHTML, like Gecko) Chrome/137.0.7151.103 Mobile Safari/537.36 (compatible; Googlebot/2.1; +http://www.google.com/bot.html)"
192.178.6.102 - - [05/Jul/2025:18:04:55 -0400] "GET /?n=15741193451400&channel=04827f&from=goods.php%3Fid%3D1934514-9231%26name%3D%E3%82%AF%E3%83%A9%E3%82%A6%E3%83%B3%20GRS181%20%E5%8F%B3%E3%83%95%E3%83%AD%E3%83%B3%E3%83%88%E3%82%A2%E3%83%83%E3%83%91%E3%83%BC%E3%82%A2%E3%83%BC%E3%83%A0%20ROYEX%20Q%E3%83%91%E3%83%83%E3%82%B1%E3%83%BC%E3%82%B8%204WD%2048610-39135%208S6 HTTP/1.1" 200 30434 "-" "Mozilla/5.0 (Linux; Android 6.0.1; Nexus 5X Build/MMB29P) AppleWebKit/537.36 (KHTML, like Gecko) Chrome/137.0.7151.103 Mobile Safari/537.36 (compatible; Googlebot/2.1; +http://www.google.com/bot.html)"
114.119.131.93 - - [05/Jul/2025:18:05:32 -0400] "GET /2025/06/28/top-kazino-reiting-te-onlain-kazino-2024-na-dengi/ HTTP/1.1" 200 30439 "http://fnf.group/category/recipes/page/8" "Mozilla/5.0 (Linux; Android 7.0;) AppleWebKit/537.36 (KHTML, like Gecko) Mobile Safari/537.36 (compatible; PetalBot;+https://webmaster.petalsearch.com/site/petalbot)"
192.178.6.101 - - [05/Jul/2025:18:05:37 -0400] "GET /?n=14678132325405&channel=e7feec&from=shared.php%3Fid%3D1323254-9500%26name%3DTAGLIATORE+%E3%82%A6%E3%83%BC%E3%83%AB%E3%83%A2%E3%83%98%E3%82%A2%E3%80%80%E3%83%86%E3%82%A4%E3%83%A9%E3%83%BC%E3%83%89%E3%80%80%E3%82%B8%E3%83%A3%E3%82%B1%E3%83%83%E3%83%88 HTTP/1.1" 301 0 "-" "Mozilla/5.0 (Linux; Android 6.0.1; Nexus 5X Build/MMB29P) AppleWebKit/537.36 (KHTML, like Gecko) Chrome/137.0.7151.103 Mobile Safari/537.36 (compatible; Googlebot/2.1; +http://www.google.com/bot.html)"
192.178.6.101 - - [05/Jul/2025:18:05:41 -0400] "GET /?n=14678132325405&channel=e7feec&from=shared.php%3Fid%3D1323254-9500%26name%3DTAGLIATORE%20%E3%82%A6%E3%83%BC%E3%83%AB%E3%83%A2%E3%83%98%E3%82%A2%E3%80%80%E3%83%86%E3%82%A4%E3%83%A9%E3%83%BC%E3%83%89%E3%80%80%E3%82%B8%E3%83%A3%E3%82%B1%E3%83%83%E3%83%88 HTTP/1.1" 200 30418 "-" "Mozilla/5.0 (Linux; Android 6.0.1; Nexus 5X Build/MMB29P) AppleWebKit/537.36 (KHTML, like Gecko) Chrome/137.0.7151.103 Mobile Safari/537.36 (compatible; Googlebot/2.1; +http://www.google.com/bot.html)"
63.250.38.117 - - [05/Jul/2025:18:06:20 -0400] "POST /wp-cron.php?doing_wp_cron=1751753180.5679590702056884765625 HTTP/1.1" 403 1242 "-" "WordPress/6.8.1; https://fnf.group"
192.178.6.100 - - [05/Jul/2025:18:06:18 -0400] "GET /?n=42790172818703&channel=5b1963&from=product.php%3Fid%3D1728187-15344%26name%3D1pc+194-6725+1946725 HTTP/1.1" 301 0 "-" "Mozilla/5.0 (Linux; Android 6.0.1; Nexus 5X Build/MMB29P) AppleWebKit/537.36 (KHTML, like Gecko) Chrome/137.0.7151.103 Mobile Safari/537.36 (compatible; Googlebot/2.1; +http://www.google.com/bot.html)"
192.178.6.101 - - [05/Jul/2025:18:06:21 -0400] "GET /?n=42790172818703&channel=5b1963&from=product.php%3Fid%3D1728187-15344%26name%3D1pc%20194-6725%201946725 HTTP/1.1" 200 30428 "-" "Mozilla/5.0 (Linux; Android 6.0.1; Nexus 5X Build/MMB29P) AppleWebKit/537.36 (KHTML, like Gecko) Chrome/137.0.7151.103 Mobile Safari/537.36 (compatible; Googlebot/2.1; +http://www.google.com/bot.html)"
192.178.6.100 - - [05/Jul/2025:18:06:24 -0400] "GET /?n=86814169749901&channel=cc23d1&from=shop.php%3Fid%3D1697499-13686%26name%3D%E6%96%B0%E5%93%81%E6%9C%AA%E4%BD%BF%E7%94%A8%E3%80%80%E6%98%AD%E5%92%8C%E3%83%AC%E3%83%88%E3%83%AD%E3%80%80Tiger+%E9%AD%94%E6%B3%95%E7%93%B6%E3%80%80%E6%B0%B4%E7%AD%92 HTTP/1.1" 301 0 "-" "Mozilla/5.0 (Linux; Android 6.0.1; Nexus 5X Build/MMB29P) AppleWebKit/537.36 (KHTML, like Gecko) Chrome/137.0.7151.103 Mobile Safari/537.36 (compatible; Googlebot/2.1; +http://www.google.com/bot.html)"
192.178.6.101 - - [05/Jul/2025:18:06:24 -0400] "GET /?n=9319093758600&channel=ca97c7&from=pin.php%3Fid%3D937586-18579%26name%3D%E3%83%9E%E3%82%A6%E3%83%B3%E3%83%88%E3%82%B3%E3%83%BC%E3%83%92%E3%83%BC%E3%82%B0%E3%83%A9%E3%82%B9%E3%82%B3%E3%83%BC%E3%83%92%E3%83%BC%E3%82%AA%E3%83%95%E3%82%A3%E3%82%B9%E3%82%84%E6%97%85%E8%A1%8C%E7%94%A8%E3%81%AE%E3%82%A8%E3%82%B9%E3%83%97%E3%83%AC%E3%83%83%E3%82%BD%E3%82%A8%E3%82%AF%E3%82%B9%E3%83%88%E3%83%AC%E3%83%BC%E3%82%B7%E3%83%A7%E3%83%B3%E3%82%B0%E3%83%A9%E3%82%B9%E3%82%92%E3%82%AF%E3%83%AA%E3%82%A2 HTTP/1.1" 200 30430 "-" "Mozilla/5.0 (Linux; Android 6.0.1; Nexus 5X Build/MMB29P) AppleWebKit/537.36 (KHTML, like Gecko) Chrome/137.0.7151.103 Mobile Safari/537.36 (compatible; Googlebot/2.1; +http://www.google.com/bot.html)"
192.178.6.101 - - [05/Jul/2025:18:06:26 -0400] "GET /?n=86814169749901&channel=cc23d1&from=shop.php%3Fid%3D1697499-13686%26name%3D%E6%96%B0%E5%93%81%E6%9C%AA%E4%BD%BF%E7%94%A8%E3%80%80%E6%98%AD%E5%92%8C%E3%83%AC%E3%83%88%E3%83%AD%E3%80%80Tiger%20%E9%AD%94%E6%B3%95%E7%93%B6%E3%80%80%E6%B0%B4%E7%AD%92 HTTP/1.1" 200 30425 "-" "Mozilla/5.0 (Linux; Android 6.0.1; Nexus 5X Build/MMB29P) AppleWebKit/537.36 (KHTML, like Gecko) Chrome/137.0.7151.103 Mobile Safari/537.36 (compatible; Googlebot/2.1; +http://www.google.com/bot.html)"
114.119.155.200 - - [05/Jul/2025:18:07:02 -0400] "GET /2020/09/05/steak-roll-ups-by-madiha-abdul-samad HTTP/1.1" 301 0 "http://fnf.group/recipes/page/7" "Mozilla/5.0 (Linux; Android 7.0;) AppleWebKit/537.36 (KHTML, like Gecko) Mobile Safari/537.36 (compatible; PetalBot;+https://webmaster.petalsearch.com/site/petalbot)"
114.119.155.200 - - [05/Jul/2025:18:07:07 -0400] "GET /2020/09/05/steak-roll-ups-by-madiha-abdul-samad/ HTTP/1.1" 200 18371 "http://fnf.group/recipes/page/7" "Mozilla/5.0 (Linux; Android 7.0;) AppleWebKit/537.36 (KHTML, like Gecko) Mobile Safari/537.36 (compatible; PetalBot;+https://webmaster.petalsearch.com/site/petalbot)"
63.250.38.117 - - [05/Jul/2025:18:08:29 -0400] "POST /wp-cron.php?doing_wp_cron=1751753309.1085169315338134765625 HTTP/1.1" 403 1242 "-" "WordPress/6.8.1; https://fnf.group"
213.209.150.137 - - [05/Jul/2025:18:08:28 -0400] "POST /wp-login.php?action=register HTTP/1.1" 302 0 "-" "-"
192.178.6.102 - - [05/Jul/2025:18:08:31 -0400] "GET /?n=37009117368903&channel=87812d&from=pin.php%3Fid%3D1173689-24452%26name%3D%E3%82%A6%E3%83%A9%E3%83%B3%E3%82%AC%E3%83%A9%E3%82%B9+%E3%83%97%E3%83%AC%E3%82%B9%E3%82%AC%E3%83%A9%E3%82%B9 HTTP/1.1" 301 0 "-" "Mozilla/5.0 (Linux; Android 6.0.1; Nexus 5X Build/MMB29P) AppleWebKit/537.36 (KHTML, like Gecko) Chrome/137.0.7151.103 Mobile Safari/537.36 (compatible; Googlebot/2.1; +http://www.google.com/bot.html)"
192.178.6.100 - - [05/Jul/2025:18:08:32 -0400] "GET /?n=37009117368903&channel=87812d&from=pin.php%3Fid%3D1173689-24452%26name%3D%E3%82%A6%E3%83%A9%E3%83%B3%E3%82%AC%E3%83%A9%E3%82%B9%20%E3%83%97%E3%83%AC%E3%82%B9%E3%82%AC%E3%83%A9%E3%82%B9 HTTP/1.1" 200 30422 "-" "Mozilla/5.0 (Linux; Android 6.0.1; Nexus 5X Build/MMB29P) AppleWebKit/537.36 (KHTML, like Gecko) Chrome/137.0.7151.103 Mobile Safari/537.36 (compatible; Googlebot/2.1; +http://www.google.com/bot.html)"
213.209.150.137 - - [05/Jul/2025:18:08:37 -0400] "POST /wp-login.php?action=register HTTP/1.1" 302 0 "-" "-"
213.209.150.137 - - [05/Jul/2025:18:08:49 -0400] "POST /wp-login.php?action=register HTTP/1.1" 302 0 "-" "-"
192.178.6.100 - - [05/Jul/2025:18:08:56 -0400] "GET /?n=11842167859701&channel=cebaeb&from=shop.php%3Fid%3D1678597-29214%26name%3D%E3%80%90%E5%86%8D%E5%80%A4%E4%B8%8B%E3%81%92%E3%80%91%E3%82%A4%E3%83%B3%E3%83%86%E3%83%AA%E3%82%A2%28%E9%A3%BE%E3%82%8A%29 HTTP/1.1" 200 30430 "-" "Mozilla/5.0 (Linux; Android 6.0.1; Nexus 5X Build/MMB29P) AppleWebKit/537.36 (KHTML, like Gecko) Chrome/137.0.7151.103 Mobile Safari/537.36 (compatible; Googlebot/2.1; +http://www.google.com/bot.html)"
213.209.150.137 - - [05/Jul/2025:18:09:03 -0400] "POST /wp-login.php?action=register HTTP/1.1" 302 0 "-" "-"
213.209.150.137 - - [05/Jul/2025:18:09:13 -0400] "POST /wp-login.php?action=register HTTP/1.1" 302 0 "-" "-"
213.209.150.137 - - [05/Jul/2025:18:09:22 -0400] "POST /wp-login.php?action=register HTTP/1.1" 302 0 "-" "-"
63.250.38.117 - - [05/Jul/2025:18:09:32 -0400] "POST /wp-cron.php?doing_wp_cron=1751753371.9684350490570068359375 HTTP/1.1" 403 1242 "-" "WordPress/6.8.1; https://fnf.group"
213.209.150.137 - - [05/Jul/2025:18:09:29 -0400] "POST /wp-login.php?action=register HTTP/1.1" 302 0 "-" "-"
213.209.150.137 - - [05/Jul/2025:18:09:41 -0400] "POST /wp-login.php?action=register HTTP/1.1" 302 0 "-" "-"
213.209.150.137 - - [05/Jul/2025:18:09:52 -0400] "POST /wp-login.php?action=register HTTP/1.1" 302 0 "-" "-"
192.178.6.100 - - [05/Jul/2025:18:09:56 -0400] "GET /?n=68867144370200&channel=5aa36e&from=pin.php%3Fid%3D1443702-24750%26name%3D%E3%83%97%E3%83%A9%E3%83%A2%E3%83%87%E3%83%AB+%28%E5%86%8D%E8%B2%A9%29%E3%83%90%E3%83%B3%E3%83%80%E3%82%A4+1%2F100+%E3%82%B8%E3%83%A3%E3%82%B9%E3%83%86%E3%82%A3%E3%82%B9%E3%82%AC%E3%83%B3%E3%83%80%E3%83%A0+MG+%E3%80%8C%E6%A9%9F%E5%8B%95%E6%88%A6%E5%A3%AB%E3%82%AC%E3%83%B3%E3%83%80%E3%83%A0SEED%E3%80%8D HTTP/1.1" 301 0 "-" "Mozilla/5.0 (Linux; Android 6.0.1; Nexus 5X Build/MMB29P) AppleWebKit/537.36 (KHTML, like Gecko) Chrome/137.0.7151.103 Mobile Safari/537.36 (compatible; Googlebot/2.1; +http://www.google.com/bot.html)"
192.178.6.100 - - [05/Jul/2025:18:10:01 -0400] "GET /?n=68867144370200&channel=5aa36e&from=pin.php%3Fid%3D1443702-24750%26name%3D%E3%83%97%E3%83%A9%E3%83%A2%E3%83%87%E3%83%AB%20%28%E5%86%8D%E8%B2%A9%29%E3%83%90%E3%83%B3%E3%83%80%E3%82%A4%201%2F100%20%E3%82%B8%E3%83%A3%E3%82%B9%E3%83%86%E3%82%A3%E3%82%B9%E3%82%AC%E3%83%B3%E3%83%80%E3%83%A0%20MG%20%E3%80%8C%E6%A9%9F%E5%8B%95%E6%88%A6%E5%A3%AB%E3%82%AC%E3%83%B3%E3%83%80%E3%83%A0SEED%E3%80%8D HTTP/1.1" 200 30437 "-" "Mozilla/5.0 (Linux; Android 6.0.1; Nexus 5X Build/MMB29P) AppleWebKit/537.36 (KHTML, like Gecko) Chrome/137.0.7151.103 Mobile Safari/537.36 (compatible; Googlebot/2.1; +http://www.google.com/bot.html)"
213.209.150.137 - - [05/Jul/2025:18:10:04 -0400] "POST /wp-login.php?action=register HTTP/1.1" 302 0 "-" "-"
216.73.216.174 - - [05/Jul/2025:18:10:16 -0400] "GET /2017/04/21/we-encountered-a-bird-paradise/ HTTP/1.1" 500 1034 "-" "Mozilla/5.0 AppleWebKit/537.36 (KHTML, like Gecko; compatible; ClaudeBot/1.0; +claudebot@anthropic.com)"
213.209.150.137 - - [05/Jul/2025:18:10:17 -0400] "POST /wp-login.php?action=register HTTP/1.1" 302 0 "-" "-"
213.209.150.137 - - [05/Jul/2025:18:10:28 -0400] "POST /wp-login.php?action=register HTTP/1.1" 302 0 "-" "-"
63.250.38.117 - - [05/Jul/2025:18:10:37 -0400] "POST /wp-cron.php?doing_wp_cron=1751753437.5142509937286376953125 HTTP/1.1" 403 1242 "-" "WordPress/6.8.1; https://fnf.group"
213.209.150.137 - - [05/Jul/2025:18:10:36 -0400] "POST /wp-login.php?action=register HTTP/1.1" 302 0 "-" "-"
213.209.150.137 - - [05/Jul/2025:18:10:44 -0400] "POST /wp-login.php?action=register HTTP/1.1" 302 0 "-" "-"
213.209.150.137 - - [05/Jul/2025:18:10:53 -0400] "POST /wp-login.php?action=register HTTP/1.1" 302 0 "-" "-"
192.178.6.100 - - [05/Jul/2025:18:11:20 -0400] "GET /?n=5772356863004&channel=84d191&from=jp.php%3Fid%3D568630-4409%26name%3D%E3%83%95%E3%83%AD%E3%83%B3%E3%83%88%E3%82%B7%E3%83%A7%E3%83%83%E3%82%AF%E3%82%A2%E3%83%96%E3%82%BD%E3%83%BC%E3%83%90%E3%83%BC+%E3%82%B9%E3%83%88%E3%83%A9%E3%83%83%E3%83%88%E3%82%B9%E3%83%97%E3%83%AA%E3%83%B3%E3%82%B0%E3%82%B5%E3%82%B9%E3%83%9A%E3%83%B3%E3%82%B7%E3%83%A7%E3%83%B3%E3%82%A2%E3%82%BB%E3%83%B3%E3%83%96%E3%83%AA+%E3%82%AD%E3%83%A3%E3%83%87%E3%83%A9%E3%83%83%E3%82%AF+SRX+2010-2016+%E9%9B%BB%E5%8B%95%E4%BB%98%E3%81%8D+22 HTTP/1.1" 301 0 "-" "Mozilla/5.0 (Linux; Android 6.0.1; Nexus 5X Build/MMB29P) AppleWebKit/537.36 (KHTML, like Gecko) Chrome/137.0.7151.103 Mobile Safari/537.36 (compatible; Googlebot/2.1; +http://www.google.com/bot.html)"
192.178.6.102 - - [05/Jul/2025:18:11:20 -0400] "GET /?n=33792122017900&channel=c9fd11&from=shop.php%3Fid%3D1220179-1787%26name%3DAUTO-PALPAL+HID%E3%82%AD%E3%82%BB%E3%83%8E%E3%83%B3%E3%83%98%E3%83%83%E3%83%89%E3%83%A9%E3%82%A4%E3%83%88%E3%82%B3%E3%83%B3%E3%83%88%E3%83%AD%E3%83%BC%E3%83%AB%E3%83%A2%E3%82%B8%E3%83%A5%E3%83%BC%E3%83%AB%E3%83%90%E3%83%A9%E3%82%B9%E3%83%88+HID+XENON+HEADLIGHT+CONTR HTTP/1.1" 301 0 "-" "Mozilla/5.0 (Linux; Android 6.0.1; Nexus 5X Build/MMB29P) AppleWebKit/537.36 (KHTML, like Gecko) Chrome/137.0.7151.103 Mobile Safari/537.36 (compatible; Googlebot/2.1; +http://www.google.com/bot.html)"
192.178.6.101 - - [05/Jul/2025:18:11:22 -0400] "GET /?n=5772356863004&channel=84d191&from=jp.php%3Fid%3D568630-4409%26name%3D%E3%83%95%E3%83%AD%E3%83%B3%E3%83%88%E3%82%B7%E3%83%A7%E3%83%83%E3%82%AF%E3%82%A2%E3%83%96%E3%82%BD%E3%83%BC%E3%83%90%E3%83%BC%20%E3%82%B9%E3%83%88%E3%83%A9%E3%83%83%E3%83%88%E3%82%B9%E3%83%97%E3%83%AA%E3%83%B3%E3%82%B0%E3%82%B5%E3%82%B9%E3%83%9A%E3%83%B3%E3%82%B7%E3%83%A7%E3%83%B3%E3%82%A2%E3%82%BB%E3%83%B3%E3%83%96%E3%83%AA%20%E3%82%AD%E3%83%A3%E3%83%87%E3%83%A9%E3%83%83%E3%82%AF%20SRX%202010-2016%20%E9%9B%BB%E5%8B%95%E4%BB%98%E3%81%8D%2022 HTTP/1.1" 200 30431 "-" "Mozilla/5.0 (Linux; Android 6.0.1; Nexus 5X Build/MMB29P) AppleWebKit/537.36 (KHTML, like Gecko) Chrome/137.0.7151.103 Mobile Safari/537.36 (compatible; Googlebot/2.1; +http://www.google.com/bot.html)"
192.178.6.102 - - [05/Jul/2025:18:11:22 -0400] "GET /?n=33792122017900&channel=c9fd11&from=shop.php%3Fid%3D1220179-1787%26name%3DAUTO-PALPAL%20HID%E3%82%AD%E3%82%BB%E3%83%8E%E3%83%B3%E3%83%98%E3%83%83%E3%83%89%E3%83%A9%E3%82%A4%E3%83%88%E3%82%B3%E3%83%B3%E3%83%88%E3%83%AD%E3%83%BC%E3%83%AB%E3%83%A2%E3%82%B8%E3%83%A5%E3%83%BC%E3%83%AB%E3%83%90%E3%83%A9%E3%82%B9%E3%83%88%20HID%20XENON%20HEADLIGHT%20CONTR HTTP/1.1" 200 30428 "-" "Mozilla/5.0 (Linux; Android 6.0.1; Nexus 5X Build/MMB29P) AppleWebKit/537.36 (KHTML, like Gecko) Chrome/137.0.7151.103 Mobile Safari/537.36 (compatible; Googlebot/2.1; +http://www.google.com/bot.html)"
63.250.38.117 - - [05/Jul/2025:18:11:48 -0400] "POST /wp-cron.php?doing_wp_cron=1751753507.8773410320281982421875 HTTP/1.1" 403 1242 "-" "WordPress/6.8.1; https://fnf.group"
192.178.6.101 - - [05/Jul/2025:18:11:45 -0400] "GET /?n=97877117294202&channel=844a63&from=form.php%3Fid%3D1172942-8643%26name%3D%E3%83%9A%E3%83%BC%E3%83%91%E3%83%BC%E3%83%8A%E3%83%97%E3%82%AD%E3%83%B3+VEGETABLE+GARDEN+5%E6%9E%9A%E5%85%A5%E3%82%8A%E3%80%9016%E6%99%82%E3%81%BE%E3%81%A7%E3%81%AB%E3%81%94%E6%B3%A8%E6%96%87%E3%81%A7%E5%BD%93%E6%97%A5%E5%87%BA%E8%8D%B7+%2A%E5%9C%9F%E6%97%A5%E7%A5%9D%E9%99%A4%E3%81%8F%E3%80%91 HTTP/1.1" 301 0 "-" "Mozilla/5.0 (Linux; Android 6.0.1; Nexus 5X Build/MMB29P) AppleWebKit/537.36 (KHTML, like Gecko) Chrome/137.0.7151.103 Mobile Safari/537.36 (compatible; Googlebot/2.1; +http://www.google.com/bot.html)"
192.178.6.100 - - [05/Jul/2025:18:11:48 -0400] "GET /?n=97877117294202&channel=844a63&from=form.php%3Fid%3D1172942-8643%26name%3D%E3%83%9A%E3%83%BC%E3%83%91%E3%83%BC%E3%83%8A%E3%83%97%E3%82%AD%E3%83%B3%20VEGETABLE%20GARDEN%205%E6%9E%9A%E5%85%A5%E3%82%8A%E3%80%9016%E6%99%82%E3%81%BE%E3%81%A7%E3%81%AB%E3%81%94%E6%B3%A8%E6%96%87%E3%81%A7%E5%BD%93%E6%97%A5%E5%87%BA%E8%8D%B7%20%2A%E5%9C%9F%E6%97%A5%E7%A5%9D%E9%99%A4%E3%81%8F%E3%80%91 HTTP/1.1" 200 30430 "-" "Mozilla/5.0 (Linux; Android 6.0.1; Nexus 5X Build/MMB29P) AppleWebKit/537.36 (KHTML, like Gecko) Chrome/137.0.7151.103 Mobile Safari/537.36 (compatible; Googlebot/2.1; +http://www.google.com/bot.html)"
192.178.6.101 - - [05/Jul/2025:18:12:10 -0400] "GET /?n=17103193449901&channel=04827f&from=product.php%3Fid%3D1934499-9231%26name%3DCR-Z+ZF1+%E5%8F%B3%E3%83%95%E3%83%AD%E3%83%B3%E3%83%88%E3%82%B9%E3%83%88%E3%83%A9%E3%83%83%E3%83%88+%E3%82%A2%E3%83%AB%E3%83%95%E3%82%A1+51610-SZT-J02+NH773M HTTP/1.1" 301 0 "-" "Mozilla/5.0 (Linux; Android 6.0.1; Nexus 5X Build/MMB29P) AppleWebKit/537.36 (KHTML, like Gecko) Chrome/137.0.7151.103 Mobile Safari/537.36 (compatible; Googlebot/2.1; +http://www.google.com/bot.html)"
192.178.6.101 - - [05/Jul/2025:18:12:14 -0400] "GET /?n=17103193449901&channel=04827f&from=product.php%3Fid%3D1934499-9231%26name%3DCR-Z%20ZF1%20%E5%8F%B3%E3%83%95%E3%83%AD%E3%83%B3%E3%83%88%E3%82%B9%E3%83%88%E3%83%A9%E3%83%83%E3%83%88%20%E3%82%A2%E3%83%AB%E3%83%95%E3%82%A1%2051610-SZT-J02%20NH773M HTTP/1.1" 200 30431 "-" "Mozilla/5.0 (Linux; Android 6.0.1; Nexus 5X Build/MMB29P) AppleWebKit/537.36 (KHTML, like Gecko) Chrome/137.0.7151.103 Mobile Safari/537.36 (compatible; Googlebot/2.1; +http://www.google.com/bot.html)"
192.178.6.100 - - [05/Jul/2025:18:12:35 -0400] "GET /?n=4457717109405&channel=6494ab&from=form.php%3Fid%3D171094-10229%26name%3D%E3%80%90%E5%9C%A8%E5%BA%AB%E5%87%A6%E5%88%86%E3%80%91ecostore%28%E3%82%A8%E3%82%B3%E3%82%B9%E3%83%88%E3%82%A2%29+%E3%83%A9%E3%83%B3%E3%83%89%E3%83%AA%E3%83%BC%E3%83%AA%E3%82%AD%E3%83%83%E3%83%89+%E3%80%90%E7%84%A1%E9%A6%99%E6%96%99%E3%80%91+1L+%E6%B4%97%E6%BF%AF%E6%B4%97%E5%89%A4+%E6%B4%97%E5%89%A4+%E6%B6%B2%E4%BD%93+%E6%A4%8D%E7%89%A9%E7%94%B1%E6%9D%A5+%E8%82%8C%E3%81%AB%E3%82%84%E3%81%95%E3%81%97%E3%81%84 HTTP/1.1" 301 0 "-" "Mozilla/5.0 (Linux; Android 6.0.1; Nexus 5X Build/MMB29P) AppleWebKit/537.36 (KHTML, like Gecko) Chrome/137.0.7151.103 Mobile Safari/537.36 (compatible; Googlebot/2.1; +http://www.google.com/bot.html)"
192.178.6.100 - - [05/Jul/2025:18:12:36 -0400] "GET /?n=4457717109405&channel=6494ab&from=form.php%3Fid%3D171094-10229%26name%3D%E3%80%90%E5%9C%A8%E5%BA%AB%E5%87%A6%E5%88%86%E3%80%91ecostore%28%E3%82%A8%E3%82%B3%E3%82%B9%E3%83%88%E3%82%A2%29%20%E3%83%A9%E3%83%B3%E3%83%89%E3%83%AA%E3%83%BC%E3%83%AA%E3%82%AD%E3%83%83%E3%83%89%20%E3%80%90%E7%84%A1%E9%A6%99%E6%96%99%E3%80%91%201L%20%E6%B4%97%E6%BF%AF%E6%B4%97%E5%89%A4%20%E6%B4%97%E5%89%A4%20%E6%B6%B2%E4%BD%93%20%E6%A4%8D%E7%89%A9%E7%94%B1%E6%9D%A5%20%E8%82%8C%E3%81%AB%E3%82%84%E3%81%95%E3%81%97%E3%81%84 HTTP/1.1" 200 30428 "-" "Mozilla/5.0 (Linux; Android 6.0.1; Nexus 5X Build/MMB29P) AppleWebKit/537.36 (KHTML, like Gecko) Chrome/137.0.7151.103 Mobile Safari/537.36 (compatible; Googlebot/2.1; +http://www.google.com/bot.html)"
63.250.38.117 - - [05/Jul/2025:18:13:03 -0400] "POST /wp-cron.php?doing_wp_cron=1751753583.0847890377044677734375 HTTP/1.1" 403 1242 "-" "WordPress/6.8.1; https://fnf.group"
192.178.6.101 - - [05/Jul/2025:18:13:00 -0400] "GET /?n=8657978296102&channel=0fabdc&from=shop.php%3Fid%3D782961-19749%26name%3D%E3%82%A4%E3%83%B3%E3%83%86%E3%83%AA%E3%82%B8%E3%82%A7%E3%83%B3%E3%83%88%E3%83%87%E3%82%B8%E3%82%BF%E3%83%AB%E3%83%87%E3%82%A3%E3%82%B9%E3%83%97%E3%83%AC%E3%82%A4%E3%82%B5%E3%83%BC%E3%83%A2%E3%82%B9%E3%82%BF%E3%83%83%E3%83%88%E3%80%81%E3%83%97%E3%83%AD%E3%82%B0%E3%83%A9%E3%83%A0%E5%8F%AF%E8%83%BD%E3%81%AA%E3%82%BF%E3%83%83%E3%83%81%E3%82%B9%E3%82%AF%E3%83%AA%E3%83%BC%E3%83%B3%E3%82%B5%E3%83%BC%E3%83%A2%E3%82%B9%E3%82%BF%E3%83%83%E3%83%88%E3%80%81%E6%B8%A9%E5%BA%A6%E3%82%B3%E3%83%B3%E3%83%88%E3%83%AD%E3%83%BC%E3%83%A9%E3%83%BC%E3%80%81LED%E3%82%BF%E3%83%83%E3%83%81 HTTP/1.1" 200 30424 "-" "Mozilla/5.0 (Linux; Android 6.0.1; Nexus 5X Build/MMB29P) AppleWebKit/537.36 (KHTML, like Gecko) Chrome/137.0.7151.103 Mobile Safari/537.36 (compatible; Googlebot/2.1; +http://www.google.com/bot.html)"
192.178.6.102 - - [05/Jul/2025:18:14:02 -0400] "GET /?n=88696183139500&channel=5a7ef5&from=blog.php%3Fid%3D1831395-7240%26name%3DBiSH%C3%97TOWER+RECORDS+%E3%83%99%E3%83%BC%E3%82%B9%E3%83%9C%E3%83%BC%E3%83%AB%E3%82%B7%E3%83%A3%E3%83%84%E3%80%80M%E3%82%B5%E3%82%A4%E3%82%BA HTTP/1.1" 301 0 "-" "Mozilla/5.0 (Linux; Android 6.0.1; Nexus 5X Build/MMB29P) AppleWebKit/537.36 (KHTML, like Gecko) Chrome/137.0.7151.103 Mobile Safari/537.36 (compatible; Googlebot/2.1; +http://www.google.com/bot.html)"
192.178.6.100 - - [05/Jul/2025:18:14:04 -0400] "GET /?n=88696183139500&channel=5a7ef5&from=blog.php%3Fid%3D1831395-7240%26name%3DBiSH%C3%97TOWER%20RECORDS%20%E3%83%99%E3%83%BC%E3%82%B9%E3%83%9C%E3%83%BC%E3%83%AB%E3%82%B7%E3%83%A3%E3%83%84%E3%80%80M%E3%82%B5%E3%82%A4%E3%82%BA HTTP/1.1" 200 30427 "-" "Mozilla/5.0 (Linux; Android 6.0.1; Nexus 5X Build/MMB29P) AppleWebKit/537.36 (KHTML, like Gecko) Chrome/137.0.7151.103 Mobile Safari/537.36 (compatible; Googlebot/2.1; +http://www.google.com/bot.html)"
192.178.6.100 - - [05/Jul/2025:18:14:27 -0400] "GET /?n=91482178158104&channel=a73c71&from=pin.php%3Fid%3D1781581-10040%26name%3D%E6%99%82%E8%A8%88%E4%BF%9D%E7%AE%A1+%E3%82%A6%E3%82%A9%E3%83%83%E3%83%81%E3%83%A1%E3%82%AC%E3%83%8D%E3%82%B1%E3%83%BC%E3%82%B9%E5%A4%9A%E6%A9%9F%E8%83%BD%E3%83%80%E3%83%96%E3%83%AB%E5%8F%8E%E7%B4%8D%E3%83%87%E3%82%A3%E3%82%B9%E3%83%97%E3%83%AC%E3%82%A4%E3%83%9C%E3%83%83%E3%82%AF%E3%82%B9%E3%83%8F%E3%82%A4%E3%82%B0%E3%83%AC%E3%83%BC%E3%83%89%E3%82%B9%E3%83%97%E3%83%AC%E3%83%BC%E3%82%B8%E3%83%A5%E3%82%A8%E3%83%AA%E3%83%BC%E3%82%B8%E3%83%A5%E3%82%A8%E3%83%AA%E3%83%BC%E3%83%9C%E3%83%83%E3%82%AF%E3%82%B9+%E3%82%AE%E3%83%95%E3%83%88+%E7%88%B6%E3%81%AE%E6%97%A5 HTTP/1.1" 301 0 "-" "Mozilla/5.0 (Linux; Android 6.0.1; Nexus 5X Build/MMB29P) AppleWebKit/537.36 (KHTML, like Gecko) Chrome/137.0.7151.103 Mobile Safari/537.36 (compatible; Googlebot/2.1; +http://www.google.com/bot.html)"
192.178.6.100 - - [05/Jul/2025:18:14:29 -0400] "GET /?n=91482178158104&channel=a73c71&from=pin.php%3Fid%3D1781581-10040%26name%3D%E6%99%82%E8%A8%88%E4%BF%9D%E7%AE%A1%20%E3%82%A6%E3%82%A9%E3%83%83%E3%83%81%E3%83%A1%E3%82%AC%E3%83%8D%E3%82%B1%E3%83%BC%E3%82%B9%E5%A4%9A%E6%A9%9F%E8%83%BD%E3%83%80%E3%83%96%E3%83%AB%E5%8F%8E%E7%B4%8D%E3%83%87%E3%82%A3%E3%82%B9%E3%83%97%E3%83%AC%E3%82%A4%E3%83%9C%E3%83%83%E3%82%AF%E3%82%B9%E3%83%8F%E3%82%A4%E3%82%B0%E3%83%AC%E3%83%BC%E3%83%89%E3%82%B9%E3%83%97%E3%83%AC%E3%83%BC%E3%82%B8%E3%83%A5%E3%82%A8%E3%83%AA%E3%83%BC%E3%82%B8%E3%83%A5%E3%82%A8%E3%83%AA%E3%83%BC%E3%83%9C%E3%83%83%E3%82%AF%E3%82%B9%20%E3%82%AE%E3%83%95%E3%83%88%20%E7%88%B6%E3%81%AE%E6%97%A5 HTTP/1.1" 200 30429 "-" "Mozilla/5.0 (Linux; Android 6.0.1; Nexus 5X Build/MMB29P) AppleWebKit/537.36 (KHTML, like Gecko) Chrome/137.0.7151.103 Mobile Safari/537.36 (compatible; Googlebot/2.1; +http://www.google.com/bot.html)"
63.250.38.117 - - [05/Jul/2025:18:15:11 -0400] "POST /wp-cron.php?doing_wp_cron=1751753711.0710279941558837890625 HTTP/1.1" 403 1242 "-" "WordPress/6.8.1; https://fnf.group"
63.250.38.117 - - [05/Jul/2025:18:15:12 -0400] "POST /wp-cron.php?doing_wp_cron=1751753712.8099029064178466796875 HTTP/1.1" 403 1242 "-" "WordPress/6.8.1; https://fnf.group"
2a03:2880:f800:6:: - - [05/Jul/2025:18:15:10 -0400] "GET /2025/06/25/1xbet-weonegseubes-1xbet-gongsigsaiteu-coesangyi-korea-2025/feed/ HTTP/1.1" 200 589 "-" "meta-externalagent/1.1 (+https://developers.facebook.com/docs/sharing/webmasters/crawler)"
192.178.6.101 - - [05/Jul/2025:18:15:08 -0400] "GET /?n=93211110303603&channel=c691cf&from=shared.php%3Fid%3D1103036-16814%26name%3D%E3%83%9C%E3%82%AF%E3%82%B7%E3%83%B3%E3%82%B0%E3%82%B0%E3%83%AD%E3%83%BC%E3%83%96%E9%A2%A8%E3%80%80%E3%82%A2%E3%82%A4%E3%82%A2%E3%83%B3%E3%83%9E%E3%83%B3%E3%80%80%E3%82%A2%E3%83%BC%E3%83%A0%E3%80%80%E3%82%B3%E3%82%B9%E3%83%97%E3%83%AC%E3%80%80%E3%82%B3%E3%82%B9%E3%83%81%E3%83%A5%E3%83%BC%E3%83%A0%E3%80%80%E5%A4%89%E8%BA%AB%E3%80%80%E5%A4%89%E8%A3%85 HTTP/1.1" 200 30433 "-" "Mozilla/5.0 (Linux; Android 6.0.1; Nexus 5X Build/MMB29P) AppleWebKit/537.36 (KHTML, like Gecko) Chrome/137.0.7151.103 Mobile Safari/537.36 (compatible; Googlebot/2.1; +http://www.google.com/bot.html)"
47.82.60.7 - - [05/Jul/2025:18:15:39 -0400] "GET /2025/06/29/google-android-ios-platformasi-ucun-1win-proqrami-yuklmk-pulsuz-qurasdirma HTTP/1.1" 301 0 "https://fnf.group/2025/06/29/google-android-ios-platformasi-ucun-1win-proqrami-yuklmk-pulsuz-qurasdirma" "Mozilla/5.0 (Windows NT 10.0; Win64; x64) AppleWebKit/537.36 (KHTML, like Gecko) Chrome/114.0.0.0 Safari/537.36 Edg/114.0.1823.43"
47.82.60.7 - - [05/Jul/2025:18:15:42 -0400] "GET /2025/06/29/google-android-ios-platformasi-ucun-1win-proqrami-yuklmk-pulsuz-qurasdirma/ HTTP/1.1" 200 21891 "https://fnf.group/2025/06/29/google-android-ios-platformasi-ucun-1win-proqrami-yuklmk-pulsuz-qurasdirma" "Mozilla/5.0 (Windows NT 10.0; Win64; x64) AppleWebKit/537.36 (KHTML, like Gecko) Chrome/114.0.0.0 Safari/537.36 Edg/114.0.1823.43"
192.178.6.101 - - [05/Jul/2025:18:15:57 -0400] "GET /?n=2117357774509&channel=6f8786&from=article.php%3Fid%3D577745-17855%26name%3DGardena+8188-29+%E3%83%87%E3%82%B8%E3%82%BF%E3%83%AB%E9%9B%BB%E5%AD%90%E6%B0%B4%E3%82%B9%E3%83%9E%E3%83%BC%E3%83%88%E6%B5%81%E9%87%8F%E8%A8%88+%E3%82%AC%E3%83%BC%E3%83%87%E3%83%B3%E3%83%9B%E3%83%BC%E3%82%B9%E6%95%A3%E6%B0%B4%E7%94%A8 HTTP/1.1" 301 0 "-" "Mozilla/5.0 (Linux; Android 6.0.1; Nexus 5X Build/MMB29P) AppleWebKit/537.36 (KHTML, like Gecko) Chrome/137.0.7151.103 Mobile Safari/537.36 (compatible; Googlebot/2.1; +http://www.google.com/bot.html)"
192.178.6.101 - - [05/Jul/2025:18:16:01 -0400] "GET /?n=2117357774509&channel=6f8786&from=article.php%3Fid%3D577745-17855%26name%3DGardena%208188-29%20%E3%83%87%E3%82%B8%E3%82%BF%E3%83%AB%E9%9B%BB%E5%AD%90%E6%B0%B4%E3%82%B9%E3%83%9E%E3%83%BC%E3%83%88%E6%B5%81%E9%87%8F%E8%A8%88%20%E3%82%AC%E3%83%BC%E3%83%87%E3%83%B3%E3%83%9B%E3%83%BC%E3%82%B9%E6%95%A3%E6%B0%B4%E7%94%A8 HTTP/1.1" 200 30430 "-" "Mozilla/5.0 (Linux; Android 6.0.1; Nexus 5X Build/MMB29P) AppleWebKit/537.36 (KHTML, like Gecko) Chrome/137.0.7151.103 Mobile Safari/537.36 (compatible; Googlebot/2.1; +http://www.google.com/bot.html)"
63.250.38.117 - - [05/Jul/2025:18:17:18 -0400] "POST /wp-cron.php?doing_wp_cron=1751753837.8698821067810058593750 HTTP/1.1" 403 1242 "-" "WordPress/6.8.1; https://fnf.group"
192.178.6.102 - - [05/Jul/2025:18:17:15 -0400] "GET /?n=8113274744302&channel=2218b5&from=goods.php%3Fid%3D747443-9513%26name%3D%E3%83%98%E3%83%83%E3%83%89%E3%83%A9%E3%82%A4%E3%83%88+%E7%94%A8%E3%83%8F%E3%82%A4%E3%82%A8%E3%83%BC%E3%82%B9+2014+2015+2016+2017+2018+%E9%BB%84%E8%89%B2%E3%82%BF%E3%83%BC%E3%83%B3%E3%82%B7%E3%82%B0%E3%83%8A%E3%83%AB%E9%98%B2%E6%B0%B4%E3%83%95%E3%82%A9%E3%82%B0%E3%83%A9%E3%83%B3%E3%83%97%E3%82%AB%E3%83%90%E3%83%BC%E3%83%87%E3%82%A4%E3%82%BF%E3%82%A4%E3%83%A0%E3%83%A9%E3%83%B3 HTTP/1.1" 301 0 "-" "Mozilla/5.0 (Linux; Android 6.0.1; Nexus 5X Build/MMB29P) AppleWebKit/537.36 (KHTML, like Gecko) Chrome/137.0.7151.103 Mobile Safari/537.36 (compatible; Googlebot/2.1; +http://www.google.com/bot.html)"
139.180.141.95 - - [05/Jul/2025:18:17:20 -0400] "POST /xmlrpc.php HTTP/1.1" 403 1242 "https://fnf.group" "Mozilla/5.0 (Macintosh; Intel Mac OS X 10_15_7) AppleWebKit/537.36 (KHTML, like Gecko) Chrome/112.0.5615.138 Safari/537.36"
192.178.6.101 - - [05/Jul/2025:18:17:18 -0400] "GET /?n=8113274744302&channel=2218b5&from=goods.php%3Fid%3D747443-9513%26name%3D%E3%83%98%E3%83%83%E3%83%89%E3%83%A9%E3%82%A4%E3%83%88%20%E7%94%A8%E3%83%8F%E3%82%A4%E3%82%A8%E3%83%BC%E3%82%B9%202014%202015%202016%202017%202018%20%E9%BB%84%E8%89%B2%E3%82%BF%E3%83%BC%E3%83%B3%E3%82%B7%E3%82%B0%E3%83%8A%E3%83%AB%E9%98%B2%E6%B0%B4%E3%83%95%E3%82%A9%E3%82%B0%E3%83%A9%E3%83%B3%E3%83%97%E3%82%AB%E3%83%90%E3%83%BC%E3%83%87%E3%82%A4%E3%82%BF%E3%82%A4%E3%83%A0%E3%83%A9%E3%83%B3 HTTP/1.1" 200 30436 "-" "Mozilla/5.0 (Linux; Android 6.0.1; Nexus 5X Build/MMB29P) AppleWebKit/537.36 (KHTML, like Gecko) Chrome/137.0.7151.103 Mobile Safari/537.36 (compatible; Googlebot/2.1; +http://www.google.com/bot.html)"
139.180.141.95 - - [05/Jul/2025:18:17:21 -0400] "POST /wp-login.php HTTP/1.1" 200 3936 "https://fnf.group" "Mozilla/5.0 (Macintosh; Intel Mac OS X 13_3) AppleWebKit/537.36 (KHTML, like Gecko) Chrome/126.0.0.0 Safari/537.36 Edg/126.0.0.0"
192.178.6.101 - - [05/Jul/2025:18:17:59 -0400] "GET /?n=4007461398103&channel=87d044&from=blog.php%3Fid%3D613981-1796%26name%3D%28%E5%B8%AF%E4%BB%98%E3%81%8D%29+%E3%82%B9%E3%82%AB%E3%83%AB%E3%83%95%E3%82%A1%E3%83%B3%E3%82%B0+%E7%A9%BA%E7%89%99%E5%A4%96%E4%BC%9D+%E3%82%BB%E3%82%AC%E3%82%B5%E3%82%BF%E3%83%BC%E3%83%B3 HTTP/1.1" 301 0 "-" "Mozilla/5.0 (Linux; Android 6.0.1; Nexus 5X Build/MMB29P) AppleWebKit/537.36 (KHTML, like Gecko) Chrome/137.0.7151.103 Mobile Safari/537.36 (compatible; Googlebot/2.1; +http://www.google.com/bot.html)"
192.178.6.100 - - [05/Jul/2025:18:18:00 -0400] "GET /?n=3222458437700&channel=bb2ed6&from=jp.php%3Fid%3D584377-4152%26name%3D%E3%83%90%E3%82%A4%E3%82%AF%E7%94%A8%E3%82%A4%E3%82%B0%E3%83%8B%E3%83%83%E3%82%B7%E3%83%A7%E3%83%B3%E3%82%B3%E3%82%A4%E3%83%AB%E3%82%A4%E3%82%B0%E3%83%8B%E3%83%83%E3%82%B7%E3%83%A7%E3%83%B3%E7%82%B9%E7%81%AB%E3%82%B3%E3%82%A4%E3%83%AB+%E7%82%B9%E7%81%AB%E3%82%B3%E3%82%A4%E3%83%AB%E3%82%BB%E3%83%83%E3%83%88+12+%E3%83%9C%E3%83%AB%E3%83%88+12V+%E3%82%AB%E3%83%AF%E3%82%B5%E3%82%AD+KZ+%E3%82%AA%E3%83%BC%E3%83%88%E3%83%90%E3%82%A4%E9%83%A8%E5%93%81 HTTP/1.1" 301 0 "-" "Mozilla/5.0 (Linux; Android 6.0.1; Nexus 5X Build/MMB29P) AppleWebKit/537.36 (KHTML, like Gecko) Chrome/137.0.7151.103 Mobile Safari/537.36 (compatible; Googlebot/2.1; +http://www.google.com/bot.html)"
192.178.6.100 - - [05/Jul/2025:18:18:00 -0400] "GET /?n=81178106634904&channel=ce6e20&from=shared.php%3Fid%3D1066349-18094%26name%3D%E5%8F%A4%E9%85%92%E8%B6%85%E6%BF%8026%E5%B9%B4%E7%86%9F%E6%88%901999%E5%B9%B4%E3%83%9F%E3%83%AC%E3%82%B8%E3%83%A1%E3%83%BB%E3%83%AD%E3%82%BC%E3%83%BB%E3%83%B4%E3%82%A3%E3%83%B3%E3%83%86%E3%83%BC%E3%82%B8%E3%83%A2%E3%82%A8%E3%83%BB%E3%82%A8%E3%83%BB%E3%82%B7%E3%83%A3%E3%83%B3%E3%83%89%E3%83%B3%E3%83%9C%E3%83%83%E3%82%AF%E3%82%B9%E4%BB%98 HTTP/1.1" 200 30429 "-" "Mozilla/5.0 (Linux; Android 6.0.1; Nexus 5X Build/MMB29P) AppleWebKit/537.36 (KHTML, like Gecko) Chrome/137.0.7151.103 Mobile Safari/537.36 (compatible; Googlebot/2.1; +http://www.google.com/bot.html)"
192.178.6.100 - - [05/Jul/2025:18:18:01 -0400] "GET /?n=4007461398103&channel=87d044&from=blog.php%3Fid%3D613981-1796%26name%3D%28%E5%B8%AF%E4%BB%98%E3%81%8D%29%20%E3%82%B9%E3%82%AB%E3%83%AB%E3%83%95%E3%82%A1%E3%83%B3%E3%82%B0%20%E7%A9%BA%E7%89%99%E5%A4%96%E4%BC%9D%20%E3%82%BB%E3%82%AC%E3%82%B5%E3%82%BF%E3%83%BC%E3%83%B3 HTTP/1.1" 200 30423 "-" "Mozilla/5.0 (Linux; Android 6.0.1; Nexus 5X Build/MMB29P) AppleWebKit/537.36 (KHTML, like Gecko) Chrome/137.0.7151.103 Mobile Safari/537.36 (compatible; Googlebot/2.1; +http://www.google.com/bot.html)"
192.178.6.101 - - [05/Jul/2025:18:18:02 -0400] "GET /?n=3222458437700&channel=bb2ed6&from=jp.php%3Fid%3D584377-4152%26name%3D%E3%83%90%E3%82%A4%E3%82%AF%E7%94%A8%E3%82%A4%E3%82%B0%E3%83%8B%E3%83%83%E3%82%B7%E3%83%A7%E3%83%B3%E3%82%B3%E3%82%A4%E3%83%AB%E3%82%A4%E3%82%B0%E3%83%8B%E3%83%83%E3%82%B7%E3%83%A7%E3%83%B3%E7%82%B9%E7%81%AB%E3%82%B3%E3%82%A4%E3%83%AB%20%E7%82%B9%E7%81%AB%E3%82%B3%E3%82%A4%E3%83%AB%E3%82%BB%E3%83%83%E3%83%88%2012%20%E3%83%9C%E3%83%AB%E3%83%88%2012V%20%E3%82%AB%E3%83%AF%E3%82%B5%E3%82%AD%20KZ%20%E3%82%AA%E3%83%BC%E3%83%88%E3%83%90%E3%82%A4%E9%83%A8%E5%93%81 HTTP/1.1" 200 30423 "-" "Mozilla/5.0 (Linux; Android 6.0.1; Nexus 5X Build/MMB29P) AppleWebKit/537.36 (KHTML, like Gecko) Chrome/137.0.7151.103 Mobile Safari/537.36 (compatible; Googlebot/2.1; +http://www.google.com/bot.html)"
63.250.38.117 - - [05/Jul/2025:18:18:42 -0400] "POST /wp-cron.php?doing_wp_cron=1751753921.8718509674072265625000 HTTP/1.1" 403 1242 "-" "WordPress/6.8.1; https://fnf.group"
