192.178.6.101 - - [05/Jul/2025:11:44:37 -0400] "GET /?n=08818133778403&channel=5ea17c&from=product.php%3Fid%3D1337784-17746%26name%3DFlexiSpot%E3%83%95%E3%82%A3%E3%83%83%E3%83%88%E3%83%8D%E3%82%B9%E3%83%90%E3%82%A4%E3%82%AFFC211 HTTP/1.1" 200 29681 "-" "Mozilla/5.0 (Linux; Android 6.0.1; Nexus 5X Build/MMB29P) AppleWebKit/537.36 (KHTML, like Gecko) Chrome/137.0.7151.103 Mobile Safari/537.36 (compatible; Googlebot/2.1; +http://www.google.com/bot.html)"
63.250.38.117 - - [05/Jul/2025:11:45:12 -0400] "POST /wp-cron.php?doing_wp_cron=1751730312.1913330554962158203125 HTTP/1.1" 403 1242 "-" "WordPress/6.8.1; https://fnf.group"
192.178.6.102 - - [05/Jul/2025:11:45:07 -0400] "GET /?n=98530171338402&channel=fef336&from=shop.php%3Fid%3D1713384-1940%26name%3D%5B%E3%82%8F%E3%81%B5%E3%81%86%5D+%E3%83%92%E3%83%A5%E3%83%BC%E3%83%9E%E3%83%B3%E3%83%A1%E3%82%A4%E3%83%89T%E3%82%B7%E3%83%A3%E3%83%84+%E5%BF%AB%E9%81%A9%E3%81%A7%E9%80%9A%E6%B0%97%E6%80%A7%E3%81%AB+%E3%82%B3%E3%83%83%E3%83%88%E3%83%B3%E8%A3%BD%E3%83%A1%E3%83%B3%E3%82%BAT%E3%82%B7%E3%83%A3%E3%83%84%EF%BC%8C%E5%8D%8A%E8%A2%96%E3%81%A7%E3%83%A9%E3%82%A6%E3%83%B3%E3%83%89%E3%83%8D%E3%83%83%E3%82%AF+%E3%83%A1%E3%83%B3%E3%82%BA%E3%83%BB%E3%83%AF%E3%83%BC%E3%83%89%E3%83%AD%E3%83%BC%E3%83%96%E3%81%AE%E5%BF%85%E9%9C%80%E5%93%81 HTTP/1.1" 301 0 "-" "Mozilla/5.0 (Linux; Android 6.0.1; Nexus 5X Build/MMB29P) AppleWebKit/537.36 (KHTML, like Gecko) Chrome/137.0.7151.103 Mobile Safari/537.36 (compatible; Googlebot/2.1; +http://www.google.com/bot.html)"
192.178.6.100 - - [05/Jul/2025:11:45:12 -0400] "GET /?n=98530171338402&channel=fef336&from=shop.php%3Fid%3D1713384-1940%26name%3D%5B%E3%82%8F%E3%81%B5%E3%81%86%5D%20%E3%83%92%E3%83%A5%E3%83%BC%E3%83%9E%E3%83%B3%E3%83%A1%E3%82%A4%E3%83%89T%E3%82%B7%E3%83%A3%E3%83%84%20%E5%BF%AB%E9%81%A9%E3%81%A7%E9%80%9A%E6%B0%97%E6%80%A7%E3%81%AB%20%E3%82%B3%E3%83%83%E3%83%88%E3%83%B3%E8%A3%BD%E3%83%A1%E3%83%B3%E3%82%BAT%E3%82%B7%E3%83%A3%E3%83%84%EF%BC%8C%E5%8D%8A%E8%A2%96%E3%81%A7%E3%83%A9%E3%82%A6%E3%83%B3%E3%83%89%E3%83%8D%E3%83%83%E3%82%AF%20%E3%83%A1%E3%83%B3%E3%82%BA%E3%83%BB%E3%83%AF%E3%83%BC%E3%83%89%E3%83%AD%E3%83%BC%E3%83%96%E3%81%AE%E5%BF%85%E9%9C%80%E5%93%81 HTTP/1.1" 200 29685 "-" "Mozilla/5.0 (Linux; Android 6.0.1; Nexus 5X Build/MMB29P) AppleWebKit/537.36 (KHTML, like Gecko) Chrome/137.0.7151.103 Mobile Safari/537.36 (compatible; Googlebot/2.1; +http://www.google.com/bot.html)"
192.178.6.101 - - [05/Jul/2025:11:45:16 -0400] "GET /?n=68178151470600&channel=9ed79b&from=info.php%3Fid%3D1514706-12996%26name%3D%E5%B9%85+20mm+301+%E3%82%B9%E3%83%86%E3%83%B3%E3%83%AC%E3%82%B9%E9%8B%BC%E3%82%B9%E3%83%88%E3%83%AA%E3%83%83%E3%83%97%E5%8E%9A%E3%81%95+0.1%7E2mm+%E9%AB%98%E5%BC%BE%E6%80%A7%E3%82%B9%E3%83%86%E3%83%B3%E3%83%AC%E3%82%B9%E9%8B%BC%E7%AE%94%E3%82%B9%E3%83%88%E3%83%AA%E3%83%83%E3%83%97+%28Color+%3A+1.5x20x1 HTTP/1.1" 301 0 "-" "Mozilla/5.0 (Linux; Android 6.0.1; Nexus 5X Build/MMB29P) AppleWebKit/537.36 (KHTML, like Gecko) Chrome/137.0.7151.103 Mobile Safari/537.36 (compatible; Googlebot/2.1; +http://www.google.com/bot.html)"
192.178.6.100 - - [05/Jul/2025:11:45:26 -0400] "GET /?n=68178151470600&channel=9ed79b&from=info.php%3Fid%3D1514706-12996%26name%3D%E5%B9%85%2020mm%20301%20%E3%82%B9%E3%83%86%E3%83%B3%E3%83%AC%E3%82%B9%E9%8B%BC%E3%82%B9%E3%83%88%E3%83%AA%E3%83%83%E3%83%97%E5%8E%9A%E3%81%95%200.1~2mm%20%E9%AB%98%E5%BC%BE%E6%80%A7%E3%82%B9%E3%83%86%E3%83%B3%E3%83%AC%E3%82%B9%E9%8B%BC%E7%AE%94%E3%82%B9%E3%83%88%E3%83%AA%E3%83%83%E3%83%97%20%28Color%20%3A%201.5x20x1 HTTP/1.1" 200 29685 "-" "Mozilla/5.0 (Linux; Android 6.0.1; Nexus 5X Build/MMB29P) AppleWebKit/537.36 (KHTML, like Gecko) Chrome/137.0.7151.103 Mobile Safari/537.36 (compatible; Googlebot/2.1; +http://www.google.com/bot.html)"
192.178.6.100 - - [05/Jul/2025:11:45:39 -0400] "GET /?n=03598126229300&channel=9344ae&from=form.php%3Fid%3D1262293-25735%26name%3D%E3%83%A1%E3%83%B3%E3%82%BA%E3%82%B7%E3%82%A7%E3%83%BC%E3%83%90%E3%83%BC+%E3%82%BD%E3%83%AA%E3%83%83%E3%83%89%E3%83%A2%E3%83%87%E3%83%AB+5%E6%9E%9A%E5%88%83+%E3%83%96%E3%83%A9%E3%82%A6%E3%83%B3+IZFV553WT HTTP/1.1" 301 0 "-" "Mozilla/5.0 (Linux; Android 6.0.1; Nexus 5X Build/MMB29P) AppleWebKit/537.36 (KHTML, like Gecko) Chrome/137.0.7151.103 Mobile Safari/537.36 (compatible; Googlebot/2.1; +http://www.google.com/bot.html)"
192.178.6.100 - - [05/Jul/2025:11:45:51 -0400] "GET /?n=03598126229300&channel=9344ae&from=form.php%3Fid%3D1262293-25735%26name%3D%E3%83%A1%E3%83%B3%E3%82%BA%E3%82%B7%E3%82%A7%E3%83%BC%E3%83%90%E3%83%BC%20%E3%82%BD%E3%83%AA%E3%83%83%E3%83%89%E3%83%A2%E3%83%87%E3%83%AB%205%E6%9E%9A%E5%88%83%20%E3%83%96%E3%83%A9%E3%82%A6%E3%83%B3%20IZFV553WT HTTP/1.1" 200 29682 "-" "Mozilla/5.0 (Linux; Android 6.0.1; Nexus 5X Build/MMB29P) AppleWebKit/537.36 (KHTML, like Gecko) Chrome/137.0.7151.103 Mobile Safari/537.36 (compatible; Googlebot/2.1; +http://www.google.com/bot.html)"
192.178.6.100 - - [05/Jul/2025:11:46:06 -0400] "GET /?n=01710183960816&channel=e7e930&from=blog.php%3Fid%3D1839608-17183%26name%3D%E3%83%93%E3%82%BF%E3%82%AF%E3%83%A9%E3%83%95%E3%83%88%E3%80%80%E3%83%93%E3%82%BF%E3%82%AF%E3%83%A9%E3%83%95%E3%83%88%E3%83%A9%E3%82%A4%E3%83%88%E3%80%80%E7%89%87%E6%89%8B%E9%8D%8B17%E3%8E%9D+PFOA%E3%83%95%E3%83%AA%E3%83%BC%E3%80%80%E7%84%A1%E6%B0%B4%E8%AA%BF%E7%90%86 HTTP/1.1" 301 0 "-" "Mozilla/5.0 (Linux; Android 6.0.1; Nexus 5X Build/MMB29P) AppleWebKit/537.36 (KHTML, like Gecko) Chrome/137.0.7151.103 Mobile Safari/537.36 (compatible; Googlebot/2.1; +http://www.google.com/bot.html)"
63.250.38.117 - - [05/Jul/2025:11:46:19 -0400] "POST /wp-cron.php?doing_wp_cron=1751730379.1678419113159179687500 HTTP/1.1" 403 1242 "-" "WordPress/6.8.1; https://fnf.group"
192.178.6.100 - - [05/Jul/2025:11:46:16 -0400] "GET /?n=01710183960816&channel=e7e930&from=blog.php%3Fid%3D1839608-17183%26name%3D%E3%83%93%E3%82%BF%E3%82%AF%E3%83%A9%E3%83%95%E3%83%88%E3%80%80%E3%83%93%E3%82%BF%E3%82%AF%E3%83%A9%E3%83%95%E3%83%88%E3%83%A9%E3%82%A4%E3%83%88%E3%80%80%E7%89%87%E6%89%8B%E9%8D%8B17%E3%8E%9D%20PFOA%E3%83%95%E3%83%AA%E3%83%BC%E3%80%80%E7%84%A1%E6%B0%B4%E8%AA%BF%E7%90%86 HTTP/1.1" 200 29691 "-" "Mozilla/5.0 (Linux; Android 6.0.1; Nexus 5X Build/MMB29P) AppleWebKit/537.36 (KHTML, like Gecko) Chrome/137.0.7151.103 Mobile Safari/537.36 (compatible; Googlebot/2.1; +http://www.google.com/bot.html)"
192.178.6.100 - - [05/Jul/2025:11:46:35 -0400] "GET /?n=10728138282901&channel=79971c&from=blog.php%3Fid%3D1382829-2381%26name%3D%E2%98%85%E9%96%89%E5%BA%97%E3%82%BB%E3%83%BC%E3%83%AB%E5%AE%9F%E6%96%BD%E4%B8%AD%EF%BC%81%E3%80%80%E3%83%9B%E3%83%83%E3%83%88%E3%83%97%E3%83%AC%E3%83%BC%E3%83%88%E5%85%A8%E5%93%81%E3%80%80%E8%A1%A8%E7%A4%BA%E4%BE%A1%E6%A0%BC%E3%82%88%E3%82%8A20%EF%BC%85%E5%BC%95%EF%BC%81%E3%80%80%E3%82%AD%E3%83%83%E3%83%81%E3%83%B3%E5%AE%B6%E9%9B%BB HTTP/1.1" 200 29681 "-" "Mozilla/5.0 (Linux; Android 6.0.1; Nexus 5X Build/MMB29P) AppleWebKit/537.36 (KHTML, like Gecko) Chrome/137.0.7151.103 Mobile Safari/537.36 (compatible; Googlebot/2.1; +http://www.google.com/bot.html)"
47.82.60.54 - - [05/Jul/2025:11:46:58 -0400] "GET /2025/07/02/glucksrad-on-the-internet-zufallsgenerator-und-entscheidungshilfe HTTP/1.1" 301 0 "https://fnf.group/2025/07/02/glucksrad-on-the-internet-zufallsgenerator-und-entscheidungshilfe" "Mozilla/5.0 (Windows NT 10.0; Win64; x64) AppleWebKit/537.36 (KHTML, like Gecko) Chrome/114.0.0.0 Safari/537.36 Edg/114.0.1823.43"
47.82.60.54 - - [05/Jul/2025:11:47:02 -0400] "GET /2025/07/02/glucksrad-on-the-internet-zufallsgenerator-und-entscheidungshilfe/ HTTP/1.1" 200 25006 "https://fnf.group/2025/07/02/glucksrad-on-the-internet-zufallsgenerator-und-entscheidungshilfe" "Mozilla/5.0 (Windows NT 10.0; Win64; x64) AppleWebKit/537.36 (KHTML, like Gecko) Chrome/114.0.0.0 Safari/537.36 Edg/114.0.1823.43"
2a03:2880:f800:3:: - - [05/Jul/2025:11:47:04 -0400] "GET /wp-json/wp/v2/posts/10065 HTTP/1.1" 200 40858 "-" "meta-externalagent/1.1 (+https://developers.facebook.com/docs/sharing/webmasters/crawler)"
63.250.38.117 - - [05/Jul/2025:11:47:57 -0400] "POST /wp-cron.php?doing_wp_cron=1751730476.9849059581756591796875 HTTP/1.1" 403 1242 "-" "WordPress/6.8.1; https://fnf.group"
192.178.6.100 - - [05/Jul/2025:11:47:54 -0400] "GET /?n=9571960196105&channel=6804d5&from=jp.php%3Fid%3D601961-12820%26name%3DBO%C3%98WY+PSYCHOPATH+%E3%83%9D%E3%82%B9%E3%82%BF%E3%83%BC+%E5%B8%8C%E5%B0%91%E5%93%81+%E3%83%AD%E3%83%83%E3%82%AF+BOOWY HTTP/1.1" 301 0 "-" "Mozilla/5.0 (Linux; Android 6.0.1; Nexus 5X Build/MMB29P) AppleWebKit/537.36 (KHTML, like Gecko) Chrome/137.0.7151.103 Mobile Safari/537.36 (compatible; Googlebot/2.1; +http://www.google.com/bot.html)"
192.178.6.102 - - [05/Jul/2025:11:47:57 -0400] "GET /?n=9571960196105&channel=6804d5&from=jp.php%3Fid%3D601961-12820%26name%3DBO%C3%98WY%20PSYCHOPATH%20%E3%83%9D%E3%82%B9%E3%82%BF%E3%83%BC%20%E5%B8%8C%E5%B0%91%E5%93%81%20%E3%83%AD%E3%83%83%E3%82%AF%20BOOWY HTTP/1.1" 200 29683 "-" "Mozilla/5.0 (Linux; Android 6.0.1; Nexus 5X Build/MMB29P) AppleWebKit/537.36 (KHTML, like Gecko) Chrome/137.0.7151.103 Mobile Safari/537.36 (compatible; Googlebot/2.1; +http://www.google.com/bot.html)"
192.178.6.101 - - [05/Jul/2025:11:48:24 -0400] "GET /?n=8070761433402&channel=faf15c&from=article.php%3Fid%3D614334-8855%26name%3D%E3%83%95%E3%83%AD%E3%83%B3%E3%83%88%E3%83%9E%E3%83%83%E3%83%89%E3%82%AC%E3%83%BC%E3%83%89%E3%83%95%E3%82%A9%E3%83%BC%E3%82%AF%E3%83%97%E3%83%AD%E3%83%86%E3%82%AF%E3%82%BF%E3%83%BC+%E3%83%88%E3%83%A9%E3%82%A4%E3%82%A2%E3%83%B3%E3%83%95%E7%94%A8%E3%82%BF%E3%82%A4%E3%82%AC%E3%83%BC+800+%E3%82%AA%E3%83%BC%E3%83%88%E3%83%90%E3%82%A4%E3%83%9E%E3%83%83%E3%83%89%E3%82%AC%E3%83%BC%E3%83%89%E3%83%95%E3%83%AD%E3%83%B3%E3%83%88%E3%83%95%E3%82%A9%E3%83%BC%E3%82%AF%E3%83%97%E3%83%AD%E3%83%86%E3%82%AF%E3%82%BF%E3%83%BC%E3%82%AC%E3%83%BC%E3%83%89%E3%83%95 HTTP/1.1" 301 0 "-" "Mozilla/5.0 (Linux; Android 6.0.1; Nexus 5X Build/MMB29P) AppleWebKit/537.36 (KHTML, like Gecko) Chrome/137.0.7151.103 Mobile Safari/537.36 (compatible; Googlebot/2.1; +http://www.google.com/bot.html)"
192.178.6.102 - - [05/Jul/2025:11:48:26 -0400] "GET /?n=8070761433402&channel=faf15c&from=article.php%3Fid%3D614334-8855%26name%3D%E3%83%95%E3%83%AD%E3%83%B3%E3%83%88%E3%83%9E%E3%83%83%E3%83%89%E3%82%AC%E3%83%BC%E3%83%89%E3%83%95%E3%82%A9%E3%83%BC%E3%82%AF%E3%83%97%E3%83%AD%E3%83%86%E3%82%AF%E3%82%BF%E3%83%BC%20%E3%83%88%E3%83%A9%E3%82%A4%E3%82%A2%E3%83%B3%E3%83%95%E7%94%A8%E3%82%BF%E3%82%A4%E3%82%AC%E3%83%BC%20800%20%E3%82%AA%E3%83%BC%E3%83%88%E3%83%90%E3%82%A4%E3%83%9E%E3%83%83%E3%83%89%E3%82%AC%E3%83%BC%E3%83%89%E3%83%95%E3%83%AD%E3%83%B3%E3%83%88%E3%83%95%E3%82%A9%E3%83%BC%E3%82%AF%E3%83%97%E3%83%AD%E3%83%86%E3%82%AF%E3%82%BF%E3%83%BC%E3%82%AC%E3%83%BC%E3%83%89%E3%83%95 HTTP/1.1" 200 29692 "-" "Mozilla/5.0 (Linux; Android 6.0.1; Nexus 5X Build/MMB29P) AppleWebKit/537.36 (KHTML, like Gecko) Chrome/137.0.7151.103 Mobile Safari/537.36 (compatible; Googlebot/2.1; +http://www.google.com/bot.html)"
192.178.6.101 - - [05/Jul/2025:11:48:53 -0400] "GET /?n=09902155934900&channel=1b06b1&from=shop.php%3Fid%3D1559349-13498%26name%3D38+%E6%9C%AA%E4%BD%BF%E7%94%A8+%E9%AB%98%E7%B4%9A%E9%95%B7%E8%A5%A6%E8%A2%A2%E3%80%80%E8%A2%B7+%E6%AD%A3%E7%B5%B9+%E6%89%8B%E7%B8%AB+%E3%81%A8%E3%81%A6%E3%82%82%E6%9F%94%E3%82%89%E3%81%8B%E3%81%AA%E7%94%9F%E5%9C%B0++%E8%A3%8464%EF%BC%88%E9%95%B7%E8%A5%A6%E8%A2%A2%EF%BD%9C%E5%95%86%E5%93%81%E4%B8%80%E8%A6%A7%EF%BD%9C%E3%83%AA%E3%82%B5%E3%82%A4%E3%82%AF%E3%83%AB%E7%9D%80%E7%89%A9%E3%81%8B%E3%82%89%E6%96%B0%E5%93%81%E3%81%BE%E3%81%A7%E3%83%BB%E6%BF%80%E5%AE%89%E9%80%9A%E8%B2%A9%E5%BA%97%E3%80%8C%E3%81%8D%E3%82%82%E3%81%AE%E5%92%8C%E7%B8%BD%E3%80%8D%E4%B8%AD%E5%8F%A4%E5%93%81%E3%81%AE%E7%9D%80%E7%89%A9%E7%94%A8%E9%95%B7%E8%A5%A6%E8%A2%A2%E3%81%AB%E6%96%B0%E5%93%81%E5%8F%8D%E7%89%A9%EF%BC%89 HTTP/1.1" 301 0 "-" "Mozilla/5.0 (Linux; Android 6.0.1; Nexus 5X Build/MMB29P) AppleWebKit/537.36 (KHTML, like Gecko) Chrome/137.0.7151.103 Mobile Safari/537.36 (compatible; Googlebot/2.1; +http://www.google.com/bot.html)"
63.250.38.117 - - [05/Jul/2025:11:48:57 -0400] "POST /wp-cron.php?doing_wp_cron=1751730537.3933980464935302734375 HTTP/1.1" 403 1242 "-" "WordPress/6.8.1; https://fnf.group"
192.178.6.101 - - [05/Jul/2025:11:48:56 -0400] "GET /?n=09902155934900&channel=1b06b1&from=shop.php%3Fid%3D1559349-13498%26name%3D38%20%E6%9C%AA%E4%BD%BF%E7%94%A8%20%E9%AB%98%E7%B4%9A%E9%95%B7%E8%A5%A6%E8%A2%A2%E3%80%80%E8%A2%B7%20%E6%AD%A3%E7%B5%B9%20%E6%89%8B%E7%B8%AB%20%E3%81%A8%E3%81%A6%E3%82%82%E6%9F%94%E3%82%89%E3%81%8B%E3%81%AA%E7%94%9F%E5%9C%B0%20%20%E8%A3%8464%EF%BC%88%E9%95%B7%E8%A5%A6%E8%A2%A2%EF%BD%9C%E5%95%86%E5%93%81%E4%B8%80%E8%A6%A7%EF%BD%9C%E3%83%AA%E3%82%B5%E3%82%A4%E3%82%AF%E3%83%AB%E7%9D%80%E7%89%A9%E3%81%8B%E3%82%89%E6%96%B0%E5%93%81%E3%81%BE%E3%81%A7%E3%83%BB%E6%BF%80%E5%AE%89%E9%80%9A%E8%B2%A9%E5%BA%97%E3%80%8C%E3%81%8D%E3%82%82%E3%81%AE%E5%92%8C%E7%B8%BD%E3%80%8D%E4%B8%AD%E5%8F%A4%E5%93%81%E3%81%AE%E7%9D%80%E7%89%A9%E7%94%A8%E9%95%B7%E8%A5%A6%E8%A2%A2%E3%81%AB%E6%96%B0%E5%93%81%E5%8F%8D%E7%89%A9%EF%BC%89 HTTP/1.1" 200 29678 "-" "Mozilla/5.0 (Linux; Android 6.0.1; Nexus 5X Build/MMB29P) AppleWebKit/537.36 (KHTML, like Gecko) Chrome/137.0.7151.103 Mobile Safari/537.36 (compatible; Googlebot/2.1; +http://www.google.com/bot.html)"
192.178.6.102 - - [05/Jul/2025:11:49:45 -0400] "GET /?n=7769061115200&channel=126edb&from=product.php%3Fid%3D611152-12688%26name%3D1+%E3%82%BB%E3%83%83%E3%83%88%E8%BB%8A%E3%81%AE%E3%83%89%E3%82%A2%E3%82%B9%E3%83%86%E3%82%A4%E3%82%B9%E3%83%88%E3%83%83%E3%83%91%E3%83%BC%E3%83%81%E3%82%A7%E3%83%83%E3%82%AF%E3%82%B9%E3%83%88%E3%83%A9%E3%83%83%E3%83%97%E3%82%A2%E3%83%AB%E3%83%9F%E5%90%88%E9%87%91%E3%82%B7%E3%83%93%E3%83%83%E3%82%AF+72340-SNA-003+72380-SNA-003+20 HTTP/1.1" 301 0 "-" "Mozilla/5.0 (Linux; Android 6.0.1; Nexus 5X Build/MMB29P) AppleWebKit/537.36 (KHTML, like Gecko) Chrome/137.0.7151.103 Mobile Safari/537.36 (compatible; Googlebot/2.1; +http://www.google.com/bot.html)"
192.178.6.101 - - [05/Jul/2025:11:49:50 -0400] "GET /?n=7769061115200&channel=126edb&from=product.php%3Fid%3D611152-12688%26name%3D1%20%E3%82%BB%E3%83%83%E3%83%88%E8%BB%8A%E3%81%AE%E3%83%89%E3%82%A2%E3%82%B9%E3%83%86%E3%82%A4%E3%82%B9%E3%83%88%E3%83%83%E3%83%91%E3%83%BC%E3%83%81%E3%82%A7%E3%83%83%E3%82%AF%E3%82%B9%E3%83%88%E3%83%A9%E3%83%83%E3%83%97%E3%82%A2%E3%83%AB%E3%83%9F%E5%90%88%E9%87%91%E3%82%B7%E3%83%93%E3%83%83%E3%82%AF%2072340-SNA-003%2072380-SNA-003%2020 HTTP/1.1" 200 29691 "-" "Mozilla/5.0 (Linux; Android 6.0.1; Nexus 5X Build/MMB29P) AppleWebKit/537.36 (KHTML, like Gecko) Chrome/137.0.7151.103 Mobile Safari/537.36 (compatible; Googlebot/2.1; +http://www.google.com/bot.html)"
63.250.38.117 - - [05/Jul/2025:11:50:21 -0400] "POST /wp-cron.php?doing_wp_cron=1751730621.4739151000976562500000 HTTP/1.1" 403 1242 "-" "WordPress/6.8.1; https://fnf.group"
45.176.6.229 - - [05/Jul/2025:11:50:20 -0400] "GET /wp-login.php HTTP/1.1" 200 3798 "-" "Mozilla/5.0 (Macintosh; Intel Mac OS X 10_15_7) AppleWebKit/537.36 (KHTML, like Gecko) Chrome/108.0.0.0 YaBrowser/23.1.2.980 Yowser/2.5 Safari/537.36"
45.176.6.229 - - [05/Jul/2025:11:50:22 -0400] "POST /wp-login.php HTTP/1.1" 302 0 "-" "Mozilla/5.0 (Macintosh; Intel Mac OS X 10_15_7) AppleWebKit/537.36 (KHTML, like Gecko) Chrome/108.0.0.0 YaBrowser/23.1.2.980 Yowser/2.5 Safari/537.36"
45.176.6.229 - - [05/Jul/2025:11:50:24 -0400] "GET /wp-login.php?redirect_to=https%3A%2F%2Ffnf.group%2Fwp-admin%2F&action=confirm_admin_email&wp_lang=en_US HTTP/1.1" 200 3817 "-" "Mozilla/5.0 (Macintosh; Intel Mac OS X 10_15_7) AppleWebKit/537.36 (KHTML, like Gecko) Chrome/108.0.0.0 YaBrowser/23.1.2.980 Yowser/2.5 Safari/537.36"
45.176.6.229 - - [05/Jul/2025:11:50:25 -0400] "GET /wp-login.php?redirect_to=https://fnf.group/wp-admin/&action=confirm_admin_email&remind_me_later=a6fa19621b HTTP/1.1" 302 0 "-" "Mozilla/5.0 (Macintosh; Intel Mac OS X 10_15_7) AppleWebKit/537.36 (KHTML, like Gecko) Chrome/108.0.0.0 YaBrowser/23.1.2.980 Yowser/2.5 Safari/537.36"
45.176.6.229 - - [05/Jul/2025:11:50:27 -0400] "GET /wp-login.php HTTP/1.1" 200 3904 "-" "Mozilla/5.0 (Macintosh; Intel Mac OS X 10_15_7) AppleWebKit/537.36 (KHTML, like Gecko) Chrome/108.0.0.0 YaBrowser/23.1.2.980 Yowser/2.5 Safari/537.36"
45.176.6.229 - - [05/Jul/2025:11:50:28 -0400] "GET /wp-admin/post-new.php HTTP/1.1" 200 273768 "-" "Mozilla/5.0 (Macintosh; Intel Mac OS X 10_15_7) AppleWebKit/537.36 (KHTML, like Gecko) Chrome/108.0.0.0 YaBrowser/23.1.2.980 Yowser/2.5 Safari/537.36"
45.176.6.229 - - [05/Jul/2025:11:50:37 -0400] "POST /wp-admin/post.php HTTP/1.1" 302 0 "-" "Mozilla/5.0 (Macintosh; Intel Mac OS X 10_15_7) AppleWebKit/537.36 (KHTML, like Gecko) Chrome/108.0.0.0 YaBrowser/23.1.2.980 Yowser/2.5 Safari/537.36"
192.178.6.103 - - [05/Jul/2025:11:50:45 -0400] "GET /?n=14171183454108&channel=71e5ae&from=shared.php%3Fid%3D1834541-4348%26name%3D%E3%83%99%E3%83%BC%E3%82%B8%E3%83%A5+L+%E6%96%B0%E5%93%81+%E3%82%B9%E3%83%AA%E3%83%BC%E3%83%94%E3%83%BC%E3%82%B9+%E3%83%AF%E3%83%B3%E3%83%94%E3%83%BC%E3%82%B9+%2B+%E3%83%91%E3%83%B3%E3%83%84%E3%82%B9%E3%83%BC%E3%83%84+%E5%8D%B3%E7%B4%8D813267 HTTP/1.1" 301 0 "-" "Mozilla/5.0 (Linux; Android 6.0.1; Nexus 5X Build/MMB29P) AppleWebKit/537.36 (KHTML, like Gecko) Chrome/137.0.7151.103 Mobile Safari/537.36 (compatible; Googlebot/2.1; +http://www.google.com/bot.html)"
45.176.6.229 - - [05/Jul/2025:11:50:44 -0400] "GET /wp-admin/post.php?post=11010&action=edit&message=1 HTTP/1.1" 200 283661 "-" "Mozilla/5.0 (Macintosh; Intel Mac OS X 10_15_7) AppleWebKit/537.36 (KHTML, like Gecko) Chrome/108.0.0.0 YaBrowser/23.1.2.980 Yowser/2.5 Safari/537.36"
192.178.6.102 - - [05/Jul/2025:11:50:48 -0400] "GET /?n=14171183454108&channel=71e5ae&from=shared.php%3Fid%3D1834541-4348%26name%3D%E3%83%99%E3%83%BC%E3%82%B8%E3%83%A5%20L%20%E6%96%B0%E5%93%81%20%E3%82%B9%E3%83%AA%E3%83%BC%E3%83%94%E3%83%BC%E3%82%B9%20%E3%83%AF%E3%83%B3%E3%83%94%E3%83%BC%E3%82%B9%20%2B%20%E3%83%91%E3%83%B3%E3%83%84%E3%82%B9%E3%83%BC%E3%83%84%20%E5%8D%B3%E7%B4%8D813267 HTTP/1.1" 200 29680 "-" "Mozilla/5.0 (Linux; Android 6.0.1; Nexus 5X Build/MMB29P) AppleWebKit/537.36 (KHTML, like Gecko) Chrome/137.0.7151.103 Mobile Safari/537.36 (compatible; Googlebot/2.1; +http://www.google.com/bot.html)"
45.176.6.229 - - [05/Jul/2025:11:50:55 -0400] "GET /?p=11010 HTTP/1.1" 301 0 "-" "Mozilla/5.0 (Macintosh; Intel Mac OS X 10_15_7) AppleWebKit/537.36 (KHTML, like Gecko) Chrome/108.0.0.0 YaBrowser/23.1.2.980 Yowser/2.5 Safari/537.36"
45.176.6.229 - - [05/Jul/2025:11:50:58 -0400] "GET /2025/07/05/plinko-guide-med-modulator-och-tips-pa-casino-med-plinko/ HTTP/1.1" 200 29578 "-" "Mozilla/5.0 (Macintosh; Intel Mac OS X 10_15_7) AppleWebKit/537.36 (KHTML, like Gecko) Chrome/108.0.0.0 YaBrowser/23.1.2.980 Yowser/2.5 Safari/537.36"
192.178.6.103 - - [05/Jul/2025:11:51:02 -0400] "GET /?n=9131837038206&channel=e294c6&from=brands.php%3Fid%3D370382-314%26name%3D%28%E3%82%A8-253%29+%E3%82%B1%E3%83%AB%E3%83%92%E3%83%A3%E3%83%BC+HD4%2F8P+%E9%AB%98%E5%9C%A7%E6%B4%97%E6%B5%84%E6%A9%9F+2021%E5%B9%B4%E5%BC%8F HTTP/1.1" 301 0 "-" "Mozilla/5.0 (Linux; Android 6.0.1; Nexus 5X Build/MMB29P) AppleWebKit/537.36 (KHTML, like Gecko) Chrome/137.0.7151.119 Mobile Safari/537.36 (compatible; Googlebot/2.1; +http://www.google.com/bot.html)"
192.178.6.103 - - [05/Jul/2025:11:51:04 -0400] "GET /?n=9131837038206&channel=e294c6&from=brands.php%3Fid%3D370382-314%26name%3D%28%E3%82%A8-253%29%20%E3%82%B1%E3%83%AB%E3%83%92%E3%83%A3%E3%83%BC%20HD4%2F8P%20%E9%AB%98%E5%9C%A7%E6%B4%97%E6%B5%84%E6%A9%9F%202021%E5%B9%B4%E5%BC%8F HTTP/1.1" 200 29673 "-" "Mozilla/5.0 (Linux; Android 6.0.1; Nexus 5X Build/MMB29P) AppleWebKit/537.36 (KHTML, like Gecko) Chrome/137.0.7151.119 Mobile Safari/537.36 (compatible; Googlebot/2.1; +http://www.google.com/bot.html)"
63.250.38.117 - - [05/Jul/2025:11:51:47 -0400] "POST /wp-cron.php?doing_wp_cron=1751730707.6652190685272216796875 HTTP/1.1" 403 1242 "-" "WordPress/6.8.1; https://fnf.group"
192.178.6.101 - - [05/Jul/2025:11:51:44 -0400] "GET /?n=0592270982201&channel=a24439&from=goods.php%3Fid%3D709822-14875%26name%3D%E3%82%B3%E3%83%BC%E3%83%AB%E3%83%9E%E3%83%B3%E3%80%80%E3%83%8E%E3%83%BC%E3%82%B9%E3%82%B9%E3%82%BF%E3%83%BC%E3%83%A9%E3%83%B3%E3%82%BF%E3%83%B32000-455j HTTP/1.1" 200 29682 "-" "Mozilla/5.0 (Linux; Android 6.0.1; Nexus 5X Build/MMB29P) AppleWebKit/537.36 (KHTML, like Gecko) Chrome/137.0.7151.103 Mobile Safari/537.36 (compatible; Googlebot/2.1; +http://www.google.com/bot.html)"
196.251.81.21 - - [05/Jul/2025:11:52:19 -0400] "GET / HTTP/1.1" 200 29674 "-" "Mozilla/5.0 (Windows NT 10.0; Win64; x64) AppleWebKit/537.36 (KHTML, like Gecko) Chrome/89.0.4389.114 Safari/537.36"
196.251.81.21 - - [05/Jul/2025:11:52:27 -0400] "GET //wp-includes/wlwmanifest.xml HTTP/1.1" 301 0 "-" "Mozilla/5.0 (Windows NT 10.0; Win64; x64) AppleWebKit/537.36 (KHTML, like Gecko) Chrome/89.0.4389.114 Safari/537.36"
196.251.81.21 - - [05/Jul/2025:11:52:30 -0400] "GET / HTTP/1.1" 200 29673 "-" "Mozilla/5.0 (Windows NT 10.0; Win64; x64) AppleWebKit/537.36 (KHTML, like Gecko) Chrome/89.0.4389.114 Safari/537.36"
196.251.81.21 - - [05/Jul/2025:11:52:34 -0400] "GET //?author=1 HTTP/1.1" 301 0 "-" "Mozilla/5.0 (Windows NT 10.0; Win64; x64) AppleWebKit/537.36 (KHTML, like Gecko) Chrome/89.0.4389.114 Safari/537.36"
196.251.81.21 - - [05/Jul/2025:11:52:35 -0400] "GET //?author=2 HTTP/1.1" 301 0 "-" "Mozilla/5.0 (Windows NT 10.0; Win64; x64) AppleWebKit/537.36 (KHTML, like Gecko) Chrome/89.0.4389.114 Safari/537.36"
196.251.81.21 - - [05/Jul/2025:11:52:36 -0400] "GET //?author=3 HTTP/1.1" 301 0 "-" "Mozilla/5.0 (Windows NT 10.0; Win64; x64) AppleWebKit/537.36 (KHTML, like Gecko) Chrome/89.0.4389.114 Safari/537.36"
196.251.81.21 - - [05/Jul/2025:11:52:37 -0400] "GET //wp-json/wp/v2/users/ HTTP/1.1" 200 4384 "-" "Mozilla/5.0 (Windows NT 10.0; Win64; x64) AppleWebKit/537.36 (KHTML, like Gecko) Chrome/89.0.4389.114 Safari/537.36"
196.251.81.21 - - [05/Jul/2025:11:52:38 -0400] "GET //wp-json/oembed/1.0/embed?url=https://fnf.group/ HTTP/1.1" 200 2675 "-" "Mozilla/5.0 (Windows NT 10.0; Win64; x64) AppleWebKit/537.36 (KHTML, like Gecko) Chrome/89.0.4389.114 Safari/537.36"
138.122.164.25 - - [05/Jul/2025:11:52:41 -0400] "POST /xmlrpc.php HTTP/1.1" 403 1242 "-" "python-requests/2.28.1"
138.122.164.25 - - [05/Jul/2025:11:52:43 -0400] "GET /wp-login.php HTTP/1.1" 200 3798 "-" "Mozilla/5.0 (Macintosh; Intel Mac OS X 10_15_7) AppleWebKit/537.36 (KHTML, like Gecko) Chrome/108.0.0.0 YaBrowser/23.1.2.980 Yowser/2.5 Safari/537.36"
138.122.164.25 - - [05/Jul/2025:11:52:44 -0400] "POST /wp-login.php HTTP/1.1" 302 0 "-" "Mozilla/5.0 (Macintosh; Intel Mac OS X 10_15_7) AppleWebKit/537.36 (KHTML, like Gecko) Chrome/108.0.0.0 YaBrowser/23.1.2.980 Yowser/2.5 Safari/537.36"
138.122.164.25 - - [05/Jul/2025:11:52:46 -0400] "GET /wp-login.php?redirect_to=https%3A%2F%2Ffnf.group%2Fwp-admin%2F&action=confirm_admin_email&wp_lang=en_US HTTP/1.1" 200 3816 "-" "Mozilla/5.0 (Macintosh; Intel Mac OS X 10_15_7) AppleWebKit/537.36 (KHTML, like Gecko) Chrome/108.0.0.0 YaBrowser/23.1.2.980 Yowser/2.5 Safari/537.36"
63.250.38.117 - - [05/Jul/2025:11:52:49 -0400] "POST /wp-cron.php?doing_wp_cron=1751730768.8700120449066162109375 HTTP/1.1" 403 1242 "-" "WordPress/6.8.1; https://fnf.group"
138.122.164.25 - - [05/Jul/2025:11:52:48 -0400] "GET /wp-login.php?redirect_to=https://fnf.group/wp-admin/&action=confirm_admin_email&remind_me_later=b647756169 HTTP/1.1" 302 0 "-" "Mozilla/5.0 (Macintosh; Intel Mac OS X 10_15_7) AppleWebKit/537.36 (KHTML, like Gecko) Chrome/108.0.0.0 YaBrowser/23.1.2.980 Yowser/2.5 Safari/537.36"
138.122.164.25 - - [05/Jul/2025:11:52:49 -0400] "GET /wp-login.php HTTP/1.1" 200 3901 "-" "Mozilla/5.0 (Macintosh; Intel Mac OS X 10_15_7) AppleWebKit/537.36 (KHTML, like Gecko) Chrome/108.0.0.0 YaBrowser/23.1.2.980 Yowser/2.5 Safari/537.36"
138.122.164.25 - - [05/Jul/2025:11:52:52 -0400] "GET /wp-admin/post-new.php HTTP/1.1" 200 273837 "-" "Mozilla/5.0 (Macintosh; Intel Mac OS X 10_15_7) AppleWebKit/537.36 (KHTML, like Gecko) Chrome/108.0.0.0 YaBrowser/23.1.2.980 Yowser/2.5 Safari/537.36"
138.122.164.25 - - [05/Jul/2025:11:53:05 -0400] "POST /wp-admin/post.php HTTP/1.1" 302 0 "-" "Mozilla/5.0 (Macintosh; Intel Mac OS X 10_15_7) AppleWebKit/537.36 (KHTML, like Gecko) Chrome/108.0.0.0 YaBrowser/23.1.2.980 Yowser/2.5 Safari/537.36"
138.122.164.25 - - [05/Jul/2025:11:53:13 -0400] "GET /wp-admin/post.php?post=11012&action=edit&message=1 HTTP/1.1" 200 288461 "-" "Mozilla/5.0 (Macintosh; Intel Mac OS X 10_15_7) AppleWebKit/537.36 (KHTML, like Gecko) Chrome/108.0.0.0 YaBrowser/23.1.2.980 Yowser/2.5 Safari/537.36"
138.122.164.25 - - [05/Jul/2025:11:53:25 -0400] "GET /?p=11012 HTTP/1.1" 301 0 "-" "Mozilla/5.0 (Macintosh; Intel Mac OS X 10_15_7) AppleWebKit/537.36 (KHTML, like Gecko) Chrome/108.0.0.0 YaBrowser/23.1.2.980 Yowser/2.5 Safari/537.36"
138.122.164.25 - - [05/Jul/2025:11:53:28 -0400] "GET /2025/07/05/resenas-de-plinko-sobre-jugadores-mexicanos/ HTTP/1.1" 200 34358 "-" "Mozilla/5.0 (Macintosh; Intel Mac OS X 10_15_7) AppleWebKit/537.36 (KHTML, like Gecko) Chrome/108.0.0.0 YaBrowser/23.1.2.980 Yowser/2.5 Safari/537.36"
161.248.201.211 - - [05/Jul/2025:11:53:53 -0400] "POST /xmlrpc.php HTTP/1.1" 403 1242 "https://fnf.group" "Mozilla/5.0 (Macintosh; Intel Mac OS X 10_15_7; rv:127.0) Gecko/20100101 Firefox/127.0"
63.250.38.117 - - [05/Jul/2025:11:53:57 -0400] "POST /wp-cron.php?doing_wp_cron=1751730837.0716550350189208984375 HTTP/1.1" 403 1242 "-" "WordPress/6.8.1; https://fnf.group"
161.248.201.211 - - [05/Jul/2025:11:53:54 -0400] "POST /wp-login.php HTTP/1.1" 200 3953 "https://fnf.group" "Mozilla/5.0 (Macintosh; Intel Mac OS X 10_15_7) AppleWebKit/537.36 (KHTML, like Gecko) Chrome/115.0.5790.102 Safari/537.36"
192.178.6.101 - - [05/Jul/2025:11:54:21 -0400] "GET /?n=17789161300804&channel=ba0f44&from=info.php%3Fid%3D1613008-10428%26name%3DIODATA%E3%82%A2%E3%82%A4%E3%83%BB%E3%82%AA%E3%83%BC%E3%83%BB%E3%83%87%E3%83%BC%E3%82%BF+%E3%82%AD%E3%83%A3%E3%83%97%E3%83%81%E3%83%A3%E3%83%BC%E3%83%9C%E3%83%BC%E3%83%89+GV-HDREC HTTP/1.1" 301 0 "-" "Mozilla/5.0 (Linux; Android 6.0.1; Nexus 5X Build/MMB29P) AppleWebKit/537.36 (KHTML, like Gecko) Chrome/137.0.7151.103 Mobile Safari/537.36 (compatible; Googlebot/2.1; +http://www.google.com/bot.html)"
192.178.6.100 - - [05/Jul/2025:11:54:23 -0400] "GET /?n=17789161300804&channel=ba0f44&from=info.php%3Fid%3D1613008-10428%26name%3DIODATA%E3%82%A2%E3%82%A4%E3%83%BB%E3%82%AA%E3%83%BC%E3%83%BB%E3%83%87%E3%83%BC%E3%82%BF%20%E3%82%AD%E3%83%A3%E3%83%97%E3%83%81%E3%83%A3%E3%83%BC%E3%83%9C%E3%83%BC%E3%83%89%20GV-HDREC HTTP/1.1" 200 29621 "-" "Mozilla/5.0 (Linux; Android 6.0.1; Nexus 5X Build/MMB29P) AppleWebKit/537.36 (KHTML, like Gecko) Chrome/137.0.7151.103 Mobile Safari/537.36 (compatible; Googlebot/2.1; +http://www.google.com/bot.html)"
2a03:2880:27ff:7:: - - [05/Jul/2025:11:54:27 -0400] "GET /robots.txt HTTP/1.1" 200 84 "-" "facebookexternalhit/1.1 (+http://www.facebook.com/externalhit_uatext.php)"
192.178.6.101 - - [05/Jul/2025:11:54:50 -0400] "GET /?n=7911853731700&channel=2fbf73&from=jp.php%3Fid%3D537317-11204%26name%3D%E3%82%A4%E3%83%A4%E3%83%AA%E3%83%B3%E3%82%B0%E3%80%80%E7%B7%91%E7%B3%BB%E3%80%80%E5%A4%9A%E8%A7%92%E5%BD%A2 HTTP/1.1" 200 29616 "-" "Mozilla/5.0 (Linux; Android 6.0.1; Nexus 5X Build/MMB29P) AppleWebKit/537.36 (KHTML, like Gecko) Chrome/137.0.7151.103 Mobile Safari/537.36 (compatible; Googlebot/2.1; +http://www.google.com/bot.html)"
63.250.38.117 - - [05/Jul/2025:11:57:18 -0400] "POST /wp-cron.php?doing_wp_cron=1751731037.8805708885192871093750 HTTP/1.1" 403 1242 "-" "WordPress/6.8.1; https://fnf.group"
192.178.6.100 - - [05/Jul/2025:11:56:57 -0400] "GET /?n=90112126554903&channel=f12f1d&from=shared.php%3Fid%3D1265549-14358%26name%3D%E5%80%8B%E4%BA%BA%E5%AE%85%E9%85%8D%E9%80%81%E4%B8%8D%E5%8F%AF+%E3%83%95%E3%82%A9%E3%83%BC%E3%82%AF%E3%83%AA%E3%83%95%E3%83%88%E5%BF%85%E9%A0%88+%E3%82%82%E3%81%BF%E3%81%8C%E3%82%89+%E6%95%A3%E5%B8%83+%E3%82%B3%E3%83%B3%E3%83%86%E3%83%8A+%E3%82%82%E3%81%BF%E3%81%8C%E3%82%89%E3%83%9E%E3%83%83%E3%82%AF+MAC-610B-D+%E3%82%A4%E3%82%AC%E3%83%A9%E3%82%B7%E6%A9%9F%E6%A2%B0%E5%B7%A5%E6%A5%AD+%E3%82%AAK+%E4%BB%A3%E4%B8%8D HTTP/1.1" 301 0 "-" "Mozilla/5.0 (Linux; Android 6.0.1; Nexus 5X Build/MMB29P) AppleWebKit/537.36 (KHTML, like Gecko) Chrome/137.0.7151.103 Mobile Safari/537.36 (compatible; Googlebot/2.1; +http://www.google.com/bot.html)"
192.178.6.101 - - [05/Jul/2025:11:57:18 -0400] "GET /?n=90112126554903&channel=f12f1d&from=shared.php%3Fid%3D1265549-14358%26name%3D%E5%80%8B%E4%BA%BA%E5%AE%85%E9%85%8D%E9%80%81%E4%B8%8D%E5%8F%AF%20%E3%83%95%E3%82%A9%E3%83%BC%E3%82%AF%E3%83%AA%E3%83%95%E3%83%88%E5%BF%85%E9%A0%88%20%E3%82%82%E3%81%BF%E3%81%8C%E3%82%89%20%E6%95%A3%E5%B8%83%20%E3%82%B3%E3%83%B3%E3%83%86%E3%83%8A%20%E3%82%82%E3%81%BF%E3%81%8C%E3%82%89%E3%83%9E%E3%83%83%E3%82%AF%20MAC-610B-D%20%E3%82%A4%E3%82%AC%E3%83%A9%E3%82%B7%E6%A9%9F%E6%A2%B0%E5%B7%A5%E6%A5%AD%20%E3%82%AAK%20%E4%BB%A3%E4%B8%8D HTTP/1.1" 200 29619 "-" "Mozilla/5.0 (Linux; Android 6.0.1; Nexus 5X Build/MMB29P) AppleWebKit/537.36 (KHTML, like Gecko) Chrome/137.0.7151.103 Mobile Safari/537.36 (compatible; Googlebot/2.1; +http://www.google.com/bot.html)"
63.250.38.117 - - [05/Jul/2025:11:58:30 -0400] "POST /wp-cron.php?doing_wp_cron=1751731110.3713378906250000000000 HTTP/1.1" 403 1242 "-" "WordPress/6.8.1; https://fnf.group"
146.174.185.26 - - [05/Jul/2025:11:58:29 -0400] "GET /2025/06/29/best-casino-utan-svensk-licens-fordelar-och-nackdelar-forklarade/ HTTP/1.1" 200 18432 "-" "Mozilla/5.0 (Macintosh; Intel Mac OS X 10_9_2) AppleWebKit/537.36 (KHTML, like Gecko) Chrome/36.0.1944.0 Safari/537.36"
192.178.6.102 - - [05/Jul/2025:11:59:04 -0400] "GET /?n=989755814607&channel=3d1733&from=category-info.php%3Fid%3D58146-2796%26name%3D%E3%80%90%E3%83%95%E3%82%A3%E3%83%AB%E3%82%BF%E3%83%BC%E4%BB%98%E3%81%8D%E3%80%91SONY+FE+40mm+F2.5+G+SEL40F25G HTTP/1.1" 301 0 "-" "Mozilla/5.0 (Linux; Android 6.0.1; Nexus 5X Build/MMB29P) AppleWebKit/537.36 (KHTML, like Gecko) Chrome/137.0.7151.103 Mobile Safari/537.36 (compatible; Googlebot/2.1; +http://www.google.com/bot.html)"
192.178.6.100 - - [05/Jul/2025:11:59:11 -0400] "GET /wp-content/uploads/2020/09/chops-in-gravy-01-836x1024.jpg HTTP/1.1" 200 118644 "-" "Googlebot-Image/1.0"
192.178.6.100 - - [05/Jul/2025:11:59:08 -0400] "GET /?n=989755814607&channel=3d1733&from=category-info.php%3Fid%3D58146-2796%26name%3D%E3%80%90%E3%83%95%E3%82%A3%E3%83%AB%E3%82%BF%E3%83%BC%E4%BB%98%E3%81%8D%E3%80%91SONY%20FE%2040mm%20F2.5%20G%20SEL40F25G HTTP/1.1" 200 29620 "-" "Mozilla/5.0 (Linux; Android 6.0.1; Nexus 5X Build/MMB29P) AppleWebKit/537.36 (KHTML, like Gecko) Chrome/137.0.7151.103 Mobile Safari/537.36 (compatible; Googlebot/2.1; +http://www.google.com/bot.html)"
63.250.38.117 - - [05/Jul/2025:11:59:37 -0400] "POST /wp-cron.php?doing_wp_cron=1751731177.2756690979003906250000 HTTP/1.1" 403 1242 "-" "WordPress/6.8.1; https://fnf.group"
192.178.6.100 - - [05/Jul/2025:11:59:34 -0400] "GET /?n=26112124787807&channel=1c8748&from=shared.php%3Fid%3D1247878-12075%26name%3D%E5%AF%9D%E8%A2%8B%E7%94%A8%E3%82%A4%E3%83%B3%E3%83%8A%E3%83%BC%E3%80%80%E3%82%B7%E3%83%A5%E3%83%A9%E3%83%95%E3%80%80%E6%A9%9F%E8%83%BD%E7%9A%84%E3%80%80%E3%82%B7%E3%83%BC%E3%83%84%E3%80%80160%C3%97210cm%E3%80%80%E3%82%B0%E3%83%AA%E3%83%BC%E3%83%B3%E3%80%80%E3%83%80%E3%83%96%E3%83%AB HTTP/1.1" 200 29619 "-" "Mozilla/5.0 (Linux; Android 6.0.1; Nexus 5X Build/MMB29P) AppleWebKit/537.36 (KHTML, like Gecko) Chrome/137.0.7151.103 Mobile Safari/537.36 (compatible; Googlebot/2.1; +http://www.google.com/bot.html)"
216.244.66.226 - - [05/Jul/2025:12:00:34 -0400] "GET /robots.txt HTTP/1.1" 500 1034 "-" "Mozilla/5.0 (compatible; DotBot/1.2; +https://opensiteexplorer.org/dotbot; help@moz.com)"
63.250.38.117 - - [05/Jul/2025:12:00:57 -0400] "POST /wp-cron.php?doing_wp_cron=1751731256.7780549526214599609375 HTTP/1.1" 403 1242 "-" "WordPress/6.8.1; https://fnf.group"
192.178.6.101 - - [05/Jul/2025:12:00:52 -0400] "GET /?n=8088060456706&channel=1e69a1&from=article.php%3Fid%3D604567-3677%26name%3D%E9%9A%8E%E6%AE%B5%E3%83%9E%E3%83%83%E3%83%88+18mm+%E5%8E%9A%E6%89%8B%E9%9A%8E%E6%AE%B5%E3%82%B9%E3%83%86%E3%83%83%E3%83%97%E3%83%9E%E3%83%83%E3%83%88+%E6%8E%A5%E7%9D%80%E5%89%A4%E4%B8%8D%E8%A6%81+%E8%87%AA%E5%B7%B1%E7%B2%98%E7%9D%80+%E3%83%A8%E3%83%BC%E3%83%AD%E3%83%94%E3%82%A2%E3%83%B3%E3%82%B9%E3%82%BF%E3%82%A4%E3%83%AB%E9%9A%8E%E6%AE%B5%E3%82%AB%E3%83%BC%E3%83%9A%E3%83%83%E3%83%88+%E5%AE%B6%E5%BA%AD%E7%94%A8+%E6%BB%91%E3%82%8A%E6%AD%A2%E3%82%81+%E7%84%A1%E5%9E%A2%E6%9D%90%E9%9A%8E%E6%AE%B5 HTTP/1.1" 301 0 "-" "Mozilla/5.0 (Linux; Android 6.0.1; Nexus 5X Build/MMB29P) AppleWebKit/537.36 (KHTML, like Gecko) Chrome/137.0.7151.103 Mobile Safari/537.36 (compatible; Googlebot/2.1; +http://www.google.com/bot.html)"
192.178.6.100 - - [05/Jul/2025:12:00:57 -0400] "GET /?n=8088060456706&channel=1e69a1&from=article.php%3Fid%3D604567-3677%26name%3D%E9%9A%8E%E6%AE%B5%E3%83%9E%E3%83%83%E3%83%88%2018mm%20%E5%8E%9A%E6%89%8B%E9%9A%8E%E6%AE%B5%E3%82%B9%E3%83%86%E3%83%83%E3%83%97%E3%83%9E%E3%83%83%E3%83%88%20%E6%8E%A5%E7%9D%80%E5%89%A4%E4%B8%8D%E8%A6%81%20%E8%87%AA%E5%B7%B1%E7%B2%98%E7%9D%80%20%E3%83%A8%E3%83%BC%E3%83%AD%E3%83%94%E3%82%A2%E3%83%B3%E3%82%B9%E3%82%BF%E3%82%A4%E3%83%AB%E9%9A%8E%E6%AE%B5%E3%82%AB%E3%83%BC%E3%83%9A%E3%83%83%E3%83%88%20%E5%AE%B6%E5%BA%AD%E7%94%A8%20%E6%BB%91%E3%82%8A%E6%AD%A2%E3%82%81%20%E7%84%A1%E5%9E%A2%E6%9D%90%E9%9A%8E%E6%AE%B5 HTTP/1.1" 200 29623 "-" "Mozilla/5.0 (Linux; Android 6.0.1; Nexus 5X Build/MMB29P) AppleWebKit/537.36 (KHTML, like Gecko) Chrome/137.0.7151.103 Mobile Safari/537.36 (compatible; Googlebot/2.1; +http://www.google.com/bot.html)"
192.178.6.100 - - [05/Jul/2025:12:01:22 -0400] "GET /?n=45179199251007&channel=c2b6e1&from=blog.php%3Fid%3D1992510-23193%26name%3D%E3%80%90%E4%B8%AD%E5%8F%A4%E5%93%81%E3%80%91%E3%80%900921%E3%80%91%E3%83%99%E3%82%B9%E3%83%88+%E3%83%88%E3%83%AB%E3%82%AF%E3%83%AC%E3%83%B3%E3%83%81+%E5%B7%AE%E8%BE%BC%E8%A7%92+9.5mm+TQW-3%E3%80%80ITU4CSDC79GK HTTP/1.1" 301 0 "-" "Mozilla/5.0 (Linux; Android 6.0.1; Nexus 5X Build/MMB29P) AppleWebKit/537.36 (KHTML, like Gecko) Chrome/137.0.7151.103 Mobile Safari/537.36 (compatible; Googlebot/2.1; +http://www.google.com/bot.html)"
192.178.6.100 - - [05/Jul/2025:12:01:25 -0400] "GET /?n=45179199251007&channel=c2b6e1&from=blog.php%3Fid%3D1992510-23193%26name%3D%E3%80%90%E4%B8%AD%E5%8F%A4%E5%93%81%E3%80%91%E3%80%900921%E3%80%91%E3%83%99%E3%82%B9%E3%83%88%20%E3%83%88%E3%83%AB%E3%82%AF%E3%83%AC%E3%83%B3%E3%83%81%20%E5%B7%AE%E8%BE%BC%E8%A7%92%209.5mm%20TQW-3%E3%80%80ITU4CSDC79GK HTTP/1.1" 200 29623 "-" "Mozilla/5.0 (Linux; Android 6.0.1; Nexus 5X Build/MMB29P) AppleWebKit/537.36 (KHTML, like Gecko) Chrome/137.0.7151.103 Mobile Safari/537.36 (compatible; Googlebot/2.1; +http://www.google.com/bot.html)"
192.178.6.100 - - [05/Jul/2025:12:01:52 -0400] "GET /?n=25229119382003&channel=e2418e&from=blog.php%3Fid%3D1193820-4365%26name%3DJUSGLITTY+%E3%80%90Arpege+story%E9%99%90%E5%AE%9A%E3%80%91%E3%83%95%E3%82%A7%E3%82%A4%E3%82%AF%E3%83%95%E3%82%A1%E3%83%BC%E3%82%B7%E3%83%A7%E3%83%BC%E3%83%88%E3%82%B3%E3%83%BC%E3%83%88 HTTP/1.1" 301 0 "-" "Mozilla/5.0 (Linux; Android 6.0.1; Nexus 5X Build/MMB29P) AppleWebKit/537.36 (KHTML, like Gecko) Chrome/137.0.7151.103 Mobile Safari/537.36 (compatible; Googlebot/2.1; +http://www.google.com/bot.html)"
192.178.6.100 - - [05/Jul/2025:12:01:53 -0400] "GET /?n=25229119382003&channel=e2418e&from=blog.php%3Fid%3D1193820-4365%26name%3DJUSGLITTY%20%E3%80%90Arpege%20story%E9%99%90%E5%AE%9A%E3%80%91%E3%83%95%E3%82%A7%E3%82%A4%E3%82%AF%E3%83%95%E3%82%A1%E3%83%BC%E3%82%B7%E3%83%A7%E3%83%BC%E3%83%88%E3%82%B3%E3%83%BC%E3%83%88 HTTP/1.1" 200 29619 "-" "Mozilla/5.0 (Linux; Android 6.0.1; Nexus 5X Build/MMB29P) AppleWebKit/537.36 (KHTML, like Gecko) Chrome/137.0.7151.103 Mobile Safari/537.36 (compatible; Googlebot/2.1; +http://www.google.com/bot.html)"
216.86.130.144 - - [05/Jul/2025:12:02:00 -0400] "POST /xmlrpc.php HTTP/1.1" 403 1242 "-" "python-requests/2.28.1"
63.250.38.117 - - [05/Jul/2025:12:02:04 -0400] "POST /wp-cron.php?doing_wp_cron=1751731324.6734371185302734375000 HTTP/1.1" 403 1242 "-" "WordPress/6.8.1; https://fnf.group"
149.109.111.205 - - [05/Jul/2025:12:02:01 -0400] "GET /wp-login.php HTTP/1.1" 200 3798 "-" "Mozilla/5.0 (Macintosh; Intel Mac OS X 10_15_7) AppleWebKit/537.36 (KHTML, like Gecko) Chrome/108.0.0.0 YaBrowser/23.1.2.980 Yowser/2.5 Safari/537.36"
149.109.111.205 - - [05/Jul/2025:12:02:05 -0400] "POST /wp-login.php HTTP/1.1" 200 0 "-" "Mozilla/5.0 (Macintosh; Intel Mac OS X 10_15_7) AppleWebKit/537.36 (KHTML, like Gecko) Chrome/108.0.0.0 YaBrowser/23.1.2.980 Yowser/2.5 Safari/537.36"
192.178.6.101 - - [05/Jul/2025:12:02:21 -0400] "GET /?n=275645353600&channel=09113c&from=shared.php%3Fid%3D53536-5073%26name%3D%E3%83%A6%E3%83%8B%E3%82%AA%E3%83%B3%E3%82%A2%E3%83%AA%E3%83%BC%E3%83%8A+%E3%83%A6%E3%83%8B%E3%82%A2%E3%83%AA%E5%AD%A6%E5%9C%92%E3%82%A2%E3%82%A4%E3%83%89%E3%83%AB%E3%83%9E%E3%82%B9%E3%82%BF%E3%83%BC+%E9%AD%94%E6%B3%95%E5%B0%91%E5%A5%B3%E3%81%BE%E3%81%A9%E3%81%8B%E3%80%80%E3%82%B9%E3%83%9A%E3%82%B7%E3%83%A3%E3%83%AB%E3%82%BB%E3%83%83%E3%83%88 HTTP/1.1" 301 0 "-" "Mozilla/5.0 (Linux; Android 6.0.1; Nexus 5X Build/MMB29P) AppleWebKit/537.36 (KHTML, like Gecko) Chrome/137.0.7151.103 Mobile Safari/537.36 (compatible; Googlebot/2.1; +http://www.google.com/bot.html)"
192.178.6.101 - - [05/Jul/2025:12:02:25 -0400] "GET /?n=275645353600&channel=09113c&from=shared.php%3Fid%3D53536-5073%26name%3D%E3%83%A6%E3%83%8B%E3%82%AA%E3%83%B3%E3%82%A2%E3%83%AA%E3%83%BC%E3%83%8A%20%E3%83%A6%E3%83%8B%E3%82%A2%E3%83%AA%E5%AD%A6%E5%9C%92%E3%82%A2%E3%82%A4%E3%83%89%E3%83%AB%E3%83%9E%E3%82%B9%E3%82%BF%E3%83%BC%20%E9%AD%94%E6%B3%95%E5%B0%91%E5%A5%B3%E3%81%BE%E3%81%A9%E3%81%8B%E3%80%80%E3%82%B9%E3%83%9A%E3%82%B7%E3%83%A3%E3%83%AB%E3%82%BB%E3%83%83%E3%83%88 HTTP/1.1" 200 29618 "-" "Mozilla/5.0 (Linux; Android 6.0.1; Nexus 5X Build/MMB29P) AppleWebKit/537.36 (KHTML, like Gecko) Chrome/137.0.7151.103 Mobile Safari/537.36 (compatible; Googlebot/2.1; +http://www.google.com/bot.html)"
192.178.6.100 - - [05/Jul/2025:12:02:51 -0400] "GET /?n=26772194939701&channel=66e8b5&from=product.php%3Fid%3D1949397-9027%26name%3DPATIKIL+1%26%2334%3B%E3%83%95%E3%82%A7%E3%83%AB%E3%83%88%E5%AE%B6%E5%85%B7%E3%83%91%E3%83%83%E3%83%89+36%E5%80%8B%E5%85%A5%E3%82%8A+%E4%B8%B8%E5%9E%8B%E6%BB%91%E3%82%8A%E6%AD%A2%E3%82%81%E5%AE%B6%E5%85%B7%E3%83%91%E3%83%83%E3%83%89+%E7%B2%98%E7%9D%80%E6%80%A7EVA%E5%AE%B6%E5%85%B7%E8%84%9A+%E6%BB%91%E3%82%8A%E6%AD%A2%E3%82%81%E5%AE%B6%E5%85%B7+%E5%A0%85%E6%9C%A8%E5%BC%B5%E3%82%8A+%E5%BA%8A%E7%94%A8 HTTP/1.1" 301 0 "-" "Mozilla/5.0 (Linux; Android 6.0.1; Nexus 5X Build/MMB29P) AppleWebKit/537.36 (KHTML, like Gecko) Chrome/137.0.7151.103 Mobile Safari/537.36 (compatible; Googlebot/2.1; +http://www.google.com/bot.html)"
192.178.6.100 - - [05/Jul/2025:12:02:54 -0400] "GET /?n=26772194939701&channel=66e8b5&from=product.php%3Fid%3D1949397-9027%26name%3DPATIKIL%201%26%2334%3B%E3%83%95%E3%82%A7%E3%83%AB%E3%83%88%E5%AE%B6%E5%85%B7%E3%83%91%E3%83%83%E3%83%89%2036%E5%80%8B%E5%85%A5%E3%82%8A%20%E4%B8%B8%E5%9E%8B%E6%BB%91%E3%82%8A%E6%AD%A2%E3%82%81%E5%AE%B6%E5%85%B7%E3%83%91%E3%83%83%E3%83%89%20%E7%B2%98%E7%9D%80%E6%80%A7EVA%E5%AE%B6%E5%85%B7%E8%84%9A%20%E6%BB%91%E3%82%8A%E6%AD%A2%E3%82%81%E5%AE%B6%E5%85%B7%20%E5%A0%85%E6%9C%A8%E5%BC%B5%E3%82%8A%20%E5%BA%8A%E7%94%A8 HTTP/1.1" 200 29615 "-" "Mozilla/5.0 (Linux; Android 6.0.1; Nexus 5X Build/MMB29P) AppleWebKit/537.36 (KHTML, like Gecko) Chrome/137.0.7151.103 Mobile Safari/537.36 (compatible; Googlebot/2.1; +http://www.google.com/bot.html)"
63.250.38.117 - - [05/Jul/2025:12:03:09 -0400] "POST /wp-cron.php?doing_wp_cron=1751731389.3751490116119384765625 HTTP/1.1" 403 1242 "-" "WordPress/6.8.1; https://fnf.group"
213.209.150.137 - - [05/Jul/2025:12:03:07 -0400] "POST /wp-login.php?action=register HTTP/1.1" 302 0 "-" "-"
192.178.6.100 - - [05/Jul/2025:12:03:20 -0400] "GET /?n=90230825907&channel=ed38f8&from=info.php%3Fid%3D8259-882%26name%3DJHQ%28%E3%82%B8%E3%82%A7%E3%82%A4%E3%82%A8%E3%82%A4%E3%83%81%E3%82%AD%E3%83%A5%E3%83%BC%29+JHQ%E3%83%9E%E3%83%AB%E3%83%81%E3%82%AB%E3%83%9E%E5%8F%8E%E7%B4%8D%E3%82%B1%E3%83%BC%E3%82%B9%E3%82%BB%E3%83%83%E3%83%88+JKC002 HTTP/1.1" 301 0 "-" "Mozilla/5.0 (Linux; Android 6.0.1; Nexus 5X Build/MMB29P) AppleWebKit/537.36 (KHTML, like Gecko) Chrome/137.0.7151.103 Mobile Safari/537.36 (compatible; Googlebot/2.1; +http://www.google.com/bot.html)"
213.209.150.137 - - [05/Jul/2025:12:03:20 -0400] "POST /wp-login.php?action=register HTTP/1.1" 302 0 "-" "-"
192.178.6.102 - - [05/Jul/2025:12:03:22 -0400] "GET /?n=90230825907&channel=ed38f8&from=info.php%3Fid%3D8259-882%26name%3DJHQ%28%E3%82%B8%E3%82%A7%E3%82%A4%E3%82%A8%E3%82%A4%E3%83%81%E3%82%AD%E3%83%A5%E3%83%BC%29%20JHQ%E3%83%9E%E3%83%AB%E3%83%81%E3%82%AB%E3%83%9E%E5%8F%8E%E7%B4%8D%E3%82%B1%E3%83%BC%E3%82%B9%E3%82%BB%E3%83%83%E3%83%88%20JKC002 HTTP/1.1" 200 29617 "-" "Mozilla/5.0 (Linux; Android 6.0.1; Nexus 5X Build/MMB29P) AppleWebKit/537.36 (KHTML, like Gecko) Chrome/137.0.7151.103 Mobile Safari/537.36 (compatible; Googlebot/2.1; +http://www.google.com/bot.html)"
213.209.150.137 - - [05/Jul/2025:12:03:31 -0400] "POST /wp-login.php?action=register HTTP/1.1" 302 0 "-" "-"
216.244.66.226 - - [05/Jul/2025:12:03:44 -0400] "GET /tag/penne-pasta/ HTTP/1.1" 500 1034 "-" "Mozilla/5.0 (compatible; DotBot/1.2; +https://opensiteexplorer.org/dotbot; help@moz.com)"
213.209.150.137 - - [05/Jul/2025:12:03:45 -0400] "POST /wp-login.php?action=register HTTP/1.1" 302 0 "-" "-"
47.82.60.53 - - [05/Jul/2025:12:03:48 -0400] "GET /2025/07/03/actual-cash-slots-online-paypal-a-comprehensive-overview-to-playing-and-winning HTTP/1.1" 301 0 "https://fnf.group/2025/07/03/actual-cash-slots-online-paypal-a-comprehensive-overview-to-playing-and-winning" "Mozilla/5.0 (Windows NT 10.0; Win64; x64) AppleWebKit/537.36 (KHTML, like Gecko) Chrome/114.0.0.0 Safari/537.36 Edg/114.0.1823.43"
47.82.60.53 - - [05/Jul/2025:12:03:52 -0400] "GET /2025/07/03/actual-cash-slots-online-paypal-a-comprehensive-overview-to-playing-and-winning/ HTTP/1.1" 200 19653 "https://fnf.group/2025/07/03/actual-cash-slots-online-paypal-a-comprehensive-overview-to-playing-and-winning" "Mozilla/5.0 (Windows NT 10.0; Win64; x64) AppleWebKit/537.36 (KHTML, like Gecko) Chrome/114.0.0.0 Safari/537.36 Edg/114.0.1823.43"
213.209.150.137 - - [05/Jul/2025:12:03:57 -0400] "POST /wp-login.php?action=register HTTP/1.1" 302 0 "-" "-"
216.244.66.226 - - [05/Jul/2025:12:04:02 -0400] "GET /2015/02/15/investigating-the-sun-kissed-water-closer/feed/ HTTP/1.1" 500 1034 "-" "Mozilla/5.0 (compatible; DotBot/1.2; +https://opensiteexplorer.org/dotbot; help@moz.com)"
213.209.150.137 - - [05/Jul/2025:12:04:08 -0400] "POST /wp-login.php?action=register HTTP/1.1" 302 0 "-" "-"
63.250.38.117 - - [05/Jul/2025:12:04:22 -0400] "POST /wp-cron.php?doing_wp_cron=1751731462.7889850139617919921875 HTTP/1.1" 403 1242 "-" "WordPress/6.8.1; https://fnf.group"
216.244.66.226 - - [05/Jul/2025:12:04:23 -0400] "GET /2020/10/15/chopsuey-by-renuluq/feed/ HTTP/1.1" 500 1034 "-" "Mozilla/5.0 (compatible; DotBot/1.2; +https://opensiteexplorer.org/dotbot; help@moz.com)"
213.209.150.137 - - [05/Jul/2025:12:04:20 -0400] "POST /wp-login.php?action=register HTTP/1.1" 302 0 "-" "-"
213.209.150.137 - - [05/Jul/2025:12:04:34 -0400] "POST /wp-login.php?action=register HTTP/1.1" 302 0 "-" "-"
213.209.150.137 - - [05/Jul/2025:12:04:46 -0400] "POST /wp-login.php?action=register HTTP/1.1" 302 0 "-" "-"
192.178.6.102 - - [05/Jul/2025:12:04:50 -0400] "GET /?n=0945127405409&channel=37ccc2&from=goods.php%3Fid%3D274054-6097%26name%3DCybex+%E3%83%AA%E3%83%99%E3%83%AB%E3%80%80%E3%83%99%E3%83%93%E3%83%BC%E3%82%AB%E3%83%BC%E3%80%802023%E5%B9%B4%E3%83%A2%E3%83%87%E3%83%AB+%EF%BC%88Amazon.co.jp%3A+cybex+%5B+%E3%82%B5%E3%82%A4%E3%83%99%E3%83%83%E3%82%AF%E3%82%B9+%5D+LIBELLE+%5B%E3%83%AA%E3%83%99%E3%83%AB%5D+%282023%E5%B9%B4%E3%83%A2%E3%83%87%E3%83%AB%29+%E3%82%B7%E3%83%BC%E3%82%B7%E3%82%A7%E3%83%AB%E3%83%99%E3%83%BC%E3%82%B8%E3%83%A5+%3A++%E3%83%99%E3%83%93%E3%83%BC%EF%BC%86%E3%83%9E%E3%82%BF%E3%83%8B%E3%83%86%E3%82%A3%EF%BC%89 HTTP/1.1" 301 0 "-" "Mozilla/5.0 (Linux; Android 6.0.1; Nexus 5X Build/MMB29P) AppleWebKit/537.36 (KHTML, like Gecko) Chrome/137.0.7151.103 Mobile Safari/537.36 (compatible; Googlebot/2.1; +http://www.google.com/bot.html)"
192.178.6.102 - - [05/Jul/2025:12:04:49 -0400] "GET /?n=1006824245407&channel=c91e9c&from=info.php%3Fid%3D242454-1984%26name%3D%E3%83%9E%E3%83%BC%E3%82%AC%E3%83%AC%E3%83%83%E3%83%88%E3%83%8F%E3%82%A6%E3%82%A8%E3%83%AB+%E3%83%9C%E3%83%BC%E3%83%AB%E3%83%89%E3%82%B9%E3%83%88%E3%83%A9%E3%82%A4%E3%83%97+%E3%82%B3%E3%83%83%E3%83%88%E3%83%B3%E3%83%AA%E3%83%8D%E3%83%B3%E3%82%B7%E3%83%A3%E3%83%84++3%E4%B8%87%EF%BC%88%E3%82%AB%E3%82%B8%E3%83%A5%E3%82%A2%E3%83%AB%E3%82%B7%E3%83%A3%E3%83%84+%EF%BD%9C+GLORYGUYS%E3%82%AB%E3%83%86%E3%82%B4%E3%83%AA%E3%83%BC+%EF%BD%9C+Clothes+to+You%EF%BD%9CGLORYGUY%EF%BC%86Cachette%EF%BC%89 HTTP/1.1" 301 0 "-" "Mozilla/5.0 (Linux; Android 6.0.1; Nexus 5X Build/MMB29P) AppleWebKit/537.36 (KHTML, like Gecko) Chrome/137.0.7151.103 Mobile Safari/537.36 (compatible; Googlebot/2.1; +http://www.google.com/bot.html)"
192.178.6.101 - - [05/Jul/2025:12:04:55 -0400] "GET /?n=51915183827100&channel=0e261e&from=form.php%3Fid%3D1838271-15971%26name%3D%E6%95%B0%E7%8F%A0%E3%82%B1%E3%83%BC%E3%82%B9%E3%80%80%E5%BF%B5%E7%8F%A0%E3%82%B1%E3%83%BC%E3%82%B9%E3%80%80No.161%E3%80%80%E9%87%91%E8%A5%B4%E3%80%80%E9%87%91%E9%B6%B4%E6%9F%84%E3%80%80%E3%81%BD%E3%81%A1%E8%A2%8B%E5%85%A5%E3%82%8C%E3%80%80%E3%83%8F%E3%83%B3%E3%83%89%E3%83%A1%E3%82%A4%E3%83%89+%EF%BC%88%E5%A5%B3%E6%80%A7%E7%94%A8+%E6%95%B0%E7%8F%A0%E8%A2%8B+%E3%83%AC%E3%83%87%E3%82%A3%E3%83%BC%E3%82%B9+%E4%BA%8C%E3%81%A4%E6%8A%98+%E3%81%A1%E3%82%8A%E3%82%81%E3%82%93+%E5%88%BA%E7%B9%A1%E5%85%A5+%E4%BA%AC%E5%BF%B5%E7%8F%A0+%E5%BF%B5%E7%8F%A0%E5%85%A5%E3%82%8C+%E3%83%9D%E3%83%BC%E3%83%81+%E3%82%B1%E3%83%BC%E3%82%B9+%E5%A4%96%E7%AE%B1%E4%BB%98+%E6%97%A5%E6%9C%AC%E8%A3%BD+%2F+%E3%83%94%E3%83%B3%E3%82%AF+%EF%BC%88+%E6%A2%85+%EF%BC%89+%7C+%E4%BA%AC%E5%BF%B5%E7%8F%A0%E3%81%AA%E3%82%89%E4%BA%AC%E9%83%BD%E3%81%AE%E8%80%81%E8%88%97%E3%80%8E%E5%96%9C%E8%8A%B3%E5%B7%A5%E6%88%BF%E3%80%8F%E3%82%AA%E3%83%B3%E3%83%A9%E3%82%A4%E3%83%B3%E3%82%B7%E3%83%A7%E3%83%83%E3%83%97++%5B+%E5%89%B5%E4%BD%9C%E4%BA%AC%E5%BF%B5%E7%8F%A0+%E4%BA%AC%E3%83%BB%E4%B8%8A%E8%B3%80%E8%8C%82%E3%81%8B%E3%81%8A%E3%82%93+%5D%EF%BC%89 HTTP/1.1" 301 0 "-" "Mozilla/5.0 (Linux; Android 6.0.1; Nexus 5X Build/MMB29P) AppleWebKit/537.36 (KHTML, like Gecko) Chrome/137.0.7151.103 Mobile Safari/537.36 (compatible; Googlebot/2.1; +http://www.google.com/bot.html)"
192.178.6.101 - - [05/Jul/2025:12:04:58 -0400] "GET /?n=0945127405409&channel=37ccc2&from=goods.php%3Fid%3D274054-6097%26name%3DCybex%20%E3%83%AA%E3%83%99%E3%83%AB%E3%80%80%E3%83%99%E3%83%93%E3%83%BC%E3%82%AB%E3%83%BC%E3%80%802023%E5%B9%B4%E3%83%A2%E3%83%87%E3%83%AB%20%EF%BC%88Amazon.co.jp%3A%20cybex%20%5B%20%E3%82%B5%E3%82%A4%E3%83%99%E3%83%83%E3%82%AF%E3%82%B9%20%5D%20LIBELLE%20%5B%E3%83%AA%E3%83%99%E3%83%AB%5D%20%282023%E5%B9%B4%E3%83%A2%E3%83%87%E3%83%AB%29%20%E3%82%B7%E3%83%BC%E3%82%B7%E3%82%A7%E3%83%AB%E3%83%99%E3%83%BC%E3%82%B8%E3%83%A5%20%3A%20%20%E3%83%99%E3%83%93%E3%83%BC%EF%BC%86%E3%83%9E%E3%82%BF%E3%83%8B%E3%83%86%E3%82%A3%EF%BC%89 HTTP/1.1" 200 29623 "-" "Mozilla/5.0 (Linux; Android 6.0.1; Nexus 5X Build/MMB29P) AppleWebKit/537.36 (KHTML, like Gecko) Chrome/137.0.7151.103 Mobile Safari/537.36 (compatible; Googlebot/2.1; +http://www.google.com/bot.html)"
192.178.6.103 - - [05/Jul/2025:12:04:59 -0400] "GET /?n=1006824245407&channel=c91e9c&from=info.php%3Fid%3D242454-1984%26name%3D%E3%83%9E%E3%83%BC%E3%82%AC%E3%83%AC%E3%83%83%E3%83%88%E3%83%8F%E3%82%A6%E3%82%A8%E3%83%AB%20%E3%83%9C%E3%83%BC%E3%83%AB%E3%83%89%E3%82%B9%E3%83%88%E3%83%A9%E3%82%A4%E3%83%97%20%E3%82%B3%E3%83%83%E3%83%88%E3%83%B3%E3%83%AA%E3%83%8D%E3%83%B3%E3%82%B7%E3%83%A3%E3%83%84%20%203%E4%B8%87%EF%BC%88%E3%82%AB%E3%82%B8%E3%83%A5%E3%82%A2%E3%83%AB%E3%82%B7%E3%83%A3%E3%83%84%20%EF%BD%9C%20GLORYGUYS%E3%82%AB%E3%83%86%E3%82%B4%E3%83%AA%E3%83%BC%20%EF%BD%9C%20Clothes%20to%20You%EF%BD%9CGLORYGUY%EF%BC%86Cachette%EF%BC%89 HTTP/1.1" 200 29619 "-" "Mozilla/5.0 (Linux; Android 6.0.1; Nexus 5X Build/MMB29P) AppleWebKit/537.36 (KHTML, like Gecko) Chrome/137.0.7151.103 Mobile Safari/537.36 (compatible; Googlebot/2.1; +http://www.google.com/bot.html)"
192.178.6.103 - - [05/Jul/2025:12:05:05 -0400] "GET /?n=3580570631700&channel=49af0a&from=jp.php%3Fid%3D706317-18975%26name%3DKoba+%E3%83%89%E3%83%83%E3%82%B0%E3%82%A6%E3%83%83%E3%83%89+%E3%83%95%E3%82%A1%E3%83%BC%E3%83%A0%E3%83%9E%E3%83%BC%E3%82%B1%E3%83%83%E3%83%88+4.5+%E3%83%9F%E3%83%8B+%E3%83%96%E3%83%A9%E3%83%83%E3%82%AF+%E3%83%97%E3%83%A9%E3%82%B9%E3%83%81%E3%83%83%E3%82%AF+%E3%83%8F%E3%83%B3%E3%82%AE%E3%83%B3%E3%82%B0%E3%83%90%E3%82%B9%E3%82%B1%E3%83%83%E3%83%88+%285%29+%E3%83%9B%E3%83%AF%E3%82%A4%E3%83%88 HTTP/1.1" 301 0 "-" "Mozilla/5.0 (Linux; Android 6.0.1; Nexus 5X Build/MMB29P) AppleWebKit/537.36 (KHTML, like Gecko) Chrome/137.0.7151.103 Mobile Safari/537.36 (compatible; Googlebot/2.1; +http://www.google.com/bot.html)"
