192.178.6.100 - - [05/Jul/2025:14:21:18 -0400] "GET /?n=00034128158600&channel=76fe0f&from=blog.php%3Fid%3D1281586-14168%26name%3D%5BBCMCBV%5D%20%E3%83%A9%E3%83%90%E3%83%BC%E3%82%B7%E3%83%AA%E3%82%B3%E3%83%B3%E6%99%82%E8%A8%88%E3%83%90%E3%83%B3%E3%83%89%2020%20%E3%83%9F%E3%83%AA%E3%83%A1%E3%83%BC%E3%83%88%E3%83%AB%2021%20%E3%83%9F%E3%83%AA%E3%83%A1%E3%83%BC%E3%83%88%E3%83%AB%E3%83%AD%E3%83%AC%E3%83%83%E3%82%AF%E3%82%B9%E3%82%B5%E3%83%96%E3%83%9E%E3%83%AA%E3%83%BC%E3%83%8A%E3%83%BC%E3%83%87%E3%82%A4%E3%83%88%E3%83%8A%E3%83%87%E3%82%A3%E3%83%BC%E3%83%97%E3%82%B7%E3%83%BC%E3%82%AA%E3%82%A4%E3%82%B9 HTTP/1.1" 200 30566 "-" "Mozilla/5.0 (Linux; Android 6.0.1; Nexus 5X Build/MMB29P) AppleWebKit/537.36 (KHTML, like Gecko) Chrome/137.0.7151.103 Mobile Safari/537.36 (compatible; Googlebot/2.1; +http://www.google.com/bot.html)"
192.178.6.100 - - [05/Jul/2025:14:21:18 -0400] "GET /?n=5399165492903&channel=aa1c34&from=brands.php%3Fid%3D654929-15223%26name%3D%E3%82%B4%E3%83%A0%E8%A3%BD%E3%83%9C%E3%83%BC%E3%83%88%E3%83%9C%E3%82%A6%E3%83%88%E3%83%AC%E3%83%BC%E3%83%A9%E3%83%BC%E3%83%AD%E3%83%BC%E3%83%A9%E3%83%BC%203%E3%82%A4%E3%83%B3%E3%83%81%20%E8%88%B9%E8%88%B6%E7%94%A8%E3%83%9C%E3%83%BC%E3%83%88%E3%83%88%E3%83%AC%E3%83%BC%E3%83%A9%E3%83%BC%E7%94%A8%E3%83%9C%E3%82%A6%E3%83%AD%E3%83%BC%E3%83%A9%E3%83%BC%E3%80%81%E3%83%96%E3%83%AB%E3%83%BC HTTP/1.1" 200 30568 "-" "Mozilla/5.0 (Linux; Android 6.0.1; Nexus 5X Build/MMB29P) AppleWebKit/537.36 (KHTML, like Gecko) Chrome/137.0.7151.103 Mobile Safari/537.36 (compatible; Googlebot/2.1; +http://www.google.com/bot.html)"
35.93.148.182 - - [05/Jul/2025:14:21:32 -0400] "GET / HTTP/1.1" 200 30570 "-" "Mozilla/5.0 (Macintosh; Intel Mac OS X 10_15_7) AppleWebKit/537.36 (KHTML, like Gecko) Chrome/113.0.0.0 Safari/537.36"
35.93.148.182 - - [05/Jul/2025:14:21:37 -0400] "GET /wp-content/plugins/user-submitted-posts/resources/usp.css?ver=20250329 HTTP/1.1" 200 2585 "https://fnf.group/" "Mozilla/5.0 (Macintosh; Intel Mac OS X 10_15_7) AppleWebKit/537.36 (KHTML, like Gecko) Chrome/113.0.0.0 Safari/537.36"
35.93.148.182 - - [05/Jul/2025:14:21:37 -0400] "GET /wp-content/plugins/contact-form-7/includes/css/styles.css?ver=6.1 HTTP/1.1" 200 899 "https://fnf.group/" "Mozilla/5.0 (Macintosh; Intel Mac OS X 10_15_7) AppleWebKit/537.36 (KHTML, like Gecko) Chrome/113.0.0.0 Safari/537.36"
35.93.148.182 - - [05/Jul/2025:14:21:37 -0400] "GET /wp-includes/js/jquery/jquery.min.js?ver=3.7.1 HTTP/1.1" 304 0 "https://fnf.group/" "Mozilla/5.0 (Macintosh; Intel Mac OS X 10_15_7) AppleWebKit/537.36 (KHTML, like Gecko) Chrome/113.0.0.0 Safari/537.36"
35.93.148.182 - - [05/Jul/2025:14:21:37 -0400] "GET /wp-includes/js/jquery/jquery-migrate.min.js?ver=3.4.1 HTTP/1.1" 304 0 "https://fnf.group/" "Mozilla/5.0 (Macintosh; Intel Mac OS X 10_15_7) AppleWebKit/537.36 (KHTML, like Gecko) Chrome/113.0.0.0 Safari/537.36"
35.93.148.182 - - [05/Jul/2025:14:21:37 -0400] "GET /wp-content/themes/salient/css/build/elements/element-vc-icon-element.css?ver=15.1.0 HTTP/1.1" 200 1116 "https://fnf.group/" "Mozilla/5.0 (Macintosh; Intel Mac OS X 10_15_7) AppleWebKit/537.36 (KHTML, like Gecko) Chrome/113.0.0.0 Safari/537.36"
35.93.148.182 - - [05/Jul/2025:14:21:37 -0400] "GET /wp-content/plugins/nextend-smart-slider3-pro/nextend/media/dist/nextend-frontend.min.js?1587163184 HTTP/1.1" 304 0 "https://fnf.group/" "Mozilla/5.0 (Macintosh; Intel Mac OS X 10_15_7) AppleWebKit/537.36 (KHTML, like Gecko) Chrome/113.0.0.0 Safari/537.36"
35.93.148.182 - - [05/Jul/2025:14:21:37 -0400] "GET /wp-content/plugins/user-submitted-posts/resources/jquery.usp.core.js?ver=20250329 HTTP/1.1" 304 0 "https://fnf.group/" "Mozilla/5.0 (Macintosh; Intel Mac OS X 10_15_7) AppleWebKit/537.36 (KHTML, like Gecko) Chrome/113.0.0.0 Safari/537.36"
35.93.148.182 - - [05/Jul/2025:14:21:37 -0400] "GET /wp-content/plugins/nextend-smart-slider3-pro/nextend/media/dist/nextend-gsap.min.js?1587163184 HTTP/1.1" 304 0 "https://fnf.group/" "Mozilla/5.0 (Macintosh; Intel Mac OS X 10_15_7) AppleWebKit/537.36 (KHTML, like Gecko) Chrome/113.0.0.0 Safari/537.36"
35.93.148.182 - - [05/Jul/2025:14:21:37 -0400] "GET /wp-content/mu-plugins/1and1-wordpress-assistant/js/cookies.js?ver=6.8.1 HTTP/1.1" 304 0 "https://fnf.group/" "Mozilla/5.0 (Macintosh; Intel Mac OS X 10_15_7) AppleWebKit/537.36 (KHTML, like Gecko) Chrome/113.0.0.0 Safari/537.36"
35.93.148.182 - - [05/Jul/2025:14:21:37 -0400] "GET /wp-content/themes/salient/css/build/elements/widget-nectar-posts.css?ver=15.1.0 HTTP/1.1" 200 1817 "https://fnf.group/" "Mozilla/5.0 (Macintosh; Intel Mac OS X 10_15_7) AppleWebKit/537.36 (KHTML, like Gecko) Chrome/113.0.0.0 Safari/537.36"
35.93.148.182 - - [05/Jul/2025:14:21:37 -0400] "GET /wp-content/plugins/nextend-smart-slider3-pro/nextend/media/dist/n2-j.min.js?1587163184 HTTP/1.1" 304 0 "https://fnf.group/" "Mozilla/5.0 (Macintosh; Intel Mac OS X 10_15_7) AppleWebKit/537.36 (KHTML, like Gecko) Chrome/113.0.0.0 Safari/537.36"
35.93.148.182 - - [05/Jul/2025:14:21:37 -0400] "GET /wp-content/plugins/nextend-smart-slider3-pro/library/media/plugins/type/simple/simple/dist/smartslider-simple-type-frontend.min.js?1587163183 HTTP/1.1" 304 0 "https://fnf.group/" "Mozilla/5.0 (Macintosh; Intel Mac OS X 10_15_7) AppleWebKit/537.36 (KHTML, like Gecko) Chrome/113.0.0.0 Safari/537.36"
35.93.148.182 - - [05/Jul/2025:14:21:37 -0400] "GET /wp-content/plugins/hit_plusgallery/assets/js/plusgallery.js?ver=2.0.4 HTTP/1.1" 304 0 "https://fnf.group/" "Mozilla/5.0 (Macintosh; Intel Mac OS X 10_15_7) AppleWebKit/537.36 (KHTML, like Gecko) Chrome/113.0.0.0 Safari/537.36"
35.93.148.182 - - [05/Jul/2025:14:21:37 -0400] "GET /wp-content/plugins/user-submitted-posts/resources/jquery.parsley.min.js?ver=20250329 HTTP/1.1" 304 0 "https://fnf.group/" "Mozilla/5.0 (Macintosh; Intel Mac OS X 10_15_7) AppleWebKit/537.36 (KHTML, like Gecko) Chrome/113.0.0.0 Safari/537.36"
35.93.148.182 - - [05/Jul/2025:14:21:37 -0400] "GET /wp-content/plugins/hit_plusgallery/assets/js/isotope.pkgd.min.js?ver=6.8.1 HTTP/1.1" 200 9534 "https://fnf.group/" "Mozilla/5.0 (Macintosh; Intel Mac OS X 10_15_7) AppleWebKit/537.36 (KHTML, like Gecko) Chrome/113.0.0.0 Safari/537.36"
35.93.148.182 - - [05/Jul/2025:14:21:37 -0400] "GET /wp-content/plugins/nextend-smart-slider3-pro/nextend/media/dist/nextend-webfontloader.min.js?1587163184 HTTP/1.1" 304 0 "https://fnf.group/" "Mozilla/5.0 (Macintosh; Intel Mac OS X 10_15_7) AppleWebKit/537.36 (KHTML, like Gecko) Chrome/113.0.0.0 Safari/537.36"
35.93.148.182 - - [05/Jul/2025:14:21:37 -0400] "GET /wp-includes/js/dist/i18n.min.js?ver=5e580eb46a90c2b997e6 HTTP/1.1" 200 3542 "https://fnf.group/" "Mozilla/5.0 (Macintosh; Intel Mac OS X 10_15_7) AppleWebKit/537.36 (KHTML, like Gecko) Chrome/113.0.0.0 Safari/537.36"
35.93.148.182 - - [05/Jul/2025:14:21:37 -0400] "GET /wp-content/plugins/contact-form-7/includes/swv/js/index.js?ver=6.1 HTTP/1.1" 304 0 "https://fnf.group/" "Mozilla/5.0 (Macintosh; Intel Mac OS X 10_15_7) AppleWebKit/537.36 (KHTML, like Gecko) Chrome/113.0.0.0 Safari/537.36"
35.93.148.182 - - [05/Jul/2025:14:21:37 -0400] "GET /wp-content/plugins/contact-form-7/includes/js/index.js?ver=6.1 HTTP/1.1" 200 4008 "https://fnf.group/" "Mozilla/5.0 (Macintosh; Intel Mac OS X 10_15_7) AppleWebKit/537.36 (KHTML, like Gecko) Chrome/113.0.0.0 Safari/537.36"
35.93.148.182 - - [05/Jul/2025:14:21:37 -0400] "GET /wp-content/plugins/salient-social/js/salient-social.js?ver=1.1 HTTP/1.1" 304 0 "https://fnf.group/" "Mozilla/5.0 (Macintosh; Intel Mac OS X 10_15_7) AppleWebKit/537.36 (KHTML, like Gecko) Chrome/113.0.0.0 Safari/537.36"
35.93.148.182 - - [05/Jul/2025:14:21:37 -0400] "GET /wp-content/plugins/wp-smush-pro/app/assets/js/smush-lazy-load.min.js?ver=3.6.0 HTTP/1.1" 304 0 "https://fnf.group/" "Mozilla/5.0 (Macintosh; Intel Mac OS X 10_15_7) AppleWebKit/537.36 (KHTML, like Gecko) Chrome/113.0.0.0 Safari/537.36"
35.93.148.182 - - [05/Jul/2025:14:21:37 -0400] "GET /wp-content/themes/salient/js/build/third-party/jquery.mousewheel.min.js?ver=3.1.13 HTTP/1.1" 304 0 "https://fnf.group/" "Mozilla/5.0 (Macintosh; Intel Mac OS X 10_15_7) AppleWebKit/537.36 (KHTML, like Gecko) Chrome/113.0.0.0 Safari/537.36"
35.93.148.182 - - [05/Jul/2025:14:21:37 -0400] "GET /wp-content/themes/salient/js/build/priority.js?ver=15.1.0 HTTP/1.1" 304 0 "https://fnf.group/" "Mozilla/5.0 (Macintosh; Intel Mac OS X 10_15_7) AppleWebKit/537.36 (KHTML, like Gecko) Chrome/113.0.0.0 Safari/537.36"
35.93.148.182 - - [05/Jul/2025:14:21:37 -0400] "GET /wp-content/themes/salient/js/build/third-party/transit.min.js?ver=0.9.9 HTTP/1.1" 200 2572 "https://fnf.group/" "Mozilla/5.0 (Macintosh; Intel Mac OS X 10_15_7) AppleWebKit/537.36 (KHTML, like Gecko) Chrome/113.0.0.0 Safari/537.36"
35.93.148.182 - - [05/Jul/2025:14:21:37 -0400] "GET /wp-content/themes/salient/js/build/third-party/waypoints.js?ver=4.0.2 HTTP/1.1" 304 0 "https://fnf.group/" "Mozilla/5.0 (Macintosh; Intel Mac OS X 10_15_7) AppleWebKit/537.36 (KHTML, like Gecko) Chrome/113.0.0.0 Safari/537.36"
35.93.148.182 - - [05/Jul/2025:14:21:38 -0400] "GET /wp-content/themes/salient/js/build/third-party/hoverintent.min.js?ver=1.9 HTTP/1.1" 304 0 "https://fnf.group/" "Mozilla/5.0 (Macintosh; Intel Mac OS X 10_15_7) AppleWebKit/537.36 (KHTML, like Gecko) Chrome/113.0.0.0 Safari/537.36"
35.93.148.182 - - [05/Jul/2025:14:21:38 -0400] "GET /wp-content/themes/salient/js/build/third-party/magnific.js?ver=7.0.1 HTTP/1.1" 200 7185 "https://fnf.group/" "Mozilla/5.0 (Macintosh; Intel Mac OS X 10_15_7) AppleWebKit/537.36 (KHTML, like Gecko) Chrome/113.0.0.0 Safari/537.36"
35.93.148.182 - - [05/Jul/2025:14:21:38 -0400] "GET /wp-content/plugins/salient-portfolio/js/third-party/imagesLoaded.min.js?ver=4.1.4 HTTP/1.1" 304 0 "https://fnf.group/" "Mozilla/5.0 (Macintosh; Intel Mac OS X 10_15_7) AppleWebKit/537.36 (KHTML, like Gecko) Chrome/113.0.0.0 Safari/537.36"
35.93.148.182 - - [05/Jul/2025:14:21:38 -0400] "GET /wp-content/themes/salient/js/build/third-party/anime.min.js?ver=4.5.1 HTTP/1.1" 200 6960 "https://fnf.group/" "Mozilla/5.0 (Macintosh; Intel Mac OS X 10_15_7) AppleWebKit/537.36 (KHTML, like Gecko) Chrome/113.0.0.0 Safari/537.36"
35.93.148.182 - - [05/Jul/2025:14:21:38 -0400] "GET /wp-content/themes/salient/js/build/third-party/flickity.min.js?ver=2.3.1 HTTP/1.1" 304 0 "https://fnf.group/" "Mozilla/5.0 (Macintosh; Intel Mac OS X 10_15_7) AppleWebKit/537.36 (KHTML, like Gecko) Chrome/113.0.0.0 Safari/537.36"
35.93.148.182 - - [05/Jul/2025:14:21:38 -0400] "GET /wp-content/themes/salient/js/build/third-party/superfish.js?ver=1.5.8 HTTP/1.1" 200 1967 "https://fnf.group/" "Mozilla/5.0 (Macintosh; Intel Mac OS X 10_15_7) AppleWebKit/537.36 (KHTML, like Gecko) Chrome/113.0.0.0 Safari/537.36"
35.93.148.182 - - [05/Jul/2025:14:21:38 -0400] "GET /wp-content/themes/salient/js/build/init.js?ver=15.1.0 HTTP/1.1" 200 76051 "https://fnf.group/" "Mozilla/5.0 (Macintosh; Intel Mac OS X 10_15_7) AppleWebKit/537.36 (KHTML, like Gecko) Chrome/113.0.0.0 Safari/537.36"
35.93.148.182 - - [05/Jul/2025:14:21:38 -0400] "GET /wp-content/plugins/js_composer_salient/assets/lib/bower/flexslider/jquery.flexslider-min.js?ver=6.1 HTTP/1.1" 304 0 "https://fnf.group/" "Mozilla/5.0 (Macintosh; Intel Mac OS X 10_15_7) AppleWebKit/537.36 (KHTML, like Gecko) Chrome/113.0.0.0 Safari/537.36"
35.93.148.182 - - [05/Jul/2025:14:21:38 -0400] "GET /wp-content/plugins/salient-portfolio/js/third-party/isotope.min.js?ver=7.6 HTTP/1.1" 200 13698 "https://fnf.group/" "Mozilla/5.0 (Macintosh; Intel Mac OS X 10_15_7) AppleWebKit/537.36 (KHTML, like Gecko) Chrome/113.0.0.0 Safari/537.36"
35.93.148.182 - - [05/Jul/2025:14:21:38 -0400] "GET /wp-content/themes/salient/js/build/third-party/stickkit.js?ver=1.0 HTTP/1.1" 200 1765 "https://fnf.group/" "Mozilla/5.0 (Macintosh; Intel Mac OS X 10_15_7) AppleWebKit/537.36 (KHTML, like Gecko) Chrome/113.0.0.0 Safari/537.36"
35.93.148.182 - - [05/Jul/2025:14:21:38 -0400] "GET /wp-content/themes/salient/js/build/elements/nectar-blog.js?ver=15.1.0 HTTP/1.1" 304 0 "https://fnf.group/" "Mozilla/5.0 (Macintosh; Intel Mac OS X 10_15_7) AppleWebKit/537.36 (KHTML, like Gecko) Chrome/113.0.0.0 Safari/537.36"
35.93.148.182 - - [05/Jul/2025:14:21:39 -0400] "GET /wp-content/plugins/salient-core/js/third-party/touchswipe.min.js?ver=1.0 HTTP/1.1" 304 0 "https://fnf.group/" "Mozilla/5.0 (Macintosh; Intel Mac OS X 10_15_7) AppleWebKit/537.36 (KHTML, like Gecko) Chrome/113.0.0.0 Safari/537.36"
35.93.148.182 - - [05/Jul/2025:14:21:39 -0400] "GET /wp-includes/js/imagesloaded.min.js?ver=5.0.0 HTTP/1.1" 200 1687 "https://fnf.group/" "Mozilla/5.0 (Macintosh; Intel Mac OS X 10_15_7) AppleWebKit/537.36 (KHTML, like Gecko) Chrome/113.0.0.0 Safari/537.36"
35.93.148.182 - - [05/Jul/2025:14:21:39 -0400] "GET /wp-content/plugins/js_composer_salient/assets/js/dist/js_composer_front.min.js?ver=6.1 HTTP/1.1" 304 0 "https://fnf.group/" "Mozilla/5.0 (Macintosh; Intel Mac OS X 10_15_7) AppleWebKit/537.36 (KHTML, like Gecko) Chrome/113.0.0.0 Safari/537.36"
35.93.148.182 - - [05/Jul/2025:14:21:40 -0400] "GET /wp-content/plugins/user-submitted-posts/resources/jquery.cookie.js?ver=20250329 HTTP/1.1" 304 0 "https://fnf.group/" "Mozilla/5.0 (Macintosh; Intel Mac OS X 10_15_7) AppleWebKit/537.36 (KHTML, like Gecko) Chrome/113.0.0.0 Safari/537.36"
35.93.148.182 - - [05/Jul/2025:14:21:40 -0400] "GET /wp-content/uploads/2017/04/IMG-20200501-WA0023-800x728.jpg HTTP/1.1" 200 125300 "https://fnf.group/" "Mozilla/5.0 (Macintosh; Intel Mac OS X 10_15_7) AppleWebKit/537.36 (KHTML, like Gecko) Chrome/113.0.0.0 Safari/537.36"
35.93.148.182 - - [05/Jul/2025:14:21:40 -0400] "GET /wp-content/uploads/2020/10/FB_IMG_1603123720232.jpg HTTP/1.1" 200 204034 "https://fnf.group/" "Mozilla/5.0 (Macintosh; Intel Mac OS X 10_15_7) AppleWebKit/537.36 (KHTML, like Gecko) Chrome/113.0.0.0 Safari/537.36"
35.93.148.182 - - [05/Jul/2025:14:21:40 -0400] "GET /wp-content/uploads/2021/03/4D4ECFBD-E665-4E33-8830-3886022D2A47.jpeg HTTP/1.1" 200 1746618 "https://fnf.group/" "Mozilla/5.0 (Macintosh; Intel Mac OS X 10_15_7) AppleWebKit/537.36 (KHTML, like Gecko) Chrome/113.0.0.0 Safari/537.36"
35.93.148.182 - - [05/Jul/2025:14:21:40 -0400] "GET /wp-content/themes/salient/css/fonts/fontawesome-webfont.woff?v=4.2 HTTP/1.1" 200 98024 "https://fnf.group/wp-content/themes/salient/css/font-awesome-legacy.min.css?ver=4.7.1" "Mozilla/5.0 (Macintosh; Intel Mac OS X 10_15_7) AppleWebKit/537.36 (KHTML, like Gecko) Chrome/113.0.0.0 Safari/537.36"
35.93.148.182 - - [05/Jul/2025:14:21:40 -0400] "GET /wp-content/themes/salient/css/fonts/iconsmind.ttf?qnd6ae HTTP/1.1" 200 927440 "https://fnf.group/wp-content/themes/salient/css/iconsmind.css?ver=12.5" "Mozilla/5.0 (Macintosh; Intel Mac OS X 10_15_7) AppleWebKit/537.36 (KHTML, like Gecko) Chrome/113.0.0.0 Safari/537.36"
114.119.135.196 - - [05/Jul/2025:14:21:37 -0400] "GET /2025/06/26/play-free-roulette-a-comprehensive-overview/ HTTP/1.1" 200 20073 "https://fnf.group/author/admin123/page/20/" "Mozilla/5.0 (Linux; Android 7.0;) AppleWebKit/537.36 (KHTML, like Gecko) Mobile Safari/537.36 (compatible; PetalBot;+https://webmaster.petalsearch.com/site/petalbot)"
192.178.6.101 - - [05/Jul/2025:14:22:07 -0400] "GET /?n=86832167468601&channel=438cba&from=jp.php%3Fid%3D1674686-18902%26name%3D%E3%82%B0%E3%83%A9%E3%83%A2%E3%82%A2+%E3%82%AD%E3%83%AC%E3%82%A4de%E3%83%8A%E3%82%A4%E3%83%88%E3%83%96%E3%83%A9+%E3%83%96%E3%83%A9+%E8%82%B2%E4%B9%B3%E3%83%96%E3%83%A9%E3%82%B8%E3%83%A3%E3%83%BC+%E8%82%B2%E4%B9%B3+%E4%B8%8B%E7%9D%80+%E5%A5%B3%E6%80%A7+%E3%83%90%E3%82%B9%E3%83%88 HTTP/1.1" 301 0 "-" "Mozilla/5.0 (Linux; Android 6.0.1; Nexus 5X Build/MMB29P) AppleWebKit/537.36 (KHTML, like Gecko) Chrome/137.0.7151.103 Mobile Safari/537.36 (compatible; Googlebot/2.1; +http://www.google.com/bot.html)"
192.178.6.100 - - [05/Jul/2025:14:22:10 -0400] "GET /?n=86832167468601&channel=438cba&from=jp.php%3Fid%3D1674686-18902%26name%3D%E3%82%B0%E3%83%A9%E3%83%A2%E3%82%A2%20%E3%82%AD%E3%83%AC%E3%82%A4de%E3%83%8A%E3%82%A4%E3%83%88%E3%83%96%E3%83%A9%20%E3%83%96%E3%83%A9%20%E8%82%B2%E4%B9%B3%E3%83%96%E3%83%A9%E3%82%B8%E3%83%A3%E3%83%BC%20%E8%82%B2%E4%B9%B3%20%E4%B8%8B%E7%9D%80%20%E5%A5%B3%E6%80%A7%20%E3%83%90%E3%82%B9%E3%83%88 HTTP/1.1" 200 30582 "-" "Mozilla/5.0 (Linux; Android 6.0.1; Nexus 5X Build/MMB29P) AppleWebKit/537.36 (KHTML, like Gecko) Chrome/137.0.7151.103 Mobile Safari/537.36 (compatible; Googlebot/2.1; +http://www.google.com/bot.html)"
192.178.6.101 - - [05/Jul/2025:14:22:11 -0400] "GET /?n=15575112116101&channel=6311c7&from=news.php%3Fid%3D1121161-11452%26name%3D%E3%82%B4%E3%83%BC%E3%83%AB%E3%83%89%E3%83%95%E3%83%A9%E3%83%AF%E3%83%BC+%E3%83%94%E3%83%B3%E3%82%AF%E3%83%91%E3%83%BC%E3%83%86%E3%82%A3%E3%83%BC%E3%83%98%E3%83%83%E3%83%89%E3%83%89%E3%83%AC%E3%82%B9%E3%82%A6%E3%82%A7%E3%83%87%E3%82%A3%E3%83%B3%E3%82%B0%E9%AB%AA%E9%A3%BE%E3%82%8A%E3%83%96%E3%83%A9%E3%82%A4%E3%83%80%E3%83%AB%E3%83%AD%E3%83%BC%E3%82%BA HTTP/1.1" 301 0 "-" "Mozilla/5.0 (Linux; Android 6.0.1; Nexus 5X Build/MMB29P) AppleWebKit/537.36 (KHTML, like Gecko) Chrome/137.0.7151.103 Mobile Safari/537.36 (compatible; Googlebot/2.1; +http://www.google.com/bot.html)"
192.178.6.101 - - [05/Jul/2025:14:22:12 -0400] "GET /?n=15575112116101&channel=6311c7&from=news.php%3Fid%3D1121161-11452%26name%3D%E3%82%B4%E3%83%BC%E3%83%AB%E3%83%89%E3%83%95%E3%83%A9%E3%83%AF%E3%83%BC%20%E3%83%94%E3%83%B3%E3%82%AF%E3%83%91%E3%83%BC%E3%83%86%E3%82%A3%E3%83%BC%E3%83%98%E3%83%83%E3%83%89%E3%83%89%E3%83%AC%E3%82%B9%E3%82%A6%E3%82%A7%E3%83%87%E3%82%A3%E3%83%B3%E3%82%B0%E9%AB%AA%E9%A3%BE%E3%82%8A%E3%83%96%E3%83%A9%E3%82%A4%E3%83%80%E3%83%AB%E3%83%AD%E3%83%BC%E3%82%BA HTTP/1.1" 200 30573 "-" "Mozilla/5.0 (Linux; Android 6.0.1; Nexus 5X Build/MMB29P) AppleWebKit/537.36 (KHTML, like Gecko) Chrome/137.0.7151.103 Mobile Safari/537.36 (compatible; Googlebot/2.1; +http://www.google.com/bot.html)"
63.250.38.117 - - [05/Jul/2025:14:22:44 -0400] "POST /wp-cron.php?doing_wp_cron=1751739764.0940470695495605468750 HTTP/1.1" 403 1242 "-" "WordPress/6.8.1; https://fnf.group"
114.119.154.189 - - [05/Jul/2025:14:22:41 -0400] "GET /recipes/page/1/ HTTP/1.1" 301 0 "https://fnf.group/recipes/page/26/" "Mozilla/5.0 (Linux; Android 7.0;) AppleWebKit/537.36 (KHTML, like Gecko) Mobile Safari/537.36 (compatible; PetalBot;+https://webmaster.petalsearch.com/site/petalbot)"
114.119.154.189 - - [05/Jul/2025:14:22:50 -0400] "GET /recipes/ HTTP/1.1" 200 14703 "https://fnf.group/recipes/page/26/" "Mozilla/5.0 (Linux; Android 7.0;) AppleWebKit/537.36 (KHTML, like Gecko) Mobile Safari/537.36 (compatible; PetalBot;+https://webmaster.petalsearch.com/site/petalbot)"
192.178.6.100 - - [05/Jul/2025:14:22:57 -0400] "GET /?n=67721158273401&channel=57c200&from=info.php%3Fid%3D1582734-17429%26name%3DNP-W126%E4%BA%92%E6%8F%9B%E3%83%90%E3%83%83%E3%83%86%E3%83%AA%E3%83%BC7.2V+1800mAh%E4%BA%92%E6%8F%9B%E3%83%90%E3%83%83%E3%83%86%E3%83%AA%E3%83%BC+%E5%AF%BE%E5%BF%9C%E6%A9%9F%E7%A8%AE+Fujiflim+X-H1%E3%82%AB%E3%83%A1%E3%83%A9%E3%80%8E%E3%82%AB%E3%83%A1%E3%83%A9%E3%83%AC%E3%83%B3%E3%82%BA%E3%82%AF%E3%83%AA%E3%83%BC%E3%83%8B HTTP/1.1" 301 0 "-" "Mozilla/5.0 (Linux; Android 6.0.1; Nexus 5X Build/MMB29P) AppleWebKit/537.36 (KHTML, like Gecko) Chrome/137.0.7151.103 Mobile Safari/537.36 (compatible; Googlebot/2.1; +http://www.google.com/bot.html)"
192.178.6.100 - - [05/Jul/2025:14:22:57 -0400] "GET /?n=51778154628008&channel=eff5e3&from=news.php%3Fid%3D1546280-12220%26name%3DHOMIES%E3%80%81%E3%83%8F%E3%83%B3%E3%83%89%E3%83%AB%E4%BB%98%E3%81%8D%E3%83%97%E3%83%A9%E3%82%B9%E3%83%81%E3%83%83%E3%82%AF%E4%B8%AD%E7%A9%BA%E3%82%B9%E3%83%88%E3%83%AC%E3%83%BC%E3%82%B8%E3%82%AA%E3%83%BC%E3%82%AC%E3%83%8A%E3%82%A4%E3%82%B6%E3%83%BC%E3%83%90%E3%82%B9%E3%82%B1%E3%83%83%E3%83%88%E3%80%81%E3%82%B7%E3%83%A3%E3%83%AF%E3%83%BC%E3%82%AD%E3%83%A3%E3%83%87%E3%82%A3%E3%83%88%E3%83%BC%E3%83%88%E3%83%9D%E3%83%BC%E3%82%BF%E3%83%96%E3%83%AB%E3%82%B9%E3%83%88%E3%83%AC%E3%83%BC%E3%82%B8%E3%83%93%E3%83%B3%E3%80%81%E3%83%90%E3%82%B9%E3%83%AB HTTP/1.1" 200 30568 "-" "Mozilla/5.0 (Linux; Android 6.0.1; Nexus 5X Build/MMB29P) AppleWebKit/537.36 (KHTML, like Gecko) Chrome/137.0.7151.103 Mobile Safari/537.36 (compatible; Googlebot/2.1; +http://www.google.com/bot.html)"
192.178.6.100 - - [05/Jul/2025:14:22:59 -0400] "GET /?n=67721158273401&channel=57c200&from=info.php%3Fid%3D1582734-17429%26name%3DNP-W126%E4%BA%92%E6%8F%9B%E3%83%90%E3%83%83%E3%83%86%E3%83%AA%E3%83%BC7.2V%201800mAh%E4%BA%92%E6%8F%9B%E3%83%90%E3%83%83%E3%83%86%E3%83%AA%E3%83%BC%20%E5%AF%BE%E5%BF%9C%E6%A9%9F%E7%A8%AE%20Fujiflim%20X-H1%E3%82%AB%E3%83%A1%E3%83%A9%E3%80%8E%E3%82%AB%E3%83%A1%E3%83%A9%E3%83%AC%E3%83%B3%E3%82%BA%E3%82%AF%E3%83%AA%E3%83%BC%E3%83%8B HTTP/1.1" 200 30571 "-" "Mozilla/5.0 (Linux; Android 6.0.1; Nexus 5X Build/MMB29P) AppleWebKit/537.36 (KHTML, like Gecko) Chrome/137.0.7151.103 Mobile Safari/537.36 (compatible; Googlebot/2.1; +http://www.google.com/bot.html)"
141.98.80.161 - - [05/Jul/2025:14:23:08 -0400] "GET /wp-login.php HTTP/1.1" 200 3798 "-" "Mozilla/5.0 (Macintosh; Intel Mac OS X 10_15_7) AppleWebKit/537.36 (KHTML, like Gecko) Chrome/124.0.0.0 Safari/537.36"
43.135.182.43 - - [05/Jul/2025:14:23:10 -0400] "GET / HTTP/1.1" 200 30576 "-" "Mozilla/5.0 (iPhone; CPU iPhone OS 13_2_3 like Mac OS X) AppleWebKit/605.1.15 (KHTML, like Gecko) Version/13.0.3 Mobile/15E148 Safari/604.1"
141.98.80.161 - - [05/Jul/2025:14:23:14 -0400] "GET /wp-login.php?wp_lang=en_US HTTP/1.1" 200 3798 "-" "Mozilla/5.0 (Macintosh; Intel Mac OS X 10_15_7) AppleWebKit/537.36 (KHTML, like Gecko) Chrome/124.0.0.0 Safari/537.36"
141.98.80.161 - - [05/Jul/2025:14:23:19 -0400] "POST /wp-login.php?wp_lang=en_US HTTP/1.1" 302 0 "-" "Mozilla/5.0 (Macintosh; Intel Mac OS X 10_15_7) AppleWebKit/537.36 (KHTML, like Gecko) Chrome/124.0.0.0 Safari/537.36"
141.98.80.161 - - [05/Jul/2025:14:23:25 -0400] "GET /wp-login.php?redirect_to=https%3A%2F%2Ffnf.group%2Fwp-admin%2F&action=confirm_admin_email&wp_lang=en_US HTTP/1.1" 200 3816 "-" "Mozilla/5.0 (Macintosh; Intel Mac OS X 10_15_7) AppleWebKit/537.36 (KHTML, like Gecko) Chrome/124.0.0.0 Safari/537.36"
213.209.150.137 - - [05/Jul/2025:14:23:33 -0400] "POST /wp-login.php?action=register HTTP/1.1" 302 0 "-" "-"
141.98.80.161 - - [05/Jul/2025:14:23:32 -0400] "GET /wp-admin/theme-editor.php HTTP/1.1" 403 965 "-" "Mozilla/5.0 (Macintosh; Intel Mac OS X 10_15_7) AppleWebKit/537.36 (KHTML, like Gecko) Chrome/124.0.0.0 Safari/537.36"
63.250.38.117 - - [05/Jul/2025:14:23:45 -0400] "POST /wp-cron.php?doing_wp_cron=1751739825.5777299404144287109375 HTTP/1.1" 403 1242 "-" "WordPress/6.8.1; https://fnf.group"
213.209.150.137 - - [05/Jul/2025:14:23:43 -0400] "POST /wp-login.php?action=register HTTP/1.1" 302 0 "-" "-"
141.98.80.161 - - [05/Jul/2025:14:23:39 -0400] "GET /wp-admin/plugins.php HTTP/1.1" 200 67875 "-" "Mozilla/5.0 (Macintosh; Intel Mac OS X 10_15_7) AppleWebKit/537.36 (KHTML, like Gecko) Chrome/124.0.0.0 Safari/537.36"
192.178.6.100 - - [05/Jul/2025:14:23:52 -0400] "GET /?n=7815214982303&channel=ceddbd&from=jp.php%3Fid%3D149823-6687%26name%3D%E3%83%9F%E3%83%A9%E3%83%BC%E3%82%AD%E3%83%A3%E3%83%83%E3%83%97+%E7%94%A8+%E3%83%80%E3%82%A4%E3%83%8F%E3%83%84+%E7%94%A8+%E3%83%8F%E3%82%A4%E3%82%BC%E3%83%83%E3%83%88+S100+S110+S120+S130+2007-2014+2+%E5%80%8B+ABS+%E3%82%AF%E3%83%AD%E3%83%BC%E3%83%A0%E3%83%AA HTTP/1.1" 301 0 "-" "Mozilla/5.0 (Linux; Android 6.0.1; Nexus 5X Build/MMB29P) AppleWebKit/537.36 (KHTML, like Gecko) Chrome/137.0.7151.103 Mobile Safari/537.36 (compatible; Googlebot/2.1; +http://www.google.com/bot.html)"
141.98.80.161 - - [05/Jul/2025:14:23:54 -0400] "GET /wp-admin/plugin-editor.php?plugin=all-in-one-wp-migration%2Fall-in-one-wp-migration.php HTTP/1.1" 403 965 "-" "Mozilla/5.0 (Macintosh; Intel Mac OS X 10_15_7) AppleWebKit/537.36 (KHTML, like Gecko) Chrome/124.0.0.0 Safari/537.36"
213.209.150.137 - - [05/Jul/2025:14:23:53 -0400] "POST /wp-login.php?action=register HTTP/1.1" 302 0 "-" "-"
192.178.6.100 - - [05/Jul/2025:14:23:54 -0400] "GET /?n=7815214982303&channel=ceddbd&from=jp.php%3Fid%3D149823-6687%26name%3D%E3%83%9F%E3%83%A9%E3%83%BC%E3%82%AD%E3%83%A3%E3%83%83%E3%83%97%20%E7%94%A8%20%E3%83%80%E3%82%A4%E3%83%8F%E3%83%84%20%E7%94%A8%20%E3%83%8F%E3%82%A4%E3%82%BC%E3%83%83%E3%83%88%20S100%20S110%20S120%20S130%202007-2014%202%20%E5%80%8B%20ABS%20%E3%82%AF%E3%83%AD%E3%83%BC%E3%83%A0%E3%83%AA HTTP/1.1" 200 30573 "-" "Mozilla/5.0 (Linux; Android 6.0.1; Nexus 5X Build/MMB29P) AppleWebKit/537.36 (KHTML, like Gecko) Chrome/137.0.7151.103 Mobile Safari/537.36 (compatible; Googlebot/2.1; +http://www.google.com/bot.html)"
141.98.80.161 - - [05/Jul/2025:14:24:01 -0400] "GET /wp-admin/plugin-editor.php?plugin=classic-editor%2Fclassic-editor.php HTTP/1.1" 403 965 "-" "Mozilla/5.0 (Macintosh; Intel Mac OS X 10_15_7) AppleWebKit/537.36 (KHTML, like Gecko) Chrome/124.0.0.0 Safari/537.36"
141.98.80.161 - - [05/Jul/2025:14:24:05 -0400] "GET /wp-admin/plugin-editor.php?plugin=coming-soon%2Fcoming-soon.php HTTP/1.1" 403 965 "-" "Mozilla/5.0 (Macintosh; Intel Mac OS X 10_15_7) AppleWebKit/537.36 (KHTML, like Gecko) Chrome/124.0.0.0 Safari/537.36"
213.209.150.137 - - [05/Jul/2025:14:24:04 -0400] "POST /wp-login.php?action=register HTTP/1.1" 302 0 "-" "-"
114.119.155.200 - - [05/Jul/2025:14:24:06 -0400] "GET /2025/06/25/il-localizado-completo-sulla-position-book-of-ra-online/ HTTP/1.1" 200 30536 "https://fnf.group/category/recipes/page/15/" "Mozilla/5.0 (Linux; Android 7.0;) AppleWebKit/537.36 (KHTML, like Gecko) Mobile Safari/537.36 (compatible; PetalBot;+https://webmaster.petalsearch.com/site/petalbot)"
141.98.80.161 - - [05/Jul/2025:14:24:11 -0400] "GET /wp-admin/plugin-editor.php?plugin=contact-form-7%2Fcontact-form-7.php HTTP/1.1" 403 965 "-" "Mozilla/5.0 (Macintosh; Intel Mac OS X 10_15_7) AppleWebKit/537.36 (KHTML, like Gecko) Chrome/124.0.0.0 Safari/537.36"
141.98.80.161 - - [05/Jul/2025:14:24:17 -0400] "GET /wp-admin/plugin-editor.php?plugin=delete-all-comments-of-website%2Fdelete-all-comments-of-website.php HTTP/1.1" 403 965 "-" "Mozilla/5.0 (Macintosh; Intel Mac OS X 10_15_7) AppleWebKit/537.36 (KHTML, like Gecko) Chrome/124.0.0.0 Safari/537.36"
213.209.150.137 - - [05/Jul/2025:14:24:17 -0400] "POST /wp-login.php?action=register HTTP/1.1" 302 0 "-" "-"
141.98.80.161 - - [05/Jul/2025:14:24:19 -0400] "GET /wp-admin/plugin-editor.php?plugin=elfsight-instagram-feed-cc%2Felfsight-instagram-feed-cc.php HTTP/1.1" 403 965 "-" "Mozilla/5.0 (Macintosh; Intel Mac OS X 10_15_7) AppleWebKit/537.36 (KHTML, like Gecko) Chrome/124.0.0.0 Safari/537.36"
141.98.80.161 - - [05/Jul/2025:14:24:25 -0400] "GET /wp-admin/plugin-editor.php?plugin=litespeed-cache%2Flitespeed-cache.php HTTP/1.1" 403 965 "-" "Mozilla/5.0 (Macintosh; Intel Mac OS X 10_15_7) AppleWebKit/537.36 (KHTML, like Gecko) Chrome/124.0.0.0 Safari/537.36"
213.209.150.137 - - [05/Jul/2025:14:24:25 -0400] "POST /wp-login.php?action=register HTTP/1.1" 302 0 "-" "-"
141.98.80.161 - - [05/Jul/2025:14:24:29 -0400] "GET /wp-admin/plugin-editor.php?plugin=ninja-forms%2Fninja-forms.php HTTP/1.1" 403 965 "-" "Mozilla/5.0 (Macintosh; Intel Mac OS X 10_15_7) AppleWebKit/537.36 (KHTML, like Gecko) Chrome/124.0.0.0 Safari/537.36"
141.98.80.161 - - [05/Jul/2025:14:24:35 -0400] "GET /wp-admin/plugin-editor.php?plugin=plus-gallery-shared-on-wplocker-com%2Fplus-gallery-shared-on-wplocker-com.php HTTP/1.1" 403 965 "-" "Mozilla/5.0 (Macintosh; Intel Mac OS X 10_15_7) AppleWebKit/537.36 (KHTML, like Gecko) Chrome/124.0.0.0 Safari/537.36"
213.209.150.137 - - [05/Jul/2025:14:24:36 -0400] "POST /wp-login.php?action=register HTTP/1.1" 302 0 "-" "-"
141.98.80.161 - - [05/Jul/2025:14:24:40 -0400] "GET /wp-admin/plugin-editor.php?plugin=salient-core%2Fsalient-core.php HTTP/1.1" 403 965 "-" "Mozilla/5.0 (Macintosh; Intel Mac OS X 10_15_7) AppleWebKit/537.36 (KHTML, like Gecko) Chrome/124.0.0.0 Safari/537.36"
63.250.38.117 - - [05/Jul/2025:14:24:52 -0400] "POST /wp-cron.php?doing_wp_cron=1751739891.8788530826568603515625 HTTP/1.1" 403 1242 "-" "WordPress/6.8.1; https://fnf.group"
141.98.80.161 - - [05/Jul/2025:14:24:47 -0400] "GET /wp-admin/plugin-editor.php?plugin=salient-demo-importer%2Fsalient-demo-importer.php HTTP/1.1" 403 965 "-" "Mozilla/5.0 (Macintosh; Intel Mac OS X 10_15_7) AppleWebKit/537.36 (KHTML, like Gecko) Chrome/124.0.0.0 Safari/537.36"
63.250.38.117 - - [05/Jul/2025:14:24:52 -0400] "POST /wp-cron.php?doing_wp_cron=1751739892.2816538810729980468750 HTTP/1.1" 403 1242 "-" "WordPress/6.8.1; https://fnf.group"
213.209.150.137 - - [05/Jul/2025:14:24:48 -0400] "POST /wp-login.php?action=register HTTP/1.1" 302 0 "-" "-"
141.98.80.161 - - [05/Jul/2025:14:24:55 -0400] "GET /wp-admin/plugin-editor.php?plugin=salient-home-slider%2Fsalient-home-slider.php HTTP/1.1" 403 965 "-" "Mozilla/5.0 (Macintosh; Intel Mac OS X 10_15_7) AppleWebKit/537.36 (KHTML, like Gecko) Chrome/124.0.0.0 Safari/537.36"
192.178.6.100 - - [05/Jul/2025:14:24:56 -0400] "GET /?n=8077115932704&channel=23055f&from=news.php%3Fid%3D159327-370%26name%3DCarb+Fajs+40mm+Dcoe+40DCOE+40+Dcoe+%E3%82%AD%E3%83%A3%E3%83%96%E3%83%AC%E3%82%BF%E3%83%BC+%E3%82%AD%E3%83%A3%E3%83%96%E3%83%AC%E3%82%BF%E3%83%BC%E3%80%81EMPI+Weber+Solex HTTP/1.1" 301 0 "-" "Mozilla/5.0 (Linux; Android 6.0.1; Nexus 5X Build/MMB29P) AppleWebKit/537.36 (KHTML, like Gecko) Chrome/137.0.7151.103 Mobile Safari/537.36 (compatible; Googlebot/2.1; +http://www.google.com/bot.html)"
141.98.80.161 - - [05/Jul/2025:14:24:59 -0400] "GET /wp-admin/plugin-editor.php?plugin=salient-nectar-slider%2Fsalient-nectar-slider.php HTTP/1.1" 403 965 "-" "Mozilla/5.0 (Macintosh; Intel Mac OS X 10_15_7) AppleWebKit/537.36 (KHTML, like Gecko) Chrome/124.0.0.0 Safari/537.36"
192.178.6.100 - - [05/Jul/2025:14:24:58 -0400] "GET /?n=8077115932704&channel=23055f&from=news.php%3Fid%3D159327-370%26name%3DCarb%20Fajs%2040mm%20Dcoe%2040DCOE%2040%20Dcoe%20%E3%82%AD%E3%83%A3%E3%83%96%E3%83%AC%E3%82%BF%E3%83%BC%20%E3%82%AD%E3%83%A3%E3%83%96%E3%83%AC%E3%82%BF%E3%83%BC%E3%80%81EMPI%20Weber%20Solex HTTP/1.1" 200 30569 "-" "Mozilla/5.0 (Linux; Android 6.0.1; Nexus 5X Build/MMB29P) AppleWebKit/537.36 (KHTML, like Gecko) Chrome/137.0.7151.103 Mobile Safari/537.36 (compatible; Googlebot/2.1; +http://www.google.com/bot.html)"
141.98.80.161 - - [05/Jul/2025:14:25:02 -0400] "GET /wp-admin/plugin-editor.php?plugin=salient-portfolio%2Fsalient-portfolio.php HTTP/1.1" 403 965 "-" "Mozilla/5.0 (Macintosh; Intel Mac OS X 10_15_7) AppleWebKit/537.36 (KHTML, like Gecko) Chrome/124.0.0.0 Safari/537.36"
213.209.150.137 - - [05/Jul/2025:14:25:01 -0400] "POST /wp-login.php?action=register HTTP/1.1" 302 0 "-" "-"
141.98.80.161 - - [05/Jul/2025:14:25:07 -0400] "GET /wp-admin/plugin-editor.php?plugin=salient-shortcodes%2Fsalient-shortcodes.php HTTP/1.1" 403 965 "-" "Mozilla/5.0 (Macintosh; Intel Mac OS X 10_15_7) AppleWebKit/537.36 (KHTML, like Gecko) Chrome/124.0.0.0 Safari/537.36"
141.98.80.161 - - [05/Jul/2025:14:25:10 -0400] "GET /wp-admin/plugin-editor.php?plugin=salient-social%2Fsalient-social.php HTTP/1.1" 403 965 "-" "Mozilla/5.0 (Macintosh; Intel Mac OS X 10_15_7) AppleWebKit/537.36 (KHTML, like Gecko) Chrome/124.0.0.0 Safari/537.36"
213.209.150.137 - - [05/Jul/2025:14:25:12 -0400] "POST /wp-login.php?action=register HTTP/1.1" 302 0 "-" "-"
141.98.80.161 - - [05/Jul/2025:14:25:12 -0400] "GET /wp-admin/plugin-editor.php?plugin=salient-widgets%2Fsalient-widgets.php HTTP/1.1" 403 965 "-" "Mozilla/5.0 (Macintosh; Intel Mac OS X 10_15_7) AppleWebKit/537.36 (KHTML, like Gecko) Chrome/124.0.0.0 Safari/537.36"
141.98.80.161 - - [05/Jul/2025:14:25:18 -0400] "GET /wp-admin/plugin-editor.php?plugin=salient-wpbakery-page-builder%2Fsalient-wpbakery-page-builder.php HTTP/1.1" 403 965 "-" "Mozilla/5.0 (Macintosh; Intel Mac OS X 10_15_7) AppleWebKit/537.36 (KHTML, like Gecko) Chrome/124.0.0.0 Safari/537.36"
213.209.150.137 - - [05/Jul/2025:14:25:21 -0400] "POST /wp-login.php?action=register HTTP/1.1" 302 0 "-" "-"
114.119.135.196 - - [05/Jul/2025:14:25:23 -0400] "GET /2025/06/20/thmyl-1xbet-brnmj-apk-akhr-sdr-mjnan-llndrwyd-fy-msr/ HTTP/1.1" 200 28292 "https://fnf.group/2025/06/page/33/" "Mozilla/5.0 (Linux; Android 7.0;) AppleWebKit/537.36 (KHTML, like Gecko) Mobile Safari/537.36 (compatible; PetalBot;+https://webmaster.petalsearch.com/site/petalbot)"
141.98.80.161 - - [05/Jul/2025:14:25:25 -0400] "GET /wp-admin/plugin-editor.php?plugin=nextend-smart-slider3-pro%2Fnextend-smart-slider3-pro.php HTTP/1.1" 403 965 "-" "Mozilla/5.0 (Macintosh; Intel Mac OS X 10_15_7) AppleWebKit/537.36 (KHTML, like Gecko) Chrome/124.0.0.0 Safari/537.36"
141.98.80.161 - - [05/Jul/2025:14:25:31 -0400] "GET /wp-admin/plugin-editor.php?plugin=wpmudev_install-912164%2Fwpmudev_install-912164.php HTTP/1.1" 403 965 "-" "Mozilla/5.0 (Macintosh; Intel Mac OS X 10_15_7) AppleWebKit/537.36 (KHTML, like Gecko) Chrome/124.0.0.0 Safari/537.36"
162.19.67.137 - - [05/Jul/2025:14:25:37 -0400] "POST /xmlrpc.php HTTP/1.1" 403 1242 "https://fnf.group" "Mozilla/5.0 (Windows NT 10.0; Win64; x64; rv:129.0) Gecko/20100101 Firefox/129.0"
213.209.150.137 - - [05/Jul/2025:14:25:33 -0400] "POST /wp-login.php?action=register HTTP/1.1" 302 0 "-" "-"
141.98.80.161 - - [05/Jul/2025:14:25:36 -0400] "GET /wp-admin/plugin-editor.php?plugin=user-submitted-posts%2Fuser-submitted-posts.php HTTP/1.1" 403 965 "-" "Mozilla/5.0 (Macintosh; Intel Mac OS X 10_15_7) AppleWebKit/537.36 (KHTML, like Gecko) Chrome/124.0.0.0 Safari/537.36"
162.19.67.137 - - [05/Jul/2025:14:25:38 -0400] "POST /wp-login.php HTTP/1.1" 200 3954 "https://fnf.group" "Mozilla/5.0 (Windows NT 10.0; Win64; x64) AppleWebKit/537.36 (KHTML, like Gecko) Chrome/112.0.5615.138 Safari/537.36"
141.98.80.161 - - [05/Jul/2025:14:25:43 -0400] "GET /wp-admin/plugin-editor.php?plugin=w3-total-cache%2Fw3-total-cache.php HTTP/1.1" 403 965 "-" "Mozilla/5.0 (Macintosh; Intel Mac OS X 10_15_7) AppleWebKit/537.36 (KHTML, like Gecko) Chrome/124.0.0.0 Safari/537.36"
213.209.150.137 - - [05/Jul/2025:14:25:44 -0400] "POST /wp-login.php?action=register HTTP/1.1" 302 0 "-" "-"
141.98.80.161 - - [05/Jul/2025:14:25:46 -0400] "GET /wp-admin/plugin-editor.php?plugin=wordpress-importer%2Fwordpress-importer.php HTTP/1.1" 403 965 "-" "Mozilla/5.0 (Macintosh; Intel Mac OS X 10_15_7) AppleWebKit/537.36 (KHTML, like Gecko) Chrome/124.0.0.0 Safari/537.36"
63.250.38.117 - - [05/Jul/2025:14:25:53 -0400] "POST /wp-cron.php?doing_wp_cron=1751739953.1397879123687744140625 HTTP/1.1" 403 1242 "-" "WordPress/6.8.1; https://fnf.group"
141.98.80.161 - - [05/Jul/2025:14:25:52 -0400] "GET /wp-admin/plugin-editor.php?plugin=wp-reset%2Fwp-reset.php HTTP/1.1" 403 965 "-" "Mozilla/5.0 (Macintosh; Intel Mac OS X 10_15_7) AppleWebKit/537.36 (KHTML, like Gecko) Chrome/124.0.0.0 Safari/537.36"
141.98.80.161 - - [05/Jul/2025:14:25:54 -0400] "GET /wp-admin/plugin-editor.php?plugin=wpforms%2Fwpforms.php HTTP/1.1" 403 965 "-" "Mozilla/5.0 (Macintosh; Intel Mac OS X 10_15_7) AppleWebKit/537.36 (KHTML, like Gecko) Chrome/124.0.0.0 Safari/537.36"
213.209.150.137 - - [05/Jul/2025:14:25:53 -0400] "POST /wp-login.php?action=register HTTP/1.1" 302 0 "-" "-"
141.98.80.161 - - [05/Jul/2025:14:25:58 -0400] "GET /wp-admin/plugin-editor.php?plugin=wpmudev_install-119%2Fwpmudev_install-119.php HTTP/1.1" 403 965 "-" "Mozilla/5.0 (Macintosh; Intel Mac OS X 10_15_7) AppleWebKit/537.36 (KHTML, like Gecko) Chrome/124.0.0.0 Safari/537.36"
192.178.6.100 - - [05/Jul/2025:14:25:59 -0400] "GET /?n=13985134513404&channel=a8c161&from=shared.php%3Fid%3D1345134-3648%26name%3DSALE+LED%E6%8A%95%E5%85%89%E5%99%A8+30W+300W%E7%9B%B8%E5%BD%93+COB%E3%82%BF%E3%82%A4%E3%83%97+%E9%9B%BB%E7%90%83%E8%89%B2+%E6%98%BC%E5%85%89%E8%89%B2+3000lm+%E3%82%A2%E3%82%A6%E3%83%88%E3%83%89%E3%82%A2+%E3%83%87%E3%82%A3%E3%82%B9%E3%83%97%E3%83%AC%E3%82%A4%E7%94%A8+%E9%9B%86%E9%AD%9A%E7%81%AF+%E5%B1%8B%E5%A4%96%E7%85%A7%E6%98%8E+%E9%98%B2%E6%B0%B4+%E3%83%A9%E3%82%A4%E3%83%88%E3%82%A2%E3%83%83%E3%83%97+%E4%B8%80%E5%B9%B4%E4%BF%9D%E8%A8%BC+CO30 HTTP/1.1" 301 0 "-" "Mozilla/5.0 (Linux; Android 6.0.1; Nexus 5X Build/MMB29P) AppleWebKit/537.36 (KHTML, like Gecko) Chrome/137.0.7151.103 Mobile Safari/537.36 (compatible; Googlebot/2.1; +http://www.google.com/bot.html)"
154.196.89.142 - - [05/Jul/2025:14:25:58 -0400] "GET /2021/03/21/fondant-orange-cake-by-chanda-arshad/ HTTP/1.1" 200 19210 "https://fnf.group/2021/03/21/fondant-orange-cake-by-chanda-arshad/#comment-37910" "Mozilla/5.0 (Windows NT 10.0; Win64; x64) AppleWebKit/537.36 (KHTML, like Gecko) Chrome/131.0.0.0 Safari/537.36 Avast/131.0.0.0"
154.196.89.142 - - [05/Jul/2025:14:26:04 -0400] "POST /wp-comments-post.php HTTP/1.1" 403 1242 "https://fnf.group/2021/03/21/fondant-orange-cake-by-chanda-arshad/#comment-37910" "Mozilla/5.0 (Windows NT 10.0; Win64; x64) AppleWebKit/537.36 (KHTML, like Gecko) Chrome/131.0.0.0 Safari/537.36 Avast/131.0.0.0"
192.178.6.100 - - [05/Jul/2025:14:26:02 -0400] "GET /?n=13985134513404&channel=a8c161&from=shared.php%3Fid%3D1345134-3648%26name%3DSALE%20LED%E6%8A%95%E5%85%89%E5%99%A8%2030W%20300W%E7%9B%B8%E5%BD%93%20COB%E3%82%BF%E3%82%A4%E3%83%97%20%E9%9B%BB%E7%90%83%E8%89%B2%20%E6%98%BC%E5%85%89%E8%89%B2%203000lm%20%E3%82%A2%E3%82%A6%E3%83%88%E3%83%89%E3%82%A2%20%E3%83%87%E3%82%A3%E3%82%B9%E3%83%97%E3%83%AC%E3%82%A4%E7%94%A8%20%E9%9B%86%E9%AD%9A%E7%81%AF%20%E5%B1%8B%E5%A4%96%E7%85%A7%E6%98%8E%20%E9%98%B2%E6%B0%B4%20%E3%83%A9%E3%82%A4%E3%83%88%E3%82%A2%E3%83%83%E3%83%97%20%E4%B8%80%E5%B9%B4%E4%BF%9D%E8%A8%BC%20CO30 HTTP/1.1" 200 30572 "-" "Mozilla/5.0 (Linux; Android 6.0.1; Nexus 5X Build/MMB29P) AppleWebKit/537.36 (KHTML, like Gecko) Chrome/137.0.7151.103 Mobile Safari/537.36 (compatible; Googlebot/2.1; +http://www.google.com/bot.html)"
213.209.150.137 - - [05/Jul/2025:14:26:03 -0400] "POST /wp-login.php?action=register HTTP/1.1" 302 0 "-" "-"
141.98.80.161 - - [05/Jul/2025:14:26:12 -0400] "GET /wp-admin/plugin-editor.php?plugin=yoast-seo-premium%2Fyoast-seo-premium.php HTTP/1.1" 403 965 "-" "Mozilla/5.0 (Macintosh; Intel Mac OS X 10_15_7) AppleWebKit/537.36 (KHTML, like Gecko) Chrome/124.0.0.0 Safari/537.36"
141.98.80.161 - - [05/Jul/2025:14:26:17 -0400] "GET /wp-login.php?wp_lang=en_US HTTP/1.1" 200 3798 "-" "Mozilla/5.0 (Macintosh; Intel Mac OS X 10_15_7) AppleWebKit/537.36 (KHTML, like Gecko) Chrome/124.0.0.0 Safari/537.36"
141.98.80.161 - - [05/Jul/2025:14:26:21 -0400] "POST /wp-login.php?wp_lang=en_US HTTP/1.1" 302 0 "-" "Mozilla/5.0 (Macintosh; Intel Mac OS X 10_15_7) AppleWebKit/537.36 (KHTML, like Gecko) Chrome/124.0.0.0 Safari/537.36"
141.98.80.161 - - [05/Jul/2025:14:26:25 -0400] "GET /wp-login.php?redirect_to=https%3A%2F%2Ffnf.group%2Fwp-admin%2F&action=confirm_admin_email&wp_lang=en_US HTTP/1.1" 200 3814 "-" "Mozilla/5.0 (Macintosh; Intel Mac OS X 10_15_7) AppleWebKit/537.36 (KHTML, like Gecko) Chrome/124.0.0.0 Safari/537.36"
141.98.80.161 - - [05/Jul/2025:14:26:29 -0400] "GET /wp-admin/theme-editor.php HTTP/1.1" 403 965 "-" "Mozilla/5.0 (Macintosh; Intel Mac OS X 10_15_7) AppleWebKit/537.36 (KHTML, like Gecko) Chrome/124.0.0.0 Safari/537.36"
141.98.80.161 - - [05/Jul/2025:14:26:35 -0400] "GET /wp-admin/plugins.php HTTP/1.1" 200 67837 "-" "Mozilla/5.0 (Macintosh; Intel Mac OS X 10_15_7) AppleWebKit/537.36 (KHTML, like Gecko) Chrome/124.0.0.0 Safari/537.36"
114.119.131.93 - - [05/Jul/2025:14:26:41 -0400] "GET /2020/09/02/masaala-raan-by-muniza-adnan HTTP/1.1" 301 0 "https://fnf.group/category/featured/page/15" "Mozilla/5.0 (Linux; Android 7.0;) AppleWebKit/537.36 (KHTML, like Gecko) Mobile Safari/537.36 (compatible; PetalBot;+https://webmaster.petalsearch.com/site/petalbot)"
141.98.80.161 - - [05/Jul/2025:14:26:42 -0400] "GET /wp-admin/plugin-editor.php?plugin=all-in-one-wp-migration%2Fall-in-one-wp-migration.php HTTP/1.1" 403 965 "-" "Mozilla/5.0 (Macintosh; Intel Mac OS X 10_15_7) AppleWebKit/537.36 (KHTML, like Gecko) Chrome/124.0.0.0 Safari/537.36"
18.246.164.178 - - [05/Jul/2025:14:26:47 -0400] "GET / HTTP/1.1" 200 30572 "-" "Mozilla/5.0 (Windows NT 10.0; Win64; x64) AppleWebKit/537.36 (KHTML, like Gecko) Chrome/70.0.3538.102 Safari/537.36 Edge/18.19582"
63.250.38.117 - - [05/Jul/2025:14:26:53 -0400] "POST /wp-cron.php?doing_wp_cron=1751740013.3792340755462646484375 HTTP/1.1" 403 1242 "-" "WordPress/6.8.1; https://fnf.group"
141.98.80.161 - - [05/Jul/2025:14:26:49 -0400] "GET /wp-admin/plugin-editor.php?plugin=classic-editor%2Fclassic-editor.php HTTP/1.1" 403 965 "-" "Mozilla/5.0 (Macintosh; Intel Mac OS X 10_15_7) AppleWebKit/537.36 (KHTML, like Gecko) Chrome/124.0.0.0 Safari/537.36"
63.250.38.117 - - [05/Jul/2025:14:26:55 -0400] "POST /wp-cron.php?doing_wp_cron=1751740015.3804249763488769531250 HTTP/1.1" 403 1242 "-" "WordPress/6.8.1; https://fnf.group"
114.119.131.93 - - [05/Jul/2025:14:26:52 -0400] "GET /2020/09/02/masaala-raan-by-muniza-adnan/ HTTP/1.1" 200 18459 "https://fnf.group/category/featured/page/15" "Mozilla/5.0 (Linux; Android 7.0;) AppleWebKit/537.36 (KHTML, like Gecko) Mobile Safari/537.36 (compatible; PetalBot;+https://webmaster.petalsearch.com/site/petalbot)"
141.98.80.161 - - [05/Jul/2025:14:26:55 -0400] "GET /wp-admin/plugin-editor.php?plugin=coming-soon%2Fcoming-soon.php HTTP/1.1" 403 965 "-" "Mozilla/5.0 (Macintosh; Intel Mac OS X 10_15_7) AppleWebKit/537.36 (KHTML, like Gecko) Chrome/124.0.0.0 Safari/537.36"
141.98.80.161 - - [05/Jul/2025:14:27:01 -0400] "GET /wp-admin/plugin-editor.php?plugin=contact-form-7%2Fcontact-form-7.php HTTP/1.1" 403 965 "-" "Mozilla/5.0 (Macintosh; Intel Mac OS X 10_15_7) AppleWebKit/537.36 (KHTML, like Gecko) Chrome/124.0.0.0 Safari/537.36"
192.178.6.102 - - [05/Jul/2025:14:27:02 -0400] "GET /?n=2409351947000&channel=16032a&from=news.php%3Fid%3D519470-12727%26name%3D%E3%80%90%E4%B8%AD%E5%8F%A4%E3%80%91%28%E6%9C%AA%E4%BD%BF%E7%94%A8%EF%BD%A5%E6%9C%AA%E9%96%8B%E5%B0%81%E5%93%81%29MG+1%2F100+MS-06R-2+%E3%82%AE%E3%83%A3%E3%83%93%E3%83%BC%E3%83%BB%E3%83%8F%E3%82%B6%E3%83%BC%E3%83%89%E5%B0%82%E7%94%A8%E3%82%B6%E3%82%AFII+%E3%83%97%E3%83%A9%E3%83%A2%E3%83%87%E3%83%AB%EF%BC%88%E3%83%97%E3%83%AC%E3%83%9F%E3%82%A2%E3%83%A0%E3%83%90%E3%83%B3%E3%83%80%E3%82%A4%E9%99%90%E5%AE%9A%EF%BC%89 HTTP/1.1" 301 0 "-" "Mozilla/5.0 (Linux; Android 6.0.1; Nexus 5X Build/MMB29P) AppleWebKit/537.36 (KHTML, like Gecko) Chrome/137.0.7151.103 Mobile Safari/537.36 (compatible; Googlebot/2.1; +http://www.google.com/bot.html)"
192.178.6.101 - - [05/Jul/2025:14:27:05 -0400] "GET /?n=2409351947000&channel=16032a&from=news.php%3Fid%3D519470-12727%26name%3D%E3%80%90%E4%B8%AD%E5%8F%A4%E3%80%91%28%E6%9C%AA%E4%BD%BF%E7%94%A8%EF%BD%A5%E6%9C%AA%E9%96%8B%E5%B0%81%E5%93%81%29MG%201%2F100%20MS-06R-2%20%E3%82%AE%E3%83%A3%E3%83%93%E3%83%BC%E3%83%BB%E3%83%8F%E3%82%B6%E3%83%BC%E3%83%89%E5%B0%82%E7%94%A8%E3%82%B6%E3%82%AFII%20%E3%83%97%E3%83%A9%E3%83%A2%E3%83%87%E3%83%AB%EF%BC%88%E3%83%97%E3%83%AC%E3%83%9F%E3%82%A2%E3%83%A0%E3%83%90%E3%83%B3%E3%83%80%E3%82%A4%E9%99%90%E5%AE%9A%EF%BC%89 HTTP/1.1" 200 30566 "-" "Mozilla/5.0 (Linux; Android 6.0.1; Nexus 5X Build/MMB29P) AppleWebKit/537.36 (KHTML, like Gecko) Chrome/137.0.7151.103 Mobile Safari/537.36 (compatible; Googlebot/2.1; +http://www.google.com/bot.html)"
141.98.80.161 - - [05/Jul/2025:14:27:07 -0400] "GET /wp-admin/plugin-editor.php?plugin=delete-all-comments-of-website%2Fdelete-all-comments-of-website.php HTTP/1.1" 403 965 "-" "Mozilla/5.0 (Macintosh; Intel Mac OS X 10_15_7) AppleWebKit/537.36 (KHTML, like Gecko) Chrome/124.0.0.0 Safari/537.36"
141.98.80.161 - - [05/Jul/2025:14:27:13 -0400] "GET /wp-admin/plugin-editor.php?plugin=elfsight-instagram-feed-cc%2Felfsight-instagram-feed-cc.php HTTP/1.1" 403 965 "-" "Mozilla/5.0 (Macintosh; Intel Mac OS X 10_15_7) AppleWebKit/537.36 (KHTML, like Gecko) Chrome/124.0.0.0 Safari/537.36"
141.98.80.161 - - [05/Jul/2025:14:27:17 -0400] "GET /wp-admin/plugin-editor.php?plugin=litespeed-cache%2Flitespeed-cache.php HTTP/1.1" 403 965 "-" "Mozilla/5.0 (Macintosh; Intel Mac OS X 10_15_7) AppleWebKit/537.36 (KHTML, like Gecko) Chrome/124.0.0.0 Safari/537.36"
141.98.80.161 - - [05/Jul/2025:14:27:23 -0400] "GET /wp-admin/plugin-editor.php?plugin=ninja-forms%2Fninja-forms.php HTTP/1.1" 403 965 "-" "Mozilla/5.0 (Macintosh; Intel Mac OS X 10_15_7) AppleWebKit/537.36 (KHTML, like Gecko) Chrome/124.0.0.0 Safari/537.36"
141.98.80.161 - - [05/Jul/2025:14:27:29 -0400] "GET /wp-admin/plugin-editor.php?plugin=plus-gallery-shared-on-wplocker-com%2Fplus-gallery-shared-on-wplocker-com.php HTTP/1.1" 403 965 "-" "Mozilla/5.0 (Macintosh; Intel Mac OS X 10_15_7) AppleWebKit/537.36 (KHTML, like Gecko) Chrome/124.0.0.0 Safari/537.36"
141.98.80.161 - - [05/Jul/2025:14:27:36 -0400] "GET /wp-admin/plugin-editor.php?plugin=salient-core%2Fsalient-core.php HTTP/1.1" 403 965 "-" "Mozilla/5.0 (Macintosh; Intel Mac OS X 10_15_7) AppleWebKit/537.36 (KHTML, like Gecko) Chrome/124.0.0.0 Safari/537.36"
141.98.80.161 - - [05/Jul/2025:14:27:42 -0400] "GET /wp-admin/plugin-editor.php?plugin=salient-demo-importer%2Fsalient-demo-importer.php HTTP/1.1" 403 965 "-" "Mozilla/5.0 (Macintosh; Intel Mac OS X 10_15_7) AppleWebKit/537.36 (KHTML, like Gecko) Chrome/124.0.0.0 Safari/537.36"
141.98.80.161 - - [05/Jul/2025:14:27:48 -0400] "GET /wp-admin/plugin-editor.php?plugin=salient-home-slider%2Fsalient-home-slider.php HTTP/1.1" 403 965 "-" "Mozilla/5.0 (Macintosh; Intel Mac OS X 10_15_7) AppleWebKit/537.36 (KHTML, like Gecko) Chrome/124.0.0.0 Safari/537.36"
141.98.80.161 - - [05/Jul/2025:14:27:52 -0400] "GET /wp-admin/plugin-editor.php?plugin=salient-nectar-slider%2Fsalient-nectar-slider.php HTTP/1.1" 403 965 "-" "Mozilla/5.0 (Macintosh; Intel Mac OS X 10_15_7) AppleWebKit/537.36 (KHTML, like Gecko) Chrome/124.0.0.0 Safari/537.36"
63.250.38.117 - - [05/Jul/2025:14:27:57 -0400] "POST /wp-cron.php?doing_wp_cron=1751740076.9154169559478759765625 HTTP/1.1" 403 1242 "-" "WordPress/6.8.1; https://fnf.group"
141.98.80.161 - - [05/Jul/2025:14:27:55 -0400] "GET /wp-admin/plugin-editor.php?plugin=salient-portfolio%2Fsalient-portfolio.php HTTP/1.1" 403 965 "-" "Mozilla/5.0 (Macintosh; Intel Mac OS X 10_15_7) AppleWebKit/537.36 (KHTML, like Gecko) Chrome/124.0.0.0 Safari/537.36"
141.98.80.161 - - [05/Jul/2025:14:27:59 -0400] "GET /wp-admin/plugin-editor.php?plugin=salient-shortcodes%2Fsalient-shortcodes.php HTTP/1.1" 403 965 "-" "Mozilla/5.0 (Macintosh; Intel Mac OS X 10_15_7) AppleWebKit/537.36 (KHTML, like Gecko) Chrome/124.0.0.0 Safari/537.36"
141.98.80.161 - - [05/Jul/2025:14:28:04 -0400] "GET /wp-admin/plugin-editor.php?plugin=salient-social%2Fsalient-social.php HTTP/1.1" 403 965 "-" "Mozilla/5.0 (Macintosh; Intel Mac OS X 10_15_7) AppleWebKit/537.36 (KHTML, like Gecko) Chrome/124.0.0.0 Safari/537.36"
192.178.6.100 - - [05/Jul/2025:14:28:06 -0400] "GET /?n=79756103425100&channel=1e1e5d&from=goods.php%3Fid%3D1034251-11859%26name%3D%E3%80%90%E4%BB%8A%E3%81%A0%E3%81%91%E3%81%AE%E7%A0%B4%E6%A0%BC%21%3F%E3%80%91%E3%83%87%E3%83%8B%E3%83%A0%E3%82%B8%E3%83%A3%E3%82%B1%E3%83%83%E3%83%88+G%E3%82%B8%E3%83%A3%E3%83%B3 HTTP/1.1" 301 0 "-" "Mozilla/5.0 (Linux; Android 6.0.1; Nexus 5X Build/MMB29P) AppleWebKit/537.36 (KHTML, like Gecko) Chrome/137.0.7151.103 Mobile Safari/537.36 (compatible; Googlebot/2.1; +http://www.google.com/bot.html)"
141.98.80.161 - - [05/Jul/2025:14:28:10 -0400] "GET /wp-admin/plugin-editor.php?plugin=salient-widgets%2Fsalient-widgets.php HTTP/1.1" 403 965 "-" "Mozilla/5.0 (Macintosh; Intel Mac OS X 10_15_7) AppleWebKit/537.36 (KHTML, like Gecko) Chrome/124.0.0.0 Safari/537.36"
192.178.6.101 - - [05/Jul/2025:14:28:09 -0400] "GET /?n=79756103425100&channel=1e1e5d&from=goods.php%3Fid%3D1034251-11859%26name%3D%E3%80%90%E4%BB%8A%E3%81%A0%E3%81%91%E3%81%AE%E7%A0%B4%E6%A0%BC%21%3F%E3%80%91%E3%83%87%E3%83%8B%E3%83%A0%E3%82%B8%E3%83%A3%E3%82%B1%E3%83%83%E3%83%88%20G%E3%82%B8%E3%83%A3%E3%83%B3 HTTP/1.1" 200 30568 "-" "Mozilla/5.0 (Linux; Android 6.0.1; Nexus 5X Build/MMB29P) AppleWebKit/537.36 (KHTML, like Gecko) Chrome/137.0.7151.103 Mobile Safari/537.36 (compatible; Googlebot/2.1; +http://www.google.com/bot.html)"
141.98.80.161 - - [05/Jul/2025:14:28:16 -0400] "GET /wp-admin/plugin-editor.php?plugin=salient-wpbakery-page-builder%2Fsalient-wpbakery-page-builder.php HTTP/1.1" 403 965 "-" "Mozilla/5.0 (Macintosh; Intel Mac OS X 10_15_7) AppleWebKit/537.36 (KHTML, like Gecko) Chrome/124.0.0.0 Safari/537.36"
141.98.80.161 - - [05/Jul/2025:14:28:25 -0400] "GET /wp-admin/plugin-editor.php?plugin=nextend-smart-slider3-pro%2Fnextend-smart-slider3-pro.php HTTP/1.1" 403 965 "-" "Mozilla/5.0 (Macintosh; Intel Mac OS X 10_15_7) AppleWebKit/537.36 (KHTML, like Gecko) Chrome/124.0.0.0 Safari/537.36"
141.98.80.161 - - [05/Jul/2025:14:28:34 -0400] "GET /wp-admin/plugin-editor.php?plugin=wpmudev_install-912164%2Fwpmudev_install-912164.php HTTP/1.1" 403 965 "-" "Mozilla/5.0 (Macintosh; Intel Mac OS X 10_15_7) AppleWebKit/537.36 (KHTML, like Gecko) Chrome/124.0.0.0 Safari/537.36"
141.98.80.161 - - [05/Jul/2025:14:28:36 -0400] "GET /wp-admin/plugin-editor.php?plugin=user-submitted-posts%2Fuser-submitted-posts.php HTTP/1.1" 403 965 "-" "Mozilla/5.0 (Macintosh; Intel Mac OS X 10_15_7) AppleWebKit/537.36 (KHTML, like Gecko) Chrome/124.0.0.0 Safari/537.36"
141.98.80.161 - - [05/Jul/2025:14:28:41 -0400] "GET /wp-admin/plugin-editor.php?plugin=w3-total-cache%2Fw3-total-cache.php HTTP/1.1" 403 965 "-" "Mozilla/5.0 (Macintosh; Intel Mac OS X 10_15_7) AppleWebKit/537.36 (KHTML, like Gecko) Chrome/124.0.0.0 Safari/537.36"
141.98.80.161 - - [05/Jul/2025:14:28:49 -0400] "GET /wp-admin/plugin-editor.php?plugin=wordpress-importer%2Fwordpress-importer.php HTTP/1.1" 403 965 "-" "Mozilla/5.0 (Macintosh; Intel Mac OS X 10_15_7) AppleWebKit/537.36 (KHTML, like Gecko) Chrome/124.0.0.0 Safari/537.36"
141.98.80.161 - - [05/Jul/2025:14:28:53 -0400] "GET /wp-admin/plugin-editor.php?plugin=wp-reset%2Fwp-reset.php HTTP/1.1" 403 965 "-" "Mozilla/5.0 (Macintosh; Intel Mac OS X 10_15_7) AppleWebKit/537.36 (KHTML, like Gecko) Chrome/124.0.0.0 Safari/537.36"
63.250.38.117 - - [05/Jul/2025:14:29:05 -0400] "POST /wp-cron.php?doing_wp_cron=1751740145.7855379581451416015625 HTTP/1.1" 403 1242 "-" "WordPress/6.8.1; https://fnf.group"
