192.178.6.103 - - [05/Jul/2025:13:59:38 -0400] "GET /?n=37970107148000&channel=f649ef&from=blog.php%3Fid%3D1071480-21557%26name%3D6%E5%80%8B%20%E7%84%A1%E5%9E%A2%E6%9D%90%E3%81%AE%E3%83%89%E3%82%A2%20DIY%E8%A3%85%E9%A3%BE%20DIY%E3%81%AE%E8%A3%85%E9%A3%BE%20%E5%AE%B6%E5%85%B7%E7%94%A8%E3%81%AE%E6%9C%A8%E8%A3%BD%E3%82%A2%E3%83%83%E3%83%97%E3%83%AA%E3%82%B1%20%E6%9C%A8%E8%A3%BD%E3%82%A2%E3%83%B3%E3%83%AC%E3%83%BC%20%E3%82%A2%E3%83%83%E3%83%97%E3%83%AA%E3%82%B1%20%E6%9C%A8%E5%BD%AB%E3%82%8A%E3%83%87%E3%82%AB%E3%83%BC%E3%83%AB%20%E6%9C%A8%E5%BD%AB%E3%82%8A%E3%81%AE%E8%A3%85%E9%A3%BE%E5%93%81%20%E6%9C%A8%E5%BD%AB HTTP/1.1" 200 30566 "-" "Mozilla/5.0 (Linux; Android 6.0.1; Nexus 5X Build/MMB29P) AppleWebKit/537.36 (KHTML, like Gecko) Chrome/137.0.7151.103 Mobile Safari/537.36 (compatible; Googlebot/2.1; +http://www.google.com/bot.html)"
2a03:2880:15ff:72:: - - [05/Jul/2025:14:00:07 -0400] "GET /wp-content/uploads/2020/10/04C87B8E-C228-439C-9138-26E31F8FC883-802x1024.jpeg HTTP/1.1" 200 107794 "-" "facebookexternalhit/1.1 (+http://www.facebook.com/externalhit_uatext.php)"
192.178.6.103 - - [05/Jul/2025:14:02:16 -0400] "GET /?n=3006911463903&channel=d8e8ee&from=article.php%3Fid%3D114639-8018%26name%3D%E5%B1%8B%E5%86%85%E5%99%B4%E6%B0%B4%E5%8D%93%E4%B8%8A%E5%99%B4%E6%B0%B4%20%E5%89%B5%E9%80%A0%E7%9A%84%E3%81%AA%E6%B5%81%E6%B0%B4%E5%99%B4%E6%B0%B4%E9%A2%A8%E6%99%AF%E3%83%A9%E3%83%83%E3%82%AD%E3%83%BC%E3%83%87%E3%82%B9%E3%82%AF%E3%83%88%E3%83%83%E3%83%97%E8%A3%85%E9%A3%BE%E5%AE%B6%E3%81%AE%E3%83%AA%E3%83%93%E3%83%B3%E3%82%B0%E3%83%AB%E3%83%BC%E3%83%A0%E3%81%AE%E8%A3%85%E9%A3%BE%E3%82%AA%E3%83%95%E3%82%A3%E3%82%B9%E3%81%AE%E8%A3%85%E9%A3%BE%20%E5%AE%B6%E3%81%AE%E5%AF%9D%E5%AE%A4%E3%81%AE%E3%82%AA%E3%83%95%E3%82%A3%E3%82%B9%E3%81%AE%E8%A3%85%E9%A3%BE%E3%81%AE%E3%81%9F%E3%82%81 HTTP/1.1" 200 30566 "-" "Mozilla/5.0 (Linux; Android 6.0.1; Nexus 5X Build/MMB29P) AppleWebKit/537.36 (KHTML, like Gecko) Chrome/137.0.7151.103 Mobile Safari/537.36 (compatible; Googlebot/2.1; +http://www.google.com/bot.html)"
63.250.38.117 - - [05/Jul/2025:14:02:47 -0400] "POST /wp-cron.php?doing_wp_cron=1751738566.9964780807495117187500 HTTP/1.1" 403 1242 "-" "WordPress/6.8.1; https://fnf.group"
192.178.6.101 - - [05/Jul/2025:14:02:46 -0400] "GET /?n=0009730092013&channel=121b74&from=product.php%3Fid%3D300920-13839%26name%3D%E3%83%87%E3%82%A3%E3%82%BA%E3%83%8B%E3%83%BC%E3%83%BB%E3%83%9B%E3%83%BC%E3%83%B3%E3%83%86%E3%83%83%E3%83%89%E3%83%9E%E3%83%B3%E3%82%B7%E3%83%A7%E3%83%B3%E3%83%BB%E3%83%9B%E3%83%AA%E3%83%87%E3%83%BC%E3%83%8A%E3%82%A4%E3%83%88%E3%83%A1%E3%82%A2%E3%83%BB%E3%82%AA%E3%83%AB%E3%82%B4%E3%83%BC%E3%83%AB HTTP/1.1" 200 30568 "-" "Mozilla/5.0 (Linux; Android 6.0.1; Nexus 5X Build/MMB29P) AppleWebKit/537.36 (KHTML, like Gecko) Chrome/137.0.7151.103 Mobile Safari/537.36 (compatible; Googlebot/2.1; +http://www.google.com/bot.html)"
63.250.38.117 - - [05/Jul/2025:14:04:48 -0400] "POST /wp-cron.php?doing_wp_cron=1751738688.0869839191436767578125 HTTP/1.1" 403 1242 "-" "WordPress/6.8.1; https://fnf.group"
63.250.38.117 - - [05/Jul/2025:14:04:48 -0400] "POST /wp-cron.php?doing_wp_cron=1751738688.0690059661865234375000 HTTP/1.1" 403 1242 "-" "WordPress/6.8.1; https://fnf.group"
192.178.6.101 - - [05/Jul/2025:14:04:34 -0400] "GET /?n=70141153961500&channel=7e7505&from=shop.php%3Fid%3D1539615-3646%26name%3D%E8%87%AA%E9%87%8D%E5%A0%82+%E5%88%B6%E6%9C%8D%E7%99%BE%E7%A7%91+Jawin+%E3%82%B8%E3%83%A3%E3%82%A6%E3%82%A3%E3%83%B3+%E7%A9%BA%E8%AA%BF%E6%9C%8D+%E9%95%B7%E8%A2%96%E3%83%96%E3%83%AB%E3%82%BE%E3%83%B3+S+M+L+LL+%E3%82%B8%E3%83%A3%E3%82%B1%E3%83%83%E3%83%88+%E7%86%B1%E4%B8%AD%E7%97%87%E5%AF%BE%E7%AD%96+%E7%B6%BF100%EF%BC%85+shk-87050+%E5%AE%85%E9%85%8D%E3%81%AE%E3%81%BF HTTP/1.1" 301 0 "-" "Mozilla/5.0 (Linux; Android 6.0.1; Nexus 5X Build/MMB29P) AppleWebKit/537.36 (KHTML, like Gecko) Chrome/137.0.7151.103 Mobile Safari/537.36 (compatible; Googlebot/2.1; +http://www.google.com/bot.html)"
192.178.6.102 - - [05/Jul/2025:14:04:31 -0400] "GET /?n=9148884878902&channel=4bf387&from=article.php%3Fid%3D848789-17012%26name%3D%E3%82%B8%E3%83%AC%E3%83%99%E3%82%B9%E3%83%88+%E5%B0%BE%E9%8C%A0%E4%BB%98%E3%81%8D+%E7%B5%90%E5%A9%9A%E5%BC%8F+%E3%83%95%E3%82%A9%E3%83%BC%E3%83%9E%E3%83%AB+%E3%83%91%E3%83%BC%E3%83%86%E3%82%A3%E3%83%BC+%E3%83%93%E3%82%B8%E3%83%8D%E3%82%B9+%E3%82%AA%E3%83%BC%E3%83%AB%E3%82%B7%E3%83%BC%E3%82%BA%E3%83%B3 HTTP/1.1" 301 0 "-" "Mozilla/5.0 (Linux; Android 6.0.1; Nexus 5X Build/MMB29P) AppleWebKit/537.36 (KHTML, like Gecko) Chrome/137.0.7151.103 Mobile Safari/537.36 (compatible; Googlebot/2.1; +http://www.google.com/bot.html)"
192.178.6.101 - - [05/Jul/2025:14:04:48 -0400] "GET /?n=9148884878902&channel=4bf387&from=article.php%3Fid%3D848789-17012%26name%3D%E3%82%B8%E3%83%AC%E3%83%99%E3%82%B9%E3%83%88%20%E5%B0%BE%E9%8C%A0%E4%BB%98%E3%81%8D%20%E7%B5%90%E5%A9%9A%E5%BC%8F%20%E3%83%95%E3%82%A9%E3%83%BC%E3%83%9E%E3%83%AB%20%E3%83%91%E3%83%BC%E3%83%86%E3%82%A3%E3%83%BC%20%E3%83%93%E3%82%B8%E3%83%8D%E3%82%B9%20%E3%82%AA%E3%83%BC%E3%83%AB%E3%82%B7%E3%83%BC%E3%82%BA%E3%83%B3 HTTP/1.1" 200 30570 "-" "Mozilla/5.0 (Linux; Android 6.0.1; Nexus 5X Build/MMB29P) AppleWebKit/537.36 (KHTML, like Gecko) Chrome/137.0.7151.103 Mobile Safari/537.36 (compatible; Googlebot/2.1; +http://www.google.com/bot.html)"
192.178.6.100 - - [05/Jul/2025:14:04:48 -0400] "GET /?n=70141153961500&channel=7e7505&from=shop.php%3Fid%3D1539615-3646%26name%3D%E8%87%AA%E9%87%8D%E5%A0%82%20%E5%88%B6%E6%9C%8D%E7%99%BE%E7%A7%91%20Jawin%20%E3%82%B8%E3%83%A3%E3%82%A6%E3%82%A3%E3%83%B3%20%E7%A9%BA%E8%AA%BF%E6%9C%8D%20%E9%95%B7%E8%A2%96%E3%83%96%E3%83%AB%E3%82%BE%E3%83%B3%20S%20M%20L%20LL%20%E3%82%B8%E3%83%A3%E3%82%B1%E3%83%83%E3%83%88%20%E7%86%B1%E4%B8%AD%E7%97%87%E5%AF%BE%E7%AD%96%20%E7%B6%BF100%EF%BC%85%20shk-87050%20%E5%AE%85%E9%85%8D%E3%81%AE%E3%81%BF HTTP/1.1" 200 30572 "-" "Mozilla/5.0 (Linux; Android 6.0.1; Nexus 5X Build/MMB29P) AppleWebKit/537.36 (KHTML, like Gecko) Chrome/137.0.7151.103 Mobile Safari/537.36 (compatible; Googlebot/2.1; +http://www.google.com/bot.html)"
192.178.6.100 - - [05/Jul/2025:14:04:53 -0400] "GET /?n=910027600603&channel=ac50b8&from=info.php%3Fid%3D76006-480%26name%3DJoules+Short+Height+Printed+Wellibobs%2C+Botas+de+Lluvia+Mujer%2C+Navy HTTP/1.1" 301 0 "-" "Mozilla/5.0 (Linux; Android 6.0.1; Nexus 5X Build/MMB29P) AppleWebKit/537.36 (KHTML, like Gecko) Chrome/137.0.7151.103 Mobile Safari/537.36 (compatible; Googlebot/2.1; +http://www.google.com/bot.html)"
192.178.6.100 - - [05/Jul/2025:14:04:55 -0400] "GET /?n=910027600603&channel=ac50b8&from=info.php%3Fid%3D76006-480%26name%3DJoules%20Short%20Height%20Printed%20Wellibobs%2C%20Botas%20de%20Lluvia%20Mujer%2C%20Navy HTTP/1.1" 200 30565 "-" "Mozilla/5.0 (Linux; Android 6.0.1; Nexus 5X Build/MMB29P) AppleWebKit/537.36 (KHTML, like Gecko) Chrome/137.0.7151.103 Mobile Safari/537.36 (compatible; Googlebot/2.1; +http://www.google.com/bot.html)"
114.119.137.28 - - [05/Jul/2025:14:04:55 -0400] "GET /2025/06/13/mastercard-in-online-online-casinos-a-comprehensive-overview/ HTTP/1.1" 200 19404 "https://fnf.group/recipes/page/15/" "Mozilla/5.0 (Linux; Android 7.0;) AppleWebKit/537.36 (KHTML, like Gecko) Mobile Safari/537.36 (compatible; PetalBot;+https://webmaster.petalsearch.com/site/petalbot)"
192.178.6.101 - - [05/Jul/2025:14:05:03 -0400] "GET /?n=9088621781901&channel=7f7556&from=brands.php%3Fid%3D217819-11600%26name%3DSHEROCHING+%E8%87%AA%E5%B7%B1%E7%B2%98%E7%9D%80+PVC+%E5%A3%81%E7%94%BB%E7%B7%91%E3%81%AE%E5%A4%A7%E3%81%8D%E3%81%AA%E6%9C%A8%E3%81%AE%E6%A3%AE%E6%BB%9D%E8%87%AA%E7%84%B6%E9%A2%A8%E6%99%AF+3D+%E3%83%9D%E3%82%B9%E3%82%BF%E3%83%BC%E5%86%99%E7%9C%9F%E3%81%AE%E5%A3%81%E7%B4%99%E5%AF%9D%E5%AE%A4%E3%83%AA%E3%83%93%E3%83%B3%E3%82%B0%E3%83%AB%E3%83%BC%E3%83%A0%E3%81%AE%E8%83%8C%E6%99%AF%E3%82%B9%E3%83%86%E3%83%83%E3%82%AB%E3%83%BC HTTP/1.1" 301 0 "-" "Mozilla/5.0 (Linux; Android 6.0.1; Nexus 5X Build/MMB29P) AppleWebKit/537.36 (KHTML, like Gecko) Chrome/137.0.7151.103 Mobile Safari/537.36 (compatible; Googlebot/2.1; +http://www.google.com/bot.html)"
192.178.6.102 - - [05/Jul/2025:14:05:06 -0400] "GET /?n=9088621781901&channel=7f7556&from=brands.php%3Fid%3D217819-11600%26name%3DSHEROCHING%20%E8%87%AA%E5%B7%B1%E7%B2%98%E7%9D%80%20PVC%20%E5%A3%81%E7%94%BB%E7%B7%91%E3%81%AE%E5%A4%A7%E3%81%8D%E3%81%AA%E6%9C%A8%E3%81%AE%E6%A3%AE%E6%BB%9D%E8%87%AA%E7%84%B6%E9%A2%A8%E6%99%AF%203D%20%E3%83%9D%E3%82%B9%E3%82%BF%E3%83%BC%E5%86%99%E7%9C%9F%E3%81%AE%E5%A3%81%E7%B4%99%E5%AF%9D%E5%AE%A4%E3%83%AA%E3%83%93%E3%83%B3%E3%82%B0%E3%83%AB%E3%83%BC%E3%83%A0%E3%81%AE%E8%83%8C%E6%99%AF%E3%82%B9%E3%83%86%E3%83%83%E3%82%AB%E3%83%BC HTTP/1.1" 200 30569 "-" "Mozilla/5.0 (Linux; Android 6.0.1; Nexus 5X Build/MMB29P) AppleWebKit/537.36 (KHTML, like Gecko) Chrome/137.0.7151.103 Mobile Safari/537.36 (compatible; Googlebot/2.1; +http://www.google.com/bot.html)"
60.188.57.0 - - [05/Jul/2025:14:05:13 -0400] "GET / HTTP/1.1" 200 30568 "http://fnf.group" "Mozilla/5.0 (iPhone; CPU iPhone OS 13_2_3 like Mac OS X) AppleWebKit/605.1.15 (KHTML, like Gecko) Version/13.0.3 Mobile/15E148 Safari/604.1"
213.209.150.137 - - [05/Jul/2025:14:05:44 -0400] "POST /wp-login.php?action=register HTTP/1.1" 302 0 "-" "-"
63.250.38.117 - - [05/Jul/2025:14:05:56 -0400] "POST /wp-cron.php?doing_wp_cron=1751738756.6749610900878906250000 HTTP/1.1" 403 1242 "-" "WordPress/6.8.1; https://fnf.group"
213.209.150.137 - - [05/Jul/2025:14:05:54 -0400] "POST /wp-login.php?action=register HTTP/1.1" 302 0 "-" "-"
213.209.150.137 - - [05/Jul/2025:14:06:05 -0400] "POST /wp-login.php?action=register HTTP/1.1" 302 0 "-" "-"
114.119.137.28 - - [05/Jul/2025:14:06:14 -0400] "GET /2025/06/11/penny-slot-machines-a-comprehensive-overview-to-playing-and-winning/ HTTP/1.1" 200 19630 "https://fnf.group/author/admin123/page/47/" "Mozilla/5.0 (Linux; Android 7.0;) AppleWebKit/537.36 (KHTML, like Gecko) Mobile Safari/537.36 (compatible; PetalBot;+https://webmaster.petalsearch.com/site/petalbot)"
213.209.150.137 - - [05/Jul/2025:14:06:17 -0400] "POST /wp-login.php?action=register HTTP/1.1" 302 0 "-" "-"
213.209.150.137 - - [05/Jul/2025:14:06:26 -0400] "POST /wp-login.php?action=register HTTP/1.1" 302 0 "-" "-"
216.73.216.174 - - [05/Jul/2025:14:06:32 -0400] "GET /2020/09/08/ribbon-rice-rice-cake-by-sidra-hameed/ HTTP/1.1" 500 1034 "-" "Mozilla/5.0 AppleWebKit/537.36 (KHTML, like Gecko; compatible; ClaudeBot/1.0; +claudebot@anthropic.com)"
192.178.6.100 - - [05/Jul/2025:14:06:37 -0400] "GET /?n=8684995581503&channel=738cf6&from=form.php%3Fid%3D955815-22539%26name%3D%E3%83%96%E3%83%A9%E3%83%B3%E3%82%B1%E3%83%83%E3%83%88+%E3%83%9E%E3%83%B3%E3%83%88+%E7%9D%80%E3%82%8B%E6%AF%9B%E5%B8%83+%E3%83%A2%E3%82%B3%E3%83%A2%E3%82%B3+%E3%81%B5%E3%82%8F%E3%81%B5%E3%82%8F+%E3%81%8A%E3%81%97%E3%82%83%E3%82%8C+%E3%81%B2%E3%81%96%E6%8E%9B%E3%81%91+%E3%83%9E%E3%83%B3%E3%83%88+%E5%85%8E%E8%80%B3+%E7%9D%80%E3%82%8B%E6%AF%9B%E5%B8%83+%E3%83%AD%E3%83%B3%E3%82%B0+%E3%81%8B%E3%82%8F%E3%81%84%E3%81%84+%E3%83%AB%E3%83%BC%E3%83%A0%E3%82%A6%E3%82%A7%E3%82%A2 HTTP/1.1" 301 0 "-" "Mozilla/5.0 (Linux; Android 6.0.1; Nexus 5X Build/MMB29P) AppleWebKit/537.36 (KHTML, like Gecko) Chrome/137.0.7151.103 Mobile Safari/537.36 (compatible; Googlebot/2.1; +http://www.google.com/bot.html)"
192.178.6.101 - - [05/Jul/2025:14:06:37 -0400] "GET /?n=37437156939400&channel=28a10f&from=article.php%3Fid%3D1569394-15117%26name%3D2%E5%80%8B+%E3%83%90%E3%83%83%E3%82%AF%E3%82%B9%E3%83%88%E3%83%83%E3%83%97+%E7%B8%81%E7%9F%B3+%E3%82%AA%E3%83%BC%E3%83%88%E3%83%90%E3%82%A4++%E3%83%AD%E3%83%83%E3%82%AF+Nonslip+%E8%BB%8A%E8%BC%AA%E6%AD%A2%E3%82%81+%E3%83%88%E3%83%A9%E3%83%99%E3%83%AB%E3%83%88%E3%83%AC%E3%83%BC%E3%83%A9%E3%83%BC%E7%94%A8rv%E3%82%B9%E3%82%BF%E3%83%93%E3%83%A9%E3%82%A4%E3%82%B6%E3%83%BC+%E3%83%88%E3%83%A9%E3%83%99%E3%83%AB+%E3%83%88%E3%83%AC%E3%83%BC%E3%83%A9%EF%BC%88CRB50-1-3-LT+%E3%83%A9%E3%83%83%E3%82%B7%E3%83%B3%E3%82%B0%E3%83%99%E3%83%AB%E3%83%88+KINEDYNE%28%E3%82%AD%E3%83%8D%E3%83%80%E3%82%A4%E3%83%B3%29+R%E3%83%95%E3%83%83%E3%82%AF%28%E3%83%AC%E3%83%BC%E3%83%AB%E7%94%A8%29+%E3%82%A4%E3%82%A8%E3%83%AD%E3%83%BC+%E3%83%A9%E3%83%81%E3%82%A7%E3%83%83%E3%83%88%E7%A0%B4%E6%96%AD%E5%BC%B7%E5%BA%A63t%E7%94%A8++CRB50-1-3-LT+-+%E3%80%90%E9%80%9A%E8%B2%A9%E3%83%A2%E3%83%8E%E3%82%BF%E3%83%AD%E3%82%A6%E3%80%91%EF%BC%89 HTTP/1.1" 301 0 "-" "Mozilla/5.0 (Linux; Android 6.0.1; Nexus 5X Build/MMB29P) AppleWebKit/537.36 (KHTML, like Gecko) Chrome/137.0.7151.103 Mobile Safari/537.36 (compatible; Googlebot/2.1; +http://www.google.com/bot.html)"
213.209.150.137 - - [05/Jul/2025:14:06:38 -0400] "POST /wp-login.php?action=register HTTP/1.1" 302 0 "-" "-"
192.178.6.100 - - [05/Jul/2025:14:06:42 -0400] "GET /?n=8684995581503&channel=738cf6&from=form.php%3Fid%3D955815-22539%26name%3D%E3%83%96%E3%83%A9%E3%83%B3%E3%82%B1%E3%83%83%E3%83%88%20%E3%83%9E%E3%83%B3%E3%83%88%20%E7%9D%80%E3%82%8B%E6%AF%9B%E5%B8%83%20%E3%83%A2%E3%82%B3%E3%83%A2%E3%82%B3%20%E3%81%B5%E3%82%8F%E3%81%B5%E3%82%8F%20%E3%81%8A%E3%81%97%E3%82%83%E3%82%8C%20%E3%81%B2%E3%81%96%E6%8E%9B%E3%81%91%20%E3%83%9E%E3%83%B3%E3%83%88%20%E5%85%8E%E8%80%B3%20%E7%9D%80%E3%82%8B%E6%AF%9B%E5%B8%83%20%E3%83%AD%E3%83%B3%E3%82%B0%20%E3%81%8B%E3%82%8F%E3%81%84%E3%81%84%20%E3%83%AB%E3%83%BC%E3%83%A0%E3%82%A6%E3%82%A7%E3%82%A2 HTTP/1.1" 200 30580 "-" "Mozilla/5.0 (Linux; Android 6.0.1; Nexus 5X Build/MMB29P) AppleWebKit/537.36 (KHTML, like Gecko) Chrome/137.0.7151.103 Mobile Safari/537.36 (compatible; Googlebot/2.1; +http://www.google.com/bot.html)"
192.178.6.100 - - [05/Jul/2025:14:06:42 -0400] "GET /?n=37437156939400&channel=28a10f&from=article.php%3Fid%3D1569394-15117%26name%3D2%E5%80%8B%20%E3%83%90%E3%83%83%E3%82%AF%E3%82%B9%E3%83%88%E3%83%83%E3%83%97%20%E7%B8%81%E7%9F%B3%20%E3%82%AA%E3%83%BC%E3%83%88%E3%83%90%E3%82%A4%20%20%E3%83%AD%E3%83%83%E3%82%AF%20Nonslip%20%E8%BB%8A%E8%BC%AA%E6%AD%A2%E3%82%81%20%E3%83%88%E3%83%A9%E3%83%99%E3%83%AB%E3%83%88%E3%83%AC%E3%83%BC%E3%83%A9%E3%83%BC%E7%94%A8rv%E3%82%B9%E3%82%BF%E3%83%93%E3%83%A9%E3%82%A4%E3%82%B6%E3%83%BC%20%E3%83%88%E3%83%A9%E3%83%99%E3%83%AB%20%E3%83%88%E3%83%AC%E3%83%BC%E3%83%A9%EF%BC%88CRB50-1-3-LT%20%E3%83%A9%E3%83%83%E3%82%B7%E3%83%B3%E3%82%B0%E3%83%99%E3%83%AB%E3%83%88%20KINEDYNE%28%E3%82%AD%E3%83%8D%E3%83%80%E3%82%A4%E3%83%B3%29%20R%E3%83%95%E3%83%83%E3%82%AF%28%E3%83%AC%E3%83%BC%E3%83%AB%E7%94%A8%29%20%E3%82%A4%E3%82%A8%E3%83%AD%E3%83%BC%20%E3%83%A9%E3%83%81%E3%82%A7%E3%83%83%E3%83%88%E7%A0%B4%E6%96%AD%E5%BC%B7%E5%BA%A63t%E7%94%A8%20%20CRB50-1-3-LT%20-%20%E3%80%90%E9%80%9A%E8%B2%A9%E3%83%A2%E3%83%8E%E3%82%BF%E3%83%AD%E3%82%A6%E3%80%91%EF%BC%89 HTTP/1.1" 200 30571 "-" "Mozilla/5.0 (Linux; Android 6.0.1; Nexus 5X Build/MMB29P) AppleWebKit/537.36 (KHTML, like Gecko) Chrome/137.0.7151.103 Mobile Safari/537.36 (compatible; Googlebot/2.1; +http://www.google.com/bot.html)"
43.166.253.94 - - [05/Jul/2025:14:06:42 -0400] "GET / HTTP/1.1" 200 30571 "-" "Mozilla/5.0 (iPhone; CPU iPhone OS 13_2_3 like Mac OS X) AppleWebKit/605.1.15 (KHTML, like Gecko) Version/13.0.3 Mobile/15E148 Safari/604.1"
192.178.6.100 - - [05/Jul/2025:14:06:52 -0400] "GET /?n=7217825402003&channel=126edb&from=news.php%3Fid%3D254020-12688%26name%3D%E3%82%A4%E3%83%B3%E3%83%86%E3%83%AA%E3%82%A2%E3%83%A2%E3%83%BC%E3%83%AB%E3%83%87%E3%82%A3%E3%83%B3%E3%82%B0+%E3%81%AE%E3%81%9F%E3%82%81%E3%81%AB+%E3%82%B3%E3%83%AB%E3%83%99%E3%83%83%E3%83%88+C7+2014+2015+2016+2017+2018+2019+%E4%B8%AD%E5%A4%AE%E5%88%B6%E5%BE%A1%E3%82%A2%E3%83%BC%E3%83%A0%E3%83%AC%E3%82%B9 HTTP/1.1" 301 0 "-" "Mozilla/5.0 (Linux; Android 6.0.1; Nexus 5X Build/MMB29P) AppleWebKit/537.36 (KHTML, like Gecko) Chrome/137.0.7151.103 Mobile Safari/537.36 (compatible; Googlebot/2.1; +http://www.google.com/bot.html)"
192.178.6.100 - - [05/Jul/2025:14:06:52 -0400] "GET /?n=6213234288803&channel=da718a&from=news.php%3Fid%3D342888-5706%26name%3D%E8%BB%8A%E3%81%AE%E3%82%B5%E3%82%A4%E3%83%89%E3%82%A6%E3%82%A3%E3%83%B3%E3%83%89%E3%82%A6%E3%83%90%E3%82%A4%E3%82%B6%E3%83%BC%E3%82%AC%E3%83%BC%E3%83%89%E3%83%99%E3%83%B3%E3%83%88%E6%97%A5%E3%82%88%E3%81%91%E3%82%B7%E3%82%A7%E3%83%AB%E3%82%BF%E3%83%BC%E3%83%AC%E3%82%A4%E3%83%B3%E3%82%AC%E3%83%BC%E3%83%89%E3%83%89%E3%82%A2%E3%83%99%E3%83%B3%E3%83%90%E3%82%A4%E3%82%B6%E3%83%BC%E3%83%80%E3%83%83%E3%82%B8%E3%83%81%E3%83%A3%E3%83%AC%E3%83%B3%E3%82%B8%E3%83%A3%E3%83%BC2008-2016%E3%81%A8%E4%BA%92%E6%8F%9B%E6%80%A7%E3%81%82 HTTP/1.1" 200 30567 "-" "Mozilla/5.0 (Linux; Android 6.0.1; Nexus 5X Build/MMB29P) AppleWebKit/537.36 (KHTML, like Gecko) Chrome/137.0.7151.103 Mobile Safari/537.36 (compatible; Googlebot/2.1; +http://www.google.com/bot.html)"
63.250.38.117 - - [05/Jul/2025:14:06:57 -0400] "POST /wp-cron.php?doing_wp_cron=1751738817.6702589988708496093750 HTTP/1.1" 403 1242 "-" "WordPress/6.8.1; https://fnf.group"
213.209.150.137 - - [05/Jul/2025:14:06:53 -0400] "POST /wp-login.php?action=register HTTP/1.1" 302 0 "-" "-"
63.250.38.117 - - [05/Jul/2025:14:07:00 -0400] "POST /wp-cron.php?doing_wp_cron=1751738820.3673489093780517578125 HTTP/1.1" 403 1242 "-" "WordPress/6.8.1; https://fnf.group"
192.178.6.100 - - [05/Jul/2025:14:06:57 -0400] "GET /?n=03497142725800&channel=5a1503&from=jp.php%3Fid%3D1427258-27360%26name%3DDVD+M3.5+DVD+M3.5+%2F+7+DVD+M3.5+%2F+72+SF-HD8+DVD%E3%83%AD%E3%83%BC%E3%83%80%E3%83%BCB+MW+CCC+CADILLA HTTP/1.1" 301 0 "-" "Mozilla/5.0 (Linux; Android 6.0.1; Nexus 5X Build/MMB29P) AppleWebKit/537.36 (KHTML, like Gecko) Chrome/137.0.7151.103 Mobile Safari/537.36 (compatible; Googlebot/2.1; +http://www.google.com/bot.html)"
192.178.6.100 - - [05/Jul/2025:14:06:55 -0400] "GET /?n=7217825402003&channel=126edb&from=news.php%3Fid%3D254020-12688%26name%3D%E3%82%A4%E3%83%B3%E3%83%86%E3%83%AA%E3%82%A2%E3%83%A2%E3%83%BC%E3%83%AB%E3%83%87%E3%82%A3%E3%83%B3%E3%82%B0%20%E3%81%AE%E3%81%9F%E3%82%81%E3%81%AB%20%E3%82%B3%E3%83%AB%E3%83%99%E3%83%83%E3%83%88%20C7%202014%202015%202016%202017%202018%202019%20%E4%B8%AD%E5%A4%AE%E5%88%B6%E5%BE%A1%E3%82%A2%E3%83%BC%E3%83%A0%E3%83%AC%E3%82%B9 HTTP/1.1" 200 30568 "-" "Mozilla/5.0 (Linux; Android 6.0.1; Nexus 5X Build/MMB29P) AppleWebKit/537.36 (KHTML, like Gecko) Chrome/137.0.7151.103 Mobile Safari/537.36 (compatible; Googlebot/2.1; +http://www.google.com/bot.html)"
192.178.6.100 - - [05/Jul/2025:14:07:00 -0400] "GET /?n=03497142725800&channel=5a1503&from=jp.php%3Fid%3D1427258-27360%26name%3DDVD%20M3.5%20DVD%20M3.5%20%2F%207%20DVD%20M3.5%20%2F%2072%20SF-HD8%20DVD%E3%83%AD%E3%83%BC%E3%83%80%E3%83%BCB%20MW%20CCC%20CADILLA HTTP/1.1" 200 30569 "-" "Mozilla/5.0 (Linux; Android 6.0.1; Nexus 5X Build/MMB29P) AppleWebKit/537.36 (KHTML, like Gecko) Chrome/137.0.7151.103 Mobile Safari/537.36 (compatible; Googlebot/2.1; +http://www.google.com/bot.html)"
213.209.150.137 - - [05/Jul/2025:14:07:05 -0400] "POST /wp-login.php?action=register HTTP/1.1" 302 0 "-" "-"
213.209.150.137 - - [05/Jul/2025:14:07:16 -0400] "POST /wp-login.php?action=register HTTP/1.1" 302 0 "-" "-"
192.178.6.100 - - [05/Jul/2025:14:07:23 -0400] "GET /?n=28948190313303&channel=747ee3&from=jp.php%3Fid%3D1903133-17446%26name%3D%E3%83%8A%E3%82%AC%E3%82%A4%E3%83%AC%E3%83%BC%E3%83%99%E3%83%B3%E3%80%80%E3%83%AC%E3%83%87%E3%82%A3%E3%83%BC%E3%82%B9%E3%82%B9%E3%82%AF%E3%83%A9%E3%83%96%E3%80%80%E3%83%8D%E3%82%A4%E3%83%93%E3%83%BC%E3%80%80%EF%BC%A5%EF%BC%AC%E3%82%B5%E3%82%A4%E3%82%BA%28%E6%9C%AA%E4%BD%BF%E7%94%A8%29 HTTP/1.1" 200 30571 "-" "Mozilla/5.0 (Linux; Android 6.0.1; Nexus 5X Build/MMB29P) AppleWebKit/537.36 (KHTML, like Gecko) Chrome/137.0.7151.103 Mobile Safari/537.36 (compatible; Googlebot/2.1; +http://www.google.com/bot.html)"
213.209.150.137 - - [05/Jul/2025:14:07:27 -0400] "POST /wp-login.php?action=register HTTP/1.1" 302 0 "-" "-"
213.209.150.137 - - [05/Jul/2025:14:07:40 -0400] "POST /wp-login.php?action=register HTTP/1.1" 302 0 "-" "-"
213.209.150.137 - - [05/Jul/2025:14:07:49 -0400] "POST /wp-login.php?action=register HTTP/1.1" 302 0 "-" "-"
63.250.38.117 - - [05/Jul/2025:14:08:04 -0400] "POST /wp-cron.php?doing_wp_cron=1751738884.1772799491882324218750 HTTP/1.1" 403 1242 "-" "WordPress/6.8.1; https://fnf.group"
63.250.38.117 - - [05/Jul/2025:14:08:05 -0400] "POST /wp-cron.php?doing_wp_cron=1751738884.8853619098663330078125 HTTP/1.1" 403 1242 "-" "WordPress/6.8.1; https://fnf.group"
192.178.6.100 - - [05/Jul/2025:14:08:01 -0400] "GET /?n=63408159071802&channel=6716a5&from=jp.php%3Fid%3D1590718-12317%26name%3D%E3%80%902025%E5%B9%B4%E5%A4%8F%E7%99%BB%E5%A0%B4%E3%80%91%5BDDUANDA%5D+%E6%98%A5%E5%A4%8F+%E3%83%AC%E3%83%87%E3%82%A3%E3%83%BC%E3%82%B9+%E3%82%B7%E3%83%A7%E3%83%BC%E3%83%88%E3%83%91%E3%83%B3%E3%83%84+%E3%81%8A%E3%81%97%E3%82%83%E3%82%8C+%E3%82%AB%E3%82%B8%E3%83%A5%E3%82%A2%E3%83%AB+%E3%83%AF%E3%82%A4%E3%83%89+%E3%82%B9%E3%83%88%E3%83%AC%E3%83%BC%E3%83%88+%E7%B6%BF%E9%BA%BB+5%E5%88%86%E4%B8%88+%E5%A4%8F HTTP/1.1" 301 0 "-" "Mozilla/5.0 (Linux; Android 6.0.1; Nexus 5X Build/MMB29P) AppleWebKit/537.36 (KHTML, like Gecko) Chrome/137.0.7151.103 Mobile Safari/537.36 (compatible; Googlebot/2.1; +http://www.google.com/bot.html)"
213.209.150.137 - - [05/Jul/2025:14:08:01 -0400] "POST /wp-login.php?action=register HTTP/1.1" 302 0 "-" "-"
192.178.6.102 - - [05/Jul/2025:14:08:05 -0400] "GET /?n=63408159071802&channel=6716a5&from=jp.php%3Fid%3D1590718-12317%26name%3D%E3%80%902025%E5%B9%B4%E5%A4%8F%E7%99%BB%E5%A0%B4%E3%80%91%5BDDUANDA%5D%20%E6%98%A5%E5%A4%8F%20%E3%83%AC%E3%83%87%E3%82%A3%E3%83%BC%E3%82%B9%20%E3%82%B7%E3%83%A7%E3%83%BC%E3%83%88%E3%83%91%E3%83%B3%E3%83%84%20%E3%81%8A%E3%81%97%E3%82%83%E3%82%8C%20%E3%82%AB%E3%82%B8%E3%83%A5%E3%82%A2%E3%83%AB%20%E3%83%AF%E3%82%A4%E3%83%89%20%E3%82%B9%E3%83%88%E3%83%AC%E3%83%BC%E3%83%88%20%E7%B6%BF%E9%BA%BB%205%E5%88%86%E4%B8%88%20%E5%A4%8F HTTP/1.1" 200 30570 "-" "Mozilla/5.0 (Linux; Android 6.0.1; Nexus 5X Build/MMB29P) AppleWebKit/537.36 (KHTML, like Gecko) Chrome/137.0.7151.103 Mobile Safari/537.36 (compatible; Googlebot/2.1; +http://www.google.com/bot.html)"
63.250.38.117 - - [05/Jul/2025:14:09:08 -0400] "POST /wp-cron.php?doing_wp_cron=1751738948.2770149707794189453125 HTTP/1.1" 403 1242 "-" "WordPress/6.8.1; https://fnf.group"
192.178.6.100 - - [05/Jul/2025:14:09:05 -0400] "GET /?n=00932157701003&channel=b1abe3&from=product.php%3Fid%3D1577010-11719%26name%3D%E3%83%8A%E3%83%97%E3%82%AD%E3%83%B3%E3%82%B9%E3%82%BF%E3%83%B3%E3%83%87%E3%82%A3%E3%83%B3%E3%82%B0%E3%83%9B%E3%83%AB%E3%83%80%E3%83%BC%E3%80%81%E3%83%86%E3%82%A3%E3%83%83%E3%82%B7%E3%83%A5%E3%83%87%E3%82%A3%E3%82%B9%E3%83%9A%E3%83%B3%E3%82%B5%E3%83%BC%E3%80%81%E3%83%A2%E3%83%80%E3%83%B3%E3%81%AA%E5%8D%93%E4%B8%8A%E3%82%AA%E3%83%BC%E3%82%AC%E3%83%8A%E3%82%A4%E3%82%B6%E3%83%BC%E3%80%81%E3%82%B3%E3%83%B3%E3%83%91%E3%82%AF%E3%83%88%E3%81%AA%E3%83%9A%E3%83%BC%E3%83%91%E3%83%BC%E3%82%B9%E3%83%88%E3%83%AC%E3%83%BC%E3%82%B8%E3%80%81%E3%82%AD%E3%83%83%E3%83%81%E3%83%B3%E3%80%81%E3%83%80%E3%82%A4 HTTP/1.1" 200 30570 "-" "Mozilla/5.0 (Linux; Android 6.0.1; Nexus 5X Build/MMB29P) AppleWebKit/537.36 (KHTML, like Gecko) Chrome/137.0.7151.103 Mobile Safari/537.36 (compatible; Googlebot/2.1; +http://www.google.com/bot.html)"
192.178.6.102 - - [05/Jul/2025:14:09:36 -0400] "GET /?n=23174161367000&channel=66d7f6&from=form.php%3Fid%3D1613670-26832%26name%3D%5BK7534%5D+%E3%83%A0%E3%83%BC%E3%83%B4%E3%82%B3%E3%83%B3%E3%83%86+%E3%82%AB%E3%82%B9%E3%82%BF%E3%83%A0+L575S+%E3%83%AA%E3%82%A2+%E3%83%AF%E3%82%A4%E3%83%91%E3%83%BC%E3%82%A2%E3%83%BC%E3%83%A0 HTTP/1.1" 301 0 "-" "Mozilla/5.0 (Linux; Android 6.0.1; Nexus 5X Build/MMB29P) AppleWebKit/537.36 (KHTML, like Gecko) Chrome/137.0.7151.103 Mobile Safari/537.36 (compatible; Googlebot/2.1; +http://www.google.com/bot.html)"
192.178.6.101 - - [05/Jul/2025:14:09:40 -0400] "GET /?n=23174161367000&channel=66d7f6&from=form.php%3Fid%3D1613670-26832%26name%3D%5BK7534%5D%20%E3%83%A0%E3%83%BC%E3%83%B4%E3%82%B3%E3%83%B3%E3%83%86%20%E3%82%AB%E3%82%B9%E3%82%BF%E3%83%A0%20L575S%20%E3%83%AA%E3%82%A2%20%E3%83%AF%E3%82%A4%E3%83%91%E3%83%BC%E3%82%A2%E3%83%BC%E3%83%A0 HTTP/1.1" 200 30571 "-" "Mozilla/5.0 (Linux; Android 6.0.1; Nexus 5X Build/MMB29P) AppleWebKit/537.36 (KHTML, like Gecko) Chrome/137.0.7151.103 Mobile Safari/537.36 (compatible; Googlebot/2.1; +http://www.google.com/bot.html)"
192.178.6.101 - - [05/Jul/2025:14:09:48 -0400] "GET /?n=24107190604400&channel=2f40f2&from=goods.php%3Fid%3D1906044-14489%26name%3D%E3%82%B3%E3%82%A6%E3%83%A2%E3%83%AA%E3%83%A9%E3%83%B3+%E3%83%99%E3%82%A4%E3%83%81%E3%83%BC%E2%91%A4%E3%82%B3%E3%83%AB%E3%82%AF%E4%BB%98%E3%81%91+%E7%8F%BE%E5%93%81++Platycerium+veitchii+%E3%83%93%E3%82%AB%E3%82%AF%E3%82%B7%E3%83%80+%E9%BA%8B%E8%A7%92%E7%BE%8A%E6%AD%AF+%E3%83%93%E3%83%BC%E3%83%81%E3%83%BC+%E3%83%93%E3%83%83%E3%83%81%E3%83%BC+%E3%83%B4%E3%82%A3%E3%83%BC%E3%83%81%E3%83%BC+%E8%A6%B3%E8%91%89%E6%A4%8D%E7%89%A9+%E8%A6%B3%E8%91%89+%E6%A4%8D%E7%89%A9+%E7%8F%8D%E5%A5%87%E6%A4%8D%E7%89%A9+%E7%8F%8D%E5%A5%87+%E7%8F%8D%E3%81%97%E3%81%84+%E3%83%8F%E3%83%B3%E3%82%AE%E3%83%B3%E3%82%B0+%E5%90%8A%E3%82%8A%E4%B8%8B%E3%81%92+%E5%90%8A%E3%82%8B%E3%81%99+%E3%82%A4%E3%83%B3%E3%83%86%E3%83%AA%E3%82%A2+%E3%83%97%E3%83%AC%E3%82%BC%E3%83%B3%E3%83%88+%E3%81%8A%E3%81%97%E3%82%83%E3%82%8C+%E3%81%8B%E3%81%A3%E3%81%93%E3%81%84%E3%81%84 HTTP/1.1" 301 0 "-" "Mozilla/5.0 (Linux; Android 6.0.1; Nexus 5X Build/MMB29P) AppleWebKit/537.36 (KHTML, like Gecko) Chrome/137.0.7151.103 Mobile Safari/537.36 (compatible; Googlebot/2.1; +http://www.google.com/bot.html)"
192.178.6.101 - - [05/Jul/2025:14:09:51 -0400] "GET /?n=24107190604400&channel=2f40f2&from=goods.php%3Fid%3D1906044-14489%26name%3D%E3%82%B3%E3%82%A6%E3%83%A2%E3%83%AA%E3%83%A9%E3%83%B3%20%E3%83%99%E3%82%A4%E3%83%81%E3%83%BC%E2%91%A4%E3%82%B3%E3%83%AB%E3%82%AF%E4%BB%98%E3%81%91%20%E7%8F%BE%E5%93%81%20%20Platycerium%20veitchii%20%E3%83%93%E3%82%AB%E3%82%AF%E3%82%B7%E3%83%80%20%E9%BA%8B%E8%A7%92%E7%BE%8A%E6%AD%AF%20%E3%83%93%E3%83%BC%E3%83%81%E3%83%BC%20%E3%83%93%E3%83%83%E3%83%81%E3%83%BC%20%E3%83%B4%E3%82%A3%E3%83%BC%E3%83%81%E3%83%BC%20%E8%A6%B3%E8%91%89%E6%A4%8D%E7%89%A9%20%E8%A6%B3%E8%91%89%20%E6%A4%8D%E7%89%A9%20%E7%8F%8D%E5%A5%87%E6%A4%8D%E7%89%A9%20%E7%8F%8D%E5%A5%87%20%E7%8F%8D%E3%81%97%E3%81%84%20%E3%83%8F%E3%83%B3%E3%82%AE%E3%83%B3%E3%82%B0%20%E5%90%8A%E3%82%8A%E4%B8%8B%E3%81%92%20%E5%90%8A%E3%82%8B%E3%81%99%20%E3%82%A4%E3%83%B3%E3%83%86%E3%83%AA%E3%82%A2%20%E3%83%97%E3%83%AC%E3%82%BC%E3%83%B3%E3%83%88%20%E3%81%8A%E3%81%97%E3%82%83%E3%82%8C%20%E3%81%8B%E3%81%A3%E3%81%93%E3%81%84%E3%81%84 HTTP/1.1" 200 30571 "-" "Mozilla/5.0 (Linux; Android 6.0.1; Nexus 5X Build/MMB29P) AppleWebKit/537.36 (KHTML, like Gecko) Chrome/137.0.7151.103 Mobile Safari/537.36 (compatible; Googlebot/2.1; +http://www.google.com/bot.html)"
63.250.38.117 - - [05/Jul/2025:14:10:10 -0400] "POST /wp-cron.php?doing_wp_cron=1751739010.7946360111236572265625 HTTP/1.1" 403 1242 "-" "WordPress/6.8.1; https://fnf.group"
192.178.6.101 - - [05/Jul/2025:14:10:08 -0400] "GET /?n=82159177215507&channel=f17c60&from=shared.php%3Fid%3D1772155-1354%26name%3D%E3%83%95%E3%83%83%E3%82%AF%E4%BB%98%E3%81%8D%E3%81%AE%E3%82%A2%E3%83%AB%E3%83%9F%E3%83%8B%E3%82%A6%E3%83%A0%E4%BC%B8%E7%B8%AE%E3%81%AE%E3%81%AF%E3%81%97%E3%81%94%E3%80%818m%2F+7m%2F+6m%2F+5m%2F+4m%2F+3m%2F+2m%2F+1m%E9%AB%98%E3%81%95%E3%81%AE%E4%BC%B8%E7%B8%AE%E5%BC%8F%E5%BB%B6%E9%95%B7%E3%81%AF%E3%80%81%E3%83%9B%E3%83%BC%E3%83%A0%E3%83%AB%E3%83%BC%E3%83%95%E3%83%88 HTTP/1.1" 301 0 "-" "Mozilla/5.0 (Linux; Android 6.0.1; Nexus 5X Build/MMB29P) AppleWebKit/537.36 (KHTML, like Gecko) Chrome/137.0.7151.103 Mobile Safari/537.36 (compatible; Googlebot/2.1; +http://www.google.com/bot.html)"
192.178.6.101 - - [05/Jul/2025:14:10:11 -0400] "GET /?n=82159177215507&channel=f17c60&from=shared.php%3Fid%3D1772155-1354%26name%3D%E3%83%95%E3%83%83%E3%82%AF%E4%BB%98%E3%81%8D%E3%81%AE%E3%82%A2%E3%83%AB%E3%83%9F%E3%83%8B%E3%82%A6%E3%83%A0%E4%BC%B8%E7%B8%AE%E3%81%AE%E3%81%AF%E3%81%97%E3%81%94%E3%80%818m%2F%207m%2F%206m%2F%205m%2F%204m%2F%203m%2F%202m%2F%201m%E9%AB%98%E3%81%95%E3%81%AE%E4%BC%B8%E7%B8%AE%E5%BC%8F%E5%BB%B6%E9%95%B7%E3%81%AF%E3%80%81%E3%83%9B%E3%83%BC%E3%83%A0%E3%83%AB%E3%83%BC%E3%83%95%E3%83%88 HTTP/1.1" 200 30575 "-" "Mozilla/5.0 (Linux; Android 6.0.1; Nexus 5X Build/MMB29P) AppleWebKit/537.36 (KHTML, like Gecko) Chrome/137.0.7151.103 Mobile Safari/537.36 (compatible; Googlebot/2.1; +http://www.google.com/bot.html)"
63.250.38.117 - - [05/Jul/2025:14:11:17 -0400] "POST /wp-cron.php?doing_wp_cron=1751739077.1970388889312744140625 HTTP/1.1" 403 1242 "-" "WordPress/6.8.1; https://fnf.group"
192.178.6.103 - - [05/Jul/2025:14:11:12 -0400] "GET /?n=48902163955902&channel=b044cb&from=jp.php%3Fid%3D1639559-20757%26name%3DCiieeo+2%E5%80%8B+%E3%83%86%E3%82%A3%E3%83%83%E3%82%B7%E3%83%A5%E3%83%8F%E3%83%B3%E3%82%AC%E3%83%BC+%E3%83%9B%E3%83%AB%E3%83%80%E3%83%BC+%E3%82%BF%E3%83%83%E3%83%81%E3%83%AC%E3%82%B9+toilet+paper+holder+kitchen+rack+%E3%81%97%E3%81%8C HTTP/1.1" 301 0 "-" "Mozilla/5.0 (Linux; Android 6.0.1; Nexus 5X Build/MMB29P) AppleWebKit/537.36 (KHTML, like Gecko) Chrome/137.0.7151.103 Mobile Safari/537.36 (compatible; Googlebot/2.1; +http://www.google.com/bot.html)"
192.178.6.101 - - [05/Jul/2025:14:11:17 -0400] "GET /?n=48902163955902&channel=b044cb&from=jp.php%3Fid%3D1639559-20757%26name%3DCiieeo%202%E5%80%8B%20%E3%83%86%E3%82%A3%E3%83%83%E3%82%B7%E3%83%A5%E3%83%8F%E3%83%B3%E3%82%AC%E3%83%BC%20%E3%83%9B%E3%83%AB%E3%83%80%E3%83%BC%20%E3%82%BF%E3%83%83%E3%83%81%E3%83%AC%E3%82%B9%20toilet%20paper%20holder%20kitchen%20rack%20%E3%81%97%E3%81%8C HTTP/1.1" 200 30565 "-" "Mozilla/5.0 (Linux; Android 6.0.1; Nexus 5X Build/MMB29P) AppleWebKit/537.36 (KHTML, like Gecko) Chrome/137.0.7151.103 Mobile Safari/537.36 (compatible; Googlebot/2.1; +http://www.google.com/bot.html)"
216.244.66.226 - - [05/Jul/2025:14:12:34 -0400] "GET /robots.txt HTTP/1.1" 500 1034 "-" "Mozilla/5.0 (compatible; DotBot/1.2; +https://opensiteexplorer.org/dotbot; help@moz.com)"
63.250.38.117 - - [05/Jul/2025:14:12:45 -0400] "POST /wp-cron.php?doing_wp_cron=1751739165.2700769901275634765625 HTTP/1.1" 403 1242 "-" "WordPress/6.8.1; https://fnf.group"
54.186.113.42 - - [05/Jul/2025:14:12:40 -0400] "GET / HTTP/1.1" 200 30574 "http://fnf.group" "Mozilla/5.0 (Macintosh; Intel Mac OS X 10_15_7) AppleWebKit/537.36 (KHTML, like Gecko) Chrome/113.0.0.0 Safari/537.36"
74.208.127.48 - - [05/Jul/2025:14:13:26 -0400] "POST /xmlrpc.php HTTP/1.1" 403 1242 "https://fnf.group" "Mozilla/5.0 (Windows NT 10.0; Win64; x64; rv:129.0) Gecko/20100101 Firefox/129.0"
74.208.127.48 - - [05/Jul/2025:14:13:26 -0400] "POST /wp-login.php HTTP/1.1" 200 3952 "https://fnf.group" "Mozilla/5.0 (Windows NT 10.0; Win64; x64; rv:126.0) Gecko/20100101 Firefox/126.0"
192.178.6.102 - - [05/Jul/2025:14:13:41 -0400] "GET /?n=81585114948404&channel=4ac979&from=shared.php%3Fid%3D1149484-24679%26name%3D%E3%82%AA%E3%83%BC%E3%83%96%E3%83%B3%E7%94%A8%E3%83%94%E3%82%B6%E3%83%91%E3%83%B3+15%E3%82%A4%E3%83%B3%E3%83%81+%E3%83%8E%E3%83%B3%E3%82%B9%E3%83%86%E3%82%A3%E3%83%83%E3%82%AF%E3%83%94%E3%82%B6%E3%83%91%E3%83%B3+%E3%82%A2%E3%83%AB%E3%83%9F%E8%A3%BD%E3%83%94%E3%82%B6%E3%83%91%E3%83%B3+%E7%A9%B4%E4%BB%98%E3%81%8D+%E4%B8%B8%E5%9E%8B%E3%83%94%E3%82%B6%E3%83%99%E3%83%BC%E3%82%AD%E3%83%B3%E3%82%B0%E3%83%91%E3%83%B3+%E3%82%AA%E3%83%BC%E3%83%96%E3%83%B3%E7%94%A8+%E3%83%99%E3%83%BC%E3%82%AD%E3%83%B3%E3%82%B0%E7%94%A8%E5%93%81 HTTP/1.1" 301 0 "-" "Mozilla/5.0 (Linux; Android 6.0.1; Nexus 5X Build/MMB29P) AppleWebKit/537.36 (KHTML, like Gecko) Chrome/137.0.7151.103 Mobile Safari/537.36 (compatible; Googlebot/2.1; +http://www.google.com/bot.html)"
192.178.6.102 - - [05/Jul/2025:14:13:43 -0400] "GET /?n=81585114948404&channel=4ac979&from=shared.php%3Fid%3D1149484-24679%26name%3D%E3%82%AA%E3%83%BC%E3%83%96%E3%83%B3%E7%94%A8%E3%83%94%E3%82%B6%E3%83%91%E3%83%B3%2015%E3%82%A4%E3%83%B3%E3%83%81%20%E3%83%8E%E3%83%B3%E3%82%B9%E3%83%86%E3%82%A3%E3%83%83%E3%82%AF%E3%83%94%E3%82%B6%E3%83%91%E3%83%B3%20%E3%82%A2%E3%83%AB%E3%83%9F%E8%A3%BD%E3%83%94%E3%82%B6%E3%83%91%E3%83%B3%20%E7%A9%B4%E4%BB%98%E3%81%8D%20%E4%B8%B8%E5%9E%8B%E3%83%94%E3%82%B6%E3%83%99%E3%83%BC%E3%82%AD%E3%83%B3%E3%82%B0%E3%83%91%E3%83%B3%20%E3%82%AA%E3%83%BC%E3%83%96%E3%83%B3%E7%94%A8%20%E3%83%99%E3%83%BC%E3%82%AD%E3%83%B3%E3%82%B0%E7%94%A8%E5%93%81 HTTP/1.1" 200 30566 "-" "Mozilla/5.0 (Linux; Android 6.0.1; Nexus 5X Build/MMB29P) AppleWebKit/537.36 (KHTML, like Gecko) Chrome/137.0.7151.103 Mobile Safari/537.36 (compatible; Googlebot/2.1; +http://www.google.com/bot.html)"
63.250.38.117 - - [05/Jul/2025:14:14:17 -0400] "POST /wp-cron.php?doing_wp_cron=1751739257.4849588871002197265625 HTTP/1.1" 403 1242 "-" "WordPress/6.8.1; https://fnf.group"
192.178.6.101 - - [05/Jul/2025:14:14:13 -0400] "GET /?n=85602128959903&channel=1c1726&from=shared.php%3Fid%3D1289599-8126%26name%3D%E6%96%B0%E5%93%81%E3%83%BB%E6%9C%AA%E4%BD%BF%E7%94%A8%E3%80%80%E3%83%97%E3%83%A9%E3%83%80%E3%80%80PRADA+%E3%83%A1%E3%82%AC%E3%83%8D%E3%83%95%E3%83%AC%E3%83%BC%E3%83%A0%E3%80%80%E3%83%96%E3%83%A9%E3%83%83%E3%82%AF HTTP/1.1" 301 0 "-" "Mozilla/5.0 (Linux; Android 6.0.1; Nexus 5X Build/MMB29P) AppleWebKit/537.36 (KHTML, like Gecko) Chrome/137.0.7151.103 Mobile Safari/537.36 (compatible; Googlebot/2.1; +http://www.google.com/bot.html)"
192.178.6.102 - - [05/Jul/2025:14:14:17 -0400] "GET /?n=85602128959903&channel=1c1726&from=shared.php%3Fid%3D1289599-8126%26name%3D%E6%96%B0%E5%93%81%E3%83%BB%E6%9C%AA%E4%BD%BF%E7%94%A8%E3%80%80%E3%83%97%E3%83%A9%E3%83%80%E3%80%80PRADA%20%E3%83%A1%E3%82%AC%E3%83%8D%E3%83%95%E3%83%AC%E3%83%BC%E3%83%A0%E3%80%80%E3%83%96%E3%83%A9%E3%83%83%E3%82%AF HTTP/1.1" 200 30567 "-" "Mozilla/5.0 (Linux; Android 6.0.1; Nexus 5X Build/MMB29P) AppleWebKit/537.36 (KHTML, like Gecko) Chrome/137.0.7151.103 Mobile Safari/537.36 (compatible; Googlebot/2.1; +http://www.google.com/bot.html)"
43.135.115.233 - - [05/Jul/2025:14:14:54 -0400] "GET / HTTP/1.1" 200 30567 "http://fnf.group" "Mozilla/5.0 (iPhone; CPU iPhone OS 13_2_3 like Mac OS X) AppleWebKit/605.1.15 (KHTML, like Gecko) Version/13.0.3 Mobile/15E148 Safari/604.1"
63.250.38.117 - - [05/Jul/2025:14:15:29 -0400] "POST /wp-cron.php?doing_wp_cron=1751739329.3735010623931884765625 HTTP/1.1" 403 1242 "-" "WordPress/6.8.1; https://fnf.group"
192.178.6.100 - - [05/Jul/2025:14:15:28 -0400] "GET /?n=59875154185305&channel=a3bb48&from=form.php%3Fid%3D1541853-8110%26name%3DAnsixeay+%E8%80%90%E9%9B%B9%E3%83%8F%E3%83%BC%E3%83%95%E3%82%AB%E3%83%BC%E3%82%AB%E3%83%90%E3%83%BC+%E9%81%A9%E7%94%A8+w+g+Allspace+2016-2023%2C%E5%8F%8D%E5%B0%84%E3%82%B9%E3%83%88%E3%83%AA%E3%83%83%E3%83%97%E4%BB%98%E3%81%8D%E3%83%97%E3%83%AD%E4%BB%95%E6%A7%98%E3%81%AE%E5%8E%9A%E3%81%BF%E3%81%AE%E3%81%82%E3%82%8B%E3%82%AB HTTP/1.1" 301 0 "-" "Mozilla/5.0 (Linux; Android 6.0.1; Nexus 5X Build/MMB29P) AppleWebKit/537.36 (KHTML, like Gecko) Chrome/137.0.7151.103 Mobile Safari/537.36 (compatible; Googlebot/2.1; +http://www.google.com/bot.html)"
192.178.6.100 - - [05/Jul/2025:14:15:29 -0400] "GET /?n=59875154185305&channel=a3bb48&from=form.php%3Fid%3D1541853-8110%26name%3DAnsixeay%20%E8%80%90%E9%9B%B9%E3%83%8F%E3%83%BC%E3%83%95%E3%82%AB%E3%83%BC%E3%82%AB%E3%83%90%E3%83%BC%20%E9%81%A9%E7%94%A8%20w%20g%20Allspace%202016-2023%2C%E5%8F%8D%E5%B0%84%E3%82%B9%E3%83%88%E3%83%AA%E3%83%83%E3%83%97%E4%BB%98%E3%81%8D%E3%83%97%E3%83%AD%E4%BB%95%E6%A7%98%E3%81%AE%E5%8E%9A%E3%81%BF%E3%81%AE%E3%81%82%E3%82%8B%E3%82%AB HTTP/1.1" 200 30568 "-" "Mozilla/5.0 (Linux; Android 6.0.1; Nexus 5X Build/MMB29P) AppleWebKit/537.36 (KHTML, like Gecko) Chrome/137.0.7151.103 Mobile Safari/537.36 (compatible; Googlebot/2.1; +http://www.google.com/bot.html)"
43.134.141.244 - - [05/Jul/2025:14:15:32 -0400] "GET /?p=8966 HTTP/1.1" 301 0 "-" "Mozilla/5.0 (iPhone; CPU iPhone OS 13_2_3 like Mac OS X) AppleWebKit/605.1.15 (KHTML, like Gecko) Version/13.0.3 Mobile/15E148 Safari/604.1"
216.244.66.226 - - [05/Jul/2025:14:15:37 -0400] "GET /tag/turkish-pide/ HTTP/1.1" 500 1034 "-" "Mozilla/5.0 (compatible; DotBot/1.2; +https://opensiteexplorer.org/dotbot; help@moz.com)"
43.134.141.244 - - [05/Jul/2025:14:15:38 -0400] "GET /2021/03/21/fondant-orange-cake-by-chanda-arshad/ HTTP/1.1" 200 19210 "https://fnf.group/?p=8966" "Mozilla/5.0 (iPhone; CPU iPhone OS 13_2_3 like Mac OS X) AppleWebKit/605.1.15 (KHTML, like Gecko) Version/13.0.3 Mobile/15E148 Safari/604.1"
216.244.66.226 - - [05/Jul/2025:14:15:56 -0400] "GET /2020/09/25/lachha-paratha-by-hira-naz/feed/ HTTP/1.1" 500 1034 "-" "Mozilla/5.0 (compatible; DotBot/1.2; +https://opensiteexplorer.org/dotbot; help@moz.com)"
192.178.6.100 - - [05/Jul/2025:14:15:59 -0400] "GET /?n=7488265701508&channel=be2fd6&from=news.php%3Fid%3D657015-3806%26name%3D230+%E5%94%90%E6%B4%A5%E6%8E%9B%E6%B5%81%E7%AD%92%E3%81%90%E3%81%84%E5%91%91+%E5%94%90%E6%B4%A5%E7%84%BC+%E3%81%90%E3%81%84%E5%91%91+%E9%99%B6%E5%99%A8+%E7%84%BC%E3%81%8D%E7%89%A9 HTTP/1.1" 301 0 "-" "Mozilla/5.0 (Linux; Android 6.0.1; Nexus 5X Build/MMB29P) AppleWebKit/537.36 (KHTML, like Gecko) Chrome/137.0.7151.103 Mobile Safari/537.36 (compatible; Googlebot/2.1; +http://www.google.com/bot.html)"
192.178.6.100 - - [05/Jul/2025:14:16:02 -0400] "GET /?n=7488265701508&channel=be2fd6&from=news.php%3Fid%3D657015-3806%26name%3D230%20%E5%94%90%E6%B4%A5%E6%8E%9B%E6%B5%81%E7%AD%92%E3%81%90%E3%81%84%E5%91%91%20%E5%94%90%E6%B4%A5%E7%84%BC%20%E3%81%90%E3%81%84%E5%91%91%20%E9%99%B6%E5%99%A8%20%E7%84%BC%E3%81%8D%E7%89%A9 HTTP/1.1" 200 30565 "-" "Mozilla/5.0 (Linux; Android 6.0.1; Nexus 5X Build/MMB29P) AppleWebKit/537.36 (KHTML, like Gecko) Chrome/137.0.7151.103 Mobile Safari/537.36 (compatible; Googlebot/2.1; +http://www.google.com/bot.html)"
63.250.38.117 - - [05/Jul/2025:14:16:33 -0400] "POST /wp-cron.php?doing_wp_cron=1751739393.3945200443267822265625 HTTP/1.1" 403 1242 "-" "WordPress/6.8.1; https://fnf.group"
192.178.6.100 - - [05/Jul/2025:14:16:31 -0400] "GET /?n=87793121027402&channel=776e98&from=shared.php%3Fid%3D1210274-4951%26name%3D%5B%E3%82%B7%E3%83%8A%E3%82%B3%E3%83%90%5D+%E3%83%88%E3%83%AC%E3%83%BC%E3%83%8A%E3%83%BC+%E3%83%A1%E3%83%B3%E3%82%BA+%E9%95%B7%E8%A2%96+%E4%B8%B8%E9%A6%96+%E3%83%97%E3%83%AB%E3%82%AA%E3%83%BC%E3%83%90%E3%83%BC+%E3%83%AA%E3%82%B5%E3%82%A4%E3%82%AF%E3%83%AB%E3%83%9D%E3%83%AA%E3%82%A8%E3%82%B9%E3%83%86%E3%83%AB+%E3%82%B9%E3%83%88%E3%83%AC%E3%83%83%E3%83%81%E6%80%A7+%E9%98%B2%E3%82%B7%E3%83%AF+%E8%84%87%E9%96%8B%E3%81%8D+24250040 HTTP/1.1" 301 0 "-" "Mozilla/5.0 (Linux; Android 6.0.1; Nexus 5X Build/MMB29P) AppleWebKit/537.36 (KHTML, like Gecko) Chrome/137.0.7151.103 Mobile Safari/537.36 (compatible; Googlebot/2.1; +http://www.google.com/bot.html)"
192.178.6.100 - - [05/Jul/2025:14:16:33 -0400] "GET /?n=87793121027402&channel=776e98&from=shared.php%3Fid%3D1210274-4951%26name%3D%5B%E3%82%B7%E3%83%8A%E3%82%B3%E3%83%90%5D%20%E3%83%88%E3%83%AC%E3%83%BC%E3%83%8A%E3%83%BC%20%E3%83%A1%E3%83%B3%E3%82%BA%20%E9%95%B7%E8%A2%96%20%E4%B8%B8%E9%A6%96%20%E3%83%97%E3%83%AB%E3%82%AA%E3%83%BC%E3%83%90%E3%83%BC%20%E3%83%AA%E3%82%B5%E3%82%A4%E3%82%AF%E3%83%AB%E3%83%9D%E3%83%AA%E3%82%A8%E3%82%B9%E3%83%86%E3%83%AB%20%E3%82%B9%E3%83%88%E3%83%AC%E3%83%83%E3%83%81%E6%80%A7%20%E9%98%B2%E3%82%B7%E3%83%AF%20%E8%84%87%E9%96%8B%E3%81%8D%2024250040 HTTP/1.1" 200 30569 "-" "Mozilla/5.0 (Linux; Android 6.0.1; Nexus 5X Build/MMB29P) AppleWebKit/537.36 (KHTML, like Gecko) Chrome/137.0.7151.103 Mobile Safari/537.36 (compatible; Googlebot/2.1; +http://www.google.com/bot.html)"
63.250.38.117 - - [05/Jul/2025:14:17:34 -0400] "POST /wp-cron.php?doing_wp_cron=1751739454.6748518943786621093750 HTTP/1.1" 403 1242 "-" "WordPress/6.8.1; https://fnf.group"
192.178.6.101 - - [05/Jul/2025:14:17:32 -0400] "GET /?n=77433190051103&channel=67504c&from=brands.php%3Fid%3D1900511-4532%26name%3D%5BMUdson%5D+Trunk+20+%26%2334%3B24%26%2334%3B+26+%26%2334%3B29%26%2334%3B+%E3%82%A4%E3%83%B3%E3%83%81%E3%82%A2%E3%83%AB%E3%83%9F%E3%83%8B%E3%82%A6%E3%83%A0%E3%83%88%E3%83%AD%E3%83%AA%E3%83%BC%E3%82%B9%E3%83%BC%E3%83%84%E3%82%B1%E3%83%BC%E3%82%B9 HTTP/1.1" 301 0 "-" "Mozilla/5.0 (Linux; Android 6.0.1; Nexus 5X Build/MMB29P) AppleWebKit/537.36 (KHTML, like Gecko) Chrome/137.0.7151.103 Mobile Safari/537.36 (compatible; Googlebot/2.1; +http://www.google.com/bot.html)"
192.178.6.100 - - [05/Jul/2025:14:17:35 -0400] "GET /?n=77433190051103&channel=67504c&from=brands.php%3Fid%3D1900511-4532%26name%3D%5BMUdson%5D%20Trunk%2020%20%26%2334%3B24%26%2334%3B%2026%20%26%2334%3B29%26%2334%3B%20%E3%82%A4%E3%83%B3%E3%83%81%E3%82%A2%E3%83%AB%E3%83%9F%E3%83%8B%E3%82%A6%E3%83%A0%E3%83%88%E3%83%AD%E3%83%AA%E3%83%BC%E3%82%B9%E3%83%BC%E3%83%84%E3%82%B1%E3%83%BC%E3%82%B9 HTTP/1.1" 200 30563 "-" "Mozilla/5.0 (Linux; Android 6.0.1; Nexus 5X Build/MMB29P) AppleWebKit/537.36 (KHTML, like Gecko) Chrome/137.0.7151.103 Mobile Safari/537.36 (compatible; Googlebot/2.1; +http://www.google.com/bot.html)"
63.250.38.117 - - [05/Jul/2025:14:18:39 -0400] "POST /wp-cron.php?doing_wp_cron=1751739518.9665279388427734375000 HTTP/1.1" 403 1242 "-" "WordPress/6.8.1; https://fnf.group"
192.178.6.102 - - [05/Jul/2025:14:18:35 -0400] "GET /?n=71879177632001&channel=36f6f5&from=jp.php%3Fid%3D1776320-1039%26name%3DOR%CE%B2IT+%E3%83%9A%E3%83%B3%E3%83%A9%E3%82%A4%E3%83%88%E3%80%80LIVE+THE+BEST HTTP/1.1" 301 0 "-" "Mozilla/5.0 (Linux; Android 6.0.1; Nexus 5X Build/MMB29P) AppleWebKit/537.36 (KHTML, like Gecko) Chrome/137.0.7151.103 Mobile Safari/537.36 (compatible; Googlebot/2.1; +http://www.google.com/bot.html)"
192.178.6.102 - - [05/Jul/2025:14:18:39 -0400] "GET /?n=71879177632001&channel=36f6f5&from=jp.php%3Fid%3D1776320-1039%26name%3DOR%CE%B2IT%20%E3%83%9A%E3%83%B3%E3%83%A9%E3%82%A4%E3%83%88%E3%80%80LIVE%20THE%20BEST HTTP/1.1" 200 30571 "-" "Mozilla/5.0 (Linux; Android 6.0.1; Nexus 5X Build/MMB29P) AppleWebKit/537.36 (KHTML, like Gecko) Chrome/137.0.7151.103 Mobile Safari/537.36 (compatible; Googlebot/2.1; +http://www.google.com/bot.html)"
192.178.6.101 - - [05/Jul/2025:14:19:20 -0400] "GET /?n=90887117258604&channel=9d7dac&from=news.php%3Fid%3D1172586-9164%26name%3D%E3%83%AC%E3%83%88%E3%83%AD%E7%94%A3%E6%A5%AD%E5%A3%81%E5%BD%A2%E7%8A%B6%E3%82%B9%E3%83%8A%E3%83%83%E3%82%AF%E3%83%AF%E3%82%A4%E3%83%B3%E3%83%90%E3%83%BC%E3%82%AB%E3%83%95%E3%82%A7%E8%A3%85%E9%A3%BE%E3%83%A9%E3%83%B3%E3%82%BF%E3%83%B3%E5%BB%8A%E4%B8%8B%E5%BA%AD%E3%82%A2%E3%83%B3%E3%83%86%E3%82%A3%E3%83%BC%E3%82%AF%E3%82%A6%E3%83%83%E3%83%89%E3%82%A6%E3%82%A9%E3%83%BC%E3%83%AB%E3%83%A9%E3%83%B3%E3%83%97+%28Color+%3A+Marble+E14 HTTP/1.1" 301 0 "-" "Mozilla/5.0 (Linux; Android 6.0.1; Nexus 5X Build/MMB29P) AppleWebKit/537.36 (KHTML, like Gecko) Chrome/137.0.7151.103 Mobile Safari/537.36 (compatible; Googlebot/2.1; +http://www.google.com/bot.html)"
192.178.6.100 - - [05/Jul/2025:14:19:22 -0400] "GET /?n=90887117258604&channel=9d7dac&from=news.php%3Fid%3D1172586-9164%26name%3D%E3%83%AC%E3%83%88%E3%83%AD%E7%94%A3%E6%A5%AD%E5%A3%81%E5%BD%A2%E7%8A%B6%E3%82%B9%E3%83%8A%E3%83%83%E3%82%AF%E3%83%AF%E3%82%A4%E3%83%B3%E3%83%90%E3%83%BC%E3%82%AB%E3%83%95%E3%82%A7%E8%A3%85%E9%A3%BE%E3%83%A9%E3%83%B3%E3%82%BF%E3%83%B3%E5%BB%8A%E4%B8%8B%E5%BA%AD%E3%82%A2%E3%83%B3%E3%83%86%E3%82%A3%E3%83%BC%E3%82%AF%E3%82%A6%E3%83%83%E3%83%89%E3%82%A6%E3%82%A9%E3%83%BC%E3%83%AB%E3%83%A9%E3%83%B3%E3%83%97%20%28Color%20%3A%20Marble%20E14 HTTP/1.1" 200 30565 "-" "Mozilla/5.0 (Linux; Android 6.0.1; Nexus 5X Build/MMB29P) AppleWebKit/537.36 (KHTML, like Gecko) Chrome/137.0.7151.103 Mobile Safari/537.36 (compatible; Googlebot/2.1; +http://www.google.com/bot.html)"
63.250.38.117 - - [05/Jul/2025:14:20:19 -0400] "POST /wp-cron.php?doing_wp_cron=1751739618.8847880363464355468750 HTTP/1.1" 403 1242 "-" "WordPress/6.8.1; https://fnf.group"
192.178.6.102 - - [05/Jul/2025:14:20:15 -0400] "GET /?n=71182166797503&channel=eea2c3&from=pin.php%3Fid%3D1667975-4955%26name%3D%E3%83%A1%E3%83%B3%E3%82%BA+%E4%B8%8A%E4%B8%8B%E3%82%BB%E3%83%83%E3%83%88+%E5%A4%8F+%E3%82%BB%E3%83%83%E3%83%88%E3%82%A2%E3%83%83%E3%83%97+%E3%83%A1%E3%83%B3%E3%82%BA+%E9%83%A8%E5%B1%8B%E7%9D%80+%E5%A4%8F%E6%9C%8D+%E3%82%B8%E3%83%A3%E3%83%BC%E3%82%B8+%E3%83%A1%E3%83%B3%E3%82%BA+%E4%B8%8A%E4%B8%8B%E3%82%BB%E3%83%83%E3%83%88+%E5%A4%A7%E3%81%8D%E3%81%84%E3%82%B5%E3%82%A4%E3%82%BA+2%E7%82%B9%E3%82%BB%E3%83%83%E3%83%88+T%E3%82%B7%E3%83%A3%E3%83%84+%E3%83%8F%E3%83%BC%E3%83%95 HTTP/1.1" 301 0 "-" "Mozilla/5.0 (Linux; Android 6.0.1; Nexus 5X Build/MMB29P) AppleWebKit/537.36 (KHTML, like Gecko) Chrome/137.0.7151.103 Mobile Safari/537.36 (compatible; Googlebot/2.1; +http://www.google.com/bot.html)"
63.250.38.117 - - [05/Jul/2025:14:20:19 -0400] "POST /wp-cron.php?doing_wp_cron=1751739618.9806509017944335937500 HTTP/1.1" 403 1242 "-" "WordPress/6.8.1; https://fnf.group"
192.178.6.102 - - [05/Jul/2025:14:20:14 -0400] "GET /?n=1607572418004&channel=9ffa17&from=form.php%3Fid%3D724180-8809%26name%3D%E3%81%93%E3%81%9F%E3%81%A4%E5%B8%83%E5%9B%A3%E3%80%81%E3%81%93%E3%81%9F%E3%81%A4%E6%8E%9B%E5%B8%83%E5%9B%A3%E3%80%81+%E6%9A%96%E6%88%BF%E3%83%86%E3%83%BC%E3%83%96%E3%83%AB+%E7%95%B3%E3%83%8E%E3%83%BC%E3%83%88+%E3%83%99%E3%83%83%E3%83%89%E3%83%88%E3%83%AC%E3%82%A4%E3%83%86%E3%83%BC%E3%83%96%E3%83%AB+%E5%86%AC%E7%94%A8%E7%95%B3+%E3%82%B3%E3%83%BC%E3%83%92%E3%83%BC%E3%83%86%E3%83%BC%E3%83%96%E3%83%AB+%E5%92%8C%E9%A2%A8%E3%82%B3%E3%82%BF%E3%83%84%E3%81%A8%E5%B8%83%E5%9B%A3%E3%82%BB%E3%83%83%E3%83%88%2875%2A1 HTTP/1.1" 301 0 "-" "Mozilla/5.0 (Linux; Android 6.0.1; Nexus 5X Build/MMB29P) AppleWebKit/537.36 (KHTML, like Gecko) Chrome/137.0.7151.103 Mobile Safari/537.36 (compatible; Googlebot/2.1; +http://www.google.com/bot.html)"
192.178.6.100 - - [05/Jul/2025:14:20:19 -0400] "GET /?n=1607572418004&channel=9ffa17&from=form.php%3Fid%3D724180-8809%26name%3D%E3%81%93%E3%81%9F%E3%81%A4%E5%B8%83%E5%9B%A3%E3%80%81%E3%81%93%E3%81%9F%E3%81%A4%E6%8E%9B%E5%B8%83%E5%9B%A3%E3%80%81%20%E6%9A%96%E6%88%BF%E3%83%86%E3%83%BC%E3%83%96%E3%83%AB%20%E7%95%B3%E3%83%8E%E3%83%BC%E3%83%88%20%E3%83%99%E3%83%83%E3%83%89%E3%83%88%E3%83%AC%E3%82%A4%E3%83%86%E3%83%BC%E3%83%96%E3%83%AB%20%E5%86%AC%E7%94%A8%E7%95%B3%20%E3%82%B3%E3%83%BC%E3%83%92%E3%83%BC%E3%83%86%E3%83%BC%E3%83%96%E3%83%AB%20%E5%92%8C%E9%A2%A8%E3%82%B3%E3%82%BF%E3%83%84%E3%81%A8%E5%B8%83%E5%9B%A3%E3%82%BB%E3%83%83%E3%83%88%2875%2A1 HTTP/1.1" 200 30569 "-" "Mozilla/5.0 (Linux; Android 6.0.1; Nexus 5X Build/MMB29P) AppleWebKit/537.36 (KHTML, like Gecko) Chrome/137.0.7151.103 Mobile Safari/537.36 (compatible; Googlebot/2.1; +http://www.google.com/bot.html)"
192.178.6.101 - - [05/Jul/2025:14:20:19 -0400] "GET /?n=71182166797503&channel=eea2c3&from=pin.php%3Fid%3D1667975-4955%26name%3D%E3%83%A1%E3%83%B3%E3%82%BA%20%E4%B8%8A%E4%B8%8B%E3%82%BB%E3%83%83%E3%83%88%20%E5%A4%8F%20%E3%82%BB%E3%83%83%E3%83%88%E3%82%A2%E3%83%83%E3%83%97%20%E3%83%A1%E3%83%B3%E3%82%BA%20%E9%83%A8%E5%B1%8B%E7%9D%80%20%E5%A4%8F%E6%9C%8D%20%E3%82%B8%E3%83%A3%E3%83%BC%E3%82%B8%20%E3%83%A1%E3%83%B3%E3%82%BA%20%E4%B8%8A%E4%B8%8B%E3%82%BB%E3%83%83%E3%83%88%20%E5%A4%A7%E3%81%8D%E3%81%84%E3%82%B5%E3%82%A4%E3%82%BA%202%E7%82%B9%E3%82%BB%E3%83%83%E3%83%88%20T%E3%82%B7%E3%83%A3%E3%83%84%20%E3%83%8F%E3%83%BC%E3%83%95 HTTP/1.1" 200 30571 "-" "Mozilla/5.0 (Linux; Android 6.0.1; Nexus 5X Build/MMB29P) AppleWebKit/537.36 (KHTML, like Gecko) Chrome/137.0.7151.103 Mobile Safari/537.36 (compatible; Googlebot/2.1; +http://www.google.com/bot.html)"
192.178.6.100 - - [05/Jul/2025:14:20:24 -0400] "GET /?n=88278176027901&channel=d4bce1&from=shared.php%3Fid%3D1760279-19521%26name%3D%E3%82%B4%E3%83%BC%E3%83%AB%E3%83%89+%E3%83%95%E3%83%BC%E3%83%97%E3%83%94%E3%82%A2%E3%82%B9+%E7%B4%845cm+%E3%82%B5%E3%83%BC%E3%82%B8%E3%82%AB%E3%83%AB%E3%82%B9%E3%83%86%E3%83%B3%E3%83%AC%E3%82%B9 HTTP/1.1" 301 0 "-" "Mozilla/5.0 (Linux; Android 6.0.1; Nexus 5X Build/MMB29P) AppleWebKit/537.36 (KHTML, like Gecko) Chrome/137.0.7151.103 Mobile Safari/537.36 (compatible; Googlebot/2.1; +http://www.google.com/bot.html)"
192.178.6.100 - - [05/Jul/2025:14:20:26 -0400] "GET /?n=88278176027901&channel=d4bce1&from=shared.php%3Fid%3D1760279-19521%26name%3D%E3%82%B4%E3%83%BC%E3%83%AB%E3%83%89%20%E3%83%95%E3%83%BC%E3%83%97%E3%83%94%E3%82%A2%E3%82%B9%20%E7%B4%845cm%20%E3%82%B5%E3%83%BC%E3%82%B8%E3%82%AB%E3%83%AB%E3%82%B9%E3%83%86%E3%83%B3%E3%83%AC%E3%82%B9 HTTP/1.1" 200 30569 "-" "Mozilla/5.0 (Linux; Android 6.0.1; Nexus 5X Build/MMB29P) AppleWebKit/537.36 (KHTML, like Gecko) Chrome/137.0.7151.103 Mobile Safari/537.36 (compatible; Googlebot/2.1; +http://www.google.com/bot.html)"
192.178.6.102 - - [05/Jul/2025:14:21:14 -0400] "GET /?n=00034128158600&channel=76fe0f&from=blog.php%3Fid%3D1281586-14168%26name%3D%5BBCMCBV%5D+%E3%83%A9%E3%83%90%E3%83%BC%E3%82%B7%E3%83%AA%E3%82%B3%E3%83%B3%E6%99%82%E8%A8%88%E3%83%90%E3%83%B3%E3%83%89+20+%E3%83%9F%E3%83%AA%E3%83%A1%E3%83%BC%E3%83%88%E3%83%AB+21+%E3%83%9F%E3%83%AA%E3%83%A1%E3%83%BC%E3%83%88%E3%83%AB%E3%83%AD%E3%83%AC%E3%83%83%E3%82%AF%E3%82%B9%E3%82%B5%E3%83%96%E3%83%9E%E3%83%AA%E3%83%BC%E3%83%8A%E3%83%BC%E3%83%87%E3%82%A4%E3%83%88%E3%83%8A%E3%83%87%E3%82%A3%E3%83%BC%E3%83%97%E3%82%B7%E3%83%BC%E3%82%AA%E3%82%A4%E3%82%B9 HTTP/1.1" 301 0 "-" "Mozilla/5.0 (Linux; Android 6.0.1; Nexus 5X Build/MMB29P) AppleWebKit/537.36 (KHTML, like Gecko) Chrome/137.0.7151.103 Mobile Safari/537.36 (compatible; Googlebot/2.1; +http://www.google.com/bot.html)"
192.178.6.101 - - [05/Jul/2025:14:21:13 -0400] "GET /?n=5399165492903&channel=aa1c34&from=brands.php%3Fid%3D654929-15223%26name%3D%E3%82%B4%E3%83%A0%E8%A3%BD%E3%83%9C%E3%83%BC%E3%83%88%E3%83%9C%E3%82%A6%E3%83%88%E3%83%AC%E3%83%BC%E3%83%A9%E3%83%BC%E3%83%AD%E3%83%BC%E3%83%A9%E3%83%BC+3%E3%82%A4%E3%83%B3%E3%83%81+%E8%88%B9%E8%88%B6%E7%94%A8%E3%83%9C%E3%83%BC%E3%83%88%E3%83%88%E3%83%AC%E3%83%BC%E3%83%A9%E3%83%BC%E7%94%A8%E3%83%9C%E3%82%A6%E3%83%AD%E3%83%BC%E3%83%A9%E3%83%BC%E3%80%81%E3%83%96%E3%83%AB%E3%83%BC HTTP/1.1" 301 0 "-" "Mozilla/5.0 (Linux; Android 6.0.1; Nexus 5X Build/MMB29P) AppleWebKit/537.36 (KHTML, like Gecko) Chrome/137.0.7151.103 Mobile Safari/537.36 (compatible; Googlebot/2.1; +http://www.google.com/bot.html)"
63.250.38.117 - - [05/Jul/2025:14:21:21 -0400] "POST /wp-cron.php?doing_wp_cron=1751739681.5821940898895263671875 HTTP/1.1" 403 1242 "-" "WordPress/6.8.1; https://fnf.group"
63.250.38.117 - - [05/Jul/2025:14:21:22 -0400] "POST /wp-cron.php?doing_wp_cron=1751739681.7958590984344482421875 HTTP/1.1" 403 1242 "-" "WordPress/6.8.1; https://fnf.group"
